Jul 10 17:57:50.733025 np0000005039 devstack@neutron-api.service[87504]: DEBUG neutron.api.extensions [None req-6d0a53fb-2ca7-480d-a742-f78efb931fa4 None None] Ext name="Neutron Extra DHCP options" alias="extra_dhcp_opt" description="Extra options configuration for DHCP. For example PXE boot options to DHCP clients can be specified (e.g. tftp-server, server-ip-address, bootfile-name)" updated="2013-03-17T12:00:00-00:00" {{(pid=87504) _check_extension /opt/stack/neutron/neutron/api/extensions.py:415}}
Jul 10 17:57:50.733661 np0000005039 devstack@neutron-api.service[87504]: INFO neutron.api.extensions [None req-6d0a53fb-2ca7-480d-a742-f78efb931fa4 None None] Loaded extension: extra_dhcp_opt
Jul 10 17:57:50.733661 np0000005039 devstack@neutron-api.service[87504]: DEBUG neutron.api.extensions [None req-6d0a53fb-2ca7-480d-a742-f78efb931fa4 None None] Loading extension file: extraroute.py {{(pid=87504) _load_all_extensions_from_path /opt/stack/neutron/neutron/api/extensions.py:449}}
Jul 10 17:57:50.733661 np0000005039 devstack@neutron-api.service[87504]: DEBUG neutron.api.extensions [None req-6d0a53fb-2ca7-480d-a742-f78efb931fa4 None None] Ext name="Neutron Extra Route" alias="extraroute" description="Extra routes configuration for L3 router" updated="2013-02-01T10:00:00-00:00" {{(pid=87504) _check_extension /opt/stack/neutron/neutron/api/extensions.py:415}}
Jul 10 17:57:50.734003 np0000005039 devstack@neutron-api.service[87504]: INFO neutron.api.extensions [None req-6d0a53fb-2ca7-480d-a742-f78efb931fa4 None None] Loaded extension: extraroute
Jul 10 17:57:50.734003 np0000005039 devstack@neutron-api.service[87504]: DEBUG neutron.api.extensions [None req-6d0a53fb-2ca7-480d-a742-f78efb931fa4 None None] Loading extension file: extraroute_atomic.py {{(pid=87504) _load_all_extensions_from_path /opt/stack/neutron/neutron/api/extensions.py:449}}
Jul 10 17:57:50.734359 np0000005039 devstack@neutron-api.service[87504]: DEBUG neutron.api.extensions [None req-6d0a53fb-2ca7-480d-a742-f78efb931fa4 None None] Ext name="Atomically add/remove extra routes" alias="extraroute-atomic" description="Edit extra routes of a router on server side by atomically adding/removing extra routes" updated="2019-07-10T00:00:00+00:00" {{(pid=87504) _check_extension /opt/stack/neutron/neutron/api/extensions.py:415}}
Jul 10 17:57:50.734616 np0000005039 devstack@neutron-api.service[87504]: INFO neutron.api.extensions [None req-6d0a53fb-2ca7-480d-a742-f78efb931fa4 None None] Loaded extension: extraroute-atomic
Jul 10 17:57:50.735633 np0000005039 devstack@neutron-api.service[87504]: DEBUG neutron.api.extensions [None req-6d0a53fb-2ca7-480d-a742-f78efb931fa4 None None] Loading extension file: filter_validation.py {{(pid=87504) _load_all_extensions_from_path /opt/stack/neutron/neutron/api/extensions.py:449}}
Jul 10 17:57:50.735633 np0000005039 devstack@neutron-api.service[87504]: DEBUG neutron.api.extensions [None req-6d0a53fb-2ca7-480d-a742-f78efb931fa4 None None] Ext name="Filter parameters validation" alias="filter-validation" description="Provides validation on filter parameters." updated="2018-07-04T10:00:00-00:00" {{(pid=87504) _check_extension /opt/stack/neutron/neutron/api/extensions.py:415}}
Jul 10 17:57:50.735633 np0000005039 devstack@neutron-api.service[87504]: INFO neutron.api.extensions [None req-6d0a53fb-2ca7-480d-a742-f78efb931fa4 None None] Loaded extension: filter-validation
Jul 10 17:57:50.735633 np0000005039 devstack@neutron-api.service[87504]: DEBUG neutron.api.extensions [None req-6d0a53fb-2ca7-480d-a742-f78efb931fa4 None None] Loading extension file: fip_pf_description.py {{(pid=87504) _load_all_extensions_from_path /opt/stack/neutron/neutron/api/extensions.py:449}}
Jul 10 17:57:50.738806 np0000005039 devstack@neutron-api.service[87504]: DEBUG neutron.api.extensions [None req-6d0a53fb-2ca7-480d-a742-f78efb931fa4 None None] Ext name="Floating IP Port Forwarding new attribute description" alias="floating-ip-port-forwarding-description" description="Add a description field to Port Forwarding rules" updated="2019-11-01T10:00:00-00:00" {{(pid=87504) _check_extension /opt/stack/neutron/neutron/api/extensions.py:415}}
Jul 10 17:57:50.738806 np0000005039 devstack@neutron-api.service[87504]: INFO neutron.api.extensions [None req-6d0a53fb-2ca7-480d-a742-f78efb931fa4 None None] Extension floating-ip-port-forwarding-description not supported by any of loaded plugins
Jul 10 17:57:50.738806 np0000005039 devstack@neutron-api.service[87504]: DEBUG neutron.api.extensions [None req-6d0a53fb-2ca7-480d-a742-f78efb931fa4 None None] Loading extension file: fip_pf_detail.py {{(pid=87504) _load_all_extensions_from_path /opt/stack/neutron/neutron/api/extensions.py:449}}
Jul 10 17:57:50.739459 np0000005039 devstack@neutron-api.service[87505]: INFO neutron.plugins.ml2.drivers.type_vlan [None req-a108ef10-8ae5-4952-966e-7d88cd53b423 None None] VlanTypeDriver initialization complete
Jul 10 17:57:50.739459 np0000005039 devstack@neutron-api.service[87505]: INFO neutron.plugins.ml2.managers [None req-a108ef10-8ae5-4952-966e-7d88cd53b423 None None] Initializing extension driver 'port_security'
Jul 10 17:57:50.739459 np0000005039 devstack@neutron-api.service[87505]: INFO neutron.plugins.ml2.extensions.port_security [None req-a108ef10-8ae5-4952-966e-7d88cd53b423 None None] PortSecurityExtensionDriver initialization complete
Jul 10 17:57:50.740379 np0000005039 devstack@neutron-api.service[87504]: DEBUG neutron.api.extensions [None req-6d0a53fb-2ca7-480d-a742-f78efb931fa4 None None] Ext name="Floating IP port forwarding detail" alias="floating-ip-port-forwarding-detail" description="Allow list floating ip return more port forwarding data, include'id' and 'internal_port_id'" updated="2022-05-06T10:00:00-00:00" {{(pid=87504) _check_extension /opt/stack/neutron/neutron/api/extensions.py:415}}
Jul 10 17:57:50.740802 np0000005039 devstack@neutron-api.service[87505]: INFO neutron.plugins.ml2.managers [None req-a108ef10-8ae5-4952-966e-7d88cd53b423 None None] Initializing extension driver 'qos'
Jul 10 17:57:50.740802 np0000005039 devstack@neutron-api.service[87505]: DEBUG neutron.plugins.ml2.extensions.qos [None req-a108ef10-8ae5-4952-966e-7d88cd53b423 None None] QosExtensionDriver initialization complete {{(pid=87505) initialize /opt/stack/neutron/neutron/plugins/ml2/extensions/qos.py:31}}
Jul 10 17:57:50.740802 np0000005039 devstack@neutron-api.service[87505]: INFO neutron.plugins.ml2.managers [None req-a108ef10-8ae5-4952-966e-7d88cd53b423 None None] Initializing mechanism driver 'ovn'
Jul 10 17:57:50.741210 np0000005039 devstack@neutron-api.service[87504]: INFO neutron.api.extensions [None req-6d0a53fb-2ca7-480d-a742-f78efb931fa4 None None] Loaded extension: floating-ip-port-forwarding-detail
Jul 10 17:57:50.741467 np0000005039 devstack@neutron-api.service[87505]: INFO neutron.plugins.ml2.drivers.ovn.mech_driver.mech_driver [None req-a108ef10-8ae5-4952-966e-7d88cd53b423 None None] Starting OVNMechanismDriver
Jul 10 17:57:50.741646 np0000005039 devstack@neutron-api.service[87504]: DEBUG neutron.api.extensions [None req-6d0a53fb-2ca7-480d-a742-f78efb931fa4 None None] Loading extension file: fip_pf_port_range.py {{(pid=87504) _load_all_extensions_from_path /opt/stack/neutron/neutron/api/extensions.py:449}}
Jul 10 17:57:50.741646 np0000005039 devstack@neutron-api.service[87504]: DEBUG neutron.api.extensions [None req-6d0a53fb-2ca7-480d-a742-f78efb931fa4 None None] Ext name="Floating IP Port Forwarding support port ranges" alias="floating-ip-port-forwarding-port-ranges" description="Add support to port ranges" updated="2020-07-01T10:00:00-00:00" {{(pid=87504) _check_extension /opt/stack/neutron/neutron/api/extensions.py:415}}
Jul 10 17:57:50.741646 np0000005039 devstack@neutron-api.service[87504]: INFO neutron.api.extensions [None req-6d0a53fb-2ca7-480d-a742-f78efb931fa4 None None] Extension floating-ip-port-forwarding-port-ranges not supported by any of loaded plugins
Jul 10 17:57:50.741646 np0000005039 devstack@neutron-api.service[87504]: DEBUG neutron.api.extensions [None req-6d0a53fb-2ca7-480d-a742-f78efb931fa4 None None] Loading extension file: fip_port_details.py {{(pid=87504) _load_all_extensions_from_path /opt/stack/neutron/neutron/api/extensions.py:449}}
Jul 10 17:57:50.741646 np0000005039 devstack@neutron-api.service[87504]: DEBUG neutron.api.extensions [None req-6d0a53fb-2ca7-480d-a742-f78efb931fa4 None None] Ext name="Floating IP Port Details Extension" alias="fip-port-details" description="Add port_details attribute to Floating IP resource" updated="2018-04-09T10:00:00-00:00" {{(pid=87504) _check_extension /opt/stack/neutron/neutron/api/extensions.py:415}}
Jul 10 17:57:50.741646 np0000005039 devstack@neutron-api.service[87504]: INFO neutron.api.extensions [None req-6d0a53fb-2ca7-480d-a742-f78efb931fa4 None None] Loaded extension: fip-port-details
Jul 10 17:57:50.741646 np0000005039 devstack@neutron-api.service[87504]: DEBUG neutron.api.extensions [None req-6d0a53fb-2ca7-480d-a742-f78efb931fa4 None None] Loading extension file: flavors.py {{(pid=87504) _load_all_extensions_from_path /opt/stack/neutron/neutron/api/extensions.py:449}}
Jul 10 17:57:50.742024 np0000005039 devstack@neutron-api.service[87504]: DEBUG neutron.api.extensions [None req-6d0a53fb-2ca7-480d-a742-f78efb931fa4 None None] Ext name="Neutron Service Flavors" alias="flavors" description="Flavor specification for Neutron advanced services." updated="2015-09-17T10:00:00-00:00" {{(pid=87504) _check_extension /opt/stack/neutron/neutron/api/extensions.py:415}}
Jul 10 17:57:50.742024 np0000005039 devstack@neutron-api.service[87504]: INFO neutron.api.extensions [None req-6d0a53fb-2ca7-480d-a742-f78efb931fa4 None None] Loaded extension: flavors
Jul 10 17:57:50.742024 np0000005039 devstack@neutron-api.service[87504]: DEBUG neutron.api.extensions [None req-6d0a53fb-2ca7-480d-a742-f78efb931fa4 None None] Loading extension file: floating_ip_port_forwarding.py {{(pid=87504) _load_all_extensions_from_path /opt/stack/neutron/neutron/api/extensions.py:449}}
Jul 10 17:57:50.742024 np0000005039 devstack@neutron-api.service[87504]: DEBUG neutron.api.extensions [None req-6d0a53fb-2ca7-480d-a742-f78efb931fa4 None None] Ext name="Floating IP Port Forwarding" alias="floating-ip-port-forwarding" description="Allow port forwarding from floating IP port to an internal port" updated="2018-01-19T10:00:00-00:00" {{(pid=87504) _check_extension /opt/stack/neutron/neutron/api/extensions.py:415}}
Jul 10 17:57:50.742024 np0000005039 devstack@neutron-api.service[87504]: INFO neutron.api.extensions [None req-6d0a53fb-2ca7-480d-a742-f78efb931fa4 None None] Extension floating-ip-port-forwarding not supported by any of loaded plugins
Jul 10 17:57:50.742024 np0000005039 devstack@neutron-api.service[87504]: DEBUG neutron.api.extensions [None req-6d0a53fb-2ca7-480d-a742-f78efb931fa4 None None] Loading extension file: floatingip_pools.py {{(pid=87504) _load_all_extensions_from_path /opt/stack/neutron/neutron/api/extensions.py:449}}
Jul 10 17:57:50.742479 np0000005039 devstack@neutron-api.service[87505]: DEBUG neutron_lib.callbacks.manager [None req-a108ef10-8ae5-4952-966e-7d88cd53b423 None None] Subscribe: > process before_spawn 55550000, False {{(pid=87505) subscribe /opt/stack/data/venv/lib/python3.12/site-packages/neutron_lib/callbacks/manager.py:52}}
Jul 10 17:57:50.742656 np0000005039 devstack@neutron-api.service[87504]: DEBUG neutron.api.extensions [None req-6d0a53fb-2ca7-480d-a742-f78efb931fa4 None None] Ext name="Floating IP Pools Extension" alias="floatingip-pools" description="Provides a floating IP pools API." updated="2018-03-21T10:00:00-00:00" {{(pid=87504) _check_extension /opt/stack/neutron/neutron/api/extensions.py:415}}
Jul 10 17:57:50.742811 np0000005039 devstack@neutron-api.service[87505]: DEBUG neutron_lib.callbacks.manager [None req-a108ef10-8ae5-4952-966e-7d88cd53b423 None None] Subscribe: > process after_init 55550000, True {{(pid=87505) subscribe /opt/stack/data/venv/lib/python3.12/site-packages/neutron_lib/callbacks/manager.py:52}}
Jul 10 17:57:50.743319 np0000005039 devstack@neutron-api.service[87504]: INFO neutron.api.extensions [None req-6d0a53fb-2ca7-480d-a742-f78efb931fa4 None None] Loaded extension: floatingip-pools
Jul 10 17:57:50.743527 np0000005039 devstack@neutron-api.service[87505]: DEBUG neutron_lib.callbacks.manager [None req-a108ef10-8ae5-4952-966e-7d88cd53b423 None None] Subscribe: > segment after_create 55550000, False {{(pid=87505) subscribe /opt/stack/data/venv/lib/python3.12/site-packages/neutron_lib/callbacks/manager.py:52}}
Jul 10 17:57:50.743684 np0000005039 devstack@neutron-api.service[87504]: DEBUG neutron.api.extensions [None req-6d0a53fb-2ca7-480d-a742-f78efb931fa4 None None] Loading extension file: ip_allocation.py {{(pid=87504) _load_all_extensions_from_path /opt/stack/neutron/neutron/api/extensions.py:449}}
Jul 10 17:57:50.743970 np0000005039 devstack@neutron-api.service[87505]: DEBUG neutron_lib.callbacks.manager [None req-a108ef10-8ae5-4952-966e-7d88cd53b423 None None] Subscribe: > segment after_create 55550000, False {{(pid=87505) subscribe /opt/stack/data/venv/lib/python3.12/site-packages/neutron_lib/callbacks/manager.py:52}}
Jul 10 17:57:50.743970 np0000005039 devstack@neutron-api.service[87505]: DEBUG neutron_lib.callbacks.manager [None req-a108ef10-8ae5-4952-966e-7d88cd53b423 None None] Subscribe: > segment after_delete 55550000, False {{(pid=87505) subscribe /opt/stack/data/venv/lib/python3.12/site-packages/neutron_lib/callbacks/manager.py:52}}
Jul 10 17:57:50.744185 np0000005039 devstack@neutron-api.service[87504]: DEBUG neutron.api.extensions [None req-6d0a53fb-2ca7-480d-a742-f78efb931fa4 None None] Ext name="IP Allocation" alias="ip_allocation" description="IP allocation extension." updated="2016-06-10T23:00:00-00:00" {{(pid=87504) _check_extension /opt/stack/neutron/neutron/api/extensions.py:415}}
Jul 10 17:57:50.744410 np0000005039 devstack@neutron-api.service[87505]: DEBUG neutron_lib.callbacks.manager [None req-a108ef10-8ae5-4952-966e-7d88cd53b423 None None] Subscribe: > allowed_address_pair before_create 55550000, False {{(pid=87505) subscribe /opt/stack/data/venv/lib/python3.12/site-packages/neutron_lib/callbacks/manager.py:52}}
Jul 10 17:57:50.744590 np0000005039 devstack@neutron-api.service[87504]: INFO neutron.api.extensions [None req-6d0a53fb-2ca7-480d-a742-f78efb931fa4 None None] Extension ip_allocation not supported by any of loaded plugins
Jul 10 17:57:50.744746 np0000005039 devstack@neutron-api.service[87505]: DEBUG neutron_lib.callbacks.manager [None req-a108ef10-8ae5-4952-966e-7d88cd53b423 None None] Subscribe: > security_group precommit_create 55550000, False {{(pid=87505) subscribe /opt/stack/data/venv/lib/python3.12/site-packages/neutron_lib/callbacks/manager.py:52}}
Jul 10 17:57:50.744994 np0000005039 devstack@neutron-api.service[87504]: DEBUG neutron.api.extensions [None req-6d0a53fb-2ca7-480d-a742-f78efb931fa4 None None] Loading extension file: ip_substring_port_filtering.py {{(pid=87504) _load_all_extensions_from_path /opt/stack/neutron/neutron/api/extensions.py:449}}
Jul 10 17:57:50.745134 np0000005039 devstack@neutron-api.service[87505]: DEBUG neutron_lib.callbacks.manager [None req-a108ef10-8ae5-4952-966e-7d88cd53b423 None None] Subscribe: > security_group after_update 55550000, False {{(pid=87505) subscribe /opt/stack/data/venv/lib/python3.12/site-packages/neutron_lib/callbacks/manager.py:52}}
Jul 10 17:57:50.745134 np0000005039 devstack@neutron-api.service[87505]: DEBUG neutron_lib.callbacks.manager [None req-a108ef10-8ae5-4952-966e-7d88cd53b423 None None] Subscribe: > security_group after_create 55550000, False {{(pid=87505) subscribe /opt/stack/data/venv/lib/python3.12/site-packages/neutron_lib/callbacks/manager.py:52}}
Jul 10 17:57:50.745355 np0000005039 devstack@neutron-api.service[87504]: DEBUG neutron.api.extensions [None req-6d0a53fb-2ca7-480d-a742-f78efb931fa4 None None] Ext name="IP address substring filtering" alias="ip-substring-filtering" description="Provides IP address substring filtering when listing ports" updated="2017-11-28T09:00:00-00:00" {{(pid=87504) _check_extension /opt/stack/neutron/neutron/api/extensions.py:415}}
Jul 10 17:57:50.745537 np0000005039 devstack@neutron-api.service[87505]: DEBUG neutron_lib.callbacks.manager [None req-a108ef10-8ae5-4952-966e-7d88cd53b423 None None] Subscribe: > security_group precommit_delete 55550000, False {{(pid=87505) subscribe /opt/stack/data/venv/lib/python3.12/site-packages/neutron_lib/callbacks/manager.py:52}}
Jul 10 17:57:50.745704 np0000005039 devstack@neutron-api.service[87504]: INFO neutron.api.extensions [None req-6d0a53fb-2ca7-480d-a742-f78efb931fa4 None None] Extension ip-substring-filtering not supported by any of loaded plugins
Jul 10 17:57:50.745867 np0000005039 devstack@neutron-api.service[87505]: DEBUG neutron_lib.callbacks.manager [None req-a108ef10-8ae5-4952-966e-7d88cd53b423 None None] Subscribe: > security_group after_delete 55550000, False {{(pid=87505) subscribe /opt/stack/data/venv/lib/python3.12/site-packages/neutron_lib/callbacks/manager.py:52}}
Jul 10 17:57:50.746023 np0000005039 devstack@neutron-api.service[87504]: DEBUG neutron.api.extensions [None req-6d0a53fb-2ca7-480d-a742-f78efb931fa4 None None] Loading extension file: l2_adjacency.py {{(pid=87504) _load_all_extensions_from_path /opt/stack/neutron/neutron/api/extensions.py:449}}
Jul 10 17:57:50.746168 np0000005039 devstack@neutron-api.service[87505]: DEBUG neutron_lib.callbacks.manager [None req-a108ef10-8ae5-4952-966e-7d88cd53b423 None None] Subscribe: > security_group_rule precommit_create 55550000, False {{(pid=87505) subscribe /opt/stack/data/venv/lib/python3.12/site-packages/neutron_lib/callbacks/manager.py:52}}
Jul 10 17:57:50.746168 np0000005039 devstack@neutron-api.service[87505]: DEBUG neutron_lib.callbacks.manager [None req-a108ef10-8ae5-4952-966e-7d88cd53b423 None None] Subscribe: > security_group_rule after_create 55550000, False {{(pid=87505) subscribe /opt/stack/data/venv/lib/python3.12/site-packages/neutron_lib/callbacks/manager.py:52}}
Jul 10 17:57:50.746446 np0000005039 devstack@neutron-api.service[87504]: DEBUG neutron.api.extensions [None req-6d0a53fb-2ca7-480d-a742-f78efb931fa4 None None] Ext name="L2 Adjacency" alias="l2_adjacency" description="Display L2 Adjacency for Neutron Networks." updated="2016-04-12T16:00:00-00:00" {{(pid=87504) _check_extension /opt/stack/neutron/neutron/api/extensions.py:415}}
Jul 10 17:57:50.746446 np0000005039 devstack@neutron-api.service[87504]: INFO neutron.api.extensions [None req-6d0a53fb-2ca7-480d-a742-f78efb931fa4 None None] Extension l2_adjacency not supported by any of loaded plugins
Jul 10 17:57:50.746446 np0000005039 devstack@neutron-api.service[87504]: DEBUG neutron.api.extensions [None req-6d0a53fb-2ca7-480d-a742-f78efb931fa4 None None] Loading extension file: l3.py {{(pid=87504) _load_all_extensions_from_path /opt/stack/neutron/neutron/api/extensions.py:449}}
Jul 10 17:57:50.746446 np0000005039 devstack@neutron-api.service[87504]: DEBUG neutron.api.extensions [None req-6d0a53fb-2ca7-480d-a742-f78efb931fa4 None None] Ext name="Neutron L3 Router" alias="router" description="Router abstraction for basic L3 forwarding between L2 Neutron networks and access to external networks via a NAT gateway." updated="2012-07-20T10:00:00-00:00" {{(pid=87504) _check_extension /opt/stack/neutron/neutron/api/extensions.py:415}}
Jul 10 17:57:50.746808 np0000005039 devstack@neutron-api.service[87505]: DEBUG neutron_lib.callbacks.manager [None req-a108ef10-8ae5-4952-966e-7d88cd53b423 None None] Subscribe: > security_group_rule before_delete 55550000, False {{(pid=87505) subscribe /opt/stack/data/venv/lib/python3.12/site-packages/neutron_lib/callbacks/manager.py:52}}
Jul 10 17:57:50.746808 np0000005039 devstack@neutron-api.service[87505]: DEBUG neutron_lib.callbacks.manager [None req-a108ef10-8ae5-4952-966e-7d88cd53b423 None None] Subscribe: > address_group after_create 55550000, False {{(pid=87505) subscribe /opt/stack/data/venv/lib/python3.12/site-packages/neutron_lib/callbacks/manager.py:52}}
Jul 10 17:57:50.747070 np0000005039 devstack@neutron-api.service[87504]: INFO neutron.api.extensions [None req-6d0a53fb-2ca7-480d-a742-f78efb931fa4 None None] Loaded extension: router
Jul 10 17:57:50.747241 np0000005039 devstack@neutron-api.service[87505]: DEBUG neutron_lib.callbacks.manager [None req-a108ef10-8ae5-4952-966e-7d88cd53b423 None None] Subscribe: > address_group after_update 55550000, False {{(pid=87505) subscribe /opt/stack/data/venv/lib/python3.12/site-packages/neutron_lib/callbacks/manager.py:52}}
Jul 10 17:57:50.747546 np0000005039 devstack@neutron-api.service[87504]: DEBUG neutron.api.extensions [None req-6d0a53fb-2ca7-480d-a742-f78efb931fa4 None None] Loading extension file: l3_agent_scheduler_ha_chassis_priority.py {{(pid=87504) _load_all_extensions_from_path /opt/stack/neutron/neutron/api/extensions.py:449}}
Jul 10 17:57:50.747701 np0000005039 devstack@neutron-api.service[87505]: DEBUG neutron_lib.callbacks.manager [None req-a108ef10-8ae5-4952-966e-7d88cd53b423 None None] Subscribe: > address_group after_delete 55550000, False {{(pid=87505) subscribe /opt/stack/data/venv/lib/python3.12/site-packages/neutron_lib/callbacks/manager.py:52}}
Jul 10 17:57:50.747701 np0000005039 devstack@neutron-api.service[87505]: DEBUG neutron_lib.callbacks.manager [None req-a108ef10-8ae5-4952-966e-7d88cd53b423 None None] Subscribe: > qos_plugin after_init 55550000, False {{(pid=87505) subscribe /opt/stack/data/venv/lib/python3.12/site-packages/neutron_lib/callbacks/manager.py:52}}
Jul 10 17:57:50.747961 np0000005039 devstack@neutron-api.service[87504]: DEBUG neutron.api.extensions [None req-6d0a53fb-2ca7-480d-a742-f78efb931fa4 None None] Ext name="L3 Agent Scheduler HA Chassis Priority" alias="l3-agent-scheduler-ha-chassis-priority" description="Exposes the HA_Chassis priority in the L3 Agent Scheduler API responses and allows setting priority when scheduling a router to a chassis." updated="2026-03-31T00:00:00-00:00" {{(pid=87504) _check_extension /opt/stack/neutron/neutron/api/extensions.py:415}}
Jul 10 17:57:50.747961 np0000005039 devstack@neutron-api.service[87504]: INFO neutron.api.extensions [None req-6d0a53fb-2ca7-480d-a742-f78efb931fa4 None None] Loaded extension: l3-agent-scheduler-ha-chassis-priority
Jul 10 17:57:50.747961 np0000005039 devstack@neutron-api.service[87504]: DEBUG neutron.api.extensions [None req-6d0a53fb-2ca7-480d-a742-f78efb931fa4 None None] Loading extension file: l3_conntrack_helper.py {{(pid=87504) _load_all_extensions_from_path /opt/stack/neutron/neutron/api/extensions.py:449}}
Jul 10 17:57:50.747961 np0000005039 devstack@neutron-api.service[87504]: DEBUG neutron.api.extensions [None req-6d0a53fb-2ca7-480d-a742-f78efb931fa4 None None] Ext name="L3 Conntrack helper" alias="l3-conntrack-helper" description="Allow adding CT target rules for conntrack helper" updated="2019-04-04T10:00:00-00:00" {{(pid=87504) _check_extension /opt/stack/neutron/neutron/api/extensions.py:415}}
Jul 10 17:57:50.747961 np0000005039 devstack@neutron-api.service[87504]: INFO neutron.api.extensions [None req-6d0a53fb-2ca7-480d-a742-f78efb931fa4 None None] Extension l3-conntrack-helper not supported by any of loaded plugins
Jul 10 17:57:50.747961 np0000005039 devstack@neutron-api.service[87504]: DEBUG neutron.api.extensions [None req-6d0a53fb-2ca7-480d-a742-f78efb931fa4 None None] Loading extension file: l3_enable_default_route_bfd.py {{(pid=87504) _load_all_extensions_from_path /opt/stack/neutron/neutron/api/extensions.py:449}}
Jul 10 17:57:50.748352 np0000005039 devstack@neutron-api.service[87504]: DEBUG neutron.api.extensions [None req-6d0a53fb-2ca7-480d-a742-f78efb931fa4 None None] Ext name="Enable Default Route BFD" alias="enable-default-route-bfd" description="Enables configurable BFD behavior for default routes" updated="2023-02-27T00:00:00-00:00" {{(pid=87504) _check_extension /opt/stack/neutron/neutron/api/extensions.py:415}}
Jul 10 17:57:50.748352 np0000005039 devstack@neutron-api.service[87504]: INFO neutron.api.extensions [None req-6d0a53fb-2ca7-480d-a742-f78efb931fa4 None None] Loaded extension: enable-default-route-bfd
Jul 10 17:57:50.748352 np0000005039 devstack@neutron-api.service[87504]: DEBUG neutron.api.extensions [None req-6d0a53fb-2ca7-480d-a742-f78efb931fa4 None None] Loading extension file: l3_enable_default_route_ecmp.py {{(pid=87504) _load_all_extensions_from_path /opt/stack/neutron/neutron/api/extensions.py:449}}
Jul 10 17:57:50.748705 np0000005039 devstack@neutron-api.service[87505]: DEBUG neutron_lib.callbacks.manager [None req-a108ef10-8ae5-4952-966e-7d88cd53b423 None None] Subscribe: > trunk_plugin after_init 55550000, False {{(pid=87505) subscribe /opt/stack/data/venv/lib/python3.12/site-packages/neutron_lib/callbacks/manager.py:52}}
Jul 10 17:57:50.748945 np0000005039 devstack@neutron-api.service[87504]: DEBUG neutron.api.extensions [None req-6d0a53fb-2ca7-480d-a742-f78efb931fa4 None None] Ext name="Enable Default Route ECMP" alias="enable-default-route-ecmp" description="Enables configurable ECMP behavior for default routes" updated="2023-02-27T00:00:00-00:00" {{(pid=87504) _check_extension /opt/stack/neutron/neutron/api/extensions.py:415}}
Jul 10 17:57:50.748945 np0000005039 devstack@neutron-api.service[87504]: INFO neutron.api.extensions [None req-6d0a53fb-2ca7-480d-a742-f78efb931fa4 None None] Loaded extension: enable-default-route-ecmp
Jul 10 17:57:50.748945 np0000005039 devstack@neutron-api.service[87504]: DEBUG neutron.api.extensions [None req-6d0a53fb-2ca7-480d-a742-f78efb931fa4 None None] Loading extension file: l3_ext_gw_mode.py {{(pid=87504) _load_all_extensions_from_path /opt/stack/neutron/neutron/api/extensions.py:449}}
Jul 10 17:57:50.749226 np0000005039 devstack@neutron-api.service[87505]: DEBUG neutron_lib.callbacks.manager [None req-a108ef10-8ae5-4952-966e-7d88cd53b423 None None] Subscribe: > logging-plugin after_init 55550000, False {{(pid=87505) subscribe /opt/stack/data/venv/lib/python3.12/site-packages/neutron_lib/callbacks/manager.py:52}}
Jul 10 17:57:50.749531 np0000005039 devstack@neutron-api.service[87504]: DEBUG neutron.api.extensions [None req-6d0a53fb-2ca7-480d-a742-f78efb931fa4 None None] Ext name="Neutron L3 Configurable external gateway mode" alias="ext-gw-mode" description="Extension of the router abstraction for specifying whether SNAT should occur on the external gateway" updated="2013-03-28T10:00:00-00:00" {{(pid=87504) _check_extension /opt/stack/neutron/neutron/api/extensions.py:415}}
Jul 10 17:57:50.749531 np0000005039 devstack@neutron-api.service[87504]: INFO neutron.api.extensions [None req-6d0a53fb-2ca7-480d-a742-f78efb931fa4 None None] Loaded extension: ext-gw-mode
Jul 10 17:57:50.749531 np0000005039 devstack@neutron-api.service[87504]: DEBUG neutron.api.extensions [None req-6d0a53fb-2ca7-480d-a742-f78efb931fa4 None None] Loading extension file: l3_ext_ha_mode.py {{(pid=87504) _load_all_extensions_from_path /opt/stack/neutron/neutron/api/extensions.py:449}}
Jul 10 17:57:50.749531 np0000005039 devstack@neutron-api.service[87504]: DEBUG neutron.api.extensions [None req-6d0a53fb-2ca7-480d-a742-f78efb931fa4 None None] Ext name="HA Router extension" alias="l3-ha" description="Adds HA capability to routers." updated="2014-04-26T00:00:00-00:00" {{(pid=87504) _check_extension /opt/stack/neutron/neutron/api/extensions.py:415}}
Jul 10 17:57:50.749907 np0000005039 devstack@neutron-api.service[87505]: INFO neutron.services.logapi.drivers.ovn.driver [None req-a108ef10-8ae5-4952-966e-7d88cd53b423 None None] OVN logging driver registered
Jul 10 17:57:50.750110 np0000005039 devstack@neutron-api.service[87504]: INFO neutron.api.extensions [None req-6d0a53fb-2ca7-480d-a742-f78efb931fa4 None None] Loaded extension: l3-ha
Jul 10 17:57:50.750110 np0000005039 devstack@neutron-api.service[87504]: DEBUG neutron.api.extensions [None req-6d0a53fb-2ca7-480d-a742-f78efb931fa4 None None] Loading extension file: l3_ext_ndp_proxy.py {{(pid=87504) _load_all_extensions_from_path /opt/stack/neutron/neutron/api/extensions.py:449}}
Jul 10 17:57:50.750414 np0000005039 devstack@neutron-api.service[87505]: DEBUG neutron_lib.callbacks.manager [None req-a108ef10-8ae5-4952-966e-7d88cd53b423 None None] Subscribe: ._register_pvlan_driver at 0x7c594e6cad40> pvlan_plugin before_spawn 55550000, False {{(pid=87505) subscribe /opt/stack/data/venv/lib/python3.12/site-packages/neutron_lib/callbacks/manager.py:52}}
Jul 10 17:57:50.750414 np0000005039 devstack@neutron-api.service[87505]: DEBUG neutron_lib.callbacks.manager [None req-a108ef10-8ae5-4952-966e-7d88cd53b423 None None] Subscribe: process after_init 55550000, False {{(pid=87505) subscribe /opt/stack/data/venv/lib/python3.12/site-packages/neutron_lib/callbacks/manager.py:52}}
Jul 10 17:57:50.750886 np0000005039 devstack@neutron-api.service[87504]: DEBUG neutron.api.extensions [None req-6d0a53fb-2ca7-480d-a742-f78efb931fa4 None None] Ext name="Router support to enable NDP proxy" alias="l3-ext-ndp-proxy" description="Router extension to enable ndp proxy" updated="2020-08-25T00:00:00-00:00" {{(pid=87504) _check_extension /opt/stack/neutron/neutron/api/extensions.py:415}}
Jul 10 17:57:50.750886 np0000005039 devstack@neutron-api.service[87504]: INFO neutron.api.extensions [None req-6d0a53fb-2ca7-480d-a742-f78efb931fa4 None None] Extension l3-ext-ndp-proxy not supported by any of loaded plugins
Jul 10 17:57:50.750886 np0000005039 devstack@neutron-api.service[87504]: DEBUG neutron.api.extensions [None req-6d0a53fb-2ca7-480d-a742-f78efb931fa4 None None] Loading extension file: l3_extra_gws.py {{(pid=87504) _load_all_extensions_from_path /opt/stack/neutron/neutron/api/extensions.py:449}}
Jul 10 17:57:50.750886 np0000005039 devstack@neutron-api.service[87504]: DEBUG neutron.api.extensions [None req-6d0a53fb-2ca7-480d-a742-f78efb931fa4 None None] Ext name="Neutron L3 External Gateway Multihoming" alias="external-gateway-multihoming" description="Allow multiple external gateway ports per router" updated="2023-01-18T00:00:00-00:00" {{(pid=87504) _check_extension /opt/stack/neutron/neutron/api/extensions.py:415}}
Jul 10 17:57:50.750886 np0000005039 devstack@neutron-api.service[87504]: INFO neutron.api.extensions [None req-6d0a53fb-2ca7-480d-a742-f78efb931fa4 None None] Loaded extension: external-gateway-multihoming
Jul 10 17:57:50.750886 np0000005039 devstack@neutron-api.service[87504]: DEBUG neutron.api.extensions [None req-6d0a53fb-2ca7-480d-a742-f78efb931fa4 None None] Loading extension file: l3_flavors.py {{(pid=87504) _load_all_extensions_from_path /opt/stack/neutron/neutron/api/extensions.py:449}}
Jul 10 17:57:50.750886 np0000005039 devstack@neutron-api.service[87504]: DEBUG neutron.api.extensions [None req-6d0a53fb-2ca7-480d-a742-f78efb931fa4 None None] Ext name="Router Flavor Extension" alias="l3-flavors" description="Flavor support for routers." updated="2016-05-17T00:00:00-00:00" {{(pid=87504) _check_extension /opt/stack/neutron/neutron/api/extensions.py:415}}
Jul 10 17:57:50.751351 np0000005039 devstack@neutron-api.service[87504]: INFO neutron.api.extensions [None req-6d0a53fb-2ca7-480d-a742-f78efb931fa4 None None] Loaded extension: l3-flavors
Jul 10 17:57:50.751351 np0000005039 devstack@neutron-api.service[87504]: DEBUG neutron.api.extensions [None req-6d0a53fb-2ca7-480d-a742-f78efb931fa4 None None] Loading extension file: l3_ndp_proxy.py {{(pid=87504) _load_all_extensions_from_path /opt/stack/neutron/neutron/api/extensions.py:449}}
Jul 10 17:57:50.751351 np0000005039 devstack@neutron-api.service[87504]: DEBUG neutron.api.extensions [None req-6d0a53fb-2ca7-480d-a742-f78efb931fa4 None None] Ext name="name" alias="l3-ndp-proxy" description="description" updated="2021-06-29T10:00:00-00:00" {{(pid=87504) _check_extension /opt/stack/neutron/neutron/api/extensions.py:415}}
Jul 10 17:57:50.751351 np0000005039 devstack@neutron-api.service[87504]: INFO neutron.api.extensions [None req-6d0a53fb-2ca7-480d-a742-f78efb931fa4 None None] Extension l3-ndp-proxy not supported by any of loaded plugins
Jul 10 17:57:50.751351 np0000005039 devstack@neutron-api.service[87504]: DEBUG neutron.api.extensions [None req-6d0a53fb-2ca7-480d-a742-f78efb931fa4 None None] Loading extension file: l3_port_ip_change_not_allowed.py {{(pid=87504) _load_all_extensions_from_path /opt/stack/neutron/neutron/api/extensions.py:449}}
Jul 10 17:57:50.751351 np0000005039 devstack@neutron-api.service[87504]: DEBUG neutron.api.extensions [None req-6d0a53fb-2ca7-480d-a742-f78efb931fa4 None None] Ext name="Prevent L3 router ports IP address change extension" alias="l3-port-ip-change-not-allowed" description="Prevent change of IP address for some L3 router ports" updated="2018-10-09T10:00:00-00:00" {{(pid=87504) _check_extension /opt/stack/neutron/neutron/api/extensions.py:415}}
Jul 10 17:57:50.751840 np0000005039 devstack@neutron-api.service[87505]: DEBUG neutron.plugins.ml2.plugin [None req-a108ef10-8ae5-4952-966e-7d88cd53b423 None None] neutron.plugins.ml2.plugin.Ml2Plugin method _start_rpc_notifiers called with arguments () {} {{(pid=87505) wrapper /opt/stack/data/venv/lib/python3.12/site-packages/oslo_log/helpers.py:77}}
Jul 10 17:57:50.752046 np0000005039 devstack@neutron-api.service[87504]: INFO neutron.api.extensions [None req-6d0a53fb-2ca7-480d-a742-f78efb931fa4 None None] Extension l3-port-ip-change-not-allowed not supported by any of loaded plugins
Jul 10 17:57:50.752046 np0000005039 devstack@neutron-api.service[87504]: DEBUG neutron.api.extensions [None req-6d0a53fb-2ca7-480d-a742-f78efb931fa4 None None] Loading extension file: l3agentscheduler.py {{(pid=87504) _load_all_extensions_from_path /opt/stack/neutron/neutron/api/extensions.py:449}}
Jul 10 17:57:50.752254 np0000005039 devstack@neutron-api.service[87505]: DEBUG neutron_lib.callbacks.manager [None req-a108ef10-8ae5-4952-966e-7d88cd53b423 None None] Subscribe: > port after_create 55550000, False {{(pid=87505) subscribe /opt/stack/data/venv/lib/python3.12/site-packages/neutron_lib/callbacks/manager.py:52}}
Jul 10 17:57:50.752254 np0000005039 devstack@neutron-api.service[87505]: DEBUG neutron_lib.callbacks.manager [None req-a108ef10-8ae5-4952-966e-7d88cd53b423 None None] Subscribe: > port after_update 55550000, False {{(pid=87505) subscribe /opt/stack/data/venv/lib/python3.12/site-packages/neutron_lib/callbacks/manager.py:52}}
Jul 10 17:57:50.752254 np0000005039 devstack@neutron-api.service[87505]: DEBUG neutron_lib.callbacks.manager [None req-a108ef10-8ae5-4952-966e-7d88cd53b423 None None] Subscribe: > port after_delete 55550000, False {{(pid=87505) subscribe /opt/stack/data/venv/lib/python3.12/site-packages/neutron_lib/callbacks/manager.py:52}}
Jul 10 17:57:50.752571 np0000005039 devstack@neutron-api.service[87504]: DEBUG neutron.api.extensions [None req-6d0a53fb-2ca7-480d-a742-f78efb931fa4 None None] Ext name="L3 Agent Scheduler" alias="l3_agent_scheduler" description="Schedule routers among l3 agents" updated="2013-02-07T10:00:00-00:00" {{(pid=87504) _check_extension /opt/stack/neutron/neutron/api/extensions.py:415}}
Jul 10 17:57:50.752755 np0000005039 devstack@neutron-api.service[87505]: DEBUG neutron_lib.callbacks.manager [None req-a108ef10-8ae5-4952-966e-7d88cd53b423 None None] Subscribe: > subnet after_create 55550000, False {{(pid=87505) subscribe /opt/stack/data/venv/lib/python3.12/site-packages/neutron_lib/callbacks/manager.py:52}}
Jul 10 17:57:50.753015 np0000005039 devstack@neutron-api.service[87504]: INFO neutron.api.extensions [None req-6d0a53fb-2ca7-480d-a742-f78efb931fa4 None None] Loaded extension: l3_agent_scheduler
Jul 10 17:57:50.753015 np0000005039 devstack@neutron-api.service[87504]: DEBUG neutron.api.extensions [None req-6d0a53fb-2ca7-480d-a742-f78efb931fa4 None None] Loading extension file: local_ip.py {{(pid=87504) _load_all_extensions_from_path /opt/stack/neutron/neutron/api/extensions.py:449}}
Jul 10 17:57:50.753237 np0000005039 devstack@neutron-api.service[87505]: DEBUG neutron_lib.callbacks.manager [None req-a108ef10-8ae5-4952-966e-7d88cd53b423 None None] Subscribe: > subnet after_update 55550000, False {{(pid=87505) subscribe /opt/stack/data/venv/lib/python3.12/site-packages/neutron_lib/callbacks/manager.py:52}}
Jul 10 17:57:50.753237 np0000005039 devstack@neutron-api.service[87505]: DEBUG neutron_lib.callbacks.manager [None req-a108ef10-8ae5-4952-966e-7d88cd53b423 None None] Subscribe: > subnet after_delete 55550000, False {{(pid=87505) subscribe /opt/stack/data/venv/lib/python3.12/site-packages/neutron_lib/callbacks/manager.py:52}}
Jul 10 17:57:50.753237 np0000005039 devstack@neutron-api.service[87505]: DEBUG neutron_lib.callbacks.manager [None req-a108ef10-8ae5-4952-966e-7d88cd53b423 None None] Subscribe: > network after_create 55550000, False {{(pid=87505) subscribe /opt/stack/data/venv/lib/python3.12/site-packages/neutron_lib/callbacks/manager.py:52}}
Jul 10 17:57:50.753507 np0000005039 devstack@neutron-api.service[87504]: DEBUG neutron.api.extensions [None req-6d0a53fb-2ca7-480d-a742-f78efb931fa4 None None] Ext name="Local IP" alias="local_ip" description="Support Node Local Virtual IP" updated="2021-07-26T10:00:00-00:00" {{(pid=87504) _check_extension /opt/stack/neutron/neutron/api/extensions.py:415}}
Jul 10 17:57:50.753950 np0000005039 devstack@neutron-api.service[87505]: DEBUG neutron_lib.callbacks.manager [None req-a108ef10-8ae5-4952-966e-7d88cd53b423 None None] Subscribe: > network after_update 55550000, False {{(pid=87505) subscribe /opt/stack/data/venv/lib/python3.12/site-packages/neutron_lib/callbacks/manager.py:52}}
Jul 10 17:57:50.754205 np0000005039 devstack@neutron-api.service[87504]: INFO neutron.api.extensions [None req-6d0a53fb-2ca7-480d-a742-f78efb931fa4 None None] Extension local_ip not supported by any of loaded plugins
Jul 10 17:57:50.754205 np0000005039 devstack@neutron-api.service[87504]: DEBUG neutron.api.extensions [None req-6d0a53fb-2ca7-480d-a742-f78efb931fa4 None None] Loading extension file: logging.py {{(pid=87504) _load_all_extensions_from_path /opt/stack/neutron/neutron/api/extensions.py:449}}
Jul 10 17:57:50.754503 np0000005039 devstack@neutron-api.service[87505]: DEBUG neutron_lib.callbacks.manager [None req-a108ef10-8ae5-4952-966e-7d88cd53b423 None None] Subscribe: > network after_delete 55550000, False {{(pid=87505) subscribe /opt/stack/data/venv/lib/python3.12/site-packages/neutron_lib/callbacks/manager.py:52}}
Jul 10 17:57:50.754503 np0000005039 devstack@neutron-api.service[87505]: DEBUG neutron_lib.callbacks.manager [None req-a108ef10-8ae5-4952-966e-7d88cd53b423 None None] Subscribe: > security_group after_create 55550000, False {{(pid=87505) subscribe /opt/stack/data/venv/lib/python3.12/site-packages/neutron_lib/callbacks/manager.py:52}}
Jul 10 17:57:50.754689 np0000005039 devstack@neutron-api.service[87504]: DEBUG neutron.api.extensions [None req-6d0a53fb-2ca7-480d-a742-f78efb931fa4 None None] Ext name="Logging API Extension" alias="logging" description="Provides a logging API for resources such as security group and firewall." updated="2017-01-01T10:00:00-00:00" {{(pid=87504) _check_extension /opt/stack/neutron/neutron/api/extensions.py:415}}
Jul 10 17:57:50.754856 np0000005039 devstack@neutron-api.service[87505]: DEBUG neutron_lib.callbacks.manager [None req-a108ef10-8ae5-4952-966e-7d88cd53b423 None None] Subscribe: > security_group after_update 55550000, False {{(pid=87505) subscribe /opt/stack/data/venv/lib/python3.12/site-packages/neutron_lib/callbacks/manager.py:52}}
Jul 10 17:57:50.755064 np0000005039 devstack@neutron-api.service[87504]: INFO neutron.api.extensions [None req-6d0a53fb-2ca7-480d-a742-f78efb931fa4 None None] Extension logging not supported by any of loaded plugins
Jul 10 17:57:50.755373 np0000005039 devstack@neutron-api.service[87505]: DEBUG neutron_lib.callbacks.manager [None req-a108ef10-8ae5-4952-966e-7d88cd53b423 None None] Subscribe: > security_group after_delete 55550000, False {{(pid=87505) subscribe /opt/stack/data/venv/lib/python3.12/site-packages/neutron_lib/callbacks/manager.py:52}}
Jul 10 17:57:50.755752 np0000005039 devstack@neutron-api.service[87504]: DEBUG neutron.api.extensions [None req-6d0a53fb-2ca7-480d-a742-f78efb931fa4 None None] Loading extension file: metering.py {{(pid=87504) _load_all_extensions_from_path /opt/stack/neutron/neutron/api/extensions.py:449}}
Jul 10 17:57:50.756255 np0000005039 devstack@neutron-api.service[87505]: DEBUG neutron_lib.callbacks.manager [None req-a108ef10-8ae5-4952-966e-7d88cd53b423 None None] Subscribe: > security_group_rule after_create 55550000, False {{(pid=87505) subscribe /opt/stack/data/venv/lib/python3.12/site-packages/neutron_lib/callbacks/manager.py:52}}
Jul 10 17:57:50.756255 np0000005039 devstack@neutron-api.service[87505]: DEBUG neutron_lib.callbacks.manager [None req-a108ef10-8ae5-4952-966e-7d88cd53b423 None None] Subscribe: > security_group_rule after_update 55550000, False {{(pid=87505) subscribe /opt/stack/data/venv/lib/python3.12/site-packages/neutron_lib/callbacks/manager.py:52}}
Jul 10 17:57:50.756517 np0000005039 devstack@neutron-api.service[87504]: DEBUG neutron.api.extensions [None req-6d0a53fb-2ca7-480d-a742-f78efb931fa4 None None] Ext name="Neutron Metering" alias="metering" description="Neutron Metering extension." updated="2013-06-12T10:00:00-00:00" {{(pid=87504) _check_extension /opt/stack/neutron/neutron/api/extensions.py:415}}
Jul 10 17:57:50.756655 np0000005039 devstack@neutron-api.service[87505]: DEBUG neutron_lib.callbacks.manager [None req-a108ef10-8ae5-4952-966e-7d88cd53b423 None None] Subscribe: > security_group_rule after_delete 55550000, False {{(pid=87505) subscribe /opt/stack/data/venv/lib/python3.12/site-packages/neutron_lib/callbacks/manager.py:52}}
Jul 10 17:57:50.756981 np0000005039 devstack@neutron-api.service[87504]: INFO neutron.api.extensions [None req-6d0a53fb-2ca7-480d-a742-f78efb931fa4 None None] Extension metering not supported by any of loaded plugins
Jul 10 17:57:50.757224 np0000005039 devstack@neutron-api.service[87505]: DEBUG neutron_lib.callbacks.manager [None req-a108ef10-8ae5-4952-966e-7d88cd53b423 None None] Subscribe: > address_group after_create 55550000, False {{(pid=87505) subscribe /opt/stack/data/venv/lib/python3.12/site-packages/neutron_lib/callbacks/manager.py:52}}
Jul 10 17:57:50.757719 np0000005039 devstack@neutron-api.service[87504]: DEBUG neutron.api.extensions [None req-6d0a53fb-2ca7-480d-a742-f78efb931fa4 None None] Loading extension file: metering_source_and_destination_fields.py {{(pid=87504) _load_all_extensions_from_path /opt/stack/neutron/neutron/api/extensions.py:449}}
Jul 10 17:57:50.758187 np0000005039 devstack@neutron-api.service[87505]: DEBUG neutron_lib.callbacks.manager [None req-a108ef10-8ae5-4952-966e-7d88cd53b423 None None] Subscribe: > address_group after_update 55550000, False {{(pid=87505) subscribe /opt/stack/data/venv/lib/python3.12/site-packages/neutron_lib/callbacks/manager.py:52}}
Jul 10 17:57:50.758439 np0000005039 devstack@neutron-api.service[87504]: DEBUG neutron.api.extensions [None req-6d0a53fb-2ca7-480d-a742-f78efb931fa4 None None] Ext name="Neutron Metering with source and destination filtering" alias="metering_source_and_destination_fields" description="Neutron Metering extension that enables the use of source and destination IP prefixes to create metering label rules." updated="2020-08-21T08:12:00-00:00" {{(pid=87504) _check_extension /opt/stack/neutron/neutron/api/extensions.py:415}}
Jul 10 17:57:50.759012 np0000005039 devstack@neutron-api.service[87505]: DEBUG neutron_lib.callbacks.manager [None req-a108ef10-8ae5-4952-966e-7d88cd53b423 None None] Subscribe: > address_group after_delete 55550000, False {{(pid=87505) subscribe /opt/stack/data/venv/lib/python3.12/site-packages/neutron_lib/callbacks/manager.py:52}}
Jul 10 17:57:50.759012 np0000005039 devstack@neutron-api.service[87505]: DEBUG neutron.plugins.ml2.ovo_rpc [None req-a108ef10-8ae5-4952-966e-7d88cd53b423 None None] ML2 OVO RPC backend initialized. {{(pid=87505) __init__ /opt/stack/neutron/neutron/plugins/ml2/ovo_rpc.py:117}}
Jul 10 17:57:50.759456 np0000005039 devstack@neutron-api.service[87504]: INFO neutron.api.extensions [None req-6d0a53fb-2ca7-480d-a742-f78efb931fa4 None None] Extension metering_source_and_destination_fields not supported by any of loaded plugins
Jul 10 17:57:50.759456 np0000005039 devstack@neutron-api.service[87504]: DEBUG neutron.api.extensions [None req-6d0a53fb-2ca7-480d-a742-f78efb931fa4 None None] Loading extension file: multiprovidernet.py {{(pid=87504) _load_all_extensions_from_path /opt/stack/neutron/neutron/api/extensions.py:449}}
Jul 10 17:57:50.759456 np0000005039 devstack@neutron-api.service[87504]: DEBUG neutron.api.extensions [None req-6d0a53fb-2ca7-480d-a742-f78efb931fa4 None None] Ext name="Multi Provider Network" alias="multi-provider" description="Expose mapping of virtual networks to multiple physical networks" updated="2013-06-27T10:00:00-00:00" {{(pid=87504) _check_extension /opt/stack/neutron/neutron/api/extensions.py:415}}
Jul 10 17:57:50.759456 np0000005039 devstack@neutron-api.service[87504]: INFO neutron.api.extensions [None req-6d0a53fb-2ca7-480d-a742-f78efb931fa4 None None] Loaded extension: multi-provider
Jul 10 17:57:50.759456 np0000005039 devstack@neutron-api.service[87504]: DEBUG neutron.api.extensions [None req-6d0a53fb-2ca7-480d-a742-f78efb931fa4 None None] Loading extension file: netmtu.py {{(pid=87504) _load_all_extensions_from_path /opt/stack/neutron/neutron/api/extensions.py:449}}
Jul 10 17:57:50.759456 np0000005039 devstack@neutron-api.service[87504]: DEBUG neutron.api.extensions [None req-6d0a53fb-2ca7-480d-a742-f78efb931fa4 None None] Ext name="Network MTU" alias="net-mtu" description="Provides MTU attribute for a network resource." updated="2015-03-25T10:00:00-00:00" {{(pid=87504) _check_extension /opt/stack/neutron/neutron/api/extensions.py:415}}
Jul 10 17:57:50.759456 np0000005039 devstack@neutron-api.service[87504]: INFO neutron.api.extensions [None req-6d0a53fb-2ca7-480d-a742-f78efb931fa4 None None] Loaded extension: net-mtu
Jul 10 17:57:50.759456 np0000005039 devstack@neutron-api.service[87504]: DEBUG neutron.api.extensions [None req-6d0a53fb-2ca7-480d-a742-f78efb931fa4 None None] Loading extension file: netmtu_writable.py {{(pid=87504) _load_all_extensions_from_path /opt/stack/neutron/neutron/api/extensions.py:449}}
Jul 10 17:57:50.759972 np0000005039 devstack@neutron-api.service[87505]: INFO neutron.quota [None req-a108ef10-8ae5-4952-966e-7d88cd53b423 None None] Loaded quota_driver: .
Jul 10 17:57:50.759972 np0000005039 devstack@neutron-api.service[87505]: INFO neutron.plugins.ml2.plugin [None req-a108ef10-8ae5-4952-966e-7d88cd53b423 None None] Modular L2 Plugin initialization complete
Jul 10 17:57:50.760556 np0000005039 devstack@neutron-api.service[87504]: DEBUG neutron.api.extensions [None req-6d0a53fb-2ca7-480d-a742-f78efb931fa4 None None] Ext name="Network MTU (writable)" alias="net-mtu-writable" description="Provides a writable MTU attribute for a network resource." updated="2017-07-12T00:00:00-00:00" {{(pid=87504) _check_extension /opt/stack/neutron/neutron/api/extensions.py:415}}
Jul 10 17:57:50.760556 np0000005039 devstack@neutron-api.service[87504]: INFO neutron.api.extensions [None req-6d0a53fb-2ca7-480d-a742-f78efb931fa4 None None] Loaded extension: net-mtu-writable
Jul 10 17:57:50.761178 np0000005039 devstack@neutron-api.service[87505]: DEBUG neutron.manager [None req-a108ef10-8ae5-4952-966e-7d88cd53b423 None None] Loading services supported by the core plugin {{(pid=87505) _load_services_from_core_plugin /opt/stack/neutron/neutron/manager.py:167}}
Jul 10 17:57:50.761723 np0000005039 devstack@neutron-api.service[87504]: DEBUG neutron.api.extensions [None req-6d0a53fb-2ca7-480d-a742-f78efb931fa4 None None] Loading extension file: network_availability_zone.py {{(pid=87504) _load_all_extensions_from_path /opt/stack/neutron/neutron/api/extensions.py:449}}
Jul 10 17:57:50.762266 np0000005039 devstack@neutron-api.service[87505]: INFO neutron.plugins.ml2.managers [None req-a108ef10-8ae5-4952-966e-7d88cd53b423 None None] Got port-security extension from driver 'port_security'
Jul 10 17:57:50.762879 np0000005039 devstack@neutron-api.service[87504]: DEBUG neutron.api.extensions [None req-6d0a53fb-2ca7-480d-a742-f78efb931fa4 None None] Ext name="Network Availability Zone" alias="network_availability_zone" description="Availability zone support for network." updated="2015-01-01T10:00:00-00:00" {{(pid=87504) _check_extension /opt/stack/neutron/neutron/api/extensions.py:415}}
Jul 10 17:57:50.762879 np0000005039 devstack@neutron-api.service[87504]: INFO neutron.api.extensions [None req-6d0a53fb-2ca7-480d-a742-f78efb931fa4 None None] Loaded extension: network_availability_zone
Jul 10 17:57:50.762879 np0000005039 devstack@neutron-api.service[87504]: DEBUG neutron.api.extensions [None req-6d0a53fb-2ca7-480d-a742-f78efb931fa4 None None] Loading extension file: network_ha.py {{(pid=87504) _load_all_extensions_from_path /opt/stack/neutron/neutron/api/extensions.py:449}}
Jul 10 17:57:50.762879 np0000005039 devstack@neutron-api.service[87504]: DEBUG neutron.api.extensions [None req-6d0a53fb-2ca7-480d-a742-f78efb931fa4 None None] Ext name="Network HA creation flag" alias="network_ha" description="Network high availability creation flag." updated="2023-04-27T10:00:00-00:00" {{(pid=87504) _check_extension /opt/stack/neutron/neutron/api/extensions.py:415}}
Jul 10 17:57:50.762879 np0000005039 devstack@neutron-api.service[87504]: INFO neutron.api.extensions [None req-6d0a53fb-2ca7-480d-a742-f78efb931fa4 None None] Extension network_ha not supported by any of loaded plugins
