Jun 18 18:04:26.787612 np0000003170 devstack@c-api.service[99318]: /opt/stack/data/venv/lib/python3.12/site-packages/oslo_context/context.py:102: DeprecationWarning: Policy enforcement is depending on the value of is_admin. This key is deprecated. Please update your policy file to use the standard policy values.
Jun 18 18:04:26.787612 np0000003170 devstack@c-api.service[99318]: warnings.warn(
Jun 18 18:04:26.794770 np0000003170 devstack@c-api.service[99318]: INFO cinder.volume.api [None req-c76de4ba-468f-4380-b622-458d4c987146 tempest-VolumesAssistedSnapshotsTest-1373395171 tempest-VolumesAssistedSnapshotsTest-1373395171-project-admin] Volume info retrieved successfully.
Jun 18 18:04:26.806167 np0000003170 devstack@c-api.service[99318]: INFO cinder.api.openstack.wsgi [None req-c76de4ba-468f-4380-b622-458d4c987146 tempest-VolumesAssistedSnapshotsTest-1373395171 tempest-VolumesAssistedSnapshotsTest-1373395171-project-admin] https://10.4.3.13/volume/v3/volumes/1dd685b0-9c46-47a8-bad8-8fb2c84372c8 returned with HTTP 200
Jun 18 18:04:26.806167 np0000003170 devstack@c-api.service[99318]: [pid: 99318|app: 0|req: 122/379] 10.4.3.13 () {66 vars in 1341 bytes} [Thu Jun 18 18:04:26 2026] GET /volume/v3/volumes/1dd685b0-9c46-47a8-bad8-8fb2c84372c8 => generated 1315 bytes in 36 msecs (HTTP/1.1 200) 7 headers in 286 bytes (1 switches on core 0)
Jun 18 18:04:26.820046 np0000003170 devstack@c-api.service[99317]: DEBUG cinder.api.middleware.request_id [None req-f2b48555-60b4-4cd1-ba38-890993266733 None None] RequestId filter calling following filter/app {{(pid=99317) _context_setter /opt/stack/cinder/cinder/api/middleware/request_id.py:62}}
Jun 18 18:04:26.821357 np0000003170 devstack@c-api.service[99317]: INFO cinder.api.openstack.wsgi [None req-f2b48555-60b4-4cd1-ba38-890993266733 tempest-VolumesAssistedSnapshotsTest-1373395171 tempest-VolumesAssistedSnapshotsTest-1373395171-project-admin] GET https://10.4.3.13/volume/v3/volumes/1dd685b0-9c46-47a8-bad8-8fb2c84372c8
Jun 18 18:04:26.821529 np0000003170 devstack@c-api.service[99317]: DEBUG cinder.api.openstack.wsgi [None req-f2b48555-60b4-4cd1-ba38-890993266733 tempest-VolumesAssistedSnapshotsTest-1373395171 tempest-VolumesAssistedSnapshotsTest-1373395171-project-admin] Empty body provided in request {{(pid=99317) get_body /opt/stack/cinder/cinder/api/openstack/wsgi.py:725}}
Jun 18 18:04:26.821841 np0000003170 devstack@c-api.service[99317]: DEBUG cinder.api.openstack.wsgi [None req-f2b48555-60b4-4cd1-ba38-890993266733 tempest-VolumesAssistedSnapshotsTest-1373395171 tempest-VolumesAssistedSnapshotsTest-1373395171-project-admin] Calling method 'show' {{(pid=99317) _process_stack /opt/stack/cinder/cinder/api/openstack/wsgi.py:878}}
Jun 18 18:04:26.839478 np0000003170 devstack@c-api.service[99317]: /opt/stack/data/venv/lib/python3.12/site-packages/oslo_context/context.py:102: DeprecationWarning: Policy enforcement is depending on the value of is_admin. This key is deprecated. Please update your policy file to use the standard policy values.
Jun 18 18:04:26.839478 np0000003170 devstack@c-api.service[99317]: warnings.warn(
Jun 18 18:04:26.844102 np0000003170 devstack@c-api.service[99317]: INFO cinder.volume.api [None req-f2b48555-60b4-4cd1-ba38-890993266733 tempest-VolumesAssistedSnapshotsTest-1373395171 tempest-VolumesAssistedSnapshotsTest-1373395171-project-admin] Volume info retrieved successfully.
Jun 18 18:04:26.852982 np0000003170 devstack@c-api.service[99317]: INFO cinder.api.openstack.wsgi [None req-f2b48555-60b4-4cd1-ba38-890993266733 tempest-VolumesAssistedSnapshotsTest-1373395171 tempest-VolumesAssistedSnapshotsTest-1373395171-project-admin] https://10.4.3.13/volume/v3/volumes/1dd685b0-9c46-47a8-bad8-8fb2c84372c8 returned with HTTP 200
Jun 18 18:04:26.854289 np0000003170 devstack@c-api.service[99317]: [pid: 99317|app: 0|req: 127/380] 10.4.3.13 () {66 vars in 1341 bytes} [Thu Jun 18 18:04:26 2026] GET /volume/v3/volumes/1dd685b0-9c46-47a8-bad8-8fb2c84372c8 => generated 1315 bytes in 35 msecs (HTTP/1.1 200) 7 headers in 286 bytes (1 switches on core 0)
Jun 18 18:04:26.876747 np0000003170 devstack@c-api.service[99320]: DEBUG cinder.api.middleware.request_id [req-2127cc50-dfe6-42ad-ae84-decbc45c371f req-5a27eaca-90fc-4f54-93f4-f95ebbc759c9 None None] RequestId filter calling following filter/app {{(pid=99320) _context_setter /opt/stack/cinder/cinder/api/middleware/request_id.py:62}}
Jun 18 18:04:26.879576 np0000003170 devstack@c-api.service[99320]: INFO cinder.api.openstack.wsgi [req-2127cc50-dfe6-42ad-ae84-decbc45c371f req-5a27eaca-90fc-4f54-93f4-f95ebbc759c9 tempest-AttachVolumeMultiAttachTest-967267757 tempest-AttachVolumeMultiAttachTest-967267757-project-member] PUT https://10.4.3.13/volume/v3/attachments/c9d5cd05-4a57-47e1-b18d-16feddee6df6
Jun 18 18:04:26.880118 np0000003170 devstack@c-api.service[99320]: DEBUG cinder.api.openstack.wsgi [req-2127cc50-dfe6-42ad-ae84-decbc45c371f req-5a27eaca-90fc-4f54-93f4-f95ebbc759c9 tempest-AttachVolumeMultiAttachTest-967267757 tempest-AttachVolumeMultiAttachTest-967267757-project-member] Action: 'update', calling method: version_select, body: {"attachment": {"connector": {"platform": "x86_64", "os_type": "linux", "ip": "10.4.3.13", "host": "np0000003170", "multipath": true, "enforce_multipath": true, "initiator": "iqn.2016-04.com.open-iscsi:4cb3147a895e", "do_local_attach": false, "uuid": "8515de1c-ba7e-467b-adde-6d9f8a8dbc1f", "system uuid": "2f06843c-5bd1-41d5-835f-a06047a0729f", "nvme_native_multipath": false, "mountpoint": "/dev/vdb"}}} {{(pid=99320) _process_stack /opt/stack/cinder/cinder/api/openstack/wsgi.py:876}}
Jun 18 18:04:26.891469 np0000003170 devstack@c-api.service[99320]: DEBUG cinder.coordination [req-2127cc50-dfe6-42ad-ae84-decbc45c371f req-5a27eaca-90fc-4f54-93f4-f95ebbc759c9 tempest-AttachVolumeMultiAttachTest-967267757 tempest-AttachVolumeMultiAttachTest-967267757-project-member] Acquiring lock "cinder-attachment_update-55c7a57d-4536-4ade-a3b7-869289fcce95-np0000003170" by "attachment_update" {{(pid=99320) __acquire /opt/stack/cinder/cinder/coordination.py:138}}
Jun 18 18:04:26.896958 np0000003170 devstack@c-api.service[99320]: DEBUG cinder.coordination [req-2127cc50-dfe6-42ad-ae84-decbc45c371f req-5a27eaca-90fc-4f54-93f4-f95ebbc759c9 tempest-AttachVolumeMultiAttachTest-967267757 tempest-AttachVolumeMultiAttachTest-967267757-project-member] Lock "cinder-attachment_update-55c7a57d-4536-4ade-a3b7-869289fcce95-np0000003170" acquired by "attachment_update" :: waited 0.006s {{(pid=99320) __acquire /opt/stack/cinder/cinder/coordination.py:141}}
Jun 18 18:04:26.898262 np0000003170 devstack@c-api.service[99320]: /opt/stack/data/venv/lib/python3.12/site-packages/oslo_context/context.py:102: DeprecationWarning: Policy enforcement is depending on the value of is_admin. This key is deprecated. Please update your policy file to use the standard policy values.
Jun 18 18:04:26.898262 np0000003170 devstack@c-api.service[99320]: warnings.warn(
Jun 18 18:04:27.353984 np0000003170 devstack@c-api.service[99318]: DEBUG cinder.api.middleware.request_id [None req-ba7fec2b-c5e9-4e61-a9a4-842aa12345aa None None] RequestId filter calling following filter/app {{(pid=99318) _context_setter /opt/stack/cinder/cinder/api/middleware/request_id.py:62}}
Jun 18 18:04:27.357966 np0000003170 devstack@c-api.service[99317]: DEBUG cinder.api.middleware.request_id [None req-a9dfec63-4ca1-4083-9eda-88bc197900d1 None None] RequestId filter calling following filter/app {{(pid=99317) _context_setter /opt/stack/cinder/cinder/api/middleware/request_id.py:62}}
Jun 18 18:04:27.358913 np0000003170 devstack@c-api.service[99318]: INFO cinder.api.openstack.wsgi [None req-ba7fec2b-c5e9-4e61-a9a4-842aa12345aa tempest-VolumesAssistedSnapshotsTest-1373395171 tempest-VolumesAssistedSnapshotsTest-1373395171-project-admin] GET https://10.4.3.13/volume/v3/volumes/1dd685b0-9c46-47a8-bad8-8fb2c84372c8
Jun 18 18:04:27.359168 np0000003170 devstack@c-api.service[99318]: DEBUG cinder.api.openstack.wsgi [None req-ba7fec2b-c5e9-4e61-a9a4-842aa12345aa tempest-VolumesAssistedSnapshotsTest-1373395171 tempest-VolumesAssistedSnapshotsTest-1373395171-project-admin] Empty body provided in request {{(pid=99318) get_body /opt/stack/cinder/cinder/api/openstack/wsgi.py:725}}
Jun 18 18:04:27.359401 np0000003170 devstack@c-api.service[99318]: DEBUG cinder.api.openstack.wsgi [None req-ba7fec2b-c5e9-4e61-a9a4-842aa12345aa tempest-VolumesAssistedSnapshotsTest-1373395171 tempest-VolumesAssistedSnapshotsTest-1373395171-project-admin] Calling method 'show' {{(pid=99318) _process_stack /opt/stack/cinder/cinder/api/openstack/wsgi.py:878}}
Jun 18 18:04:27.360097 np0000003170 devstack@c-api.service[99317]: INFO cinder.api.openstack.wsgi [None req-a9dfec63-4ca1-4083-9eda-88bc197900d1 tempest-VolumesBackupsAdminTest-183388782 tempest-VolumesBackupsAdminTest-183388782-project-member] GET https://10.4.3.13/volume/v3/backups/33355877-96b6-4637-b7cf-8247376f52ff
Jun 18 18:04:27.360526 np0000003170 devstack@c-api.service[99317]: DEBUG cinder.api.openstack.wsgi [None req-a9dfec63-4ca1-4083-9eda-88bc197900d1 tempest-VolumesBackupsAdminTest-183388782 tempest-VolumesBackupsAdminTest-183388782-project-member] Empty body provided in request {{(pid=99317) get_body /opt/stack/cinder/cinder/api/openstack/wsgi.py:725}}
Jun 18 18:04:27.360903 np0000003170 devstack@c-api.service[99317]: DEBUG cinder.api.openstack.wsgi [None req-a9dfec63-4ca1-4083-9eda-88bc197900d1 tempest-VolumesBackupsAdminTest-183388782 tempest-VolumesBackupsAdminTest-183388782-project-member] Calling method 'show' {{(pid=99317) _process_stack /opt/stack/cinder/cinder/api/openstack/wsgi.py:878}}
Jun 18 18:04:27.361870 np0000003170 devstack@c-api.service[99317]: DEBUG cinder.api.v3.backups [None req-a9dfec63-4ca1-4083-9eda-88bc197900d1 tempest-VolumesBackupsAdminTest-183388782 tempest-VolumesBackupsAdminTest-183388782-project-member] Show backup with id 33355877-96b6-4637-b7cf-8247376f52ff. {{(pid=99317) show /opt/stack/cinder/cinder/api/v3/backups.py:75}}
Jun 18 18:04:27.367807 np0000003170 devstack@c-api.service[99317]: /opt/stack/data/venv/lib/python3.12/site-packages/oslo_context/context.py:102: DeprecationWarning: Policy enforcement is depending on the value of is_admin. This key is deprecated. Please update your policy file to use the standard policy values.
Jun 18 18:04:27.367807 np0000003170 devstack@c-api.service[99317]: warnings.warn(
Jun 18 18:04:27.369843 np0000003170 devstack@c-api.service[99317]: INFO cinder.api.openstack.wsgi [None req-a9dfec63-4ca1-4083-9eda-88bc197900d1 tempest-VolumesBackupsAdminTest-183388782 tempest-VolumesBackupsAdminTest-183388782-project-member] https://10.4.3.13/volume/v3/backups/33355877-96b6-4637-b7cf-8247376f52ff returned with HTTP 200
Jun 18 18:04:27.369843 np0000003170 devstack@c-api.service[99317]: [pid: 99317|app: 0|req: 128/381] 10.4.3.13 () {66 vars in 1341 bytes} [Thu Jun 18 18:04:27 2026] GET /volume/v3/backups/33355877-96b6-4637-b7cf-8247376f52ff => generated 800 bytes in 13 msecs (HTTP/1.1 200) 7 headers in 285 bytes (1 switches on core 0)
Jun 18 18:04:27.370526 np0000003170 devstack@c-api.service[99317]: DEBUG cinder.api.middleware.request_id [req-ae65fc4b-a885-4725-b73e-1c79f59b5605 req-99f5be7f-91f4-44ab-a161-dd257b2893c3 None None] RequestId filter calling following filter/app {{(pid=99317) _context_setter /opt/stack/cinder/cinder/api/middleware/request_id.py:62}}
Jun 18 18:04:27.373649 np0000003170 devstack@c-api.service[99317]: INFO cinder.api.openstack.wsgi [req-ae65fc4b-a885-4725-b73e-1c79f59b5605 req-99f5be7f-91f4-44ab-a161-dd257b2893c3 tempest-VolumesAssistedSnapshotsTest-1074870161 tempest-VolumesAssistedSnapshotsTest-1074870161-project] POST https://10.4.3.13/volume/v3/snapshots/None/action
Jun 18 18:04:27.374734 np0000003170 devstack@c-api.service[99317]: DEBUG cinder.api.openstack.wsgi [req-ae65fc4b-a885-4725-b73e-1c79f59b5605 req-99f5be7f-91f4-44ab-a161-dd257b2893c3 tempest-VolumesAssistedSnapshotsTest-1074870161 tempest-VolumesAssistedSnapshotsTest-1074870161-project] Action body: b'{"os-update_snapshot_status": {"status": "error_deleting", "progress": "90%"}}' {{(pid=99317) get_method /opt/stack/cinder/cinder/api/openstack/wsgi.py:993}}
Jun 18 18:04:27.375001 np0000003170 devstack@c-api.service[99317]: DEBUG cinder.api.openstack.wsgi [req-ae65fc4b-a885-4725-b73e-1c79f59b5605 req-99f5be7f-91f4-44ab-a161-dd257b2893c3 tempest-VolumesAssistedSnapshotsTest-1074870161 tempest-VolumesAssistedSnapshotsTest-1074870161-project] Action: 'action', calling method: _update_snapshot_status, body: {"os-update_snapshot_status": {"status": "error_deleting", "progress": "90%"}} {{(pid=99317) _process_stack /opt/stack/cinder/cinder/api/openstack/wsgi.py:876}}
Jun 18 18:04:27.376354 np0000003170 devstack@c-api.service[99318]: /opt/stack/data/venv/lib/python3.12/site-packages/oslo_context/context.py:102: DeprecationWarning: Policy enforcement is depending on the value of is_admin. This key is deprecated. Please update your policy file to use the standard policy values.
Jun 18 18:04:27.376354 np0000003170 devstack@c-api.service[99318]: warnings.warn(
Jun 18 18:04:27.377018 np0000003170 devstack@c-api.service[99317]: DEBUG cinder.api.contrib.snapshot_actions [req-ae65fc4b-a885-4725-b73e-1c79f59b5605 req-99f5be7f-91f4-44ab-a161-dd257b2893c3 tempest-VolumesAssistedSnapshotsTest-1074870161 tempest-VolumesAssistedSnapshotsTest-1074870161-project] body: {'os-update_snapshot_status': {'status': 'error_deleting', 'progress': '90%'}} {{(pid=99317) _update_snapshot_status /opt/stack/cinder/cinder/api/contrib/snapshot_actions.py:46}}
Jun 18 18:04:27.383914 np0000003170 devstack@c-api.service[99317]: INFO cinder.api.openstack.wsgi [req-ae65fc4b-a885-4725-b73e-1c79f59b5605 req-99f5be7f-91f4-44ab-a161-dd257b2893c3 tempest-VolumesAssistedSnapshotsTest-1074870161 tempest-VolumesAssistedSnapshotsTest-1074870161-project] https://10.4.3.13/volume/v3/snapshots/None/action returned with HTTP 404
Jun 18 18:04:27.384022 np0000003170 devstack@c-api.service[99318]: INFO cinder.volume.api [None req-ba7fec2b-c5e9-4e61-a9a4-842aa12345aa tempest-VolumesAssistedSnapshotsTest-1373395171 tempest-VolumesAssistedSnapshotsTest-1373395171-project-admin] Volume info retrieved successfully.
Jun 18 18:04:27.384062 np0000003170 devstack@c-api.service[99317]: [pid: 99317|app: 0|req: 129/382] 10.4.3.13 () {72 vars in 1575 bytes} [Thu Jun 18 18:04:27 2026] POST /volume/v3/snapshots/None/action => generated 79 bytes in 13 msecs (HTTP/1.1 404) 7 headers in 291 bytes (1 switches on core 0)
Jun 18 18:04:27.384062 np0000003170 devstack@c-api.service[99317]: DEBUG cinder.api.middleware.request_id [None req-e3d51934-c5d3-4555-8968-8e8507686315 None None] RequestId filter calling following filter/app {{(pid=99317) _context_setter /opt/stack/cinder/cinder/api/middleware/request_id.py:62}}
Jun 18 18:04:27.389897 np0000003170 devstack@c-api.service[99317]: INFO cinder.api.openstack.wsgi [None req-e3d51934-c5d3-4555-8968-8e8507686315 tempest-VolumesBackupsAdminTest-183388782 tempest-VolumesBackupsAdminTest-183388782-project-member] GET https://10.4.3.13/volume/v3/volumes/c68a268c-c27c-4009-9b76-849ef1df7aa5
Jun 18 18:04:27.389996 np0000003170 devstack@c-api.service[99318]: INFO cinder.api.openstack.wsgi [None req-ba7fec2b-c5e9-4e61-a9a4-842aa12345aa tempest-VolumesAssistedSnapshotsTest-1373395171 tempest-VolumesAssistedSnapshotsTest-1373395171-project-admin] https://10.4.3.13/volume/v3/volumes/1dd685b0-9c46-47a8-bad8-8fb2c84372c8 returned with HTTP 200
Jun 18 18:04:27.390061 np0000003170 devstack@c-api.service[99317]: DEBUG cinder.api.openstack.wsgi [None req-e3d51934-c5d3-4555-8968-8e8507686315 tempest-VolumesBackupsAdminTest-183388782 tempest-VolumesBackupsAdminTest-183388782-project-member] Empty body provided in request {{(pid=99317) get_body /opt/stack/cinder/cinder/api/openstack/wsgi.py:725}}
Jun 18 18:04:27.390061 np0000003170 devstack@c-api.service[99317]: DEBUG cinder.api.openstack.wsgi [None req-e3d51934-c5d3-4555-8968-8e8507686315 tempest-VolumesBackupsAdminTest-183388782 tempest-VolumesBackupsAdminTest-183388782-project-member] Calling method 'show' {{(pid=99317) _process_stack /opt/stack/cinder/cinder/api/openstack/wsgi.py:878}}
Jun 18 18:04:27.390132 np0000003170 devstack@c-api.service[99318]: [pid: 99318|app: 0|req: 123/383] 10.4.3.13 () {66 vars in 1341 bytes} [Thu Jun 18 18:04:27 2026] GET /volume/v3/volumes/1dd685b0-9c46-47a8-bad8-8fb2c84372c8 => generated 1315 bytes in 36 msecs (HTTP/1.1 200) 7 headers in 286 bytes (1 switches on core 0)
Jun 18 18:04:27.398284 np0000003170 devstack@c-api.service[99317]: /opt/stack/data/venv/lib/python3.12/site-packages/oslo_context/context.py:102: DeprecationWarning: Policy enforcement is depending on the value of is_admin. This key is deprecated. Please update your policy file to use the standard policy values.
Jun 18 18:04:27.398284 np0000003170 devstack@c-api.service[99317]: warnings.warn(
Jun 18 18:04:27.403805 np0000003170 devstack@c-api.service[99317]: INFO cinder.volume.api [None req-e3d51934-c5d3-4555-8968-8e8507686315 tempest-VolumesBackupsAdminTest-183388782 tempest-VolumesBackupsAdminTest-183388782-project-member] Volume info retrieved successfully.
Jun 18 18:04:27.412487 np0000003170 devstack@c-api.service[99317]: INFO cinder.api.openstack.wsgi [None req-e3d51934-c5d3-4555-8968-8e8507686315 tempest-VolumesBackupsAdminTest-183388782 tempest-VolumesBackupsAdminTest-183388782-project-member] https://10.4.3.13/volume/v3/volumes/c68a268c-c27c-4009-9b76-849ef1df7aa5 returned with HTTP 200
Jun 18 18:04:27.412487 np0000003170 devstack@c-api.service[99317]: [pid: 99317|app: 0|req: 130/384] 10.4.3.13 () {66 vars in 1341 bytes} [Thu Jun 18 18:04:27 2026] GET /volume/v3/volumes/c68a268c-c27c-4009-9b76-849ef1df7aa5 => generated 900 bytes in 29 msecs (HTTP/1.1 200) 7 headers in 285 bytes (1 switches on core 0)
Jun 18 18:04:27.430943 np0000003170 devstack@c-api.service[99318]: DEBUG cinder.api.middleware.request_id [None req-bbc70212-0785-4849-a5e7-0f91ba4991c3 None None] RequestId filter calling following filter/app {{(pid=99318) _context_setter /opt/stack/cinder/cinder/api/middleware/request_id.py:62}}
Jun 18 18:04:27.434252 np0000003170 devstack@c-api.service[99318]: INFO cinder.api.openstack.wsgi [None req-bbc70212-0785-4849-a5e7-0f91ba4991c3 tempest-VolumesBackupsAdminTest-183388782 tempest-VolumesBackupsAdminTest-183388782-project-member] GET https://10.4.3.13/volume/v3/volumes
Jun 18 18:04:27.434369 np0000003170 devstack@c-api.service[99320]: DEBUG cinder.coordination [req-2127cc50-dfe6-42ad-ae84-decbc45c371f req-5a27eaca-90fc-4f54-93f4-f95ebbc759c9 tempest-AttachVolumeMultiAttachTest-967267757 tempest-AttachVolumeMultiAttachTest-967267757-project-member] Lock "cinder-attachment_update-55c7a57d-4536-4ade-a3b7-869289fcce95-np0000003170" released by "attachment_update" :: held 0.536s {{(pid=99320) __release /opt/stack/cinder/cinder/coordination.py:152}}
Jun 18 18:04:27.434411 np0000003170 devstack@c-api.service[99318]: DEBUG cinder.api.openstack.wsgi [None req-bbc70212-0785-4849-a5e7-0f91ba4991c3 tempest-VolumesBackupsAdminTest-183388782 tempest-VolumesBackupsAdminTest-183388782-project-member] Empty body provided in request {{(pid=99318) get_body /opt/stack/cinder/cinder/api/openstack/wsgi.py:725}}
Jun 18 18:04:27.434448 np0000003170 devstack@c-api.service[99320]: INFO cinder.api.openstack.wsgi [req-2127cc50-dfe6-42ad-ae84-decbc45c371f req-5a27eaca-90fc-4f54-93f4-f95ebbc759c9 tempest-AttachVolumeMultiAttachTest-967267757 tempest-AttachVolumeMultiAttachTest-967267757-project-member] https://10.4.3.13/volume/v3/attachments/c9d5cd05-4a57-47e1-b18d-16feddee6df6 returned with HTTP 200
Jun 18 18:04:27.434487 np0000003170 devstack@c-api.service[99318]: DEBUG cinder.api.openstack.wsgi [None req-bbc70212-0785-4849-a5e7-0f91ba4991c3 tempest-VolumesBackupsAdminTest-183388782 tempest-VolumesBackupsAdminTest-183388782-project-member] Calling method 'index' {{(pid=99318) _process_stack /opt/stack/cinder/cinder/api/openstack/wsgi.py:878}}
Jun 18 18:04:27.434524 np0000003170 devstack@c-api.service[99320]: [pid: 99320|app: 0|req: 132/385] 10.4.3.13 () {74 vars in 1697 bytes} [Thu Jun 18 18:04:26 2026] PUT /volume/v3/attachments/c9d5cd05-4a57-47e1-b18d-16feddee6df6 => generated 969 bytes in 558 msecs (HTTP/1.1 200) 7 headers in 286 bytes (1 switches on core 0)
Jun 18 18:04:27.434569 np0000003170 devstack@c-api.service[99318]: DEBUG cinder.api.api_utils [None req-bbc70212-0785-4849-a5e7-0f91ba4991c3 tempest-VolumesBackupsAdminTest-183388782 tempest-VolumesBackupsAdminTest-183388782-project-member] Removing options '' from query. {{(pid=99318) remove_invalid_filter_options /opt/stack/cinder/cinder/api/api_utils.py:82}}
Jun 18 18:04:27.435754 np0000003170 devstack@c-api.service[99318]: DEBUG cinder.volume.api [None req-bbc70212-0785-4849-a5e7-0f91ba4991c3 tempest-VolumesBackupsAdminTest-183388782 tempest-VolumesBackupsAdminTest-183388782-project-member] Searching by: MultiDict([('no_migration_targets', True)]). {{(pid=99318) get_all /opt/stack/cinder/cinder/volume/api.py:664}}
Jun 18 18:04:27.485985 np0000003170 devstack@c-api.service[99318]: INFO cinder.volume.api [None req-bbc70212-0785-4849-a5e7-0f91ba4991c3 tempest-VolumesBackupsAdminTest-183388782 tempest-VolumesBackupsAdminTest-183388782-project-member] Get all volumes completed successfully.
Jun 18 18:04:27.485985 np0000003170 devstack@c-api.service[99318]: INFO cinder.api.openstack.wsgi [None req-bbc70212-0785-4849-a5e7-0f91ba4991c3 tempest-VolumesBackupsAdminTest-183388782 tempest-VolumesBackupsAdminTest-183388782-project-member] https://10.4.3.13/volume/v3/volumes returned with HTTP 200
Jun 18 18:04:27.485985 np0000003170 devstack@c-api.service[99318]: [pid: 99318|app: 0|req: 124/386] 10.4.3.13 () {66 vars in 1230 bytes} [Thu Jun 18 18:04:27 2026] GET /volume/v3/volumes => generated 659 bytes in 52 msecs (HTTP/1.1 200) 7 headers in 285 bytes (1 switches on core 0)
Jun 18 18:04:27.499060 np0000003170 devstack@c-api.service[99317]: DEBUG cinder.api.middleware.request_id [None req-89633471-751b-43d7-bc23-667d81690ac3 None None] RequestId filter calling following filter/app {{(pid=99317) _context_setter /opt/stack/cinder/cinder/api/middleware/request_id.py:62}}
Jun 18 18:04:27.501629 np0000003170 devstack@c-api.service[99317]: INFO cinder.api.openstack.wsgi [None req-89633471-751b-43d7-bc23-667d81690ac3 tempest-VolumesBackupsAdminTest-183388782 tempest-VolumesBackupsAdminTest-183388782-project-member] DELETE https://10.4.3.13/volume/v3/volumes/c68a268c-c27c-4009-9b76-849ef1df7aa5
Jun 18 18:04:27.501837 np0000003170 devstack@c-api.service[99317]: DEBUG cinder.api.openstack.wsgi [None req-89633471-751b-43d7-bc23-667d81690ac3 tempest-VolumesBackupsAdminTest-183388782 tempest-VolumesBackupsAdminTest-183388782-project-member] Empty body provided in request {{(pid=99317) get_body /opt/stack/cinder/cinder/api/openstack/wsgi.py:725}}
Jun 18 18:04:27.502543 np0000003170 devstack@c-api.service[99317]: DEBUG cinder.api.openstack.wsgi [None req-89633471-751b-43d7-bc23-667d81690ac3 tempest-VolumesBackupsAdminTest-183388782 tempest-VolumesBackupsAdminTest-183388782-project-member] Calling method 'delete' {{(pid=99317) _process_stack /opt/stack/cinder/cinder/api/openstack/wsgi.py:878}}
Jun 18 18:04:27.502719 np0000003170 devstack@c-api.service[99317]: INFO cinder.api.v3.volumes [None req-89633471-751b-43d7-bc23-667d81690ac3 tempest-VolumesBackupsAdminTest-183388782 tempest-VolumesBackupsAdminTest-183388782-project-member] Delete volume with id: c68a268c-c27c-4009-9b76-849ef1df7aa5
Jun 18 18:04:27.512876 np0000003170 devstack@c-api.service[99317]: /opt/stack/data/venv/lib/python3.12/site-packages/oslo_context/context.py:102: DeprecationWarning: Policy enforcement is depending on the value of is_admin. This key is deprecated. Please update your policy file to use the standard policy values.
Jun 18 18:04:27.512876 np0000003170 devstack@c-api.service[99317]: warnings.warn(
Jun 18 18:04:27.512876 np0000003170 devstack@c-api.service[99317]: INFO cinder.volume.api [None req-89633471-751b-43d7-bc23-667d81690ac3 tempest-VolumesBackupsAdminTest-183388782 tempest-VolumesBackupsAdminTest-183388782-project-member] Volume info retrieved successfully.
Jun 18 18:04:27.541263 np0000003170 devstack@c-api.service[99317]: INFO cinder.volume.api [None req-89633471-751b-43d7-bc23-667d81690ac3 tempest-VolumesBackupsAdminTest-183388782 tempest-VolumesBackupsAdminTest-183388782-project-member] Delete volume request issued successfully.
Jun 18 18:04:27.546902 np0000003170 devstack@c-api.service[99317]: INFO cinder.api.openstack.wsgi [None req-89633471-751b-43d7-bc23-667d81690ac3 tempest-VolumesBackupsAdminTest-183388782 tempest-VolumesBackupsAdminTest-183388782-project-member] https://10.4.3.13/volume/v3/volumes/c68a268c-c27c-4009-9b76-849ef1df7aa5 returned with HTTP 202
Jun 18 18:04:27.546902 np0000003170 devstack@c-api.service[99317]: [pid: 99317|app: 0|req: 131/387] 10.4.3.13 () {66 vars in 1344 bytes} [Thu Jun 18 18:04:27 2026] DELETE /volume/v3/volumes/c68a268c-c27c-4009-9b76-849ef1df7aa5 => generated 0 bytes in 43 msecs (HTTP/1.1 202) 6 headers in 233 bytes (1 switches on core 0)
Jun 18 18:04:27.554510 np0000003170 devstack@c-api.service[99320]: DEBUG cinder.api.middleware.request_id [None req-9fd2210d-22f5-420a-969b-184720683ca9 None None] RequestId filter calling following filter/app {{(pid=99320) _context_setter /opt/stack/cinder/cinder/api/middleware/request_id.py:62}}
Jun 18 18:04:27.557504 np0000003170 devstack@c-api.service[99320]: INFO cinder.api.openstack.wsgi [None req-9fd2210d-22f5-420a-969b-184720683ca9 tempest-VolumesBackupsAdminTest-46771302 tempest-VolumesBackupsAdminTest-46771302-project-admin] DELETE https://10.4.3.13/volume/v3/backups/46242a71-a3cd-4c2c-8565-ffd6b9c977ee
Jun 18 18:04:27.558703 np0000003170 devstack@c-api.service[99320]: DEBUG cinder.api.openstack.wsgi [None req-9fd2210d-22f5-420a-969b-184720683ca9 tempest-VolumesBackupsAdminTest-46771302 tempest-VolumesBackupsAdminTest-46771302-project-admin] Empty body provided in request {{(pid=99320) get_body /opt/stack/cinder/cinder/api/openstack/wsgi.py:725}}
Jun 18 18:04:27.558703 np0000003170 devstack@c-api.service[99320]: DEBUG cinder.api.openstack.wsgi [None req-9fd2210d-22f5-420a-969b-184720683ca9 tempest-VolumesBackupsAdminTest-46771302 tempest-VolumesBackupsAdminTest-46771302-project-admin] Calling method 'delete' {{(pid=99320) _process_stack /opt/stack/cinder/cinder/api/openstack/wsgi.py:878}}
Jun 18 18:04:27.558703 np0000003170 devstack@c-api.service[99320]: INFO cinder.api.contrib.backups [None req-9fd2210d-22f5-420a-969b-184720683ca9 tempest-VolumesBackupsAdminTest-46771302 tempest-VolumesBackupsAdminTest-46771302-project-admin] Delete backup with id: 46242a71-a3cd-4c2c-8565-ffd6b9c977ee.
Jun 18 18:04:27.579266 np0000003170 devstack@c-api.service[99320]: /opt/stack/data/venv/lib/python3.12/site-packages/oslo_context/context.py:102: DeprecationWarning: Policy enforcement is depending on the value of is_admin. This key is deprecated. Please update your policy file to use the standard policy values.
Jun 18 18:04:27.579266 np0000003170 devstack@c-api.service[99320]: warnings.warn(
Jun 18 18:04:27.603282 np0000003170 devstack@c-api.service[99320]: DEBUG cinder.backup.rpcapi [None req-9fd2210d-22f5-420a-969b-184720683ca9 tempest-VolumesBackupsAdminTest-46771302 tempest-VolumesBackupsAdminTest-46771302-project-admin] delete_backup rpcapi backup_id 46242a71-a3cd-4c2c-8565-ffd6b9c977ee {{(pid=99320) delete_backup /opt/stack/cinder/cinder/backup/rpcapi.py:82}}
Jun 18 18:04:27.605506 np0000003170 devstack@c-api.service[99320]: INFO cinder.api.openstack.wsgi [None req-9fd2210d-22f5-420a-969b-184720683ca9 tempest-VolumesBackupsAdminTest-46771302 tempest-VolumesBackupsAdminTest-46771302-project-admin] https://10.4.3.13/volume/v3/backups/46242a71-a3cd-4c2c-8565-ffd6b9c977ee returned with HTTP 202
Jun 18 18:04:27.609092 np0000003170 devstack@c-api.service[99320]: [pid: 99320|app: 0|req: 133/388] 10.4.3.13 () {66 vars in 1344 bytes} [Thu Jun 18 18:04:27 2026] DELETE /volume/v3/backups/46242a71-a3cd-4c2c-8565-ffd6b9c977ee => generated 0 bytes in 52 msecs (HTTP/1.1 202) 7 headers in 289 bytes (1 switches on core 0)
Jun 18 18:04:27.621319 np0000003170 devstack@c-api.service[99318]: DEBUG cinder.api.middleware.request_id [None req-13e6969c-2b8f-4f3b-b7a4-be93b4e19a33 None None] RequestId filter calling following filter/app {{(pid=99318) _context_setter /opt/stack/cinder/cinder/api/middleware/request_id.py:62}}
Jun 18 18:04:27.623953 np0000003170 devstack@c-api.service[99318]: INFO cinder.api.openstack.wsgi [None req-13e6969c-2b8f-4f3b-b7a4-be93b4e19a33 tempest-VolumesBackupsAdminTest-46771302 tempest-VolumesBackupsAdminTest-46771302-project-admin] GET https://10.4.3.13/volume/v3/backups/46242a71-a3cd-4c2c-8565-ffd6b9c977ee
Jun 18 18:04:27.624306 np0000003170 devstack@c-api.service[99318]: DEBUG cinder.api.openstack.wsgi [None req-13e6969c-2b8f-4f3b-b7a4-be93b4e19a33 tempest-VolumesBackupsAdminTest-46771302 tempest-VolumesBackupsAdminTest-46771302-project-admin] Empty body provided in request {{(pid=99318) get_body /opt/stack/cinder/cinder/api/openstack/wsgi.py:725}}
Jun 18 18:04:27.624596 np0000003170 devstack@c-api.service[99318]: DEBUG cinder.api.openstack.wsgi [None req-13e6969c-2b8f-4f3b-b7a4-be93b4e19a33 tempest-VolumesBackupsAdminTest-46771302 tempest-VolumesBackupsAdminTest-46771302-project-admin] Calling method 'show' {{(pid=99318) _process_stack /opt/stack/cinder/cinder/api/openstack/wsgi.py:878}}
Jun 18 18:04:27.624772 np0000003170 devstack@c-api.service[99318]: DEBUG cinder.api.v3.backups [None req-13e6969c-2b8f-4f3b-b7a4-be93b4e19a33 tempest-VolumesBackupsAdminTest-46771302 tempest-VolumesBackupsAdminTest-46771302-project-admin] Show backup with id 46242a71-a3cd-4c2c-8565-ffd6b9c977ee. {{(pid=99318) show /opt/stack/cinder/cinder/api/v3/backups.py:75}}
Jun 18 18:04:27.647077 np0000003170 devstack@c-api.service[99318]: /opt/stack/data/venv/lib/python3.12/site-packages/oslo_context/context.py:102: DeprecationWarning: Policy enforcement is depending on the value of is_admin. This key is deprecated. Please update your policy file to use the standard policy values.
Jun 18 18:04:27.647077 np0000003170 devstack@c-api.service[99318]: warnings.warn(
Jun 18 18:04:27.647077 np0000003170 devstack@c-api.service[99318]: INFO cinder.api.openstack.wsgi [None req-13e6969c-2b8f-4f3b-b7a4-be93b4e19a33 tempest-VolumesBackupsAdminTest-46771302 tempest-VolumesBackupsAdminTest-46771302-project-admin] https://10.4.3.13/volume/v3/backups/46242a71-a3cd-4c2c-8565-ffd6b9c977ee returned with HTTP 200
Jun 18 18:04:27.647077 np0000003170 devstack@c-api.service[99318]: [pid: 99318|app: 0|req: 125/389] 10.4.3.13 () {66 vars in 1341 bytes} [Thu Jun 18 18:04:27 2026] GET /volume/v3/backups/46242a71-a3cd-4c2c-8565-ffd6b9c977ee => generated 799 bytes in 26 msecs (HTTP/1.1 200) 7 headers in 285 bytes (1 switches on core 0)
Jun 18 18:04:27.665073 np0000003170 devstack@c-api.service[99317]: DEBUG cinder.api.middleware.request_id [None req-e1f23727-3f4b-4827-b033-d8aeb8d84854 None None] RequestId filter calling following filter/app {{(pid=99317) _context_setter /opt/stack/cinder/cinder/api/middleware/request_id.py:62}}
Jun 18 18:04:27.667147 np0000003170 devstack@c-api.service[99317]: INFO cinder.api.openstack.wsgi [None req-e1f23727-3f4b-4827-b033-d8aeb8d84854 tempest-AttachVolumeMultiAttachTest-967267757 tempest-AttachVolumeMultiAttachTest-967267757-project-member] GET https://10.4.3.13/volume/v3/volumes/55c7a57d-4536-4ade-a3b7-869289fcce95
Jun 18 18:04:27.668272 np0000003170 devstack@c-api.service[99317]: DEBUG cinder.api.openstack.wsgi [None req-e1f23727-3f4b-4827-b033-d8aeb8d84854 tempest-AttachVolumeMultiAttachTest-967267757 tempest-AttachVolumeMultiAttachTest-967267757-project-member] Empty body provided in request {{(pid=99317) get_body /opt/stack/cinder/cinder/api/openstack/wsgi.py:725}}
Jun 18 18:04:27.669177 np0000003170 devstack@c-api.service[99320]: DEBUG cinder.api.middleware.request_id [req-c5a39a1a-6289-4e6c-a24f-98e069cd22b2 req-eb0dd24a-5dc0-44ca-8a69-d98538963d04 None None] RequestId filter calling following filter/app {{(pid=99320) _context_setter /opt/stack/cinder/cinder/api/middleware/request_id.py:62}}
Jun 18 18:04:27.669831 np0000003170 devstack@c-api.service[99317]: DEBUG cinder.api.openstack.wsgi [None req-e1f23727-3f4b-4827-b033-d8aeb8d84854 tempest-AttachVolumeMultiAttachTest-967267757 tempest-AttachVolumeMultiAttachTest-967267757-project-member] Calling method 'show' {{(pid=99317) _process_stack /opt/stack/cinder/cinder/api/openstack/wsgi.py:878}}
Jun 18 18:04:27.677353 np0000003170 devstack@c-api.service[99320]: INFO cinder.api.openstack.wsgi [req-c5a39a1a-6289-4e6c-a24f-98e069cd22b2 req-eb0dd24a-5dc0-44ca-8a69-d98538963d04 tempest-VolumesAssistedSnapshotsTest-1373395171 tempest-VolumesAssistedSnapshotsTest-1373395171-project-admin] GET https://10.4.3.13/volume/v3/volumes/1dd685b0-9c46-47a8-bad8-8fb2c84372c8
Jun 18 18:04:27.677646 np0000003170 devstack@c-api.service[99320]: DEBUG cinder.api.openstack.wsgi [req-c5a39a1a-6289-4e6c-a24f-98e069cd22b2 req-eb0dd24a-5dc0-44ca-8a69-d98538963d04 tempest-VolumesAssistedSnapshotsTest-1373395171 tempest-VolumesAssistedSnapshotsTest-1373395171-project-admin] Empty body provided in request {{(pid=99320) get_body /opt/stack/cinder/cinder/api/openstack/wsgi.py:725}}
Jun 18 18:04:27.677872 np0000003170 devstack@c-api.service[99320]: DEBUG cinder.api.openstack.wsgi [req-c5a39a1a-6289-4e6c-a24f-98e069cd22b2 req-eb0dd24a-5dc0-44ca-8a69-d98538963d04 tempest-VolumesAssistedSnapshotsTest-1373395171 tempest-VolumesAssistedSnapshotsTest-1373395171-project-admin] Calling method 'show' {{(pid=99320) _process_stack /opt/stack/cinder/cinder/api/openstack/wsgi.py:878}}
Jun 18 18:04:27.692203 np0000003170 devstack@c-api.service[99317]: /opt/stack/data/venv/lib/python3.12/site-packages/oslo_context/context.py:102: DeprecationWarning: Policy enforcement is depending on the value of is_admin. This key is deprecated. Please update your policy file to use the standard policy values.
Jun 18 18:04:27.692203 np0000003170 devstack@c-api.service[99317]: warnings.warn(
Jun 18 18:04:27.694470 np0000003170 devstack@c-api.service[99320]: /opt/stack/data/venv/lib/python3.12/site-packages/oslo_context/context.py:102: DeprecationWarning: Policy enforcement is depending on the value of is_admin. This key is deprecated. Please update your policy file to use the standard policy values.
Jun 18 18:04:27.694470 np0000003170 devstack@c-api.service[99320]: warnings.warn(
Jun 18 18:04:27.697910 np0000003170 devstack@c-api.service[99317]: INFO cinder.volume.api [None req-e1f23727-3f4b-4827-b033-d8aeb8d84854 tempest-AttachVolumeMultiAttachTest-967267757 tempest-AttachVolumeMultiAttachTest-967267757-project-member] Volume info retrieved successfully.
Jun 18 18:04:27.698839 np0000003170 devstack@c-api.service[99320]: INFO cinder.volume.api [req-c5a39a1a-6289-4e6c-a24f-98e069cd22b2 req-eb0dd24a-5dc0-44ca-8a69-d98538963d04 tempest-VolumesAssistedSnapshotsTest-1373395171 tempest-VolumesAssistedSnapshotsTest-1373395171-project-admin] Volume info retrieved successfully.
Jun 18 18:04:27.702985 np0000003170 devstack@c-api.service[99317]: INFO cinder.api.openstack.wsgi [None req-e1f23727-3f4b-4827-b033-d8aeb8d84854 tempest-AttachVolumeMultiAttachTest-967267757 tempest-AttachVolumeMultiAttachTest-967267757-project-member] https://10.4.3.13/volume/v3/volumes/55c7a57d-4536-4ade-a3b7-869289fcce95 returned with HTTP 200
Jun 18 18:04:27.703288 np0000003170 devstack@c-api.service[99317]: [pid: 99317|app: 0|req: 132/390] 10.4.3.13 () {66 vars in 1341 bytes} [Thu Jun 18 18:04:27 2026] GET /volume/v3/volumes/55c7a57d-4536-4ade-a3b7-869289fcce95 => generated 1145 bytes in 39 msecs (HTTP/1.1 200) 7 headers in 286 bytes (1 switches on core 0)
Jun 18 18:04:27.705091 np0000003170 devstack@c-api.service[99320]: INFO cinder.api.openstack.wsgi [req-c5a39a1a-6289-4e6c-a24f-98e069cd22b2 req-eb0dd24a-5dc0-44ca-8a69-d98538963d04 tempest-VolumesAssistedSnapshotsTest-1373395171 tempest-VolumesAssistedSnapshotsTest-1373395171-project-admin] https://10.4.3.13/volume/v3/volumes/1dd685b0-9c46-47a8-bad8-8fb2c84372c8 returned with HTTP 200
Jun 18 18:04:27.705615 np0000003170 devstack@c-api.service[99320]: [pid: 99320|app: 0|req: 134/391] 10.4.3.13 () {68 vars in 1591 bytes} [Thu Jun 18 18:04:27 2026] GET /volume/v3/volumes/1dd685b0-9c46-47a8-bad8-8fb2c84372c8 => generated 1315 bytes in 37 msecs (HTTP/1.1 200) 7 headers in 286 bytes (1 switches on core 0)
Jun 18 18:04:27.780488 np0000003170 devstack@c-api.service[99318]: DEBUG cinder.api.middleware.request_id [req-c5a39a1a-6289-4e6c-a24f-98e069cd22b2 req-959d8b48-3b8a-4b1b-b037-71e4bd60c300 None None] RequestId filter calling following filter/app {{(pid=99318) _context_setter /opt/stack/cinder/cinder/api/middleware/request_id.py:62}}
Jun 18 18:04:27.783382 np0000003170 devstack@c-api.service[99318]: INFO cinder.api.openstack.wsgi [req-c5a39a1a-6289-4e6c-a24f-98e069cd22b2 req-959d8b48-3b8a-4b1b-b037-71e4bd60c300 tempest-VolumesAssistedSnapshotsTest-1373395171 tempest-VolumesAssistedSnapshotsTest-1373395171-project-admin] POST https://10.4.3.13/volume/v3/volumes/1dd685b0-9c46-47a8-bad8-8fb2c84372c8/action
Jun 18 18:04:27.788927 np0000003170 devstack@c-api.service[99318]: DEBUG cinder.api.openstack.wsgi [req-c5a39a1a-6289-4e6c-a24f-98e069cd22b2 req-959d8b48-3b8a-4b1b-b037-71e4bd60c300 tempest-VolumesAssistedSnapshotsTest-1373395171 tempest-VolumesAssistedSnapshotsTest-1373395171-project-admin] Action body: b'{"os-begin_detaching": null}' {{(pid=99318) get_method /opt/stack/cinder/cinder/api/openstack/wsgi.py:993}}
Jun 18 18:04:27.788927 np0000003170 devstack@c-api.service[99318]: DEBUG cinder.api.openstack.wsgi [req-c5a39a1a-6289-4e6c-a24f-98e069cd22b2 req-959d8b48-3b8a-4b1b-b037-71e4bd60c300 tempest-VolumesAssistedSnapshotsTest-1373395171 tempest-VolumesAssistedSnapshotsTest-1373395171-project-admin] Action: 'action', calling method: _begin_detaching, body: {"os-begin_detaching": null} {{(pid=99318) _process_stack /opt/stack/cinder/cinder/api/openstack/wsgi.py:876}}
Jun 18 18:04:27.821770 np0000003170 devstack@c-api.service[99318]: /opt/stack/data/venv/lib/python3.12/site-packages/oslo_context/context.py:102: DeprecationWarning: Policy enforcement is depending on the value of is_admin. This key is deprecated. Please update your policy file to use the standard policy values.
Jun 18 18:04:27.821770 np0000003170 devstack@c-api.service[99318]: warnings.warn(
Jun 18 18:04:27.821770 np0000003170 devstack@c-api.service[99318]: INFO cinder.volume.api [req-c5a39a1a-6289-4e6c-a24f-98e069cd22b2 req-959d8b48-3b8a-4b1b-b037-71e4bd60c300 tempest-VolumesAssistedSnapshotsTest-1373395171 tempest-VolumesAssistedSnapshotsTest-1373395171-project-admin] Volume info retrieved successfully.
Jun 18 18:04:27.838118 np0000003170 devstack@c-api.service[99317]: DEBUG cinder.api.middleware.request_id [req-ee60b8fc-9be0-4f3f-9813-9190651d0cbf req-e5d61b8c-a50e-4528-b2f4-88d1895bbd64 None None] RequestId filter calling following filter/app {{(pid=99317) _context_setter /opt/stack/cinder/cinder/api/middleware/request_id.py:62}}
Jun 18 18:04:27.841694 np0000003170 devstack@c-api.service[99318]: INFO cinder.volume.api [req-c5a39a1a-6289-4e6c-a24f-98e069cd22b2 req-959d8b48-3b8a-4b1b-b037-71e4bd60c300 tempest-VolumesAssistedSnapshotsTest-1373395171 tempest-VolumesAssistedSnapshotsTest-1373395171-project-admin] Begin detaching volume completed successfully.
Jun 18 18:04:27.841694 np0000003170 devstack@c-api.service[99318]: INFO cinder.api.openstack.wsgi [req-c5a39a1a-6289-4e6c-a24f-98e069cd22b2 req-959d8b48-3b8a-4b1b-b037-71e4bd60c300 tempest-VolumesAssistedSnapshotsTest-1373395171 tempest-VolumesAssistedSnapshotsTest-1373395171-project-admin] https://10.4.3.13/volume/v3/volumes/1dd685b0-9c46-47a8-bad8-8fb2c84372c8/action returned with HTTP 202
Jun 18 18:04:27.841694 np0000003170 devstack@c-api.service[99318]: [pid: 99318|app: 0|req: 126/392] 10.4.3.13 () {72 vars in 1665 bytes} [Thu Jun 18 18:04:27 2026] POST /volume/v3/volumes/1dd685b0-9c46-47a8-bad8-8fb2c84372c8/action => generated 0 bytes in 59 msecs (HTTP/1.1 202) 7 headers in 289 bytes (2 switches on core 0)
Jun 18 18:04:27.846067 np0000003170 devstack@c-api.service[99317]: INFO cinder.api.openstack.wsgi [req-ee60b8fc-9be0-4f3f-9813-9190651d0cbf req-e5d61b8c-a50e-4528-b2f4-88d1895bbd64 tempest-VolumesAssistedSnapshotsTest-1074870161 tempest-VolumesAssistedSnapshotsTest-1074870161-project] POST https://10.4.3.13/volume/v3/snapshots/6f45ccd2-cd38-4c01-917b-f5fdbd023701/action
Jun 18 18:04:27.846067 np0000003170 devstack@c-api.service[99317]: DEBUG cinder.api.openstack.wsgi [req-ee60b8fc-9be0-4f3f-9813-9190651d0cbf req-e5d61b8c-a50e-4528-b2f4-88d1895bbd64 tempest-VolumesAssistedSnapshotsTest-1074870161 tempest-VolumesAssistedSnapshotsTest-1074870161-project] Action body: b'{"os-update_snapshot_status": {"status": "error", "progress": "90%"}}' {{(pid=99317) get_method /opt/stack/cinder/cinder/api/openstack/wsgi.py:993}}
Jun 18 18:04:27.846067 np0000003170 devstack@c-api.service[99317]: DEBUG cinder.api.openstack.wsgi [req-ee60b8fc-9be0-4f3f-9813-9190651d0cbf req-e5d61b8c-a50e-4528-b2f4-88d1895bbd64 tempest-VolumesAssistedSnapshotsTest-1074870161 tempest-VolumesAssistedSnapshotsTest-1074870161-project] Action: 'action', calling method: _update_snapshot_status, body: {"os-update_snapshot_status": {"status": "error", "progress": "90%"}} {{(pid=99317) _process_stack /opt/stack/cinder/cinder/api/openstack/wsgi.py:876}}
Jun 18 18:04:27.852455 np0000003170 devstack@c-api.service[99317]: DEBUG cinder.api.contrib.snapshot_actions [req-ee60b8fc-9be0-4f3f-9813-9190651d0cbf req-e5d61b8c-a50e-4528-b2f4-88d1895bbd64 tempest-VolumesAssistedSnapshotsTest-1074870161 tempest-VolumesAssistedSnapshotsTest-1074870161-project] body: {'os-update_snapshot_status': {'status': 'error', 'progress': '90%'}} {{(pid=99317) _update_snapshot_status /opt/stack/cinder/cinder/api/contrib/snapshot_actions.py:46}}
Jun 18 18:04:27.860570 np0000003170 devstack@c-api.service[99317]: INFO cinder.api.openstack.wsgi [req-ee60b8fc-9be0-4f3f-9813-9190651d0cbf req-e5d61b8c-a50e-4528-b2f4-88d1895bbd64 tempest-VolumesAssistedSnapshotsTest-1074870161 tempest-VolumesAssistedSnapshotsTest-1074870161-project] https://10.4.3.13/volume/v3/snapshots/6f45ccd2-cd38-4c01-917b-f5fdbd023701/action returned with HTTP 404
Jun 18 18:04:27.861242 np0000003170 devstack@c-api.service[99317]: [pid: 99317|app: 0|req: 133/393] 10.4.3.13 () {72 vars in 1671 bytes} [Thu Jun 18 18:04:27 2026] POST /volume/v3/snapshots/6f45ccd2-cd38-4c01-917b-f5fdbd023701/action => generated 111 bytes in 25 msecs (HTTP/1.1 404) 7 headers in 292 bytes (1 switches on core 0)
Jun 18 18:04:28.657569 np0000003170 devstack@c-api.service[99320]: DEBUG cinder.api.middleware.request_id [None req-7a0c4461-2964-4714-84c0-24149b9f9e65 None None] RequestId filter calling following filter/app {{(pid=99320) _context_setter /opt/stack/cinder/cinder/api/middleware/request_id.py:62}}
Jun 18 18:04:28.659466 np0000003170 devstack@c-api.service[99320]: INFO cinder.api.openstack.wsgi [None req-7a0c4461-2964-4714-84c0-24149b9f9e65 tempest-VolumesBackupsAdminTest-46771302 tempest-VolumesBackupsAdminTest-46771302-project-admin] GET https://10.4.3.13/volume/v3/backups/46242a71-a3cd-4c2c-8565-ffd6b9c977ee
Jun 18 18:04:28.659661 np0000003170 devstack@c-api.service[99320]: DEBUG cinder.api.openstack.wsgi [None req-7a0c4461-2964-4714-84c0-24149b9f9e65 tempest-VolumesBackupsAdminTest-46771302 tempest-VolumesBackupsAdminTest-46771302-project-admin] Empty body provided in request {{(pid=99320) get_body /opt/stack/cinder/cinder/api/openstack/wsgi.py:725}}
Jun 18 18:04:28.659832 np0000003170 devstack@c-api.service[99320]: DEBUG cinder.api.openstack.wsgi [None req-7a0c4461-2964-4714-84c0-24149b9f9e65 tempest-VolumesBackupsAdminTest-46771302 tempest-VolumesBackupsAdminTest-46771302-project-admin] Calling method 'show' {{(pid=99320) _process_stack /opt/stack/cinder/cinder/api/openstack/wsgi.py:878}}
Jun 18 18:04:28.659953 np0000003170 devstack@c-api.service[99320]: DEBUG cinder.api.v3.backups [None req-7a0c4461-2964-4714-84c0-24149b9f9e65 tempest-VolumesBackupsAdminTest-46771302 tempest-VolumesBackupsAdminTest-46771302-project-admin] Show backup with id 46242a71-a3cd-4c2c-8565-ffd6b9c977ee. {{(pid=99320) show /opt/stack/cinder/cinder/api/v3/backups.py:75}}
Jun 18 18:04:28.663601 np0000003170 devstack@c-api.service[99320]: INFO cinder.api.openstack.wsgi [None req-7a0c4461-2964-4714-84c0-24149b9f9e65 tempest-VolumesBackupsAdminTest-46771302 tempest-VolumesBackupsAdminTest-46771302-project-admin] https://10.4.3.13/volume/v3/backups/46242a71-a3cd-4c2c-8565-ffd6b9c977ee returned with HTTP 404
Jun 18 18:04:28.664139 np0000003170 devstack@c-api.service[99320]: [pid: 99320|app: 0|req: 135/394] 10.4.3.13 () {66 vars in 1341 bytes} [Thu Jun 18 18:04:28 2026] GET /volume/v3/backups/46242a71-a3cd-4c2c-8565-ffd6b9c977ee => generated 109 bytes in 7 msecs (HTTP/1.1 404) 7 headers in 292 bytes (1 switches on core 0)
Jun 18 18:04:28.672538 np0000003170 devstack@c-api.service[99318]: DEBUG cinder.api.middleware.request_id [None req-5da34751-a72e-4dc4-98bf-597423dc3f1a None None] RequestId filter calling following filter/app {{(pid=99318) _context_setter /opt/stack/cinder/cinder/api/middleware/request_id.py:62}}
Jun 18 18:04:28.673949 np0000003170 devstack@c-api.service[99318]: INFO cinder.api.openstack.wsgi [None req-5da34751-a72e-4dc4-98bf-597423dc3f1a tempest-VolumesBackupsAdminTest-183388782 tempest-VolumesBackupsAdminTest-183388782-project-member] DELETE https://10.4.3.13/volume/v3/backups/33355877-96b6-4637-b7cf-8247376f52ff
Jun 18 18:04:28.674307 np0000003170 devstack@c-api.service[99318]: DEBUG cinder.api.openstack.wsgi [None req-5da34751-a72e-4dc4-98bf-597423dc3f1a tempest-VolumesBackupsAdminTest-183388782 tempest-VolumesBackupsAdminTest-183388782-project-member] Empty body provided in request {{(pid=99318) get_body /opt/stack/cinder/cinder/api/openstack/wsgi.py:725}}
Jun 18 18:04:28.674590 np0000003170 devstack@c-api.service[99318]: DEBUG cinder.api.openstack.wsgi [None req-5da34751-a72e-4dc4-98bf-597423dc3f1a tempest-VolumesBackupsAdminTest-183388782 tempest-VolumesBackupsAdminTest-183388782-project-member] Calling method 'delete' {{(pid=99318) _process_stack /opt/stack/cinder/cinder/api/openstack/wsgi.py:878}}
Jun 18 18:04:28.674812 np0000003170 devstack@c-api.service[99318]: INFO cinder.api.contrib.backups [None req-5da34751-a72e-4dc4-98bf-597423dc3f1a tempest-VolumesBackupsAdminTest-183388782 tempest-VolumesBackupsAdminTest-183388782-project-member] Delete backup with id: 33355877-96b6-4637-b7cf-8247376f52ff.
Jun 18 18:04:28.679214 np0000003170 devstack@c-api.service[99318]: /opt/stack/data/venv/lib/python3.12/site-packages/oslo_context/context.py:102: DeprecationWarning: Policy enforcement is depending on the value of is_admin. This key is deprecated. Please update your policy file to use the standard policy values.
Jun 18 18:04:28.679214 np0000003170 devstack@c-api.service[99318]: warnings.warn(
Jun 18 18:04:28.698145 np0000003170 devstack@c-api.service[99318]: DEBUG cinder.backup.rpcapi [None req-5da34751-a72e-4dc4-98bf-597423dc3f1a tempest-VolumesBackupsAdminTest-183388782 tempest-VolumesBackupsAdminTest-183388782-project-member] delete_backup rpcapi backup_id 33355877-96b6-4637-b7cf-8247376f52ff {{(pid=99318) delete_backup /opt/stack/cinder/cinder/backup/rpcapi.py:82}}
Jun 18 18:04:28.703177 np0000003170 devstack@c-api.service[99318]: INFO cinder.api.openstack.wsgi [None req-5da34751-a72e-4dc4-98bf-597423dc3f1a tempest-VolumesBackupsAdminTest-183388782 tempest-VolumesBackupsAdminTest-183388782-project-member] https://10.4.3.13/volume/v3/backups/33355877-96b6-4637-b7cf-8247376f52ff returned with HTTP 202
Jun 18 18:04:28.703177 np0000003170 devstack@c-api.service[99318]: [pid: 99318|app: 0|req: 127/395] 10.4.3.13 () {66 vars in 1344 bytes} [Thu Jun 18 18:04:28 2026] DELETE /volume/v3/backups/33355877-96b6-4637-b7cf-8247376f52ff => generated 0 bytes in 32 msecs (HTTP/1.1 202) 7 headers in 289 bytes (1 switches on core 0)
Jun 18 18:04:28.714078 np0000003170 devstack@c-api.service[99317]: DEBUG cinder.api.middleware.request_id [None req-10b37120-4c5d-40c8-8da0-53c3c15fd989 None None] RequestId filter calling following filter/app {{(pid=99317) _context_setter /opt/stack/cinder/cinder/api/middleware/request_id.py:62}}
Jun 18 18:04:28.715767 np0000003170 devstack@c-api.service[99317]: INFO cinder.api.openstack.wsgi [None req-10b37120-4c5d-40c8-8da0-53c3c15fd989 tempest-VolumesBackupsAdminTest-183388782 tempest-VolumesBackupsAdminTest-183388782-project-member] GET https://10.4.3.13/volume/v3/backups/33355877-96b6-4637-b7cf-8247376f52ff
Jun 18 18:04:28.716093 np0000003170 devstack@c-api.service[99317]: DEBUG cinder.api.openstack.wsgi [None req-10b37120-4c5d-40c8-8da0-53c3c15fd989 tempest-VolumesBackupsAdminTest-183388782 tempest-VolumesBackupsAdminTest-183388782-project-member] Empty body provided in request {{(pid=99317) get_body /opt/stack/cinder/cinder/api/openstack/wsgi.py:725}}
Jun 18 18:04:28.716386 np0000003170 devstack@c-api.service[99317]: DEBUG cinder.api.openstack.wsgi [None req-10b37120-4c5d-40c8-8da0-53c3c15fd989 tempest-VolumesBackupsAdminTest-183388782 tempest-VolumesBackupsAdminTest-183388782-project-member] Calling method 'show' {{(pid=99317) _process_stack /opt/stack/cinder/cinder/api/openstack/wsgi.py:878}}
Jun 18 18:04:28.716544 np0000003170 devstack@c-api.service[99317]: DEBUG cinder.api.v3.backups [None req-10b37120-4c5d-40c8-8da0-53c3c15fd989 tempest-VolumesBackupsAdminTest-183388782 tempest-VolumesBackupsAdminTest-183388782-project-member] Show backup with id 33355877-96b6-4637-b7cf-8247376f52ff. {{(pid=99317) show /opt/stack/cinder/cinder/api/v3/backups.py:75}}
