Aug 06 08:16:11.759503 np0000006641 nova-conductor[99025]: DEBUG cotyledon.oslo_config_glue [-] workarounds.disable_fallback_pcpu_query = False {{(pid=99025) log_opt_values /opt/stack/data/venv/lib/python3.12/site-packages/oslo_config/cfg.py:3545}}
Aug 06 08:16:11.759503 np0000006641 nova-conductor[99025]: DEBUG cotyledon.oslo_config_glue [-] workarounds.disable_group_policy_check_upcall = False {{(pid=99025) log_opt_values /opt/stack/data/venv/lib/python3.12/site-packages/oslo_config/cfg.py:3545}}
Aug 06 08:16:11.759503 np0000006641 nova-conductor[99025]: DEBUG cotyledon.oslo_config_glue [-] workarounds.disable_libvirt_livesnapshot = False {{(pid=99025) log_opt_values /opt/stack/data/venv/lib/python3.12/site-packages/oslo_config/cfg.py:3545}}
Aug 06 08:16:11.759503 np0000006641 nova-conductor[99025]: DEBUG cotyledon.oslo_config_glue [-] workarounds.disable_rootwrap = False {{(pid=99025) log_opt_values /opt/stack/data/venv/lib/python3.12/site-packages/oslo_config/cfg.py:3545}}
Aug 06 08:16:11.759503 np0000006641 nova-conductor[99025]: DEBUG cotyledon.oslo_config_glue [-] workarounds.enable_numa_live_migration = False {{(pid=99025) log_opt_values /opt/stack/data/venv/lib/python3.12/site-packages/oslo_config/cfg.py:3545}}
Aug 06 08:16:11.759503 np0000006641 nova-conductor[99025]: DEBUG cotyledon.oslo_config_glue [-] workarounds.enable_qemu_monitor_announce_self = False {{(pid=99025) log_opt_values /opt/stack/data/venv/lib/python3.12/site-packages/oslo_config/cfg.py:3545}}
Aug 06 08:16:11.759865 np0000006641 nova-conductor[99025]: DEBUG cotyledon.oslo_config_glue [-] workarounds.ensure_libvirt_rbd_instance_dir_cleanup = False {{(pid=99025) log_opt_values /opt/stack/data/venv/lib/python3.12/site-packages/oslo_config/cfg.py:3545}}
Aug 06 08:16:11.759865 np0000006641 nova-conductor[99025]: DEBUG cotyledon.oslo_config_glue [-] workarounds.handle_virt_lifecycle_events = True {{(pid=99025) log_opt_values /opt/stack/data/venv/lib/python3.12/site-packages/oslo_config/cfg.py:3545}}
Aug 06 08:16:11.759865 np0000006641 nova-conductor[99025]: DEBUG cotyledon.oslo_config_glue [-] workarounds.libvirt_disable_apic = False {{(pid=99025) log_opt_values /opt/stack/data/venv/lib/python3.12/site-packages/oslo_config/cfg.py:3545}}
Aug 06 08:16:11.759865 np0000006641 nova-conductor[99025]: DEBUG cotyledon.oslo_config_glue [-] workarounds.never_download_image_if_on_rbd = False {{(pid=99025) log_opt_values /opt/stack/data/venv/lib/python3.12/site-packages/oslo_config/cfg.py:3545}}
Aug 06 08:16:11.759865 np0000006641 nova-conductor[99025]: DEBUG cotyledon.oslo_config_glue [-] workarounds.qemu_monitor_announce_self_count = 3 {{(pid=99025) log_opt_values /opt/stack/data/venv/lib/python3.12/site-packages/oslo_config/cfg.py:3545}}
Aug 06 08:16:11.759865 np0000006641 nova-conductor[99025]: DEBUG cotyledon.oslo_config_glue [-] workarounds.qemu_monitor_announce_self_interval = 1 {{(pid=99025) log_opt_values /opt/stack/data/venv/lib/python3.12/site-packages/oslo_config/cfg.py:3545}}
Aug 06 08:16:11.759865 np0000006641 nova-conductor[99025]: DEBUG cotyledon.oslo_config_glue [-] workarounds.reserve_disk_resource_for_image_cache = False {{(pid=99025) log_opt_values /opt/stack/data/venv/lib/python3.12/site-packages/oslo_config/cfg.py:3545}}
Aug 06 08:16:11.759865 np0000006641 nova-conductor[99025]: DEBUG cotyledon.oslo_config_glue [-] workarounds.skip_cpu_compare_at_startup = False {{(pid=99025) log_opt_values /opt/stack/data/venv/lib/python3.12/site-packages/oslo_config/cfg.py:3545}}
Aug 06 08:16:11.759865 np0000006641 nova-conductor[99025]: DEBUG cotyledon.oslo_config_glue [-] workarounds.skip_cpu_compare_on_dest = False {{(pid=99025) log_opt_values /opt/stack/data/venv/lib/python3.12/site-packages/oslo_config/cfg.py:3545}}
Aug 06 08:16:11.760087 np0000006641 nova-conductor[99025]: DEBUG cotyledon.oslo_config_glue [-] workarounds.skip_hypervisor_version_check_on_lm = False {{(pid=99025) log_opt_values /opt/stack/data/venv/lib/python3.12/site-packages/oslo_config/cfg.py:3545}}
Aug 06 08:16:11.760087 np0000006641 nova-conductor[99025]: DEBUG cotyledon.oslo_config_glue [-] workarounds.skip_reserve_in_use_ironic_nodes = False {{(pid=99025) log_opt_values /opt/stack/data/venv/lib/python3.12/site-packages/oslo_config/cfg.py:3545}}
Aug 06 08:16:11.760087 np0000006641 nova-conductor[99025]: DEBUG cotyledon.oslo_config_glue [-] workarounds.unified_limits_count_pcpu_as_vcpu = False {{(pid=99025) log_opt_values /opt/stack/data/venv/lib/python3.12/site-packages/oslo_config/cfg.py:3545}}
Aug 06 08:16:11.760087 np0000006641 nova-conductor[99025]: DEBUG cotyledon.oslo_config_glue [-] workarounds.wait_for_vif_plugged_event_during_hard_reboot = [] {{(pid=99025) log_opt_values /opt/stack/data/venv/lib/python3.12/site-packages/oslo_config/cfg.py:3545}}
Aug 06 08:16:11.760087 np0000006641 nova-conductor[99025]: DEBUG cotyledon.oslo_config_glue [-] wsgi.api_paste_config = /etc/nova/api-paste.ini {{(pid=99025) log_opt_values /opt/stack/data/venv/lib/python3.12/site-packages/oslo_config/cfg.py:3545}}
Aug 06 08:16:11.760087 np0000006641 nova-conductor[99025]: DEBUG cotyledon.oslo_config_glue [-] wsgi.secure_proxy_ssl_header = None {{(pid=99025) log_opt_values /opt/stack/data/venv/lib/python3.12/site-packages/oslo_config/cfg.py:3545}}
Aug 06 08:16:11.760087 np0000006641 nova-conductor[99025]: DEBUG cotyledon.oslo_config_glue [-] zvm.ca_file = None {{(pid=99025) log_opt_values /opt/stack/data/venv/lib/python3.12/site-packages/oslo_config/cfg.py:3545}}
Aug 06 08:16:11.760087 np0000006641 nova-conductor[99025]: DEBUG cotyledon.oslo_config_glue [-] zvm.cloud_connector_url = None {{(pid=99025) log_opt_values /opt/stack/data/venv/lib/python3.12/site-packages/oslo_config/cfg.py:3545}}
Aug 06 08:16:11.760087 np0000006641 nova-conductor[99025]: DEBUG cotyledon.oslo_config_glue [-] zvm.image_tmp_path = /opt/stack/data/nova/images {{(pid=99025) log_opt_values /opt/stack/data/venv/lib/python3.12/site-packages/oslo_config/cfg.py:3545}}
Aug 06 08:16:11.760396 np0000006641 nova-conductor[99025]: DEBUG cotyledon.oslo_config_glue [-] zvm.reachable_timeout = 300 {{(pid=99025) log_opt_values /opt/stack/data/venv/lib/python3.12/site-packages/oslo_config/cfg.py:3545}}
Aug 06 08:16:11.760396 np0000006641 nova-conductor[99025]: DEBUG cotyledon.oslo_config_glue [-] oslo_versionedobjects.fatal_exception_format_errors = False {{(pid=99025) log_opt_values /opt/stack/data/venv/lib/python3.12/site-packages/oslo_config/cfg.py:3545}}
Aug 06 08:16:11.760396 np0000006641 nova-conductor[99025]: DEBUG cotyledon.oslo_config_glue [-] oslo_middleware.http_basic_auth_user_file = /etc/htpasswd {{(pid=99025) log_opt_values /opt/stack/data/venv/lib/python3.12/site-packages/oslo_config/cfg.py:3545}}
Aug 06 08:16:11.760396 np0000006641 nova-conductor[99025]: DEBUG cotyledon.oslo_config_glue [-] profiler.connection_string = messaging:// {{(pid=99025) log_opt_values /opt/stack/data/venv/lib/python3.12/site-packages/oslo_config/cfg.py:3545}}
Aug 06 08:16:11.760396 np0000006641 nova-conductor[99025]: DEBUG cotyledon.oslo_config_glue [-] profiler.enabled = False {{(pid=99025) log_opt_values /opt/stack/data/venv/lib/python3.12/site-packages/oslo_config/cfg.py:3545}}
Aug 06 08:16:11.760396 np0000006641 nova-conductor[99025]: DEBUG cotyledon.oslo_config_glue [-] profiler.es_doc_type = notification {{(pid=99025) log_opt_values /opt/stack/data/venv/lib/python3.12/site-packages/oslo_config/cfg.py:3545}}
Aug 06 08:16:11.760396 np0000006641 nova-conductor[99025]: DEBUG cotyledon.oslo_config_glue [-] profiler.es_scroll_size = 10000 {{(pid=99025) log_opt_values /opt/stack/data/venv/lib/python3.12/site-packages/oslo_config/cfg.py:3545}}
Aug 06 08:16:11.760396 np0000006641 nova-conductor[99025]: DEBUG cotyledon.oslo_config_glue [-] profiler.es_scroll_time = 2m {{(pid=99025) log_opt_values /opt/stack/data/venv/lib/python3.12/site-packages/oslo_config/cfg.py:3545}}
Aug 06 08:16:11.760396 np0000006641 nova-conductor[99025]: DEBUG cotyledon.oslo_config_glue [-] profiler.filter_error_trace = False {{(pid=99025) log_opt_values /opt/stack/data/venv/lib/python3.12/site-packages/oslo_config/cfg.py:3545}}
Aug 06 08:16:11.760772 np0000006641 nova-conductor[99025]: DEBUG cotyledon.oslo_config_glue [-] profiler.hmac_keys = **** {{(pid=99025) log_opt_values /opt/stack/data/venv/lib/python3.12/site-packages/oslo_config/cfg.py:3545}}
Aug 06 08:16:11.760772 np0000006641 nova-conductor[99025]: DEBUG cotyledon.oslo_config_glue [-] profiler.sentinel_service_name = mymaster {{(pid=99025) log_opt_values /opt/stack/data/venv/lib/python3.12/site-packages/oslo_config/cfg.py:3545}}
Aug 06 08:16:11.760772 np0000006641 nova-conductor[99025]: DEBUG cotyledon.oslo_config_glue [-] profiler.socket_timeout = 0.1 {{(pid=99025) log_opt_values /opt/stack/data/venv/lib/python3.12/site-packages/oslo_config/cfg.py:3545}}
Aug 06 08:16:11.760772 np0000006641 nova-conductor[99025]: DEBUG cotyledon.oslo_config_glue [-] profiler.trace_requests = False {{(pid=99025) log_opt_values /opt/stack/data/venv/lib/python3.12/site-packages/oslo_config/cfg.py:3545}}
Aug 06 08:16:11.760772 np0000006641 nova-conductor[99025]: DEBUG cotyledon.oslo_config_glue [-] profiler.trace_sqlalchemy = False {{(pid=99025) log_opt_values /opt/stack/data/venv/lib/python3.12/site-packages/oslo_config/cfg.py:3545}}
Aug 06 08:16:11.760772 np0000006641 nova-conductor[99025]: DEBUG cotyledon.oslo_config_glue [-] profiler_jaeger.process_tags = {} {{(pid=99025) log_opt_values /opt/stack/data/venv/lib/python3.12/site-packages/oslo_config/cfg.py:3545}}
Aug 06 08:16:11.760772 np0000006641 nova-conductor[99025]: DEBUG cotyledon.oslo_config_glue [-] profiler_jaeger.service_name_prefix = None {{(pid=99025) log_opt_values /opt/stack/data/venv/lib/python3.12/site-packages/oslo_config/cfg.py:3545}}
Aug 06 08:16:11.760772 np0000006641 nova-conductor[99025]: DEBUG cotyledon.oslo_config_glue [-] profiler_otlp.service_name_prefix = None {{(pid=99025) log_opt_values /opt/stack/data/venv/lib/python3.12/site-packages/oslo_config/cfg.py:3545}}
Aug 06 08:16:11.760772 np0000006641 nova-conductor[99025]: DEBUG cotyledon.oslo_config_glue [-] oslo_messaging_rabbit.amqp_auto_delete = False {{(pid=99025) log_opt_values /opt/stack/data/venv/lib/python3.12/site-packages/oslo_config/cfg.py:3545}}
Aug 06 08:16:11.761051 np0000006641 nova-conductor[99025]: DEBUG cotyledon.oslo_config_glue [-] oslo_messaging_rabbit.amqp_durable_queues = False {{(pid=99025) log_opt_values /opt/stack/data/venv/lib/python3.12/site-packages/oslo_config/cfg.py:3545}}
Aug 06 08:16:11.761051 np0000006641 nova-conductor[99025]: DEBUG cotyledon.oslo_config_glue [-] oslo_messaging_rabbit.conn_pool_min_size = 2 {{(pid=99025) log_opt_values /opt/stack/data/venv/lib/python3.12/site-packages/oslo_config/cfg.py:3545}}
Aug 06 08:16:11.761051 np0000006641 nova-conductor[99025]: DEBUG cotyledon.oslo_config_glue [-] oslo_messaging_rabbit.conn_pool_ttl = 1200 {{(pid=99025) log_opt_values /opt/stack/data/venv/lib/python3.12/site-packages/oslo_config/cfg.py:3545}}
Aug 06 08:16:11.761051 np0000006641 nova-conductor[99025]: DEBUG cotyledon.oslo_config_glue [-] oslo_messaging_rabbit.direct_mandatory_flag = True {{(pid=99025) log_opt_values /opt/stack/data/venv/lib/python3.12/site-packages/oslo_config/cfg.py:3545}}
Aug 06 08:16:11.761051 np0000006641 nova-conductor[99025]: DEBUG cotyledon.oslo_config_glue [-] oslo_messaging_rabbit.enable_cancel_on_failover = False {{(pid=99025) log_opt_values /opt/stack/data/venv/lib/python3.12/site-packages/oslo_config/cfg.py:3545}}
Aug 06 08:16:11.761051 np0000006641 nova-conductor[99025]: DEBUG cotyledon.oslo_config_glue [-] oslo_messaging_rabbit.heartbeat_rate = 3 {{(pid=99025) log_opt_values /opt/stack/data/venv/lib/python3.12/site-packages/oslo_config/cfg.py:3545}}
Aug 06 08:16:11.761051 np0000006641 nova-conductor[99025]: DEBUG cotyledon.oslo_config_glue [-] oslo_messaging_rabbit.heartbeat_timeout_threshold = 60 {{(pid=99025) log_opt_values /opt/stack/data/venv/lib/python3.12/site-packages/oslo_config/cfg.py:3545}}
Aug 06 08:16:11.761051 np0000006641 nova-conductor[99025]: DEBUG cotyledon.oslo_config_glue [-] oslo_messaging_rabbit.hostname = np0000006641 {{(pid=99025) log_opt_values /opt/stack/data/venv/lib/python3.12/site-packages/oslo_config/cfg.py:3545}}
Aug 06 08:16:11.761051 np0000006641 nova-conductor[99025]: DEBUG cotyledon.oslo_config_glue [-] oslo_messaging_rabbit.kombu_compression = None {{(pid=99025) log_opt_values /opt/stack/data/venv/lib/python3.12/site-packages/oslo_config/cfg.py:3545}}
Aug 06 08:16:11.761416 np0000006641 nova-conductor[99025]: DEBUG cotyledon.oslo_config_glue [-] oslo_messaging_rabbit.kombu_failover_strategy = round-robin {{(pid=99025) log_opt_values /opt/stack/data/venv/lib/python3.12/site-packages/oslo_config/cfg.py:3545}}
Aug 06 08:16:11.761416 np0000006641 nova-conductor[99025]: DEBUG cotyledon.oslo_config_glue [-] oslo_messaging_rabbit.kombu_missing_consumer_retry_timeout = 60 {{(pid=99025) log_opt_values /opt/stack/data/venv/lib/python3.12/site-packages/oslo_config/cfg.py:3545}}
Aug 06 08:16:11.761416 np0000006641 nova-conductor[99025]: DEBUG cotyledon.oslo_config_glue [-] oslo_messaging_rabbit.kombu_reconnect_delay = 1.0 {{(pid=99025) log_opt_values /opt/stack/data/venv/lib/python3.12/site-packages/oslo_config/cfg.py:3545}}
Aug 06 08:16:11.761416 np0000006641 nova-conductor[99025]: DEBUG cotyledon.oslo_config_glue [-] oslo_messaging_rabbit.kombu_reconnect_splay = 0.0 {{(pid=99025) log_opt_values /opt/stack/data/venv/lib/python3.12/site-packages/oslo_config/cfg.py:3545}}
Aug 06 08:16:11.761416 np0000006641 nova-conductor[99025]: DEBUG cotyledon.oslo_config_glue [-] oslo_messaging_rabbit.processname = nova-conductor {{(pid=99025) log_opt_values /opt/stack/data/venv/lib/python3.12/site-packages/oslo_config/cfg.py:3545}}
Aug 06 08:16:11.761416 np0000006641 nova-conductor[99025]: DEBUG cotyledon.oslo_config_glue [-] oslo_messaging_rabbit.rabbit_ha_queues = False {{(pid=99025) log_opt_values /opt/stack/data/venv/lib/python3.12/site-packages/oslo_config/cfg.py:3545}}
Aug 06 08:16:11.761416 np0000006641 nova-conductor[99025]: DEBUG cotyledon.oslo_config_glue [-] oslo_messaging_rabbit.rabbit_interval_max = 30 {{(pid=99025) log_opt_values /opt/stack/data/venv/lib/python3.12/site-packages/oslo_config/cfg.py:3545}}
Aug 06 08:16:11.761416 np0000006641 nova-conductor[99025]: DEBUG cotyledon.oslo_config_glue [-] oslo_messaging_rabbit.rabbit_login_method = AMQPLAIN {{(pid=99025) log_opt_values /opt/stack/data/venv/lib/python3.12/site-packages/oslo_config/cfg.py:3545}}
Aug 06 08:16:11.761717 np0000006641 nova-conductor[99025]: DEBUG cotyledon.oslo_config_glue [-] oslo_messaging_rabbit.rabbit_qos_prefetch_count = 0 {{(pid=99025) log_opt_values /opt/stack/data/venv/lib/python3.12/site-packages/oslo_config/cfg.py:3545}}
Aug 06 08:16:11.761717 np0000006641 nova-conductor[99025]: DEBUG cotyledon.oslo_config_glue [-] oslo_messaging_rabbit.rabbit_quorum_delivery_limit = 0 {{(pid=99025) log_opt_values /opt/stack/data/venv/lib/python3.12/site-packages/oslo_config/cfg.py:3545}}
Aug 06 08:16:11.761717 np0000006641 nova-conductor[99025]: DEBUG cotyledon.oslo_config_glue [-] oslo_messaging_rabbit.rabbit_quorum_max_memory_bytes = 0 {{(pid=99025) log_opt_values /opt/stack/data/venv/lib/python3.12/site-packages/oslo_config/cfg.py:3545}}
Aug 06 08:16:11.761717 np0000006641 nova-conductor[99025]: DEBUG cotyledon.oslo_config_glue [-] oslo_messaging_rabbit.rabbit_quorum_max_memory_length = 0 {{(pid=99025) log_opt_values /opt/stack/data/venv/lib/python3.12/site-packages/oslo_config/cfg.py:3545}}
Aug 06 08:16:11.761717 np0000006641 nova-conductor[99025]: DEBUG cotyledon.oslo_config_glue [-] oslo_messaging_rabbit.rabbit_quorum_queue = False {{(pid=99025) log_opt_values /opt/stack/data/venv/lib/python3.12/site-packages/oslo_config/cfg.py:3545}}
Aug 06 08:16:11.761717 np0000006641 nova-conductor[99025]: DEBUG cotyledon.oslo_config_glue [-] oslo_messaging_rabbit.rabbit_retry_backoff = 2 {{(pid=99025) log_opt_values /opt/stack/data/venv/lib/python3.12/site-packages/oslo_config/cfg.py:3545}}
Aug 06 08:16:11.761717 np0000006641 nova-conductor[99025]: DEBUG cotyledon.oslo_config_glue [-] oslo_messaging_rabbit.rabbit_retry_interval = 1 {{(pid=99025) log_opt_values /opt/stack/data/venv/lib/python3.12/site-packages/oslo_config/cfg.py:3545}}
Aug 06 08:16:11.761717 np0000006641 nova-conductor[99025]: DEBUG cotyledon.oslo_config_glue [-] oslo_messaging_rabbit.rabbit_stream_fanout = False {{(pid=99025) log_opt_values /opt/stack/data/venv/lib/python3.12/site-packages/oslo_config/cfg.py:3545}}
Aug 06 08:16:11.761965 np0000006641 nova-conductor[99025]: DEBUG cotyledon.oslo_config_glue [-] oslo_messaging_rabbit.rabbit_transient_queues_ttl = 1800 {{(pid=99025) log_opt_values /opt/stack/data/venv/lib/python3.12/site-packages/oslo_config/cfg.py:3545}}
Aug 06 08:16:11.761965 np0000006641 nova-conductor[99025]: DEBUG cotyledon.oslo_config_glue [-] oslo_messaging_rabbit.rabbit_transient_quorum_queue = False {{(pid=99025) log_opt_values /opt/stack/data/venv/lib/python3.12/site-packages/oslo_config/cfg.py:3545}}
Aug 06 08:16:11.761965 np0000006641 nova-conductor[99025]: DEBUG cotyledon.oslo_config_glue [-] oslo_messaging_rabbit.rpc_conn_pool_size = 30 {{(pid=99025) log_opt_values /opt/stack/data/venv/lib/python3.12/site-packages/oslo_config/cfg.py:3545}}
Aug 06 08:16:11.761965 np0000006641 nova-conductor[99025]: DEBUG cotyledon.oslo_config_glue [-] oslo_messaging_rabbit.ssl = False {{(pid=99025) log_opt_values /opt/stack/data/venv/lib/python3.12/site-packages/oslo_config/cfg.py:3545}}
Aug 06 08:16:11.761965 np0000006641 nova-conductor[99025]: DEBUG cotyledon.oslo_config_glue [-] oslo_messaging_rabbit.ssl_ca_file = {{(pid=99025) log_opt_values /opt/stack/data/venv/lib/python3.12/site-packages/oslo_config/cfg.py:3545}}
Aug 06 08:16:11.761965 np0000006641 nova-conductor[99025]: DEBUG cotyledon.oslo_config_glue [-] oslo_messaging_rabbit.ssl_cert_file = {{(pid=99025) log_opt_values /opt/stack/data/venv/lib/python3.12/site-packages/oslo_config/cfg.py:3545}}
Aug 06 08:16:11.761965 np0000006641 nova-conductor[99025]: DEBUG cotyledon.oslo_config_glue [-] oslo_messaging_rabbit.ssl_enforce_fips_mode = False {{(pid=99025) log_opt_values /opt/stack/data/venv/lib/python3.12/site-packages/oslo_config/cfg.py:3545}}
Aug 06 08:16:11.761965 np0000006641 nova-conductor[99025]: DEBUG cotyledon.oslo_config_glue [-] oslo_messaging_rabbit.ssl_enforce_hostname_verification = True {{(pid=99025) log_opt_values /opt/stack/data/venv/lib/python3.12/site-packages/oslo_config/cfg.py:3545}}
Aug 06 08:16:11.761965 np0000006641 nova-conductor[99025]: DEBUG cotyledon.oslo_config_glue [-] oslo_messaging_rabbit.ssl_key_file = {{(pid=99025) log_opt_values /opt/stack/data/venv/lib/python3.12/site-packages/oslo_config/cfg.py:3545}}
Aug 06 08:16:11.762265 np0000006641 nova-conductor[99025]: DEBUG cotyledon.oslo_config_glue [-] oslo_messaging_rabbit.ssl_version = {{(pid=99025) log_opt_values /opt/stack/data/venv/lib/python3.12/site-packages/oslo_config/cfg.py:3545}}
Aug 06 08:16:11.762265 np0000006641 nova-conductor[99025]: DEBUG cotyledon.oslo_config_glue [-] oslo_messaging_rabbit.use_queue_manager = False {{(pid=99025) log_opt_values /opt/stack/data/venv/lib/python3.12/site-packages/oslo_config/cfg.py:3545}}
Aug 06 08:16:11.762265 np0000006641 nova-conductor[99025]: DEBUG cotyledon.oslo_config_glue [-] oslo_messaging_notifications.driver = ['messagingv2'] {{(pid=99025) log_opt_values /opt/stack/data/venv/lib/python3.12/site-packages/oslo_config/cfg.py:3545}}
Aug 06 08:16:11.762265 np0000006641 nova-conductor[99025]: DEBUG cotyledon.oslo_config_glue [-] oslo_messaging_notifications.retry = -1 {{(pid=99025) log_opt_values /opt/stack/data/venv/lib/python3.12/site-packages/oslo_config/cfg.py:3545}}
Aug 06 08:16:11.762265 np0000006641 nova-conductor[99025]: DEBUG cotyledon.oslo_config_glue [-] oslo_messaging_notifications.topics = ['notifications'] {{(pid=99025) log_opt_values /opt/stack/data/venv/lib/python3.12/site-packages/oslo_config/cfg.py:3545}}
Aug 06 08:16:11.762265 np0000006641 nova-conductor[99025]: DEBUG cotyledon.oslo_config_glue [-] oslo_messaging_notifications.transport_url = **** {{(pid=99025) log_opt_values /opt/stack/data/venv/lib/python3.12/site-packages/oslo_config/cfg.py:3545}}
Aug 06 08:16:11.762265 np0000006641 nova-conductor[99025]: DEBUG cotyledon.oslo_config_glue [-] oslo_limit.auth_section = None {{(pid=99025) log_opt_values /opt/stack/data/venv/lib/python3.12/site-packages/oslo_config/cfg.py:3545}}
Aug 06 08:16:11.762265 np0000006641 nova-conductor[99025]: DEBUG cotyledon.oslo_config_glue [-] oslo_limit.auth_type = None {{(pid=99025) log_opt_values /opt/stack/data/venv/lib/python3.12/site-packages/oslo_config/cfg.py:3545}}
Aug 06 08:16:11.762265 np0000006641 nova-conductor[99025]: DEBUG cotyledon.oslo_config_glue [-] oslo_limit.cafile = None {{(pid=99025) log_opt_values /opt/stack/data/venv/lib/python3.12/site-packages/oslo_config/cfg.py:3545}}
Aug 06 08:16:11.762565 np0000006641 nova-conductor[99025]: DEBUG cotyledon.oslo_config_glue [-] oslo_limit.certfile = None {{(pid=99025) log_opt_values /opt/stack/data/venv/lib/python3.12/site-packages/oslo_config/cfg.py:3545}}
Aug 06 08:16:11.762565 np0000006641 nova-conductor[99025]: DEBUG cotyledon.oslo_config_glue [-] oslo_limit.collect_timing = False {{(pid=99025) log_opt_values /opt/stack/data/venv/lib/python3.12/site-packages/oslo_config/cfg.py:3545}}
Aug 06 08:16:11.762565 np0000006641 nova-conductor[99025]: DEBUG cotyledon.oslo_config_glue [-] oslo_limit.connect_retries = None {{(pid=99025) log_opt_values /opt/stack/data/venv/lib/python3.12/site-packages/oslo_config/cfg.py:3545}}
Aug 06 08:16:11.762565 np0000006641 nova-conductor[99025]: DEBUG cotyledon.oslo_config_glue [-] oslo_limit.connect_retry_delay = None {{(pid=99025) log_opt_values /opt/stack/data/venv/lib/python3.12/site-packages/oslo_config/cfg.py:3545}}
Aug 06 08:16:11.762565 np0000006641 nova-conductor[99025]: DEBUG cotyledon.oslo_config_glue [-] oslo_limit.endpoint_id = None {{(pid=99025) log_opt_values /opt/stack/data/venv/lib/python3.12/site-packages/oslo_config/cfg.py:3545}}
Aug 06 08:16:11.762565 np0000006641 nova-conductor[99025]: DEBUG cotyledon.oslo_config_glue [-] oslo_limit.endpoint_interface = public {{(pid=99025) log_opt_values /opt/stack/data/venv/lib/python3.12/site-packages/oslo_config/cfg.py:3545}}
Aug 06 08:16:11.762565 np0000006641 nova-conductor[99025]: DEBUG cotyledon.oslo_config_glue [-] oslo_limit.endpoint_override = None {{(pid=99025) log_opt_values /opt/stack/data/venv/lib/python3.12/site-packages/oslo_config/cfg.py:3545}}
Aug 06 08:16:11.762565 np0000006641 nova-conductor[99025]: DEBUG cotyledon.oslo_config_glue [-] oslo_limit.endpoint_region_name = None {{(pid=99025) log_opt_values /opt/stack/data/venv/lib/python3.12/site-packages/oslo_config/cfg.py:3545}}
Aug 06 08:16:11.762565 np0000006641 nova-conductor[99025]: DEBUG cotyledon.oslo_config_glue [-] oslo_limit.endpoint_service_name = None {{(pid=99025) log_opt_values /opt/stack/data/venv/lib/python3.12/site-packages/oslo_config/cfg.py:3545}}
Aug 06 08:16:11.762844 np0000006641 nova-conductor[99025]: DEBUG cotyledon.oslo_config_glue [-] oslo_limit.endpoint_service_type = None {{(pid=99025) log_opt_values /opt/stack/data/venv/lib/python3.12/site-packages/oslo_config/cfg.py:3545}}
Aug 06 08:16:11.762844 np0000006641 nova-conductor[99025]: DEBUG cotyledon.oslo_config_glue [-] oslo_limit.insecure = False {{(pid=99025) log_opt_values /opt/stack/data/venv/lib/python3.12/site-packages/oslo_config/cfg.py:3545}}
Aug 06 08:16:11.762844 np0000006641 nova-conductor[99025]: DEBUG cotyledon.oslo_config_glue [-] oslo_limit.keyfile = None {{(pid=99025) log_opt_values /opt/stack/data/venv/lib/python3.12/site-packages/oslo_config/cfg.py:3545}}
Aug 06 08:16:11.762844 np0000006641 nova-conductor[99025]: DEBUG cotyledon.oslo_config_glue [-] oslo_limit.max_version = None {{(pid=99025) log_opt_values /opt/stack/data/venv/lib/python3.12/site-packages/oslo_config/cfg.py:3545}}
Aug 06 08:16:11.762844 np0000006641 nova-conductor[99025]: DEBUG cotyledon.oslo_config_glue [-] oslo_limit.min_version = None {{(pid=99025) log_opt_values /opt/stack/data/venv/lib/python3.12/site-packages/oslo_config/cfg.py:3545}}
Aug 06 08:16:11.762844 np0000006641 nova-conductor[99025]: DEBUG cotyledon.oslo_config_glue [-] oslo_limit.region_name = None {{(pid=99025) log_opt_values /opt/stack/data/venv/lib/python3.12/site-packages/oslo_config/cfg.py:3545}}
Aug 06 08:16:11.762844 np0000006641 nova-conductor[99025]: DEBUG cotyledon.oslo_config_glue [-] oslo_limit.retriable_status_codes = None {{(pid=99025) log_opt_values /opt/stack/data/venv/lib/python3.12/site-packages/oslo_config/cfg.py:3545}}
Aug 06 08:16:11.762844 np0000006641 nova-conductor[99025]: DEBUG cotyledon.oslo_config_glue [-] oslo_limit.service_name = None {{(pid=99025) log_opt_values /opt/stack/data/venv/lib/python3.12/site-packages/oslo_config/cfg.py:3545}}
Aug 06 08:16:11.762844 np0000006641 nova-conductor[99025]: DEBUG cotyledon.oslo_config_glue [-] oslo_limit.service_type = None {{(pid=99025) log_opt_values /opt/stack/data/venv/lib/python3.12/site-packages/oslo_config/cfg.py:3545}}
Aug 06 08:16:11.763136 np0000006641 nova-conductor[99025]: DEBUG cotyledon.oslo_config_glue [-] oslo_limit.split_loggers = False {{(pid=99025) log_opt_values /opt/stack/data/venv/lib/python3.12/site-packages/oslo_config/cfg.py:3545}}
Aug 06 08:16:11.763136 np0000006641 nova-conductor[99025]: DEBUG cotyledon.oslo_config_glue [-] oslo_limit.status_code_retries = None {{(pid=99025) log_opt_values /opt/stack/data/venv/lib/python3.12/site-packages/oslo_config/cfg.py:3545}}
Aug 06 08:16:11.763136 np0000006641 nova-conductor[99025]: DEBUG cotyledon.oslo_config_glue [-] oslo_limit.status_code_retry_delay = None {{(pid=99025) log_opt_values /opt/stack/data/venv/lib/python3.12/site-packages/oslo_config/cfg.py:3545}}
Aug 06 08:16:11.763136 np0000006641 nova-conductor[99025]: DEBUG cotyledon.oslo_config_glue [-] oslo_limit.timeout = None {{(pid=99025) log_opt_values /opt/stack/data/venv/lib/python3.12/site-packages/oslo_config/cfg.py:3545}}
Aug 06 08:16:11.763136 np0000006641 nova-conductor[99025]: DEBUG cotyledon.oslo_config_glue [-] oslo_limit.valid_interfaces = None {{(pid=99025) log_opt_values /opt/stack/data/venv/lib/python3.12/site-packages/oslo_config/cfg.py:3545}}
Aug 06 08:16:11.763136 np0000006641 nova-conductor[99025]: DEBUG cotyledon.oslo_config_glue [-] oslo_limit.version = None {{(pid=99025) log_opt_values /opt/stack/data/venv/lib/python3.12/site-packages/oslo_config/cfg.py:3545}}
Aug 06 08:16:11.763136 np0000006641 nova-conductor[99025]: DEBUG cotyledon.oslo_config_glue [-] oslo_reports.file_event_handler = None {{(pid=99025) log_opt_values /opt/stack/data/venv/lib/python3.12/site-packages/oslo_config/cfg.py:3545}}
Aug 06 08:16:11.763136 np0000006641 nova-conductor[99025]: DEBUG cotyledon.oslo_config_glue [-] oslo_reports.file_event_handler_interval = 1 {{(pid=99025) log_opt_values /opt/stack/data/venv/lib/python3.12/site-packages/oslo_config/cfg.py:3545}}
Aug 06 08:16:11.763136 np0000006641 nova-conductor[99025]: DEBUG cotyledon.oslo_config_glue [-] oslo_reports.log_dir = None {{(pid=99025) log_opt_values /opt/stack/data/venv/lib/python3.12/site-packages/oslo_config/cfg.py:3545}}
Aug 06 08:16:11.763440 np0000006641 nova-conductor[99025]: DEBUG cotyledon.oslo_config_glue [-] ******************************************************************************** {{(pid=99025) log_opt_values /opt/stack/data/venv/lib/python3.12/site-packages/oslo_config/cfg.py:3552}}
Aug 06 08:16:11.763440 np0000006641 nova-conductor[99025]: DEBUG cotyledon._service_worker [-] Run service ServiceWrapper(3) [99025] {{(pid=99025) wait_forever /opt/stack/data/venv/lib/python3.12/site-packages/cotyledon/_service_worker.py:218}}
Aug 06 08:16:11.763440 np0000006641 nova-conductor[99025]: INFO nova.service [-] Starting conductor node (version 33.1.0)
Aug 06 08:16:11.763440 np0000006641 nova-conductor[99025]: INFO dbcounter [None req-9aaf4f1a-208f-4173-a707-c30e978ca80c None None] Registered counter for database nova_cell0
Aug 06 08:16:11.763892 np0000006641 nova-conductor[99010]: DEBUG oslo_db.sqlalchemy.engines [None req-5a154bbe-3d7c-4fd1-aef0-cc50845edc99 None None] MySQL server mode set to STRICT_TRANS_TABLES,STRICT_ALL_TABLES,NO_ZERO_IN_DATE,NO_ZERO_DATE,ERROR_FOR_DIVISION_BY_ZERO,TRADITIONAL,NO_ENGINE_SUBSTITUTION {{(pid=99010) _check_effective_sql_mode /opt/stack/data/venv/lib/python3.12/site-packages/oslo_db/sqlalchemy/engines.py:325}}
Aug 06 08:16:11.763947 np0000006641 nova-conductor[99021]: DEBUG oslo_db.sqlalchemy.engines [None req-f8c652f4-1769-4593-a6b3-61f87096ee1b None None] MySQL server mode set to STRICT_TRANS_TABLES,STRICT_ALL_TABLES,NO_ZERO_IN_DATE,NO_ZERO_DATE,ERROR_FOR_DIVISION_BY_ZERO,TRADITIONAL,NO_ENGINE_SUBSTITUTION {{(pid=99021) _check_effective_sql_mode /opt/stack/data/venv/lib/python3.12/site-packages/oslo_db/sqlalchemy/engines.py:325}}
Aug 06 08:16:11.764377 np0000006641 nova-conductor[99017]: DEBUG oslo_db.sqlalchemy.engines [None req-9ce7ca25-4157-416c-a89e-71a0aac06cfb None None] MySQL server mode set to STRICT_TRANS_TABLES,STRICT_ALL_TABLES,NO_ZERO_IN_DATE,NO_ZERO_DATE,ERROR_FOR_DIVISION_BY_ZERO,TRADITIONAL,NO_ENGINE_SUBSTITUTION {{(pid=99017) _check_effective_sql_mode /opt/stack/data/venv/lib/python3.12/site-packages/oslo_db/sqlalchemy/engines.py:325}}
Aug 06 08:16:11.764430 np0000006641 nova-conductor[99010]: DEBUG dbcounter [-] [99010] Writer thread running {{(pid=99010) stat_writer /opt/stack/data/venv/lib/python3.12/site-packages/dbcounter.py:102}}
Aug 06 08:16:11.764474 np0000006641 nova-conductor[99017]: DEBUG dbcounter [-] [99017] Writer thread running {{(pid=99017) stat_writer /opt/stack/data/venv/lib/python3.12/site-packages/dbcounter.py:102}}
Aug 06 08:16:11.764513 np0000006641 nova-conductor[99021]: DEBUG dbcounter [-] [99021] Writer thread running {{(pid=99021) stat_writer /opt/stack/data/venv/lib/python3.12/site-packages/dbcounter.py:102}}
Aug 06 08:16:11.770835 np0000006641 nova-conductor[99025]: DEBUG oslo_db.sqlalchemy.engines [None req-9aaf4f1a-208f-4173-a707-c30e978ca80c None None] MySQL server mode set to STRICT_TRANS_TABLES,STRICT_ALL_TABLES,NO_ZERO_IN_DATE,NO_ZERO_DATE,ERROR_FOR_DIVISION_BY_ZERO,TRADITIONAL,NO_ENGINE_SUBSTITUTION {{(pid=99025) _check_effective_sql_mode /opt/stack/data/venv/lib/python3.12/site-packages/oslo_db/sqlalchemy/engines.py:325}}
Aug 06 08:16:11.776042 np0000006641 nova-conductor[99010]: DEBUG nova.service [None req-5a154bbe-3d7c-4fd1-aef0-cc50845edc99 None None] Creating RPC server for service: nova-conductor on topic: conductor {{(pid=99010) start /opt/stack/nova/nova/service.py:196}}
Aug 06 08:16:11.782880 np0000006641 nova-conductor[99017]: DEBUG nova.service [None req-9ce7ca25-4157-416c-a89e-71a0aac06cfb None None] Creating RPC server for service: nova-conductor on topic: conductor {{(pid=99017) start /opt/stack/nova/nova/service.py:196}}
Aug 06 08:16:11.783698 np0000006641 nova-conductor[99025]: DEBUG dbcounter [-] [99025] Writer thread running {{(pid=99025) stat_writer /opt/stack/data/venv/lib/python3.12/site-packages/dbcounter.py:102}}
Aug 06 08:16:11.789742 np0000006641 nova-conductor[99025]: DEBUG nova.service [None req-9aaf4f1a-208f-4173-a707-c30e978ca80c None None] Creating RPC server for service: nova-conductor on topic: conductor {{(pid=99025) start /opt/stack/nova/nova/service.py:196}}
Aug 06 08:16:11.798650 np0000006641 nova-conductor[99021]: DEBUG nova.service [None req-f8c652f4-1769-4593-a6b3-61f87096ee1b None None] Creating RPC server for service: nova-conductor on topic: conductor {{(pid=99021) start /opt/stack/nova/nova/service.py:196}}
Aug 06 08:16:11.818924 np0000006641 nova-conductor[99025]: DEBUG nova.service [None req-9aaf4f1a-208f-4173-a707-c30e978ca80c None None] Join ServiceGroup membership for this service conductor {{(pid=99025) start /opt/stack/nova/nova/service.py:222}}
Aug 06 08:16:11.819134 np0000006641 nova-conductor[99025]: DEBUG nova.servicegroup.drivers.db [None req-9aaf4f1a-208f-4173-a707-c30e978ca80c None None] DB_Driver: join new ServiceGroup member np0000006641 to the conductor group, service = {{(pid=99025) join /opt/stack/nova/nova/servicegroup/drivers/db.py:44}}
Aug 06 08:16:11.819491 np0000006641 nova-conductor[99010]: DEBUG nova.service [None req-5a154bbe-3d7c-4fd1-aef0-cc50845edc99 None None] Join ServiceGroup membership for this service conductor {{(pid=99010) start /opt/stack/nova/nova/service.py:222}}
Aug 06 08:16:11.820030 np0000006641 nova-conductor[99010]: DEBUG nova.servicegroup.drivers.db [None req-5a154bbe-3d7c-4fd1-aef0-cc50845edc99 None None] DB_Driver: join new ServiceGroup member np0000006641 to the conductor group, service = {{(pid=99010) join /opt/stack/nova/nova/servicegroup/drivers/db.py:44}}
Aug 06 08:16:11.828451 np0000006641 nova-conductor[99017]: DEBUG nova.service [None req-9ce7ca25-4157-416c-a89e-71a0aac06cfb None None] Join ServiceGroup membership for this service conductor {{(pid=99017) start /opt/stack/nova/nova/service.py:222}}
Aug 06 08:16:11.828625 np0000006641 nova-conductor[99017]: DEBUG nova.servicegroup.drivers.db [None req-9ce7ca25-4157-416c-a89e-71a0aac06cfb None None] DB_Driver: join new ServiceGroup member np0000006641 to the conductor group, service = {{(pid=99017) join /opt/stack/nova/nova/servicegroup/drivers/db.py:44}}
Aug 06 08:16:11.830984 np0000006641 nova-conductor[99021]: DEBUG nova.service [None req-f8c652f4-1769-4593-a6b3-61f87096ee1b None None] Join ServiceGroup membership for this service conductor {{(pid=99021) start /opt/stack/nova/nova/service.py:222}}
Aug 06 08:16:11.830984 np0000006641 nova-conductor[99021]: DEBUG nova.servicegroup.drivers.db [None req-f8c652f4-1769-4593-a6b3-61f87096ee1b None None] DB_Driver: join new ServiceGroup member np0000006641 to the conductor group, service = {{(pid=99021) join /opt/stack/nova/nova/servicegroup/drivers/db.py:44}}
Aug 06 08:16:13.834318 np0000006641 nova-conductor[99021]: DEBUG oslo.service.backend._threading.loopingcall [None req-e4d68e3c-9e07-4e94-bd6a-2b865ad34349 None None] Dynamic interval looping call 'nova.service.Service.periodic_tasks' sleeping for 60.00 seconds {{(pid=99021) _run_loop /opt/stack/data/venv/lib/python3.12/site-packages/oslo_service/backend/_threading/loopingcall.py:125}}
Aug 06 08:16:16.836418 np0000006641 nova-conductor[99025]: DEBUG oslo.service.backend._threading.loopingcall [-] Fixed interval looping call 'nova.servicegroup.drivers.db.DbDriver._report_state' sleeping for 119.98 seconds {{(pid=99025) _run_loop /opt/stack/data/venv/lib/python3.12/site-packages/oslo_service/backend/_threading/loopingcall.py:125}}
Aug 06 08:16:16.836827 np0000006641 nova-conductor[99010]: DEBUG oslo.service.backend._threading.loopingcall [-] Fixed interval looping call 'nova.servicegroup.drivers.db.DbDriver._report_state' sleeping for 119.99 seconds {{(pid=99010) _run_loop /opt/stack/data/venv/lib/python3.12/site-packages/oslo_service/backend/_threading/loopingcall.py:125}}
Aug 06 08:16:16.838714 np0000006641 nova-conductor[99021]: DEBUG oslo.service.backend._threading.loopingcall [-] Fixed interval looping call 'nova.servicegroup.drivers.db.DbDriver._report_state' sleeping for 119.99 seconds {{(pid=99021) _run_loop /opt/stack/data/venv/lib/python3.12/site-packages/oslo_service/backend/_threading/loopingcall.py:125}}
Aug 06 08:16:16.841589 np0000006641 nova-conductor[99017]: DEBUG oslo.service.backend._threading.loopingcall [-] Fixed interval looping call 'nova.servicegroup.drivers.db.DbDriver._report_state' sleeping for 119.99 seconds {{(pid=99017) _run_loop /opt/stack/data/venv/lib/python3.12/site-packages/oslo_service/backend/_threading/loopingcall.py:125}}
Aug 06 08:16:19.834748 np0000006641 nova-conductor[99017]: DEBUG oslo.service.backend._threading.loopingcall [None req-25c34201-038c-47be-8efc-9dc9c4d086fe None None] Dynamic interval looping call 'nova.service.Service.periodic_tasks' sleeping for 60.00 seconds {{(pid=99017) _run_loop /opt/stack/data/venv/lib/python3.12/site-packages/oslo_service/backend/_threading/loopingcall.py:125}}
Aug 06 08:16:20.325149 np0000006641 nova-conductor[97684]: DEBUG dbcounter [-] [97684] Writing DB stats nova_api:SELECT=1 {{(pid=97684) stat_writer /opt/stack/data/venv/lib/python3.12/site-packages/dbcounter.py:115}}
Aug 06 08:16:20.457326 np0000006641 nova-conductor[97684]: DEBUG dbcounter [-] [97684] Writing DB stats nova_cell1:SELECT=1 {{(pid=97684) stat_writer /opt/stack/data/venv/lib/python3.12/site-packages/dbcounter.py:115}}
Aug 06 08:16:20.461951 np0000006641 nova-conductor[97684]: DEBUG dbcounter [-] [97684] Writing DB stats nova_cell0:SELECT=1 {{(pid=97684) stat_writer /opt/stack/data/venv/lib/python3.12/site-packages/dbcounter.py:115}}
Aug 06 08:16:26.822056 np0000006641 nova-conductor[99010]: DEBUG oslo.service.backend._threading.loopingcall [None req-e6bb8718-b273-4ec8-a169-083e4747206c None None] Dynamic interval looping call 'nova.service.Service.periodic_tasks' sleeping for 60.00 seconds {{(pid=99010) _run_loop /opt/stack/data/venv/lib/python3.12/site-packages/oslo_service/backend/_threading/loopingcall.py:125}}
Aug 06 08:16:26.832136 np0000006641 nova-conductor[99010]: DEBUG dbcounter [-] [99010] Writing DB stats nova_cell0:SELECT=4,nova_cell0:INSERT=1,nova_cell0:UPDATE=1 {{(pid=99010) stat_writer /opt/stack/data/venv/lib/python3.12/site-packages/dbcounter.py:115}}
Aug 06 08:16:26.833257 np0000006641 nova-conductor[99025]: DEBUG dbcounter [-] [99025] Writing DB stats nova_cell0:SELECT=3,nova_cell0:UPDATE=1 {{(pid=99025) stat_writer /opt/stack/data/venv/lib/python3.12/site-packages/dbcounter.py:115}}
Aug 06 08:16:26.835960 np0000006641 nova-conductor[99021]: DEBUG dbcounter [-] [99021] Writing DB stats nova_cell0:SELECT=4,nova_cell0:INSERT=1 {{(pid=99021) stat_writer /opt/stack/data/venv/lib/python3.12/site-packages/dbcounter.py:115}}
Aug 06 08:16:26.839575 np0000006641 nova-conductor[99017]: DEBUG dbcounter [-] [99017] Writing DB stats nova_cell0:SELECT=5,nova_cell0:INSERT=1 {{(pid=99017) stat_writer /opt/stack/data/venv/lib/python3.12/site-packages/dbcounter.py:115}}
Aug 06 08:17:01.822102 np0000006641 nova-conductor[99025]: DEBUG oslo.service.backend._threading.loopingcall [None req-6d75f69c-4314-4e7f-8a13-1bccedc45bbd None None] Dynamic interval looping call 'nova.service.Service.periodic_tasks' sleeping for 60.00 seconds {{(pid=99025) _run_loop /opt/stack/data/venv/lib/python3.12/site-packages/oslo_service/backend/_threading/loopingcall.py:125}}
Aug 06 08:17:13.834816 np0000006641 nova-conductor[99021]: DEBUG oslo.service.backend._threading.loopingcall [None req-e4d68e3c-9e07-4e94-bd6a-2b865ad34349 None None] Dynamic interval looping call 'nova.service.Service.periodic_tasks' sleeping for 60.00 seconds {{(pid=99021) _run_loop /opt/stack/data/venv/lib/python3.12/site-packages/oslo_service/backend/_threading/loopingcall.py:125}}
Aug 06 08:17:19.835237 np0000006641 nova-conductor[99017]: DEBUG oslo.service.backend._threading.loopingcall [None req-25c34201-038c-47be-8efc-9dc9c4d086fe None None] Dynamic interval looping call 'nova.service.Service.periodic_tasks' sleeping for 60.00 seconds {{(pid=99017) _run_loop /opt/stack/data/venv/lib/python3.12/site-packages/oslo_service/backend/_threading/loopingcall.py:125}}
Aug 06 08:17:26.822650 np0000006641 nova-conductor[99010]: DEBUG oslo.service.backend._threading.loopingcall [None req-e6bb8718-b273-4ec8-a169-083e4747206c None None] Dynamic interval looping call 'nova.service.Service.periodic_tasks' sleeping for 60.00 seconds {{(pid=99010) _run_loop /opt/stack/data/venv/lib/python3.12/site-packages/oslo_service/backend/_threading/loopingcall.py:125}}
Aug 06 08:18:01.822615 np0000006641 nova-conductor[99025]: DEBUG oslo.service.backend._threading.loopingcall [None req-6d75f69c-4314-4e7f-8a13-1bccedc45bbd None None] Dynamic interval looping call 'nova.service.Service.periodic_tasks' sleeping for 60.00 seconds {{(pid=99025) _run_loop /opt/stack/data/venv/lib/python3.12/site-packages/oslo_service/backend/_threading/loopingcall.py:125}}
Aug 06 08:18:13.835355 np0000006641 nova-conductor[99021]: DEBUG oslo.service.backend._threading.loopingcall [None req-e4d68e3c-9e07-4e94-bd6a-2b865ad34349 None None] Dynamic interval looping call 'nova.service.Service.periodic_tasks' sleeping for 60.00 seconds {{(pid=99021) _run_loop /opt/stack/data/venv/lib/python3.12/site-packages/oslo_service/backend/_threading/loopingcall.py:125}}
Aug 06 08:18:16.826581 np0000006641 nova-conductor[99025]: DEBUG oslo.service.backend._threading.loopingcall [-] Fixed interval looping call 'nova.servicegroup.drivers.db.DbDriver._report_state' sleeping for 119.99 seconds {{(pid=99025) _run_loop /opt/stack/data/venv/lib/python3.12/site-packages/oslo_service/backend/_threading/loopingcall.py:125}}
Aug 06 08:18:16.830691 np0000006641 nova-conductor[99010]: DEBUG oslo.service.backend._threading.loopingcall [-] Fixed interval looping call 'nova.servicegroup.drivers.db.DbDriver._report_state' sleeping for 120.00 seconds {{(pid=99010) _run_loop /opt/stack/data/venv/lib/python3.12/site-packages/oslo_service/backend/_threading/loopingcall.py:125}}
Aug 06 08:18:16.833300 np0000006641 nova-conductor[99021]: DEBUG oslo.service.backend._threading.loopingcall [-] Fixed interval looping call 'nova.servicegroup.drivers.db.DbDriver._report_state' sleeping for 120.00 seconds {{(pid=99021) _run_loop /opt/stack/data/venv/lib/python3.12/site-packages/oslo_service/backend/_threading/loopingcall.py:125}}
Aug 06 08:18:16.834950 np0000006641 nova-conductor[99017]: DEBUG oslo.service.backend._threading.loopingcall [-] Fixed interval looping call 'nova.servicegroup.drivers.db.DbDriver._report_state' sleeping for 120.00 seconds {{(pid=99017) _run_loop /opt/stack/data/venv/lib/python3.12/site-packages/oslo_service/backend/_threading/loopingcall.py:125}}
Aug 06 08:18:19.835658 np0000006641 nova-conductor[99017]: DEBUG oslo.service.backend._threading.loopingcall [None req-25c34201-038c-47be-8efc-9dc9c4d086fe None None] Dynamic interval looping call 'nova.service.Service.periodic_tasks' sleeping for 60.00 seconds {{(pid=99017) _run_loop /opt/stack/data/venv/lib/python3.12/site-packages/oslo_service/backend/_threading/loopingcall.py:125}}
Aug 06 08:18:26.819643 np0000006641 nova-conductor[99025]: DEBUG dbcounter [-] [99025] Writing DB stats nova_cell0:SELECT=1,nova_cell0:UPDATE=1 {{(pid=99025) stat_writer /opt/stack/data/venv/lib/python3.12/site-packages/dbcounter.py:115}}
Aug 06 08:18:26.823527 np0000006641 nova-conductor[99010]: DEBUG oslo.service.backend._threading.loopingcall [None req-e6bb8718-b273-4ec8-a169-083e4747206c None None] Dynamic interval looping call 'nova.service.Service.periodic_tasks' sleeping for 60.00 seconds {{(pid=99010) _run_loop /opt/stack/data/venv/lib/python3.12/site-packages/oslo_service/backend/_threading/loopingcall.py:125}}
Aug 06 08:18:26.829652 np0000006641 nova-conductor[99010]: DEBUG dbcounter [-] [99010] Writing DB stats nova_cell0:SELECT=1 {{(pid=99010) stat_writer /opt/stack/data/venv/lib/python3.12/site-packages/dbcounter.py:115}}
Aug 06 08:18:26.831874 np0000006641 nova-conductor[99021]: DEBUG dbcounter [-] [99021] Writing DB stats nova_cell0:SELECT=1 {{(pid=99021) stat_writer /opt/stack/data/venv/lib/python3.12/site-packages/dbcounter.py:115}}
Aug 06 08:18:26.833731 np0000006641 nova-conductor[99017]: DEBUG dbcounter [-] [99017] Writing DB stats nova_cell0:SELECT=1 {{(pid=99017) stat_writer /opt/stack/data/venv/lib/python3.12/site-packages/dbcounter.py:115}}
Aug 06 08:18:44.356168 np0000006641 nova-conductor[99025]: DEBUG oslo_db.sqlalchemy.engines [None req-abbc28a3-5369-46c7-a459-9808cf69b9e8 tempest-ServerActionsTestOtherB-183807776 tempest-ServerActionsTestOtherB-183807776-project-member] Parent process 97684 forked (99025) with an open database connection, which is being discarded and recreated. {{(pid=99025) checkout /opt/stack/data/venv/lib/python3.12/site-packages/oslo_db/sqlalchemy/engines.py:402}}
Aug 06 08:18:44.409142 np0000006641 nova-conductor[99025]: DEBUG dbcounter [-] [99025] Writer thread running {{(pid=99025) stat_writer /opt/stack/data/venv/lib/python3.12/site-packages/dbcounter.py:102}}
Aug 06 08:18:44.460844 np0000006641 nova-conductor[99010]: DEBUG dbcounter [-] [99010] Writer thread running {{(pid=99010) stat_writer /opt/stack/data/venv/lib/python3.12/site-packages/dbcounter.py:102}}
Aug 06 08:18:45.363294 np0000006641 nova-conductor[99010]: DEBUG nova.conductor.manager [None req-30d59368-4abf-42f5-ad53-c7dcf11c374f tempest-ServerActionsTestOtherA-533274985 tempest-ServerActionsTestOtherA-533274985-project-member] Took 0.90 seconds to select destinations for 1 instance(s). {{(pid=99010) _schedule_instances /opt/stack/nova/nova/conductor/manager.py:968}}
Aug 06 08:18:45.400678 np0000006641 nova-conductor[99010]: DEBUG oslo_concurrency.lockutils [None req-30d59368-4abf-42f5-ad53-c7dcf11c374f tempest-ServerActionsTestOtherA-533274985 tempest-ServerActionsTestOtherA-533274985-project-member] Acquiring lock "1c3e884c-fba7-4b98-b929-3a44b3f2a107" by "nova.context.set_target_cell..get_or_set_cached_cell_and_set_connections" {{(pid=99010) inner /opt/stack/data/venv/lib/python3.12/site-packages/oslo_concurrency/lockutils.py:512}}
Aug 06 08:18:45.400930 np0000006641 nova-conductor[99010]: DEBUG oslo_concurrency.lockutils [None req-30d59368-4abf-42f5-ad53-c7dcf11c374f tempest-ServerActionsTestOtherA-533274985 tempest-ServerActionsTestOtherA-533274985-project-member] Lock "1c3e884c-fba7-4b98-b929-3a44b3f2a107" acquired by "nova.context.set_target_cell..get_or_set_cached_cell_and_set_connections" :: waited 0.000s {{(pid=99010) inner /opt/stack/data/venv/lib/python3.12/site-packages/oslo_concurrency/lockutils.py:525}}
Aug 06 08:18:45.402794 np0000006641 nova-conductor[99010]: DEBUG oslo_concurrency.lockutils [None req-30d59368-4abf-42f5-ad53-c7dcf11c374f tempest-ServerActionsTestOtherA-533274985 tempest-ServerActionsTestOtherA-533274985-project-member] Lock "1c3e884c-fba7-4b98-b929-3a44b3f2a107" "released" by "nova.context.set_target_cell..get_or_set_cached_cell_and_set_connections" :: held 0.002s {{(pid=99010) inner /opt/stack/data/venv/lib/python3.12/site-packages/oslo_concurrency/lockutils.py:544}}
Aug 06 08:18:45.405161 np0000006641 nova-conductor[99010]: INFO dbcounter [None req-30d59368-4abf-42f5-ad53-c7dcf11c374f tempest-ServerActionsTestOtherA-533274985 tempest-ServerActionsTestOtherA-533274985-project-member] Registered counter for database nova_cell1
Aug 06 08:18:45.460998 np0000006641 nova-conductor[99010]: DEBUG oslo_db.sqlalchemy.engines [None req-30d59368-4abf-42f5-ad53-c7dcf11c374f tempest-ServerActionsTestOtherA-533274985 tempest-ServerActionsTestOtherA-533274985-project-member] MySQL server mode set to STRICT_TRANS_TABLES,STRICT_ALL_TABLES,NO_ZERO_IN_DATE,NO_ZERO_DATE,ERROR_FOR_DIVISION_BY_ZERO,TRADITIONAL,NO_ENGINE_SUBSTITUTION {{(pid=99010) _check_effective_sql_mode /opt/stack/data/venv/lib/python3.12/site-packages/oslo_db/sqlalchemy/engines.py:325}}
Aug 06 08:18:45.472065 np0000006641 nova-conductor[99010]: DEBUG dbcounter [-] [99010] Writer thread running {{(pid=99010) stat_writer /opt/stack/data/venv/lib/python3.12/site-packages/dbcounter.py:102}}
Aug 06 08:18:45.539430 np0000006641 nova-conductor[99010]: INFO nova.utils [None req-30d59368-4abf-42f5-ad53-c7dcf11c374f tempest-ServerActionsTestOtherA-533274985 tempest-ServerActionsTestOtherA-533274985-project-member] The cell worker thread pool ForkProcess-1.cell_worker is initialized
Aug 06 08:18:45.539920 np0000006641 nova-conductor[99010]: DEBUG oslo_concurrency.lockutils [None req-30d59368-4abf-42f5-ad53-c7dcf11c374f tempest-ServerActionsTestOtherA-533274985 tempest-ServerActionsTestOtherA-533274985-project-member] Acquiring lock "00000000-0000-0000-0000-000000000000" by "nova.context.set_target_cell..get_or_set_cached_cell_and_set_connections" {{(pid=99010) inner /opt/stack/data/venv/lib/python3.12/site-packages/oslo_concurrency/lockutils.py:512}}
Aug 06 08:18:45.540019 np0000006641 nova-conductor[99010]: DEBUG oslo_concurrency.lockutils [None req-30d59368-4abf-42f5-ad53-c7dcf11c374f tempest-ServerActionsTestOtherA-533274985 tempest-ServerActionsTestOtherA-533274985-project-member] Lock "00000000-0000-0000-0000-000000000000" acquired by "nova.context.set_target_cell..get_or_set_cached_cell_and_set_connections" :: waited 0.000s {{(pid=99010) inner /opt/stack/data/venv/lib/python3.12/site-packages/oslo_concurrency/lockutils.py:525}}
Aug 06 08:18:45.540481 np0000006641 nova-conductor[99010]: DEBUG oslo_concurrency.lockutils [None req-30d59368-4abf-42f5-ad53-c7dcf11c374f tempest-ServerActionsTestOtherA-533274985 tempest-ServerActionsTestOtherA-533274985-project-member] Lock "00000000-0000-0000-0000-000000000000" "released" by "nova.context.set_target_cell..get_or_set_cached_cell_and_set_connections" :: held 0.000s {{(pid=99010) inner /opt/stack/data/venv/lib/python3.12/site-packages/oslo_concurrency/lockutils.py:544}}
Aug 06 08:18:45.541449 np0000006641 nova-conductor[99010]: DEBUG oslo_concurrency.lockutils [None req-30d59368-4abf-42f5-ad53-c7dcf11c374f tempest-ServerActionsTestOtherA-533274985 tempest-ServerActionsTestOtherA-533274985-project-member] Acquiring lock "1c3e884c-fba7-4b98-b929-3a44b3f2a107" by "nova.context.set_target_cell..get_or_set_cached_cell_and_set_connections" {{(pid=99010) inner /opt/stack/data/venv/lib/python3.12/site-packages/oslo_concurrency/lockutils.py:512}}
Aug 06 08:18:45.542829 np0000006641 nova-conductor[99010]: INFO dbcounter [None req-30d59368-4abf-42f5-ad53-c7dcf11c374f tempest-ServerActionsTestOtherA-533274985 tempest-ServerActionsTestOtherA-533274985-project-member] Registered counter for database nova_cell0
