Jun 03 17:36:02.275792 np0000002084 nova-scheduler[95712]: DEBUG cotyledon.oslo_config_glue [-] oslo_limit.certfile = None {{(pid=95712) log_opt_values /opt/stack/data/venv/lib/python3.12/site-packages/oslo_config/cfg.py:3256}}
Jun 03 17:36:02.275792 np0000002084 nova-scheduler[95712]: DEBUG cotyledon.oslo_config_glue [-] oslo_limit.collect_timing = False {{(pid=95712) log_opt_values /opt/stack/data/venv/lib/python3.12/site-packages/oslo_config/cfg.py:3256}}
Jun 03 17:36:02.275792 np0000002084 nova-scheduler[95712]: DEBUG cotyledon.oslo_config_glue [-] oslo_limit.connect_retries = None {{(pid=95712) log_opt_values /opt/stack/data/venv/lib/python3.12/site-packages/oslo_config/cfg.py:3256}}
Jun 03 17:36:02.275995 np0000002084 nova-scheduler[95712]: DEBUG cotyledon.oslo_config_glue [-] oslo_limit.connect_retry_delay = None {{(pid=95712) log_opt_values /opt/stack/data/venv/lib/python3.12/site-packages/oslo_config/cfg.py:3256}}
Jun 03 17:36:02.275995 np0000002084 nova-scheduler[95712]: DEBUG cotyledon.oslo_config_glue [-] oslo_limit.endpoint_id = None {{(pid=95712) log_opt_values /opt/stack/data/venv/lib/python3.12/site-packages/oslo_config/cfg.py:3256}}
Jun 03 17:36:02.275995 np0000002084 nova-scheduler[95712]: DEBUG cotyledon.oslo_config_glue [-] oslo_limit.endpoint_interface = public {{(pid=95712) log_opt_values /opt/stack/data/venv/lib/python3.12/site-packages/oslo_config/cfg.py:3256}}
Jun 03 17:36:02.275995 np0000002084 nova-scheduler[95712]: DEBUG cotyledon.oslo_config_glue [-] oslo_limit.endpoint_override = None {{(pid=95712) log_opt_values /opt/stack/data/venv/lib/python3.12/site-packages/oslo_config/cfg.py:3256}}
Jun 03 17:36:02.275995 np0000002084 nova-scheduler[95712]: DEBUG cotyledon.oslo_config_glue [-] oslo_limit.endpoint_region_name = None {{(pid=95712) log_opt_values /opt/stack/data/venv/lib/python3.12/site-packages/oslo_config/cfg.py:3256}}
Jun 03 17:36:02.275995 np0000002084 nova-scheduler[95712]: DEBUG cotyledon.oslo_config_glue [-] oslo_limit.endpoint_service_name = None {{(pid=95712) log_opt_values /opt/stack/data/venv/lib/python3.12/site-packages/oslo_config/cfg.py:3256}}
Jun 03 17:36:02.275995 np0000002084 nova-scheduler[95712]: DEBUG cotyledon.oslo_config_glue [-] oslo_limit.endpoint_service_type = None {{(pid=95712) log_opt_values /opt/stack/data/venv/lib/python3.12/site-packages/oslo_config/cfg.py:3256}}
Jun 03 17:36:02.276133 np0000002084 nova-scheduler[95712]: DEBUG cotyledon.oslo_config_glue [-] oslo_limit.insecure = False {{(pid=95712) log_opt_values /opt/stack/data/venv/lib/python3.12/site-packages/oslo_config/cfg.py:3256}}
Jun 03 17:36:02.276133 np0000002084 nova-scheduler[95712]: DEBUG cotyledon.oslo_config_glue [-] oslo_limit.keyfile = None {{(pid=95712) log_opt_values /opt/stack/data/venv/lib/python3.12/site-packages/oslo_config/cfg.py:3256}}
Jun 03 17:36:02.276133 np0000002084 nova-scheduler[95712]: DEBUG cotyledon.oslo_config_glue [-] oslo_limit.max_version = None {{(pid=95712) log_opt_values /opt/stack/data/venv/lib/python3.12/site-packages/oslo_config/cfg.py:3256}}
Jun 03 17:36:02.276133 np0000002084 nova-scheduler[95712]: DEBUG cotyledon.oslo_config_glue [-] oslo_limit.min_version = None {{(pid=95712) log_opt_values /opt/stack/data/venv/lib/python3.12/site-packages/oslo_config/cfg.py:3256}}
Jun 03 17:36:02.276218 np0000002084 nova-scheduler[95712]: DEBUG cotyledon.oslo_config_glue [-] oslo_limit.region_name = None {{(pid=95712) log_opt_values /opt/stack/data/venv/lib/python3.12/site-packages/oslo_config/cfg.py:3256}}
Jun 03 17:36:02.276218 np0000002084 nova-scheduler[95712]: DEBUG cotyledon.oslo_config_glue [-] oslo_limit.retriable_status_codes = None {{(pid=95712) log_opt_values /opt/stack/data/venv/lib/python3.12/site-packages/oslo_config/cfg.py:3256}}
Jun 03 17:36:02.276299 np0000002084 nova-scheduler[95712]: DEBUG cotyledon.oslo_config_glue [-] oslo_limit.service_name = None {{(pid=95712) log_opt_values /opt/stack/data/venv/lib/python3.12/site-packages/oslo_config/cfg.py:3256}}
Jun 03 17:36:02.276299 np0000002084 nova-scheduler[95712]: DEBUG cotyledon.oslo_config_glue [-] oslo_limit.service_type = None {{(pid=95712) log_opt_values /opt/stack/data/venv/lib/python3.12/site-packages/oslo_config/cfg.py:3256}}
Jun 03 17:36:02.276299 np0000002084 nova-scheduler[95712]: DEBUG cotyledon.oslo_config_glue [-] oslo_limit.split_loggers = False {{(pid=95712) log_opt_values /opt/stack/data/venv/lib/python3.12/site-packages/oslo_config/cfg.py:3256}}
Jun 03 17:36:02.276378 np0000002084 nova-scheduler[95712]: DEBUG cotyledon.oslo_config_glue [-] oslo_limit.status_code_retries = None {{(pid=95712) log_opt_values /opt/stack/data/venv/lib/python3.12/site-packages/oslo_config/cfg.py:3256}}
Jun 03 17:36:02.276378 np0000002084 nova-scheduler[95712]: DEBUG cotyledon.oslo_config_glue [-] oslo_limit.status_code_retry_delay = None {{(pid=95712) log_opt_values /opt/stack/data/venv/lib/python3.12/site-packages/oslo_config/cfg.py:3256}}
Jun 03 17:36:02.276431 np0000002084 nova-scheduler[95712]: DEBUG cotyledon.oslo_config_glue [-] oslo_limit.timeout = None {{(pid=95712) log_opt_values /opt/stack/data/venv/lib/python3.12/site-packages/oslo_config/cfg.py:3256}}
Jun 03 17:36:02.276456 np0000002084 nova-scheduler[95712]: DEBUG cotyledon.oslo_config_glue [-] oslo_limit.valid_interfaces = None {{(pid=95712) log_opt_values /opt/stack/data/venv/lib/python3.12/site-packages/oslo_config/cfg.py:3256}}
Jun 03 17:36:02.276485 np0000002084 nova-scheduler[95712]: DEBUG cotyledon.oslo_config_glue [-] oslo_limit.version = None {{(pid=95712) log_opt_values /opt/stack/data/venv/lib/python3.12/site-packages/oslo_config/cfg.py:3256}}
Jun 03 17:36:02.276679 np0000002084 nova-scheduler[95712]: DEBUG cotyledon.oslo_config_glue [-] oslo_reports.file_event_handler = None {{(pid=95712) log_opt_values /opt/stack/data/venv/lib/python3.12/site-packages/oslo_config/cfg.py:3256}}
Jun 03 17:36:02.276720 np0000002084 nova-scheduler[95712]: DEBUG cotyledon.oslo_config_glue [-] oslo_reports.file_event_handler_interval = 1 {{(pid=95712) log_opt_values /opt/stack/data/venv/lib/python3.12/site-packages/oslo_config/cfg.py:3256}}
Jun 03 17:36:02.276747 np0000002084 nova-scheduler[95712]: DEBUG cotyledon.oslo_config_glue [-] oslo_reports.log_dir = None {{(pid=95712) log_opt_values /opt/stack/data/venv/lib/python3.12/site-packages/oslo_config/cfg.py:3256}}
Jun 03 17:36:02.276773 np0000002084 nova-scheduler[95712]: DEBUG cotyledon.oslo_config_glue [-] ******************************************************************************** {{(pid=95712) log_opt_values /opt/stack/data/venv/lib/python3.12/site-packages/oslo_config/cfg.py:3263}}
Jun 03 17:36:02.276922 np0000002084 nova-scheduler[95712]: DEBUG cotyledon._service_worker [-] Run service ServiceWrapper(2) [95712] {{(pid=95712) wait_forever /opt/stack/data/venv/lib/python3.12/site-packages/cotyledon/_service_worker.py:218}}
Jun 03 17:36:02.277995 np0000002084 nova-scheduler[95712]: INFO nova.service [-] Starting scheduler node (version 33.1.0)
Jun 03 17:36:02.281943 np0000002084 nova-scheduler[95712]: INFO dbcounter [None req-1ab905ad-e65a-4637-8cb1-2e37d3b4d1f3 None None] Registered counter for database nova_cell0
Jun 03 17:36:02.291186 np0000002084 nova-scheduler[95710]: DEBUG oslo_db.sqlalchemy.engines [None req-447c2e65-5da3-4e7b-b1eb-46eed6549090 None None] MySQL server mode set to STRICT_TRANS_TABLES,STRICT_ALL_TABLES,NO_ZERO_IN_DATE,NO_ZERO_DATE,ERROR_FOR_DIVISION_BY_ZERO,TRADITIONAL,NO_ENGINE_SUBSTITUTION {{(pid=95710) _check_effective_sql_mode /opt/stack/data/venv/lib/python3.12/site-packages/oslo_db/sqlalchemy/engines.py:325}}
Jun 03 17:36:02.302970 np0000002084 nova-scheduler[95710]: DEBUG dbcounter [-] [95710] Writer thread running {{(pid=95710) stat_writer /opt/stack/data/venv/lib/python3.12/site-packages/dbcounter.py:102}}
Jun 03 17:36:02.305626 np0000002084 nova-scheduler[95708]: DEBUG nova.service [None req-096d87f1-e5c5-489e-b2ac-226f752e668f None None] Creating RPC server for service: nova-scheduler on topic: scheduler {{(pid=95708) start /opt/stack/nova/nova/service.py:195}}
Jun 03 17:36:02.324689 np0000002084 nova-scheduler[95710]: DEBUG nova.service [None req-447c2e65-5da3-4e7b-b1eb-46eed6549090 None None] Creating RPC server for service: nova-scheduler on topic: scheduler {{(pid=95710) start /opt/stack/nova/nova/service.py:195}}
Jun 03 17:36:02.329718 np0000002084 nova-scheduler[95708]: DEBUG nova.service [None req-096d87f1-e5c5-489e-b2ac-226f752e668f None None] Join ServiceGroup membership for this service scheduler {{(pid=95708) start /opt/stack/nova/nova/service.py:221}}
Jun 03 17:36:02.330017 np0000002084 nova-scheduler[95708]: DEBUG nova.servicegroup.drivers.db [None req-096d87f1-e5c5-489e-b2ac-226f752e668f None None] DB_Driver: join new ServiceGroup member np0000002084 to the scheduler group, service = {{(pid=95708) join /opt/stack/nova/nova/servicegroup/drivers/db.py:44}}
Jun 03 17:36:02.336018 np0000002084 nova-scheduler[95712]: DEBUG oslo_db.sqlalchemy.engines [None req-1ab905ad-e65a-4637-8cb1-2e37d3b4d1f3 None None] MySQL server mode set to STRICT_TRANS_TABLES,STRICT_ALL_TABLES,NO_ZERO_IN_DATE,NO_ZERO_DATE,ERROR_FOR_DIVISION_BY_ZERO,TRADITIONAL,NO_ENGINE_SUBSTITUTION {{(pid=95712) _check_effective_sql_mode /opt/stack/data/venv/lib/python3.12/site-packages/oslo_db/sqlalchemy/engines.py:325}}
Jun 03 17:36:02.342872 np0000002084 nova-scheduler[95710]: DEBUG nova.service [None req-447c2e65-5da3-4e7b-b1eb-46eed6549090 None None] Join ServiceGroup membership for this service scheduler {{(pid=95710) start /opt/stack/nova/nova/service.py:221}}
Jun 03 17:36:02.343038 np0000002084 nova-scheduler[95710]: DEBUG nova.servicegroup.drivers.db [None req-447c2e65-5da3-4e7b-b1eb-46eed6549090 None None] DB_Driver: join new ServiceGroup member np0000002084 to the scheduler group, service = {{(pid=95710) join /opt/stack/nova/nova/servicegroup/drivers/db.py:44}}
Jun 03 17:36:02.345020 np0000002084 nova-scheduler[95712]: DEBUG dbcounter [-] [95712] Writer thread running {{(pid=95712) stat_writer /opt/stack/data/venv/lib/python3.12/site-packages/dbcounter.py:102}}
Jun 03 17:36:02.347680 np0000002084 nova-scheduler[95712]: DEBUG nova.service [None req-1ab905ad-e65a-4637-8cb1-2e37d3b4d1f3 None None] Creating RPC server for service: nova-scheduler on topic: scheduler {{(pid=95712) start /opt/stack/nova/nova/service.py:195}}
Jun 03 17:36:02.366614 np0000002084 nova-scheduler[95712]: DEBUG nova.service [None req-1ab905ad-e65a-4637-8cb1-2e37d3b4d1f3 None None] Join ServiceGroup membership for this service scheduler {{(pid=95712) start /opt/stack/nova/nova/service.py:221}}
Jun 03 17:36:02.366864 np0000002084 nova-scheduler[95712]: DEBUG nova.servicegroup.drivers.db [None req-1ab905ad-e65a-4637-8cb1-2e37d3b4d1f3 None None] DB_Driver: join new ServiceGroup member np0000002084 to the scheduler group, service = {{(pid=95712) join /opt/stack/nova/nova/servicegroup/drivers/db.py:44}}
Jun 03 17:36:07.346520 np0000002084 nova-scheduler[95708]: DEBUG oslo.service.backend._threading.loopingcall [-] Fixed interval looping call 'nova.servicegroup.drivers.db.DbDriver._report_state' sleeping for 119.98 seconds {{(pid=95708) _run_loop /opt/stack/data/venv/lib/python3.12/site-packages/oslo_service/backend/_threading/loopingcall.py:125}}
Jun 03 17:36:07.349439 np0000002084 nova-scheduler[95710]: DEBUG oslo.service.backend._threading.loopingcall [-] Fixed interval looping call 'nova.servicegroup.drivers.db.DbDriver._report_state' sleeping for 120.00 seconds {{(pid=95710) _run_loop /opt/stack/data/venv/lib/python3.12/site-packages/oslo_service/backend/_threading/loopingcall.py:125}}
Jun 03 17:36:07.372502 np0000002084 nova-scheduler[95712]: DEBUG oslo.service.backend._threading.loopingcall [None req-372fe8b3-31b1-4bae-88f1-a0c61eaca52f None None] Dynamic interval looping call 'nova.service.Service.periodic_tasks' sleeping for 60.00 seconds {{(pid=95712) _run_loop /opt/stack/data/venv/lib/python3.12/site-packages/oslo_service/backend/_threading/loopingcall.py:125}}
Jun 03 17:36:07.379750 np0000002084 nova-scheduler[95712]: DEBUG oslo.service.backend._threading.loopingcall [-] Fixed interval looping call 'nova.servicegroup.drivers.db.DbDriver._report_state' sleeping for 119.99 seconds {{(pid=95712) _run_loop /opt/stack/data/venv/lib/python3.12/site-packages/oslo_service/backend/_threading/loopingcall.py:125}}
Jun 03 17:36:10.894249 np0000002084 nova-scheduler[94421]: DEBUG dbcounter [-] [94421] Writing DB stats nova_api:SELECT=3 {{(pid=94421) stat_writer /opt/stack/data/venv/lib/python3.12/site-packages/dbcounter.py:115}}
Jun 03 17:36:11.042136 np0000002084 nova-scheduler[94421]: DEBUG dbcounter [-] [94421] Writing DB stats nova_cell0:SELECT=1 {{(pid=94421) stat_writer /opt/stack/data/venv/lib/python3.12/site-packages/dbcounter.py:115}}
Jun 03 17:36:11.043568 np0000002084 nova-scheduler[94421]: DEBUG dbcounter [-] [94421] Writing DB stats nova_cell1:SELECT=1 {{(pid=94421) stat_writer /opt/stack/data/venv/lib/python3.12/site-packages/dbcounter.py:115}}
Jun 03 17:36:17.340062 np0000002084 nova-scheduler[95708]: DEBUG dbcounter [-] [95708] Writing DB stats nova_cell0:SELECT=4,nova_cell0:INSERT=1,nova_cell0:UPDATE=1 {{(pid=95708) stat_writer /opt/stack/data/venv/lib/python3.12/site-packages/dbcounter.py:115}}
Jun 03 17:36:17.347414 np0000002084 nova-scheduler[95710]: DEBUG dbcounter [-] [95710] Writing DB stats nova_cell0:SELECT=4,nova_cell0:INSERT=1 {{(pid=95710) stat_writer /opt/stack/data/venv/lib/python3.12/site-packages/dbcounter.py:115}}
Jun 03 17:36:17.376821 np0000002084 nova-scheduler[95712]: DEBUG dbcounter [-] [95712] Writing DB stats nova_cell0:SELECT=3 {{(pid=95712) stat_writer /opt/stack/data/venv/lib/python3.12/site-packages/dbcounter.py:115}}
Jun 03 17:36:43.332050 np0000002084 nova-scheduler[95708]: DEBUG oslo.service.backend._threading.loopingcall [None req-52701609-1922-47b5-8040-8302e3ec1c9f None None] Dynamic interval looping call 'nova.service.Service.periodic_tasks' sleeping for 60.00 seconds {{(pid=95708) _run_loop /opt/stack/data/venv/lib/python3.12/site-packages/oslo_service/backend/_threading/loopingcall.py:125}}
Jun 03 17:36:43.346054 np0000002084 nova-scheduler[95710]: DEBUG oslo.service.backend._threading.loopingcall [None req-35d8c5b2-dc5c-4ffc-9a4e-f1e8de867c63 None None] Dynamic interval looping call 'nova.service.Service.periodic_tasks' sleeping for 60.00 seconds {{(pid=95710) _run_loop /opt/stack/data/venv/lib/python3.12/site-packages/oslo_service/backend/_threading/loopingcall.py:125}}
Jun 03 17:37:07.372982 np0000002084 nova-scheduler[95712]: DEBUG oslo.service.backend._threading.loopingcall [None req-372fe8b3-31b1-4bae-88f1-a0c61eaca52f None None] Dynamic interval looping call 'nova.service.Service.periodic_tasks' sleeping for 60.00 seconds {{(pid=95712) _run_loop /opt/stack/data/venv/lib/python3.12/site-packages/oslo_service/backend/_threading/loopingcall.py:125}}
Jun 03 17:37:43.332516 np0000002084 nova-scheduler[95708]: DEBUG oslo.service.backend._threading.loopingcall [None req-52701609-1922-47b5-8040-8302e3ec1c9f None None] Dynamic interval looping call 'nova.service.Service.periodic_tasks' sleeping for 60.00 seconds {{(pid=95708) _run_loop /opt/stack/data/venv/lib/python3.12/site-packages/oslo_service/backend/_threading/loopingcall.py:125}}
Jun 03 17:37:43.346766 np0000002084 nova-scheduler[95710]: DEBUG oslo.service.backend._threading.loopingcall [None req-35d8c5b2-dc5c-4ffc-9a4e-f1e8de867c63 None None] Dynamic interval looping call 'nova.service.Service.periodic_tasks' sleeping for 60.00 seconds {{(pid=95710) _run_loop /opt/stack/data/venv/lib/python3.12/site-packages/oslo_service/backend/_threading/loopingcall.py:125}}
Jun 03 17:38:07.333040 np0000002084 nova-scheduler[95708]: DEBUG oslo.service.backend._threading.loopingcall [-] Fixed interval looping call 'nova.servicegroup.drivers.db.DbDriver._report_state' sleeping for 119.99 seconds {{(pid=95708) _run_loop /opt/stack/data/venv/lib/python3.12/site-packages/oslo_service/backend/_threading/loopingcall.py:125}}
Jun 03 17:38:07.353402 np0000002084 nova-scheduler[95710]: DEBUG oslo.service.backend._threading.loopingcall [-] Fixed interval looping call 'nova.servicegroup.drivers.db.DbDriver._report_state' sleeping for 120.00 seconds {{(pid=95710) _run_loop /opt/stack/data/venv/lib/python3.12/site-packages/oslo_service/backend/_threading/loopingcall.py:125}}
Jun 03 17:38:07.373605 np0000002084 nova-scheduler[95712]: DEBUG oslo.service.backend._threading.loopingcall [None req-372fe8b3-31b1-4bae-88f1-a0c61eaca52f None None] Dynamic interval looping call 'nova.service.Service.periodic_tasks' sleeping for 60.00 seconds {{(pid=95712) _run_loop /opt/stack/data/venv/lib/python3.12/site-packages/oslo_service/backend/_threading/loopingcall.py:125}}
Jun 03 17:38:07.374288 np0000002084 nova-scheduler[95712]: DEBUG oslo.service.backend._threading.loopingcall [-] Fixed interval looping call 'nova.servicegroup.drivers.db.DbDriver._report_state' sleeping for 120.00 seconds {{(pid=95712) _run_loop /opt/stack/data/venv/lib/python3.12/site-packages/oslo_service/backend/_threading/loopingcall.py:125}}
Jun 03 17:38:17.330163 np0000002084 nova-scheduler[95708]: DEBUG dbcounter [-] [95708] Writing DB stats nova_cell0:SELECT=1,nova_cell0:UPDATE=1 {{(pid=95708) stat_writer /opt/stack/data/venv/lib/python3.12/site-packages/dbcounter.py:115}}
Jun 03 17:38:17.351513 np0000002084 nova-scheduler[95710]: DEBUG dbcounter [-] [95710] Writing DB stats nova_cell0:SELECT=1 {{(pid=95710) stat_writer /opt/stack/data/venv/lib/python3.12/site-packages/dbcounter.py:115}}
Jun 03 17:38:17.372023 np0000002084 nova-scheduler[95712]: DEBUG dbcounter [-] [95712] Writing DB stats nova_cell0:SELECT=1 {{(pid=95712) stat_writer /opt/stack/data/venv/lib/python3.12/site-packages/dbcounter.py:115}}
Jun 03 17:38:43.333270 np0000002084 nova-scheduler[95708]: DEBUG oslo.service.backend._threading.loopingcall [None req-52701609-1922-47b5-8040-8302e3ec1c9f None None] Dynamic interval looping call 'nova.service.Service.periodic_tasks' sleeping for 60.00 seconds {{(pid=95708) _run_loop /opt/stack/data/venv/lib/python3.12/site-packages/oslo_service/backend/_threading/loopingcall.py:125}}
Jun 03 17:38:43.347513 np0000002084 nova-scheduler[95710]: DEBUG oslo.service.backend._threading.loopingcall [None req-35d8c5b2-dc5c-4ffc-9a4e-f1e8de867c63 None None] Dynamic interval looping call 'nova.service.Service.periodic_tasks' sleeping for 60.00 seconds {{(pid=95710) _run_loop /opt/stack/data/venv/lib/python3.12/site-packages/oslo_service/backend/_threading/loopingcall.py:125}}
Jun 03 17:38:53.567822 np0000002084 nova-scheduler[95708]: DEBUG nova.scheduler.manager [None req-3e579424-f553-47c4-8da2-908c4dbd1ca7 tempest-ServerActionsTestOtherA-1401631021 tempest-ServerActionsTestOtherA-1401631021-project-member] Starting to schedule for instances: ['4cc67a14-fce8-4fb8-ad32-ea127c4587f9'] {{(pid=95708) select_destinations /opt/stack/nova/nova/scheduler/manager.py:210}}
Jun 03 17:38:53.568346 np0000002084 nova-scheduler[95708]: DEBUG nova.scheduler.request_filter [None req-3e579424-f553-47c4-8da2-908c4dbd1ca7 tempest-ServerActionsTestOtherA-1401631021 tempest-ServerActionsTestOtherA-1401631021-project-member] compute_status_filter request filter added forbidden trait COMPUTE_STATUS_DISABLED {{(pid=95708) compute_status_filter /opt/stack/nova/nova/scheduler/request_filter.py:253}}
Jun 03 17:38:53.568507 np0000002084 nova-scheduler[95708]: DEBUG nova.scheduler.request_filter [None req-3e579424-f553-47c4-8da2-908c4dbd1ca7 tempest-ServerActionsTestOtherA-1401631021 tempest-ServerActionsTestOtherA-1401631021-project-member] Request filter 'compute_status_filter' took 0.0 seconds {{(pid=95708) wrapper /opt/stack/nova/nova/scheduler/request_filter.py:46}}
Jun 03 17:38:53.568989 np0000002084 nova-scheduler[95708]: DEBUG nova.scheduler.request_filter [None req-3e579424-f553-47c4-8da2-908c4dbd1ca7 tempest-ServerActionsTestOtherA-1401631021 tempest-ServerActionsTestOtherA-1401631021-project-member] Request filter 'accelerators_filter' took 0.0 seconds {{(pid=95708) wrapper /opt/stack/nova/nova/scheduler/request_filter.py:46}}
Jun 03 17:38:53.568989 np0000002084 nova-scheduler[95708]: DEBUG nova.scheduler.request_filter [None req-3e579424-f553-47c4-8da2-908c4dbd1ca7 tempest-ServerActionsTestOtherA-1401631021 tempest-ServerActionsTestOtherA-1401631021-project-member] Request filter 'packed_virtqueue_filter' took 0.0 seconds {{(pid=95708) wrapper /opt/stack/nova/nova/scheduler/request_filter.py:46}}
Jun 03 17:38:53.570224 np0000002084 nova-scheduler[95708]: DEBUG nova.scheduler.request_filter [None req-3e579424-f553-47c4-8da2-908c4dbd1ca7 tempest-ServerActionsTestOtherA-1401631021 tempest-ServerActionsTestOtherA-1401631021-project-member] Request filter 'remote_managed_ports_filter' took 0.0 seconds {{(pid=95708) wrapper /opt/stack/nova/nova/scheduler/request_filter.py:46}}
Jun 03 17:38:53.570224 np0000002084 nova-scheduler[95708]: DEBUG nova.scheduler.request_filter [None req-3e579424-f553-47c4-8da2-908c4dbd1ca7 tempest-ServerActionsTestOtherA-1401631021 tempest-ServerActionsTestOtherA-1401631021-project-member] ephemeral_encryption_filter skipped {{(pid=95708) ephemeral_encryption_filter /opt/stack/nova/nova/scheduler/request_filter.py:426}}
Jun 03 17:38:53.570224 np0000002084 nova-scheduler[95708]: DEBUG nova.scheduler.request_filter [None req-3e579424-f553-47c4-8da2-908c4dbd1ca7 tempest-ServerActionsTestOtherA-1401631021 tempest-ServerActionsTestOtherA-1401631021-project-member] virtio_sound_filter skipped {{(pid=95708) virtio_sound_filter /opt/stack/nova/nova/scheduler/request_filter.py:460}}
Jun 03 17:38:53.570224 np0000002084 nova-scheduler[95708]: DEBUG nova.scheduler.request_filter [None req-3e579424-f553-47c4-8da2-908c4dbd1ca7 tempest-ServerActionsTestOtherA-1401631021 tempest-ServerActionsTestOtherA-1401631021-project-member] tpm_secret_security_filter skipped {{(pid=95708) tpm_secret_security_filter /opt/stack/nova/nova/scheduler/request_filter.py:477}}
Jun 03 17:38:54.057346 np0000002084 nova-scheduler[95708]: INFO nova.utils [None req-3e579424-f553-47c4-8da2-908c4dbd1ca7 tempest-ServerActionsTestOtherA-1401631021 tempest-ServerActionsTestOtherA-1401631021-project-member] The cell worker thread pool ForkProcess-1.cell_worker is initialized
Jun 03 17:38:54.058342 np0000002084 nova-scheduler[95708]: DEBUG oslo_concurrency.lockutils [None req-3e579424-f553-47c4-8da2-908c4dbd1ca7 tempest-ServerActionsTestOtherA-1401631021 tempest-ServerActionsTestOtherA-1401631021-project-member] Acquiring lock "ee09ae9a-f417-4cbf-a7f4-2b38410b6728" by "nova.context.set_target_cell..get_or_set_cached_cell_and_set_connections" {{(pid=95708) inner /opt/stack/data/venv/lib/python3.12/site-packages/oslo_concurrency/lockutils.py:511}}
Jun 03 17:38:54.058342 np0000002084 nova-scheduler[95708]: DEBUG oslo_concurrency.lockutils [None req-3e579424-f553-47c4-8da2-908c4dbd1ca7 tempest-ServerActionsTestOtherA-1401631021 tempest-ServerActionsTestOtherA-1401631021-project-member] Lock "ee09ae9a-f417-4cbf-a7f4-2b38410b6728" acquired by "nova.context.set_target_cell..get_or_set_cached_cell_and_set_connections" :: waited 0.000s {{(pid=95708) inner /opt/stack/data/venv/lib/python3.12/site-packages/oslo_concurrency/lockutils.py:524}}
Jun 03 17:38:54.059660 np0000002084 nova-scheduler[95708]: DEBUG oslo_concurrency.lockutils [None req-3e579424-f553-47c4-8da2-908c4dbd1ca7 tempest-ServerActionsTestOtherA-1401631021 tempest-ServerActionsTestOtherA-1401631021-project-member] Lock "ee09ae9a-f417-4cbf-a7f4-2b38410b6728" "released" by "nova.context.set_target_cell..get_or_set_cached_cell_and_set_connections" :: held 0.002s {{(pid=95708) inner /opt/stack/data/venv/lib/python3.12/site-packages/oslo_concurrency/lockutils.py:543}}
Jun 03 17:38:54.061296 np0000002084 nova-scheduler[95708]: INFO dbcounter [None req-3e579424-f553-47c4-8da2-908c4dbd1ca7 tempest-ServerActionsTestOtherA-1401631021 tempest-ServerActionsTestOtherA-1401631021-project-member] Registered counter for database nova_cell1
Jun 03 17:38:54.099960 np0000002084 nova-scheduler[95708]: DEBUG oslo_db.sqlalchemy.engines [None req-3e579424-f553-47c4-8da2-908c4dbd1ca7 tempest-ServerActionsTestOtherA-1401631021 tempest-ServerActionsTestOtherA-1401631021-project-member] MySQL server mode set to STRICT_TRANS_TABLES,STRICT_ALL_TABLES,NO_ZERO_IN_DATE,NO_ZERO_DATE,ERROR_FOR_DIVISION_BY_ZERO,TRADITIONAL,NO_ENGINE_SUBSTITUTION {{(pid=95708) _check_effective_sql_mode /opt/stack/data/venv/lib/python3.12/site-packages/oslo_db/sqlalchemy/engines.py:325}}
Jun 03 17:38:54.105179 np0000002084 nova-scheduler[95708]: DEBUG dbcounter [-] [95708] Writer thread running {{(pid=95708) stat_writer /opt/stack/data/venv/lib/python3.12/site-packages/dbcounter.py:102}}
Jun 03 17:38:54.114601 np0000002084 nova-scheduler[95708]: DEBUG oslo_db.sqlalchemy.engines [None req-3e579424-f553-47c4-8da2-908c4dbd1ca7 tempest-ServerActionsTestOtherA-1401631021 tempest-ServerActionsTestOtherA-1401631021-project-member] Parent process 94421 forked (95708) with an open database connection, which is being discarded and recreated. {{(pid=95708) checkout /opt/stack/data/venv/lib/python3.12/site-packages/oslo_db/sqlalchemy/engines.py:402}}
Jun 03 17:38:54.151480 np0000002084 nova-scheduler[95708]: DEBUG dbcounter [-] [95708] Writer thread running {{(pid=95708) stat_writer /opt/stack/data/venv/lib/python3.12/site-packages/dbcounter.py:102}}
Jun 03 17:38:54.154085 np0000002084 nova-scheduler[95708]: DEBUG oslo_concurrency.lockutils [None req-3e579424-f553-47c4-8da2-908c4dbd1ca7 tempest-ServerActionsTestOtherA-1401631021 tempest-ServerActionsTestOtherA-1401631021-project-member] Acquiring lock "ee09ae9a-f417-4cbf-a7f4-2b38410b6728" by "nova.context.set_target_cell..get_or_set_cached_cell_and_set_connections" {{(pid=95708) inner /opt/stack/data/venv/lib/python3.12/site-packages/oslo_concurrency/lockutils.py:511}}
Jun 03 17:38:54.154768 np0000002084 nova-scheduler[95708]: DEBUG oslo_concurrency.lockutils [None req-3e579424-f553-47c4-8da2-908c4dbd1ca7 tempest-ServerActionsTestOtherA-1401631021 tempest-ServerActionsTestOtherA-1401631021-project-member] Lock "ee09ae9a-f417-4cbf-a7f4-2b38410b6728" acquired by "nova.context.set_target_cell..get_or_set_cached_cell_and_set_connections" :: waited 0.000s {{(pid=95708) inner /opt/stack/data/venv/lib/python3.12/site-packages/oslo_concurrency/lockutils.py:524}}
Jun 03 17:38:54.154768 np0000002084 nova-scheduler[95708]: DEBUG oslo_concurrency.lockutils [None req-3e579424-f553-47c4-8da2-908c4dbd1ca7 tempest-ServerActionsTestOtherA-1401631021 tempest-ServerActionsTestOtherA-1401631021-project-member] Lock "ee09ae9a-f417-4cbf-a7f4-2b38410b6728" "released" by "nova.context.set_target_cell..get_or_set_cached_cell_and_set_connections" :: held 0.000s {{(pid=95708) inner /opt/stack/data/venv/lib/python3.12/site-packages/oslo_concurrency/lockutils.py:543}}
Jun 03 17:38:54.157414 np0000002084 nova-scheduler[95708]: DEBUG oslo_concurrency.lockutils [None req-3e579424-f553-47c4-8da2-908c4dbd1ca7 tempest-ServerActionsTestOtherA-1401631021 tempest-ServerActionsTestOtherA-1401631021-project-member] Acquiring lock "('np0000002084', 'np0000002084')" by "nova.scheduler.host_manager.HostState.update.._locked_update" {{(pid=95708) inner /opt/stack/data/venv/lib/python3.12/site-packages/oslo_concurrency/lockutils.py:511}}
Jun 03 17:38:54.157611 np0000002084 nova-scheduler[95708]: DEBUG oslo_concurrency.lockutils [None req-3e579424-f553-47c4-8da2-908c4dbd1ca7 tempest-ServerActionsTestOtherA-1401631021 tempest-ServerActionsTestOtherA-1401631021-project-member] Lock "('np0000002084', 'np0000002084')" acquired by "nova.scheduler.host_manager.HostState.update.._locked_update" :: waited 0.000s {{(pid=95708) inner /opt/stack/data/venv/lib/python3.12/site-packages/oslo_concurrency/lockutils.py:524}}
Jun 03 17:38:54.158767 np0000002084 nova-scheduler[95708]: DEBUG nova.scheduler.host_manager [None req-3e579424-f553-47c4-8da2-908c4dbd1ca7 tempest-ServerActionsTestOtherA-1401631021 tempest-ServerActionsTestOtherA-1401631021-project-member] Update host state from compute node: ComputeNode(cpu_allocation_ratio=4.0,cpu_info='{"arch": "x86_64", "model": "EPYC-Milan", "vendor": "AMD", "topology": {"cells": 1, "sockets": 12, "cores": 1, "threads": 1}, "maxphysaddr": {"mode": "emulate", "bits": 40}, "features": ["x2apic", "lm", "umip", "pcid", "xsavec", "pat", "skip-l1dfl-vmentry", "nx", "rdrand", "xsaves", "pae", "fxsr", "movbe", "lbrv", "lahf_lm", "xgetbv1", "mce", "amd-psfd", "ibpb", "fma", "mds-no", "ssbd", "svm", "rdpid", "syscall", "stibp-always-on", "pause-filter", "cx8", "avx", "wbnoinvd", "tsc_adjust", "fpu", "cmp_legacy", "bmi2", "pdpe1gb", "svme-addr-chk", "xsave", "sse4.2", "lfence-always-serializing", "npt", "sse4a", "arch-capabilities", "flushbyasid", "sep", "sse4.1", "mtrr", "amd-stibp", "smep", "smap", "pclmuldq", "cx16", "pni", "rdseed", "msr", "pku", "f16c", "vme", "v-vmsave-vmload", "popcnt", "fsrm", "null-sel-clr-base", "tsc-deadline", "bmi1", "mca", "pschange-mc-no", "invpcid", "pse", "xsaveopt", "tsc", "aes", "sha-ni", "apic", "cr8legacy", "sse2", "fsgsbase", "tsc-scale", "sse", "vgif", "mmxext", "vmcb-clean", "adx", "cmov", "fxsr_opt", "gds-no", "de", "virt-ssbd", "stibp", "rdctl-no", "pfthreshold", "hypervisor", "avx2", "xsaveerptr", "clflushopt", "arat", "abm", "pge", "clwb", "clflush", "erms", "vpclmulqdq", "misalignsse", "spec-ctrl", "pse36", "mmx", "clzero", "topoext", "ssse3", "osvw", "ibrs", "amd-ssbd", "rdtscp", "no-nested-data-bp", "nrip-save", "3dnowprefetch", "perfctr_core", "vaes"]}',created_at=2026-06-03T17:36:27Z,current_workload=0,deleted=False,deleted_at=None,disk_allocation_ratio=1.0,disk_available_least=74,free_disk_gb=95,free_ram_mb=23518,host='np0000002084',host_ip=10.4.3.60,hypervisor_hostname='np0000002084',hypervisor_type='QEMU',hypervisor_version=8002002,id=1,local_gb=95,local_gb_used=0,mapped=1,memory_mb=24030,memory_mb_used=512,metrics='[]',numa_topology='{"nova_object.name": "NUMATopology", "nova_object.namespace": "nova", "nova_object.version": "1.2", "nova_object.data": {"cells": [{"nova_object.name": "NUMACell", "nova_object.namespace": "nova", "nova_object.version": "1.5", "nova_object.data": {"id": 0, "cpuset": [0, 1, 2, 3, 4, 5, 6, 7, 8, 9, 10, 11], "pcpuset": [0, 1, 2, 3, 4, 5, 6, 7, 8, 9, 10, 11], "memory": 24030, "cpu_usage": 0, "memory_usage": 0, "pinned_cpus": [], "siblings": [[6], [2], [5], [11], [8], [4], [1], [7], [10], [0], [3], [9]], "mempages": [{"nova_object.name": "NUMAPagesTopology", "nova_object.namespace": "nova", "nova_object.version": "1.1", "nova_object.data": {"size_kb": 4, "total": 6151797, "used": 0, "reserved": 0}, "nova_object.changes": ["size_kb", "reserved", "used", "total"]}, {"nova_object.name": "NUMAPagesTopology", "nova_object.namespace": "nova", "nova_object.version": "1.1", "nova_object.data": {"size_kb": 2048, "total": 0, "used": 0, "reserved": 0}, "nova_object.changes": ["size_kb", "reserved", "used", "total"]}, {"nova_object.name": "NUMAPagesTopology", "nova_object.namespace": "nova", "nova_object.version": "1.1", "nova_object.data": {"size_kb": 1048576, "total": 0, "used": 0, "reserved": 0}, "nova_object.changes": ["size_kb", "reserved", "used", "total"]}], "network_metadata": {"nova_object.name": "NetworkMetadata", "nova_object.namespace": "nova", "nova_object.version": "1.0", "nova_object.data": {"physnets": [], "tunneled": false}, "nova_object.changes": ["physnets", "tunneled"]}, "socket": null}, "nova_object.changes": ["siblings", "pcpuset", "cpuset", "pinned_cpus", "socket", "memory_usage", "id", "memory", "mempages", "cpu_usage", "network_metadata"]}]}, "nova_object.changes": ["cells"]}',pci_device_pools=PciDevicePoolList,ram_allocation_ratio=1.0,running_vms=0,service_id=2,stats={failed_builds='0',uptime=' 17:38:13 up 27 min, 2 users, load average: 1.21, 1.59, 0.96
Jun 03 17:38:54.158767 np0000002084 nova-scheduler[95708]: '},supported_hv_specs=[HVSpec,HVSpec,HVSpec,HVSpec,HVSpec,HVSpec,HVSpec,HVSpec,HVSpec,HVSpec,HVSpec,HVSpec,HVSpec,HVSpec,HVSpec,HVSpec,HVSpec,HVSpec,HVSpec,HVSpec,HVSpec,HVSpec,HVSpec,HVSpec,HVSpec],updated_at=2026-06-03T17:38:15Z,uuid=641ed24f-75d6-406f-a415-d48eae6fe7bb,vcpus=12,vcpus_used=0) {{(pid=95708) _locked_update /opt/stack/nova/nova/scheduler/host_manager.py:168}}
Jun 03 17:38:54.159533 np0000002084 nova-scheduler[95708]: DEBUG nova.scheduler.host_manager [None req-3e579424-f553-47c4-8da2-908c4dbd1ca7 tempest-ServerActionsTestOtherA-1401631021 tempest-ServerActionsTestOtherA-1401631021-project-member] Update host state with aggregates: [] {{(pid=95708) _locked_update /opt/stack/nova/nova/scheduler/host_manager.py:171}}
Jun 03 17:38:54.159973 np0000002084 nova-scheduler[95708]: DEBUG nova.scheduler.host_manager [None req-3e579424-f553-47c4-8da2-908c4dbd1ca7 tempest-ServerActionsTestOtherA-1401631021 tempest-ServerActionsTestOtherA-1401631021-project-member] Update host state with service dict: {'id': 2, 'uuid': '8892fa67-be76-4001-a05e-05629d9f10c4', 'host': 'np0000002084', 'binary': 'nova-compute', 'topic': 'compute', 'report_count': 2, 'disabled': False, 'disabled_reason': None, 'last_seen_up': datetime.datetime(2026, 6, 3, 17, 38, 35, tzinfo=datetime.timezone.utc), 'forced_down': False, 'version': 72, 'created_at': datetime.datetime(2026, 6, 3, 17, 36, 25, tzinfo=datetime.timezone.utc), 'updated_at': datetime.datetime(2026, 6, 3, 17, 38, 35, tzinfo=datetime.timezone.utc), 'deleted_at': None, 'deleted': False} {{(pid=95708) _locked_update /opt/stack/nova/nova/scheduler/host_manager.py:174}}
Jun 03 17:38:54.159973 np0000002084 nova-scheduler[95708]: DEBUG nova.scheduler.host_manager [None req-3e579424-f553-47c4-8da2-908c4dbd1ca7 tempest-ServerActionsTestOtherA-1401631021 tempest-ServerActionsTestOtherA-1401631021-project-member] Update host state with instances: [] {{(pid=95708) _locked_update /opt/stack/nova/nova/scheduler/host_manager.py:177}}
Jun 03 17:38:54.159973 np0000002084 nova-scheduler[95708]: DEBUG oslo_concurrency.lockutils [None req-3e579424-f553-47c4-8da2-908c4dbd1ca7 tempest-ServerActionsTestOtherA-1401631021 tempest-ServerActionsTestOtherA-1401631021-project-member] Lock "('np0000002084', 'np0000002084')" "released" by "nova.scheduler.host_manager.HostState.update.._locked_update" :: held 0.002s {{(pid=95708) inner /opt/stack/data/venv/lib/python3.12/site-packages/oslo_concurrency/lockutils.py:543}}
Jun 03 17:38:54.160437 np0000002084 nova-scheduler[95708]: DEBUG nova.filters [None req-3e579424-f553-47c4-8da2-908c4dbd1ca7 tempest-ServerActionsTestOtherA-1401631021 tempest-ServerActionsTestOtherA-1401631021-project-member] Starting with 1 host(s) {{(pid=95708) get_filtered_objects /opt/stack/nova/nova/filters.py:70}}
Jun 03 17:38:54.160733 np0000002084 nova-scheduler[95708]: DEBUG nova.filters [None req-3e579424-f553-47c4-8da2-908c4dbd1ca7 tempest-ServerActionsTestOtherA-1401631021 tempest-ServerActionsTestOtherA-1401631021-project-member] Filter ComputeFilter returned 1 host(s) {{(pid=95708) get_filtered_objects /opt/stack/nova/nova/filters.py:102}}
Jun 03 17:38:54.160907 np0000002084 nova-scheduler[95708]: DEBUG nova.filters [None req-3e579424-f553-47c4-8da2-908c4dbd1ca7 tempest-ServerActionsTestOtherA-1401631021 tempest-ServerActionsTestOtherA-1401631021-project-member] Filter ComputeCapabilitiesFilter returned 1 host(s) {{(pid=95708) get_filtered_objects /opt/stack/nova/nova/filters.py:102}}
Jun 03 17:38:54.161187 np0000002084 nova-scheduler[95708]: DEBUG nova.filters [None req-3e579424-f553-47c4-8da2-908c4dbd1ca7 tempest-ServerActionsTestOtherA-1401631021 tempest-ServerActionsTestOtherA-1401631021-project-member] Filter ImagePropertiesFilter returned 1 host(s) {{(pid=95708) get_filtered_objects /opt/stack/nova/nova/filters.py:102}}
Jun 03 17:38:54.161242 np0000002084 nova-scheduler[95708]: DEBUG nova.filters [None req-3e579424-f553-47c4-8da2-908c4dbd1ca7 tempest-ServerActionsTestOtherA-1401631021 tempest-ServerActionsTestOtherA-1401631021-project-member] Filter ServerGroupAntiAffinityFilter returned 1 host(s) {{(pid=95708) get_filtered_objects /opt/stack/nova/nova/filters.py:102}}
Jun 03 17:38:54.161404 np0000002084 nova-scheduler[95708]: DEBUG nova.filters [None req-3e579424-f553-47c4-8da2-908c4dbd1ca7 tempest-ServerActionsTestOtherA-1401631021 tempest-ServerActionsTestOtherA-1401631021-project-member] Filter ServerGroupAffinityFilter returned 1 host(s) {{(pid=95708) get_filtered_objects /opt/stack/nova/nova/filters.py:102}}
Jun 03 17:38:54.162041 np0000002084 nova-scheduler[95708]: DEBUG nova.filters [None req-3e579424-f553-47c4-8da2-908c4dbd1ca7 tempest-ServerActionsTestOtherA-1401631021 tempest-ServerActionsTestOtherA-1401631021-project-member] Filter SameHostFilter returned 1 host(s) {{(pid=95708) get_filtered_objects /opt/stack/nova/nova/filters.py:102}}
Jun 03 17:38:54.162041 np0000002084 nova-scheduler[95708]: DEBUG nova.filters [None req-3e579424-f553-47c4-8da2-908c4dbd1ca7 tempest-ServerActionsTestOtherA-1401631021 tempest-ServerActionsTestOtherA-1401631021-project-member] Filter DifferentHostFilter returned 1 host(s) {{(pid=95708) get_filtered_objects /opt/stack/nova/nova/filters.py:102}}
Jun 03 17:38:54.162041 np0000002084 nova-scheduler[95708]: DEBUG nova.scheduler.manager [None req-3e579424-f553-47c4-8da2-908c4dbd1ca7 tempest-ServerActionsTestOtherA-1401631021 tempest-ServerActionsTestOtherA-1401631021-project-member] Filtered [(np0000002084, np0000002084) ram: 23518MB disk: 75776MB io_ops: 0 instances: 0, allocation_candidates: 1] {{(pid=95708) _get_sorted_hosts /opt/stack/nova/nova/scheduler/manager.py:743}}
Jun 03 17:38:54.162041 np0000002084 nova-scheduler[95708]: DEBUG nova.scheduler.manager [None req-3e579424-f553-47c4-8da2-908c4dbd1ca7 tempest-ServerActionsTestOtherA-1401631021 tempest-ServerActionsTestOtherA-1401631021-project-member] Weighed [WeighedHost [host: (np0000002084, np0000002084) ram: 23518MB disk: 75776MB io_ops: 0 instances: 0, allocation_candidates: 1, weight: 0.0]] {{(pid=95708) _get_sorted_hosts /opt/stack/nova/nova/scheduler/manager.py:765}}
Jun 03 17:38:54.162186 np0000002084 nova-scheduler[95708]: DEBUG nova.scheduler.utils [None req-3e579424-f553-47c4-8da2-908c4dbd1ca7 tempest-ServerActionsTestOtherA-1401631021 tempest-ServerActionsTestOtherA-1401631021-project-member] Attempting to claim resources in the placement API for instance 4cc67a14-fce8-4fb8-ad32-ea127c4587f9 {{(pid=95708) claim_resources /opt/stack/nova/nova/scheduler/utils.py:1345}}
Jun 03 17:38:54.312389 np0000002084 nova-scheduler[95708]: DEBUG nova.scheduler.manager [None req-3e579424-f553-47c4-8da2-908c4dbd1ca7 tempest-ServerActionsTestOtherA-1401631021 tempest-ServerActionsTestOtherA-1401631021-project-member] [instance: 4cc67a14-fce8-4fb8-ad32-ea127c4587f9] Selected host: (np0000002084, np0000002084) ram: 23518MB disk: 75776MB io_ops: 0 instances: 0, allocation_candidates: 1 {{(pid=95708) _consume_selected_host /opt/stack/nova/nova/scheduler/manager.py:625}}
Jun 03 17:38:54.313666 np0000002084 nova-scheduler[95708]: DEBUG oslo_concurrency.lockutils [None req-3e579424-f553-47c4-8da2-908c4dbd1ca7 tempest-ServerActionsTestOtherA-1401631021 tempest-ServerActionsTestOtherA-1401631021-project-member] Acquiring lock "('np0000002084', 'np0000002084')" by "nova.scheduler.host_manager.HostState.consume_from_request.._locked" {{(pid=95708) inner /opt/stack/data/venv/lib/python3.12/site-packages/oslo_concurrency/lockutils.py:511}}
Jun 03 17:38:54.313666 np0000002084 nova-scheduler[95708]: DEBUG oslo_concurrency.lockutils [None req-3e579424-f553-47c4-8da2-908c4dbd1ca7 tempest-ServerActionsTestOtherA-1401631021 tempest-ServerActionsTestOtherA-1401631021-project-member] Lock "('np0000002084', 'np0000002084')" acquired by "nova.scheduler.host_manager.HostState.consume_from_request.._locked" :: waited 0.000s {{(pid=95708) inner /opt/stack/data/venv/lib/python3.12/site-packages/oslo_concurrency/lockutils.py:524}}
Jun 03 17:38:54.313666 np0000002084 nova-scheduler[95708]: DEBUG oslo_concurrency.lockutils [None req-3e579424-f553-47c4-8da2-908c4dbd1ca7 tempest-ServerActionsTestOtherA-1401631021 tempest-ServerActionsTestOtherA-1401631021-project-member] Lock "('np0000002084', 'np0000002084')" "released" by "nova.scheduler.host_manager.HostState.consume_from_request.._locked" :: held 0.000s {{(pid=95708) inner /opt/stack/data/venv/lib/python3.12/site-packages/oslo_concurrency/lockutils.py:543}}
Jun 03 17:38:58.039791 np0000002084 nova-scheduler[95710]: DEBUG nova.scheduler.manager [None req-9519ebf1-98a9-4ba9-bffb-43a55ffd5ba4 tempest-VolumesAdminNegativeTest-495208659 tempest-VolumesAdminNegativeTest-495208659-project-member] Starting to schedule for instances: ['717d00cf-0be7-4df0-bdd6-039da3c071ff'] {{(pid=95710) select_destinations /opt/stack/nova/nova/scheduler/manager.py:210}}
Jun 03 17:38:58.039791 np0000002084 nova-scheduler[95710]: DEBUG nova.scheduler.request_filter [None req-9519ebf1-98a9-4ba9-bffb-43a55ffd5ba4 tempest-VolumesAdminNegativeTest-495208659 tempest-VolumesAdminNegativeTest-495208659-project-member] compute_status_filter request filter added forbidden trait COMPUTE_STATUS_DISABLED {{(pid=95710) compute_status_filter /opt/stack/nova/nova/scheduler/request_filter.py:253}}
Jun 03 17:38:58.039791 np0000002084 nova-scheduler[95710]: DEBUG nova.scheduler.request_filter [None req-9519ebf1-98a9-4ba9-bffb-43a55ffd5ba4 tempest-VolumesAdminNegativeTest-495208659 tempest-VolumesAdminNegativeTest-495208659-project-member] Request filter 'compute_status_filter' took 0.0 seconds {{(pid=95710) wrapper /opt/stack/nova/nova/scheduler/request_filter.py:46}}
Jun 03 17:38:58.039791 np0000002084 nova-scheduler[95710]: DEBUG nova.scheduler.request_filter [None req-9519ebf1-98a9-4ba9-bffb-43a55ffd5ba4 tempest-VolumesAdminNegativeTest-495208659 tempest-VolumesAdminNegativeTest-495208659-project-member] Request filter 'accelerators_filter' took 0.0 seconds {{(pid=95710) wrapper /opt/stack/nova/nova/scheduler/request_filter.py:46}}
Jun 03 17:38:58.039791 np0000002084 nova-scheduler[95710]: DEBUG nova.scheduler.request_filter [None req-9519ebf1-98a9-4ba9-bffb-43a55ffd5ba4 tempest-VolumesAdminNegativeTest-495208659 tempest-VolumesAdminNegativeTest-495208659-project-member] Request filter 'packed_virtqueue_filter' took 0.0 seconds {{(pid=95710) wrapper /opt/stack/nova/nova/scheduler/request_filter.py:46}}
Jun 03 17:38:58.039791 np0000002084 nova-scheduler[95710]: DEBUG nova.scheduler.request_filter [None req-9519ebf1-98a9-4ba9-bffb-43a55ffd5ba4 tempest-VolumesAdminNegativeTest-495208659 tempest-VolumesAdminNegativeTest-495208659-project-member] Request filter 'remote_managed_ports_filter' took 0.0 seconds {{(pid=95710) wrapper /opt/stack/nova/nova/scheduler/request_filter.py:46}}
Jun 03 17:38:58.039791 np0000002084 nova-scheduler[95710]: DEBUG nova.scheduler.request_filter [None req-9519ebf1-98a9-4ba9-bffb-43a55ffd5ba4 tempest-VolumesAdminNegativeTest-495208659 tempest-VolumesAdminNegativeTest-495208659-project-member] ephemeral_encryption_filter skipped {{(pid=95710) ephemeral_encryption_filter /opt/stack/nova/nova/scheduler/request_filter.py:426}}
Jun 03 17:38:58.039791 np0000002084 nova-scheduler[95710]: DEBUG nova.scheduler.request_filter [None req-9519ebf1-98a9-4ba9-bffb-43a55ffd5ba4 tempest-VolumesAdminNegativeTest-495208659 tempest-VolumesAdminNegativeTest-495208659-project-member] virtio_sound_filter skipped {{(pid=95710) virtio_sound_filter /opt/stack/nova/nova/scheduler/request_filter.py:460}}
Jun 03 17:38:58.039791 np0000002084 nova-scheduler[95710]: DEBUG nova.scheduler.request_filter [None req-9519ebf1-98a9-4ba9-bffb-43a55ffd5ba4 tempest-VolumesAdminNegativeTest-495208659 tempest-VolumesAdminNegativeTest-495208659-project-member] tpm_secret_security_filter skipped {{(pid=95710) tpm_secret_security_filter /opt/stack/nova/nova/scheduler/request_filter.py:477}}
Jun 03 17:38:58.158448 np0000002084 nova-scheduler[95710]: INFO nova.utils [None req-9519ebf1-98a9-4ba9-bffb-43a55ffd5ba4 tempest-VolumesAdminNegativeTest-495208659 tempest-VolumesAdminNegativeTest-495208659-project-member] The cell worker thread pool ForkProcess-2.cell_worker is initialized
Jun 03 17:38:58.158448 np0000002084 nova-scheduler[95710]: DEBUG oslo_concurrency.lockutils [None req-9519ebf1-98a9-4ba9-bffb-43a55ffd5ba4 tempest-VolumesAdminNegativeTest-495208659 tempest-VolumesAdminNegativeTest-495208659-project-member] Acquiring lock "ee09ae9a-f417-4cbf-a7f4-2b38410b6728" by "nova.context.set_target_cell..get_or_set_cached_cell_and_set_connections" {{(pid=95710) inner /opt/stack/data/venv/lib/python3.12/site-packages/oslo_concurrency/lockutils.py:511}}
Jun 03 17:38:58.158448 np0000002084 nova-scheduler[95710]: DEBUG oslo_concurrency.lockutils [None req-9519ebf1-98a9-4ba9-bffb-43a55ffd5ba4 tempest-VolumesAdminNegativeTest-495208659 tempest-VolumesAdminNegativeTest-495208659-project-member] Lock "ee09ae9a-f417-4cbf-a7f4-2b38410b6728" acquired by "nova.context.set_target_cell..get_or_set_cached_cell_and_set_connections" :: waited 0.000s {{(pid=95710) inner /opt/stack/data/venv/lib/python3.12/site-packages/oslo_concurrency/lockutils.py:524}}
Jun 03 17:38:58.160220 np0000002084 nova-scheduler[95710]: DEBUG oslo_concurrency.lockutils [None req-9519ebf1-98a9-4ba9-bffb-43a55ffd5ba4 tempest-VolumesAdminNegativeTest-495208659 tempest-VolumesAdminNegativeTest-495208659-project-member] Lock "ee09ae9a-f417-4cbf-a7f4-2b38410b6728" "released" by "nova.context.set_target_cell..get_or_set_cached_cell_and_set_connections" :: held 0.002s {{(pid=95710) inner /opt/stack/data/venv/lib/python3.12/site-packages/oslo_concurrency/lockutils.py:543}}
Jun 03 17:38:58.161767 np0000002084 nova-scheduler[95710]: INFO dbcounter [None req-9519ebf1-98a9-4ba9-bffb-43a55ffd5ba4 tempest-VolumesAdminNegativeTest-495208659 tempest-VolumesAdminNegativeTest-495208659-project-member] Registered counter for database nova_cell1
Jun 03 17:38:58.197600 np0000002084 nova-scheduler[95710]: DEBUG oslo_db.sqlalchemy.engines [None req-9519ebf1-98a9-4ba9-bffb-43a55ffd5ba4 tempest-VolumesAdminNegativeTest-495208659 tempest-VolumesAdminNegativeTest-495208659-project-member] MySQL server mode set to STRICT_TRANS_TABLES,STRICT_ALL_TABLES,NO_ZERO_IN_DATE,NO_ZERO_DATE,ERROR_FOR_DIVISION_BY_ZERO,TRADITIONAL,NO_ENGINE_SUBSTITUTION {{(pid=95710) _check_effective_sql_mode /opt/stack/data/venv/lib/python3.12/site-packages/oslo_db/sqlalchemy/engines.py:325}}
Jun 03 17:38:58.206433 np0000002084 nova-scheduler[95710]: DEBUG dbcounter [-] [95710] Writer thread running {{(pid=95710) stat_writer /opt/stack/data/venv/lib/python3.12/site-packages/dbcounter.py:102}}
Jun 03 17:38:58.273126 np0000002084 nova-scheduler[95710]: DEBUG dbcounter [-] [95710] Writer thread running {{(pid=95710) stat_writer /opt/stack/data/venv/lib/python3.12/site-packages/dbcounter.py:102}}
Jun 03 17:38:58.276060 np0000002084 nova-scheduler[95710]: DEBUG oslo_concurrency.lockutils [None req-9519ebf1-98a9-4ba9-bffb-43a55ffd5ba4 tempest-VolumesAdminNegativeTest-495208659 tempest-VolumesAdminNegativeTest-495208659-project-member] Acquiring lock "ee09ae9a-f417-4cbf-a7f4-2b38410b6728" by "nova.context.set_target_cell..get_or_set_cached_cell_and_set_connections" {{(pid=95710) inner /opt/stack/data/venv/lib/python3.12/site-packages/oslo_concurrency/lockutils.py:511}}
Jun 03 17:38:58.276207 np0000002084 nova-scheduler[95710]: DEBUG oslo_concurrency.lockutils [None req-9519ebf1-98a9-4ba9-bffb-43a55ffd5ba4 tempest-VolumesAdminNegativeTest-495208659 tempest-VolumesAdminNegativeTest-495208659-project-member] Lock "ee09ae9a-f417-4cbf-a7f4-2b38410b6728" acquired by "nova.context.set_target_cell..get_or_set_cached_cell_and_set_connections" :: waited 0.000s {{(pid=95710) inner /opt/stack/data/venv/lib/python3.12/site-packages/oslo_concurrency/lockutils.py:524}}
Jun 03 17:38:58.276292 np0000002084 nova-scheduler[95710]: DEBUG oslo_concurrency.lockutils [None req-9519ebf1-98a9-4ba9-bffb-43a55ffd5ba4 tempest-VolumesAdminNegativeTest-495208659 tempest-VolumesAdminNegativeTest-495208659-project-member] Lock "ee09ae9a-f417-4cbf-a7f4-2b38410b6728" "released" by "nova.context.set_target_cell..get_or_set_cached_cell_and_set_connections" :: held 0.000s {{(pid=95710) inner /opt/stack/data/venv/lib/python3.12/site-packages/oslo_concurrency/lockutils.py:543}}
Jun 03 17:38:58.284149 np0000002084 nova-scheduler[95710]: DEBUG oslo_concurrency.lockutils [None req-9519ebf1-98a9-4ba9-bffb-43a55ffd5ba4 tempest-VolumesAdminNegativeTest-495208659 tempest-VolumesAdminNegativeTest-495208659-project-member] Acquiring lock "('np0000002084', 'np0000002084')" by "nova.scheduler.host_manager.HostState.update.._locked_update" {{(pid=95710) inner /opt/stack/data/venv/lib/python3.12/site-packages/oslo_concurrency/lockutils.py:511}}
Jun 03 17:38:58.284302 np0000002084 nova-scheduler[95710]: DEBUG oslo_concurrency.lockutils [None req-9519ebf1-98a9-4ba9-bffb-43a55ffd5ba4 tempest-VolumesAdminNegativeTest-495208659 tempest-VolumesAdminNegativeTest-495208659-project-member] Lock "('np0000002084', 'np0000002084')" acquired by "nova.scheduler.host_manager.HostState.update.._locked_update" :: waited 0.000s {{(pid=95710) inner /opt/stack/data/venv/lib/python3.12/site-packages/oslo_concurrency/lockutils.py:524}}
