Jun 03 17:36:48.410363 np0000002084 devstack@neutron-api.service[89956]: DEBUG dbcounter [-] [89956] Writing DB stats neutron:UPDATE=1,neutron:SELECT=1 {{(pid=89956) stat_writer /opt/stack/data/venv/lib/python3.12/site-packages/dbcounter.py:115}}
Jun 03 17:36:48.448852 np0000002084 devstack@neutron-api.service[89954]: DEBUG dbcounter [-] [89954] Writing DB stats neutron:UPDATE=1,neutron:SELECT=1 {{(pid=89954) stat_writer /opt/stack/data/venv/lib/python3.12/site-packages/dbcounter.py:115}}
Jun 03 17:36:52.613469 np0000002084 devstack@neutron-api.service[89955]: DEBUG futurist.periodics [-] Submitting periodic callback 'neutron.plugins.ml2.drivers.ovn.mech_driver.ovsdb.maintenance.HashRingHealthCheckPeriodics.touch_hash_ring_node' {{(pid=89955) _process_scheduled /opt/stack/data/venv/lib/python3.12/site-packages/futurist/periodics.py:784}}
Jun 03 17:36:52.613814 np0000002084 devstack@neutron-api.service[89955]: DEBUG neutron.plugins.ml2.drivers.ovn.mech_driver.ovsdb.maintenance [-] Touching Hash Ring node "11038bac774659f2b403144cd304f608" from periodic health check thread {{(pid=89955) touch_hash_ring_node /opt/stack/neutron/neutron/plugins/ml2/drivers/ovn/mech_driver/ovsdb/maintenance.py:1421}}
Jun 03 17:36:53.403868 np0000002084 devstack@neutron-api.service[89956]: DEBUG futurist.periodics [-] Submitting periodic callback 'neutron.plugins.ml2.drivers.ovn.mech_driver.ovsdb.maintenance.HashRingHealthCheckPeriodics.touch_hash_ring_node' {{(pid=89956) _process_scheduled /opt/stack/data/venv/lib/python3.12/site-packages/futurist/periodics.py:784}}
Jun 03 17:36:53.404379 np0000002084 devstack@neutron-api.service[89956]: DEBUG neutron.plugins.ml2.drivers.ovn.mech_driver.ovsdb.maintenance [-] Touching Hash Ring node "2d7aa77d0f3b53deab414b93ea991678" from periodic health check thread {{(pid=89956) touch_hash_ring_node /opt/stack/neutron/neutron/plugins/ml2/drivers/ovn/mech_driver/ovsdb/maintenance.py:1421}}
Jun 03 17:36:53.442683 np0000002084 devstack@neutron-api.service[89954]: DEBUG futurist.periodics [-] Submitting periodic callback 'neutron.plugins.ml2.drivers.ovn.mech_driver.ovsdb.maintenance.HashRingHealthCheckPeriodics.touch_hash_ring_node' {{(pid=89954) _process_scheduled /opt/stack/data/venv/lib/python3.12/site-packages/futurist/periodics.py:784}}
Jun 03 17:36:53.443102 np0000002084 devstack@neutron-api.service[89954]: DEBUG neutron.plugins.ml2.drivers.ovn.mech_driver.ovsdb.maintenance [-] Touching Hash Ring node "d6fd033b19de5c4095776fb8ef4ab5a6" from periodic health check thread {{(pid=89954) touch_hash_ring_node /opt/stack/neutron/neutron/plugins/ml2/drivers/ovn/mech_driver/ovsdb/maintenance.py:1421}}
Jun 03 17:36:54.927612 np0000002084 devstack@neutron-api.service[89954]: DEBUG neutron.api.wsgi [None req-0244761d-dcbb-4335-819a-462f3639cb07 admin admin] Missing Content-Type {{(pid=89954) get_content_type /opt/stack/neutron/neutron/api/wsgi.py:80}}
Jun 03 17:36:54.928021 np0000002084 devstack@neutron-api.service[89954]: DEBUG neutron.api.wsgi [None req-0244761d-dcbb-4335-819a-462f3639cb07 admin admin] https://10.4.3.60/networking/v2.0/extensions returned with HTTP 200 {{(pid=89954) __call__ /opt/stack/neutron/neutron/api/wsgi.py:540}}
Jun 03 17:36:54.928346 np0000002084 devstack@neutron-api.service[89954]: [pid: 89954|app: 0|req: 11/34] 10.4.3.60 () {64 vars in 1285 bytes} [Wed Jun 3 17:36:54 2026] GET /networking/v2.0/extensions => generated 15393 bytes in 3 msecs (HTTP/1.1 200) 4 headers in 159 bytes (1 switches on core 0)
Jun 03 17:36:55.165086 np0000002084 devstack@neutron-api.service[89955]: INFO neutron.pecan_wsgi.hooks.translation [None req-ad363095-3e20-41b8-8cf0-ac76b42fa683 admin admin] GET failed (client error): The resource could not be found.
Jun 03 17:36:55.165729 np0000002084 devstack@neutron-api.service[89955]: [pid: 89955|app: 0|req: 13/35] 10.4.3.60 () {64 vars in 1287 bytes} [Wed Jun 3 17:36:55 2026] GET /networking/v2.0/networks/public => generated 108 bytes in 7 msecs (HTTP/1.1 404) 4 headers in 164 bytes (1 switches on core 0)
Jun 03 17:36:55.206784 np0000002084 devstack@neutron-api.service[89956]: DEBUG neutron.pecan_wsgi.hooks.policy_enforcement [None req-098686ab-4ee4-4f06-8ea5-19c5858a431b admin admin] Attributes excluded by policy engine: ['standard_attr_id'] {{(pid=89956) _exclude_attributes_by_policy /opt/stack/neutron/neutron/pecan_wsgi/hooks/policy_enforcement.py:256}}
Jun 03 17:36:55.207453 np0000002084 devstack@neutron-api.service[89956]: [pid: 89956|app: 0|req: 12/36] 10.4.3.60 () {64 vars in 1302 bytes} [Wed Jun 3 17:36:55 2026] GET /networking/v2.0/networks?name=public => generated 759 bytes in 36 msecs (HTTP/1.1 200) 4 headers in 157 bytes (1 switches on core 0)
Jun 03 17:36:55.388918 np0000002084 devstack@neutron-api.service[89954]: DEBUG neutron.api.v2.base [None req-e15750b4-22e4-4a59-9012-3b5e5f9cf058 admin admin] Request body: {'network': {'shared': True, 'admin_state_up': True, 'name': 'shared'}} {{(pid=89954) prepare_request_body /opt/stack/neutron/neutron/api/v2/base.py:727}}
Jun 03 17:36:55.403639 np0000002084 devstack@neutron-api.service[89954]: DEBUG neutron.pecan_wsgi.hooks.quota_enforcement [None req-e15750b4-22e4-4a59-9012-3b5e5f9cf058 admin admin] Made reservation on behalf of b7dec97f9cf1481998749e7090c08dd6 for: {'network': 1} {{(pid=89954) before /opt/stack/neutron/neutron/pecan_wsgi/hooks/quota_enforcement.py:66}}
Jun 03 17:36:55.406101 np0000002084 devstack@neutron-api.service[89954]: DEBUG neutron_lib.callbacks.manager [None req-e15750b4-22e4-4a59-9012-3b5e5f9cf058 admin admin] Publish callbacks ['neutron.plugins.ml2.plugin.SecurityGroupDbMixin._ensure_default_security_group_handler-2301043'] for network (None), before_create {{(pid=89954) _notify_loop /opt/stack/data/venv/lib/python3.12/site-packages/neutron_lib/callbacks/manager.py:184}}
Jun 03 17:36:55.428041 np0000002084 devstack@neutron-api.service[89954]: WARNING neutron.services.revisions.revision_plugin [None req-e15750b4-22e4-4a59-9012-3b5e5f9cf058 admin admin] Could not find related network for resource to bump revision.
Jun 03 17:36:55.451862 np0000002084 devstack@neutron-api.service[89954]: DEBUG neutron.plugins.ml2.drivers.helpers [None req-e15750b4-22e4-4a59-9012-3b5e5f9cf058 admin admin] geneve segment allocate from pool success with {'geneve_vni': 33770} {{(pid=89954) allocate_partially_specified_segment /opt/stack/neutron/neutron/plugins/ml2/drivers/helpers.py:142}}
Jun 03 17:36:55.457640 np0000002084 devstack@neutron-api.service[89954]: DEBUG neutron_lib.callbacks.manager [None req-e15750b4-22e4-4a59-9012-3b5e5f9cf058 admin admin] Publish callbacks ['neutron.plugins.ml2.plugin.Ml2Plugin._handle_segment_change-3141783'] for segment (a325f88a-6fd2-4247-8316-767b6406cb30), precommit_create {{(pid=89954) _notify_loop /opt/stack/data/venv/lib/python3.12/site-packages/neutron_lib/callbacks/manager.py:184}}
Jun 03 17:36:55.457773 np0000002084 devstack@neutron-api.service[89954]: INFO neutron.db.segments_db [None req-e15750b4-22e4-4a59-9012-3b5e5f9cf058 admin admin] Added segment a325f88a-6fd2-4247-8316-767b6406cb30 of type geneve for network b857dcd8-54f4-43b8-8059-494f56b86e72
Jun 03 17:36:55.468413 np0000002084 devstack@neutron-api.service[89954]: DEBUG neutron_lib.callbacks.manager [None req-e15750b4-22e4-4a59-9012-3b5e5f9cf058 admin admin] Publish callbacks ['neutron.services.auto_allocate.db._ensure_external_network_default_value_callback-8697630398468'] for network (b857dcd8-54f4-43b8-8059-494f56b86e72), precommit_create {{(pid=89954) _notify_loop /opt/stack/data/venv/lib/python3.12/site-packages/neutron_lib/callbacks/manager.py:184}}
Jun 03 17:36:55.477466 np0000002084 devstack@neutron-api.service[89954]: DEBUG neutron.plugins.ml2.drivers.ovn.mech_driver.mech_driver [None req-e15750b4-22e4-4a59-9012-3b5e5f9cf058 admin admin] Validating network segment with type geneve, segmentation ID 33770, physical network None {{(pid=89954) _validate_network_segments /opt/stack/neutron/neutron/plugins/ml2/drivers/ovn/mech_driver/mech_driver.py:643}}
Jun 03 17:36:55.477619 np0000002084 devstack@neutron-api.service[89954]: DEBUG neutron.db.ovn_revision_numbers_db [None req-e15750b4-22e4-4a59-9012-3b5e5f9cf058 admin admin] create_initial_revision uuid=b857dcd8-54f4-43b8-8059-494f56b86e72, type=networks, rev=-1 {{(pid=89954) create_initial_revision /opt/stack/neutron/neutron/db/ovn_revision_numbers_db.py:98}}
Jun 03 17:36:55.484648 np0000002084 devstack@neutron-api.service[89954]: DEBUG neutron_lib.callbacks.manager [None req-e15750b4-22e4-4a59-9012-3b5e5f9cf058 admin admin] Publish callbacks ['neutron.plugins.ml2.ovo_rpc._ObjectChangeHandler.handle_event-6475953'] for network (b857dcd8-54f4-43b8-8059-494f56b86e72), after_create {{(pid=89954) _notify_loop /opt/stack/data/venv/lib/python3.12/site-packages/neutron_lib/callbacks/manager.py:184}}
Jun 03 17:36:55.495915 np0000002084 devstack@neutron-api.service[89954]: DEBUG neutron.api.rpc.handlers.resources_rpc [None req-e15750b4-22e4-4a59-9012-3b5e5f9cf058 admin admin] Pushing event updated for resources: {'Network': ['ID=b857dcd8-54f4-43b8-8059-494f56b86e72,revision_number=1']} {{(pid=89954) push /opt/stack/neutron/neutron/api/rpc/handlers/resources_rpc.py:237}}
Jun 03 17:36:55.499348 np0000002084 devstack@neutron-api.service[89954]: DEBUG ovsdbapp.backend.ovs_idl.transaction [None req-13a33594-cf9d-4b44-9cf4-94387ae4373f None None] Running txn n=1 command(idx=0): CheckLivenessCommand(_result=None) {{(pid=89954) do_commit /opt/stack/data/venv/lib/python3.12/site-packages/ovsdbapp/backend/ovs_idl/transaction.py:89}}
Jun 03 17:36:55.505110 np0000002084 devstack@neutron-api.service[89954]: DEBUG neutron.plugins.ml2.drivers.ovn.mech_driver.ovsdb.ovsdb_monitor [-] ChassisAgentWriteEvent : Matched Chassis_Private, update, None None {{(pid=89954) matches /opt/stack/neutron/neutron/plugins/ml2/drivers/ovn/mech_driver/ovsdb/ovsdb_monitor.py:64}}
Jun 03 17:36:55.506783 np0000002084 devstack@neutron-api.service[89955]: DEBUG neutron.plugins.ml2.drivers.ovn.mech_driver.ovsdb.ovsdb_monitor [None req-ebdc9de6-5301-4ae2-ba77-54fb7b4ba81d None None] ChassisAgentWriteEvent : Matched Chassis_Private, update, None None {{(pid=89955) matches /opt/stack/neutron/neutron/plugins/ml2/drivers/ovn/mech_driver/ovsdb/ovsdb_monitor.py:64}}
Jun 03 17:36:55.507552 np0000002084 devstack@neutron-api.service[89956]: DEBUG neutron.plugins.ml2.drivers.ovn.mech_driver.ovsdb.ovsdb_monitor [None req-24db5e03-791e-4b01-889e-a719839503c2 None None] ChassisAgentWriteEvent : Matched Chassis_Private, update, None None {{(pid=89956) matches /opt/stack/neutron/neutron/plugins/ml2/drivers/ovn/mech_driver/ovsdb/ovsdb_monitor.py:64}}
Jun 03 17:36:55.510979 np0000002084 devstack@neutron-api.service[89956]: DEBUG neutron.common.ovn.hash_ring_manager [None req-e83f0df0-9fda-4a61-870b-5478a12819a7 None None] Hash Ring loaded. 3 active nodes. 0 offline nodes {{(pid=89956) _load_hash_ring /opt/stack/neutron/neutron/common/ovn/hash_ring_manager.py:102}}
Jun 03 17:36:55.510979 np0000002084 devstack@neutron-api.service[89956]: DEBUG neutron.plugins.ml2.drivers.ovn.mech_driver.ovsdb.ovsdb_monitor [None req-e83f0df0-9fda-4a61-870b-5478a12819a7 None None] Hash Ring: Node 2d7aa77d0f3b53deab414b93ea991678 (host: np0000002084) handling event "update" for row 10d234b0-d67c-4e12-8903-cded3acd57a2 (table: NB_Global) {{(pid=89956) notify /opt/stack/neutron/neutron/plugins/ml2/drivers/ovn/mech_driver/ovsdb/ovsdb_monitor.py:1015}}
Jun 03 17:36:55.512625 np0000002084 devstack@neutron-api.service[89955]: DEBUG neutron.common.ovn.hash_ring_manager [None req-e712c80a-8047-4ddb-aed5-22972628eab1 None None] Hash Ring loaded. 3 active nodes. 0 offline nodes {{(pid=89955) _load_hash_ring /opt/stack/neutron/neutron/common/ovn/hash_ring_manager.py:102}}
Jun 03 17:36:55.513452 np0000002084 devstack@neutron-api.service[89954]: DEBUG neutron.common.ovn.hash_ring_manager [None req-13a33594-cf9d-4b44-9cf4-94387ae4373f None None] Hash Ring loaded. 3 active nodes. 0 offline nodes {{(pid=89954) _load_hash_ring /opt/stack/neutron/neutron/common/ovn/hash_ring_manager.py:102}}
Jun 03 17:36:55.513452 np0000002084 devstack@neutron-api.service[89954]: DEBUG neutron.common.ovn.hash_ring_manager [-] Hash Ring loaded. 3 active nodes. 0 offline nodes {{(pid=89954) _load_hash_ring /opt/stack/neutron/neutron/common/ovn/hash_ring_manager.py:102}}
Jun 03 17:36:55.513550 np0000002084 devstack@neutron-api.service[89956]: DEBUG neutron.plugins.ml2.drivers.ovn.mech_driver.ovsdb.ovsdb_monitor [None req-e83f0df0-9fda-4a61-870b-5478a12819a7 None None] Hash Ring: Node 2d7aa77d0f3b53deab414b93ea991678 (host: np0000002084) handling event "update" for row 10d234b0-d67c-4e12-8903-cded3acd57a2 (table: NB_Global) {{(pid=89956) notify /opt/stack/neutron/neutron/plugins/ml2/drivers/ovn/mech_driver/ovsdb/ovsdb_monitor.py:1015}}
Jun 03 17:36:55.513643 np0000002084 devstack@neutron-api.service[89956]: DEBUG neutron.plugins.ml2.drivers.ovn.mech_driver.ovsdb.ovsdb_monitor [None req-e83f0df0-9fda-4a61-870b-5478a12819a7 None None] Hash Ring: Node 2d7aa77d0f3b53deab414b93ea991678 (host: np0000002084) handling event "update" for row 10d234b0-d67c-4e12-8903-cded3acd57a2 (table: NB_Global) {{(pid=89956) notify /opt/stack/neutron/neutron/plugins/ml2/drivers/ovn/mech_driver/ovsdb/ovsdb_monitor.py:1015}}
Jun 03 17:36:55.514112 np0000002084 devstack@neutron-api.service[89956]: DEBUG neutron.plugins.ml2.drivers.ovn.mech_driver.ovsdb.ovsdb_monitor [None req-e83f0df0-9fda-4a61-870b-5478a12819a7 None None] Hash Ring: Node 2d7aa77d0f3b53deab414b93ea991678 (host: np0000002084) handling event "update" for row 10d234b0-d67c-4e12-8903-cded3acd57a2 (table: NB_Global) {{(pid=89956) notify /opt/stack/neutron/neutron/plugins/ml2/drivers/ovn/mech_driver/ovsdb/ovsdb_monitor.py:1015}}
Jun 03 17:36:55.515290 np0000002084 devstack@neutron-api.service[89956]: DEBUG neutron.common.ovn.hash_ring_manager [None req-24db5e03-791e-4b01-889e-a719839503c2 None None] Hash Ring loaded. 3 active nodes. 0 offline nodes {{(pid=89956) _load_hash_ring /opt/stack/neutron/neutron/common/ovn/hash_ring_manager.py:102}}
Jun 03 17:36:55.515912 np0000002084 devstack@neutron-api.service[89955]: DEBUG neutron.common.ovn.hash_ring_manager [None req-ebdc9de6-5301-4ae2-ba77-54fb7b4ba81d None None] Hash Ring loaded. 3 active nodes. 0 offline nodes {{(pid=89955) _load_hash_ring /opt/stack/neutron/neutron/common/ovn/hash_ring_manager.py:102}}
Jun 03 17:36:55.516056 np0000002084 devstack@neutron-api.service[89955]: DEBUG neutron.plugins.ml2.drivers.ovn.mech_driver.ovsdb.ovsdb_monitor [None req-ebdc9de6-5301-4ae2-ba77-54fb7b4ba81d None None] Hash Ring: Node 11038bac774659f2b403144cd304f608 (host: np0000002084) handling event "update" for row b81e5d16-3f87-475a-9dcc-aa556d2137cf (table: Chassis_Private) {{(pid=89955) notify /opt/stack/neutron/neutron/plugins/ml2/drivers/ovn/mech_driver/ovsdb/ovsdb_monitor.py:1015}}
Jun 03 17:36:55.523078 np0000002084 devstack@neutron-api.service[89954]: DEBUG ovsdbapp.backend.ovs_idl.transaction [None req-13a33594-cf9d-4b44-9cf4-94387ae4373f None None] Running txn n=1 command(idx=0): AddNetworkCommand(_result=None, network_uuid=b857dcd8-54f4-43b8-8059-494f56b86e72, may_exist=True, columns={'external_ids': {'neutron:network_name': 'shared', 'neutron:mtu': '1372', 'neutron:revision_number': '1', 'neutron:availability_zone_hints': '', 'neutron:provnet-network-type': 'geneve'}, 'other_config': {'mcast_snoop': 'false', 'mcast_flood_unregistered': 'false', 'vlan-passthru': 'false'}}) {{(pid=89954) do_commit /opt/stack/data/venv/lib/python3.12/site-packages/ovsdbapp/backend/ovs_idl/transaction.py:89}}
Jun 03 17:36:55.525358 np0000002084 devstack@neutron-api.service[89954]: DEBUG neutron.plugins.ml2.drivers.ovn.mech_driver.ovsdb.ovsdb_monitor [None req-13a33594-cf9d-4b44-9cf4-94387ae4373f None None] Hash Ring: Node d6fd033b19de5c4095776fb8ef4ab5a6 (host: np0000002084) handling event "create" for row b857dcd8-54f4-43b8-8059-494f56b86e72 (table: Logical_Switch) {{(pid=89954) notify /opt/stack/neutron/neutron/plugins/ml2/drivers/ovn/mech_driver/ovsdb/ovsdb_monitor.py:1015}}
Jun 03 17:36:55.526926 np0000002084 devstack@neutron-api.service[89954]: DEBUG neutron.plugins.ml2.drivers.ovn.mech_driver.ovsdb.ovsdb_monitor [-] Hash Ring: Node d6fd033b19de5c4095776fb8ef4ab5a6 (host: np0000002084) handling event "create" for row 8f888cd4-17ab-4756-9aca-ae483abd971b (table: Datapath_Binding) {{(pid=89954) notify /opt/stack/neutron/neutron/plugins/ml2/drivers/ovn/mech_driver/ovsdb/ovsdb_monitor.py:1015}}
Jun 03 17:36:55.542446 np0000002084 devstack@neutron-api.service[89954]: INFO neutron.db.ovn_revision_numbers_db [None req-e15750b4-22e4-4a59-9012-3b5e5f9cf058 admin admin] Successfully bumped revision number for resource b857dcd8-54f4-43b8-8059-494f56b86e72 (type: networks) to 1
Jun 03 17:36:55.552188 np0000002084 devstack@neutron-api.service[89954]: DEBUG neutron_lib.callbacks.manager [None req-e15750b4-22e4-4a59-9012-3b5e5f9cf058 admin admin] Publish callbacks ['neutron.plugins.ml2.plugin.SecurityGroupDbMixin._ensure_default_security_group_handler-2301043'] for port (None), before_create {{(pid=89954) _notify_loop /opt/stack/data/venv/lib/python3.12/site-packages/neutron_lib/callbacks/manager.py:184}}
Jun 03 17:36:55.606373 np0000002084 devstack@neutron-api.service[89954]: DEBUG neutron_lib.callbacks.manager [None req-e15750b4-22e4-4a59-9012-3b5e5f9cf058 admin admin] Publish callbacks ['neutron.plugins.ml2.drivers.ovn.mech_driver.mech_driver.OVNMechanismDriver._validate_allowed_address_pairs-221486'] for allowed_address_pair (2f208d47-bbe6-41a4-a932-3e01e1728fae), before_create {{(pid=89954) _notify_loop /opt/stack/data/venv/lib/python3.12/site-packages/neutron_lib/callbacks/manager.py:184}}
Jun 03 17:36:55.606802 np0000002084 devstack@neutron-api.service[89954]: DEBUG neutron_lib.callbacks.manager [None req-e15750b4-22e4-4a59-9012-3b5e5f9cf058 admin admin] Publish callbacks [] for port (2f208d47-bbe6-41a4-a932-3e01e1728fae), precommit_create {{(pid=89954) _notify_loop /opt/stack/data/venv/lib/python3.12/site-packages/neutron_lib/callbacks/manager.py:184}}
Jun 03 17:36:55.606967 np0000002084 devstack@neutron-api.service[89954]: DEBUG neutron.plugins.ml2.drivers.ovn.mech_driver.mech_driver [None req-e15750b4-22e4-4a59-9012-3b5e5f9cf058 admin admin] No provisioning block for port 2f208d47-bbe6-41a4-a932-3e01e1728fae since it does not have a host {{(pid=89954) _is_port_provisioning_required /opt/stack/neutron/neutron/plugins/ml2/drivers/ovn/mech_driver/mech_driver.py:896}}
Jun 03 17:36:55.607075 np0000002084 devstack@neutron-api.service[89954]: DEBUG neutron.db.ovn_revision_numbers_db [None req-e15750b4-22e4-4a59-9012-3b5e5f9cf058 admin admin] create_initial_revision uuid=2f208d47-bbe6-41a4-a932-3e01e1728fae, type=ports, rev=-1 {{(pid=89954) create_initial_revision /opt/stack/neutron/neutron/db/ovn_revision_numbers_db.py:98}}
Jun 03 17:36:55.637682 np0000002084 devstack@neutron-api.service[89954]: DEBUG neutron_lib.callbacks.manager [None req-e15750b4-22e4-4a59-9012-3b5e5f9cf058 admin admin] Publish callbacks ['neutron.plugins.ml2.ovo_rpc._ObjectChangeHandler.handle_event-6475789'] for port (2f208d47-bbe6-41a4-a932-3e01e1728fae), after_create {{(pid=89954) _notify_loop /opt/stack/data/venv/lib/python3.12/site-packages/neutron_lib/callbacks/manager.py:184}}
Jun 03 17:36:55.663520 np0000002084 devstack@neutron-api.service[89954]: DEBUG neutron.api.rpc.handlers.resources_rpc [None req-e15750b4-22e4-4a59-9012-3b5e5f9cf058 admin admin] Pushing event updated for resources: {'Port': ['ID=2f208d47-bbe6-41a4-a932-3e01e1728fae,revision_number=1']} {{(pid=89954) push /opt/stack/neutron/neutron/api/rpc/handlers/resources_rpc.py:237}}
Jun 03 17:36:55.668788 np0000002084 devstack@neutron-api.service[89954]: DEBUG ovsdbapp.backend.ovs_idl.transaction [None req-13a33594-cf9d-4b44-9cf4-94387ae4373f None None] Running txn n=1 command(idx=0): AddLSwitchPortCommand(_result=None, lport=2f208d47-bbe6-41a4-a932-3e01e1728fae, lswitch=neutron-b857dcd8-54f4-43b8-8059-494f56b86e72, may_exist=True, network_uuid=b857dcd8-54f4-43b8-8059-494f56b86e72, columns={'addresses': ['fa:16:3e:f5:cd:fb'], 'external_ids': {'neutron:port_name': '', 'neutron:device_id': 'ovnmeta-b857dcd8-54f4-43b8-8059-494f56b86e72', 'neutron:project_id': 'b7dec97f9cf1481998749e7090c08dd6', 'neutron:cidrs': '', 'neutron:device_owner': 'network:distributed', 'neutron:subnet_pool_addr_scope4': '', 'neutron:subnet_pool_addr_scope6': '', 'neutron:network_name': 'neutron-b857dcd8-54f4-43b8-8059-494f56b86e72', 'neutron:security_group_ids': '', 'neutron:revision_number': '1', 'neutron:vnic_type': 'normal', 'neutron:port_capabilities': '', 'neutron:mtu': '1372'}, 'parent_name': [], 'tag': [], 'enabled': True, 'options': {}, 'type': 'localport', 'port_security': [], 'dhcpv4_options': [], 'dhcpv6_options': []}) {{(pid=89954) do_commit /opt/stack/data/venv/lib/python3.12/site-packages/ovsdbapp/backend/ovs_idl/transaction.py:89}}
Jun 03 17:36:55.669149 np0000002084 devstack@neutron-api.service[89954]: DEBUG ovsdbapp.backend.ovs_idl.transaction [None req-13a33594-cf9d-4b44-9cf4-94387ae4373f None None] Running txn n=1 command(idx=1): QoSDelCommand(_result=None, switch=neutron-b857dcd8-54f4-43b8-8059-494f56b86e72, conditions=[('direction', '=', 'to-lport'), ('priority', '=', 2002), ('match', '=', 'outport == "2f208d47-bbe6-41a4-a932-3e01e1728fae"')], if_exists=True) {{(pid=89954) do_commit /opt/stack/data/venv/lib/python3.12/site-packages/ovsdbapp/backend/ovs_idl/transaction.py:89}}
Jun 03 17:36:55.669287 np0000002084 devstack@neutron-api.service[89954]: DEBUG ovsdbapp.backend.ovs_idl.transaction [None req-13a33594-cf9d-4b44-9cf4-94387ae4373f None None] Running txn n=1 command(idx=2): QoSDelCommand(_result=None, switch=neutron-b857dcd8-54f4-43b8-8059-494f56b86e72, conditions=[('direction', '=', 'from-lport'), ('priority', '=', 2002), ('match', '=', 'inport == "2f208d47-bbe6-41a4-a932-3e01e1728fae"')], if_exists=True) {{(pid=89954) do_commit /opt/stack/data/venv/lib/python3.12/site-packages/ovsdbapp/backend/ovs_idl/transaction.py:89}}
Jun 03 17:36:55.671226 np0000002084 devstack@neutron-api.service[89954]: DEBUG neutron.plugins.ml2.drivers.ovn.mech_driver.ovsdb.ovsdb_monitor [None req-13a33594-cf9d-4b44-9cf4-94387ae4373f None None] Hash Ring: Node d6fd033b19de5c4095776fb8ef4ab5a6 (host: np0000002084) handling event "update" for row b857dcd8-54f4-43b8-8059-494f56b86e72 (table: Logical_Switch) {{(pid=89954) notify /opt/stack/neutron/neutron/plugins/ml2/drivers/ovn/mech_driver/ovsdb/ovsdb_monitor.py:1015}}
Jun 03 17:36:55.672240 np0000002084 devstack@neutron-api.service[89956]: DEBUG neutron.plugins.ml2.drivers.ovn.mech_driver.ovsdb.ovsdb_monitor [None req-e83f0df0-9fda-4a61-870b-5478a12819a7 None None] Hash Ring: Node 2d7aa77d0f3b53deab414b93ea991678 (host: np0000002084) handling event "create" for row e4a4736e-f593-4c75-a993-a266d9396880 (table: Logical_Switch_Port) {{(pid=89956) notify /opt/stack/neutron/neutron/plugins/ml2/drivers/ovn/mech_driver/ovsdb/ovsdb_monitor.py:1015}}
Jun 03 17:36:55.673641 np0000002084 devstack@neutron-api.service[89956]: DEBUG ovsdbapp.backend.ovs_idl.event [None req-e83f0df0-9fda-4a61-870b-5478a12819a7 None None] Matched CREATE: LogicalSwitchPortCreateEvent(events=('create',), table='Logical_Switch_Port', conditions=[], old_conditions=None), priority=20 to row=Logical_Switch_Port(uuid=e4a4736e-f593-4c75-a993-a266d9396880, addresses=['fa:16:3e:f5:cd:fb'], dhcpv4_options=[], dhcpv6_options=[], dynamic_addresses=[], enabled=True, external_ids={'neutron:cidrs': '', 'neutron:device_id': 'ovnmeta-b857dcd8-54f4-43b8-8059-494f56b86e72', 'neutron:device_owner': 'network:distributed', 'neutron:mtu': '1372', 'neutron:network_name': 'neutron-b857dcd8-54f4-43b8-8059-494f56b86e72', 'neutron:port_capabilities': '', 'neutron:port_name': '', 'neutron:project_id': 'b7dec97f9cf1481998749e7090c08dd6', 'neutron:revision_number': '1', 'neutron:security_group_ids': '', 'neutron:subnet_pool_addr_scope4': '', 'neutron:subnet_pool_addr_scope6': '', 'neutron:vnic_type': 'normal'}, ha_chassis_group=[], mirror_rules=[], name='2f208d47-bbe6-41a4-a932-3e01e1728fae', options={}, parent_name=[], port_security=[], tag=[], tag_request=[], type='localport', up=[]) old= {{(pid=89956) matches /opt/stack/data/venv/lib/python3.12/site-packages/ovsdbapp/backend/ovs_idl/event.py:55}}
Jun 03 17:36:55.674561 np0000002084 devstack@neutron-api.service[89956]: INFO neutron.plugins.ml2.drivers.ovn.mech_driver.mech_driver [None req-f7d705ac-1756-48fd-b071-b8221090c362 None None] OVN reports status down for port: 2f208d47-bbe6-41a4-a932-3e01e1728fae
Jun 03 17:36:55.676319 np0000002084 devstack@neutron-api.service[89955]: DEBUG neutron.plugins.ml2.drivers.ovn.mech_driver.ovsdb.ovsdb_monitor [None req-ebdc9de6-5301-4ae2-ba77-54fb7b4ba81d None None] Hash Ring: Node 11038bac774659f2b403144cd304f608 (host: np0000002084) handling event "create" for row 29e898ab-4189-4707-9abb-929c63b0ba64 (table: Port_Binding) {{(pid=89955) notify /opt/stack/neutron/neutron/plugins/ml2/drivers/ovn/mech_driver/ovsdb/ovsdb_monitor.py:1015}}
Jun 03 17:36:55.676786 np0000002084 devstack@neutron-api.service[89956]: DEBUG neutron.plugins.ml2.drivers.ovn.mech_driver.ovsdb.ovsdb_monitor [None req-e83f0df0-9fda-4a61-870b-5478a12819a7 None None] Hash Ring: Node 2d7aa77d0f3b53deab414b93ea991678 (host: np0000002084) handling event "update" for row e4a4736e-f593-4c75-a993-a266d9396880 (table: Logical_Switch_Port) {{(pid=89956) notify /opt/stack/neutron/neutron/plugins/ml2/drivers/ovn/mech_driver/ovsdb/ovsdb_monitor.py:1015}}
Jun 03 17:36:55.697434 np0000002084 devstack@neutron-api.service[89954]: INFO neutron.db.ovn_revision_numbers_db [None req-e15750b4-22e4-4a59-9012-3b5e5f9cf058 admin admin] Successfully bumped revision number for resource 2f208d47-bbe6-41a4-a932-3e01e1728fae (type: ports) to 1
Jun 03 17:36:55.698236 np0000002084 devstack@neutron-api.service[89956]: DEBUG neutron.db.provisioning_blocks [None req-f7d705ac-1756-48fd-b071-b8221090c362 None None] Transition to ACTIVE for port object 2f208d47-bbe6-41a4-a932-3e01e1728fae will not be triggered until provisioned by entity L2. {{(pid=89956) add_provisioning_component /opt/stack/neutron/neutron/db/provisioning_blocks.py:74}}
Jun 03 17:36:55.702908 np0000002084 devstack@neutron-api.service[89954]: DEBUG neutron.pecan_wsgi.hooks.policy_enforcement [None req-e15750b4-22e4-4a59-9012-3b5e5f9cf058 admin admin] Attributes excluded by policy engine: ['standard_attr_id'] {{(pid=89954) _exclude_attributes_by_policy /opt/stack/neutron/neutron/pecan_wsgi/hooks/policy_enforcement.py:256}}
Jun 03 17:36:55.703159 np0000002084 devstack@neutron-api.service[89954]: DEBUG neutron_lib.callbacks.manager [None req-e15750b4-22e4-4a59-9012-3b5e5f9cf058 admin admin] Publish callbacks [] for network (None), before_response {{(pid=89954) _notify_loop /opt/stack/data/venv/lib/python3.12/site-packages/neutron_lib/callbacks/manager.py:184}}
Jun 03 17:36:55.711950 np0000002084 devstack@neutron-api.service[89954]: [pid: 89954|app: 0|req: 12/37] 10.4.3.60 () {68 vars in 1319 bytes} [Wed Jun 3 17:36:55 2026] POST /networking/v2.0/networks => generated 679 bytes in 325 msecs (HTTP/1.1 201) 4 headers in 162 bytes (1 switches on core 0)
Jun 03 17:36:55.716249 np0000002084 devstack@neutron-api.service[89956]: DEBUG neutron.plugins.ml2.plugin [None req-f7d705ac-1756-48fd-b071-b8221090c362 None None] Current status of the port 2f208d47-bbe6-41a4-a932-3e01e1728fae is: DOWN; New status is: DOWN {{(pid=89956) _update_individual_port_db_status /opt/stack/neutron/neutron/plugins/ml2/plugin.py:2470}}
Jun 03 17:36:55.717351 np0000002084 devstack@neutron-api.service[89956]: DEBUG ovsdbapp.backend.ovs_idl.transaction [None req-e83f0df0-9fda-4a61-870b-5478a12819a7 None None] Running txn n=1 command(idx=0): DbRemoveCommand(_result=None, table=Logical_Switch_Port, record=2f208d47-bbe6-41a4-a932-3e01e1728fae, column=external_ids, values=('neutron:host_id',), keyvalues={}, if_exists=True) {{(pid=89956) do_commit /opt/stack/data/venv/lib/python3.12/site-packages/ovsdbapp/backend/ovs_idl/transaction.py:89}}
Jun 03 17:36:55.882894 np0000002084 devstack@neutron-api.service[89955]: INFO neutron.pecan_wsgi.hooks.translation [None req-2b138b0c-014b-44df-9fb2-ecf2f827bba6 admin admin] GET failed (client error): The resource could not be found.
Jun 03 17:36:55.883463 np0000002084 devstack@neutron-api.service[89955]: [pid: 89955|app: 0|req: 14/38] 10.4.3.60 () {64 vars in 1287 bytes} [Wed Jun 3 17:36:55 2026] GET /networking/v2.0/networks/shared => generated 108 bytes in 7 msecs (HTTP/1.1 404) 4 headers in 164 bytes (1 switches on core 0)
Jun 03 17:36:55.908041 np0000002084 devstack@neutron-api.service[89956]: DEBUG neutron.pecan_wsgi.hooks.policy_enforcement [None req-a3a48544-f58f-4b5c-95ff-fd38cfe6fa88 admin admin] Attributes excluded by policy engine: ['standard_attr_id'] {{(pid=89956) _exclude_attributes_by_policy /opt/stack/neutron/neutron/pecan_wsgi/hooks/policy_enforcement.py:256}}
Jun 03 17:36:55.908653 np0000002084 devstack@neutron-api.service[89956]: [pid: 89956|app: 0|req: 13/39] 10.4.3.60 () {64 vars in 1302 bytes} [Wed Jun 3 17:36:55 2026] GET /networking/v2.0/networks?name=shared => generated 663 bytes in 20 msecs (HTTP/1.1 200) 4 headers in 157 bytes (1 switches on core 0)
Jun 03 17:36:55.918483 np0000002084 devstack@neutron-api.service[89954]: DEBUG neutron.api.v2.base [None req-7a9a2997-01dc-49b0-b9e6-c1c5d6f5a0db admin admin] Request body: {'subnet': {'cidr': '192.168.233.0/24', 'network_id': 'b857dcd8-54f4-43b8-8059-494f56b86e72', 'name': 'shared-subnet', 'ip_version': 4, 'description': 'shared-subnet'}} {{(pid=89954) prepare_request_body /opt/stack/neutron/neutron/api/v2/base.py:727}}
Jun 03 17:36:55.932234 np0000002084 devstack@neutron-api.service[89954]: DEBUG neutron.pecan_wsgi.hooks.quota_enforcement [None req-7a9a2997-01dc-49b0-b9e6-c1c5d6f5a0db admin admin] Made reservation on behalf of b7dec97f9cf1481998749e7090c08dd6 for: {'subnet': 1} {{(pid=89954) before /opt/stack/neutron/neutron/pecan_wsgi/hooks/quota_enforcement.py:66}}
Jun 03 17:36:55.935403 np0000002084 devstack@neutron-api.service[89954]: DEBUG neutron_lib.callbacks.manager [None req-7a9a2997-01dc-49b0-b9e6-c1c5d6f5a0db admin admin] Publish callbacks [] for subnet (None), before_create {{(pid=89954) _notify_loop /opt/stack/data/venv/lib/python3.12/site-packages/neutron_lib/callbacks/manager.py:184}}
Jun 03 17:36:55.982795 np0000002084 devstack@neutron-api.service[89954]: DEBUG neutron.db.ovn_revision_numbers_db [None req-7a9a2997-01dc-49b0-b9e6-c1c5d6f5a0db admin admin] create_initial_revision uuid=817e9733-59d9-4a19-91fb-5fbbc430d41a, type=subnets, rev=-1 {{(pid=89954) create_initial_revision /opt/stack/neutron/neutron/db/ovn_revision_numbers_db.py:98}}
Jun 03 17:36:55.989265 np0000002084 devstack@neutron-api.service[89954]: DEBUG neutron_lib.callbacks.manager [None req-7a9a2997-01dc-49b0-b9e6-c1c5d6f5a0db admin admin] Publish callbacks ['neutron.plugins.ml2.ovo_rpc._ObjectChangeHandler.handle_event-6476109'] for subnet (817e9733-59d9-4a19-91fb-5fbbc430d41a), after_create {{(pid=89954) _notify_loop /opt/stack/data/venv/lib/python3.12/site-packages/neutron_lib/callbacks/manager.py:184}}
Jun 03 17:36:56.000266 np0000002084 devstack@neutron-api.service[89954]: DEBUG neutron.api.rpc.handlers.resources_rpc [None req-7a9a2997-01dc-49b0-b9e6-c1c5d6f5a0db admin admin] Pushing event updated for resources: {'Subnet': ['ID=817e9733-59d9-4a19-91fb-5fbbc430d41a,revision_number=0']} {{(pid=89954) push /opt/stack/neutron/neutron/api/rpc/handlers/resources_rpc.py:237}}
Jun 03 17:36:56.040193 np0000002084 devstack@neutron-api.service[89954]: DEBUG neutron_lib.callbacks.manager [None req-7a9a2997-01dc-49b0-b9e6-c1c5d6f5a0db admin admin] Publish callbacks ['neutron.plugins.ml2.plugin.SecurityGroupDbMixin._ensure_default_security_group_handler-2301043', 'neutron.services.ovn_l3.plugin.OVNL3RouterPlugin._port_update-8697630408194', 'neutron.db.l3_db.L3_NAT_dbonly_mixin._prevent_internal_ip_change_for_fip-8697632287958'] for port (2f208d47-bbe6-41a4-a932-3e01e1728fae), before_update {{(pid=89954) _notify_loop /opt/stack/data/venv/lib/python3.12/site-packages/neutron_lib/callbacks/manager.py:184}}
Jun 03 17:36:56.109964 np0000002084 devstack@neutron-api.service[89954]: DEBUG neutron.db.db_base_plugin_common [None req-7a9a2997-01dc-49b0-b9e6-c1c5d6f5a0db admin admin] Allocated IP 192.168.233.2 (b857dcd8-54f4-43b8-8059-494f56b86e72/817e9733-59d9-4a19-91fb-5fbbc430d41a/2f208d47-bbe6-41a4-a932-3e01e1728fae) {{(pid=89954) _store_ip_allocation /opt/stack/neutron/neutron/db/db_base_plugin_common.py:131}}
Jun 03 17:36:56.160551 np0000002084 devstack@neutron-api.service[89954]: DEBUG neutron_lib.callbacks.manager [None req-7a9a2997-01dc-49b0-b9e6-c1c5d6f5a0db admin admin] Publish callbacks [] for port (2f208d47-bbe6-41a4-a932-3e01e1728fae), precommit_update {{(pid=89954) _notify_loop /opt/stack/data/venv/lib/python3.12/site-packages/neutron_lib/callbacks/manager.py:184}}
Jun 03 17:36:56.160646 np0000002084 devstack@neutron-api.service[89954]: DEBUG neutron.plugins.ml2.drivers.ovn.mech_driver.mech_driver [None req-7a9a2997-01dc-49b0-b9e6-c1c5d6f5a0db admin admin] No provisioning block for port 2f208d47-bbe6-41a4-a932-3e01e1728fae since it does not have a host {{(pid=89954) _is_port_provisioning_required /opt/stack/neutron/neutron/plugins/ml2/drivers/ovn/mech_driver/mech_driver.py:896}}
Jun 03 17:36:56.173189 np0000002084 devstack@neutron-api.service[89954]: DEBUG neutron_lib.callbacks.manager [None req-7a9a2997-01dc-49b0-b9e6-c1c5d6f5a0db admin admin] Publish callbacks ['neutron.plugins.ml2.ovo_rpc._ObjectChangeHandler.handle_event-6475789', 'neutron.services.ovn_l3.plugin.OVNL3RouterPlugin._port_update-8697630408194'] for port (2f208d47-bbe6-41a4-a932-3e01e1728fae), after_update {{(pid=89954) _notify_loop /opt/stack/data/venv/lib/python3.12/site-packages/neutron_lib/callbacks/manager.py:184}}
Jun 03 17:36:56.215516 np0000002084 devstack@neutron-api.service[89954]: DEBUG neutron.api.rpc.handlers.resources_rpc [None req-7a9a2997-01dc-49b0-b9e6-c1c5d6f5a0db admin admin] Pushing event updated for resources: {'Port': ['ID=2f208d47-bbe6-41a4-a932-3e01e1728fae,revision_number=2']} {{(pid=89954) push /opt/stack/neutron/neutron/api/rpc/handlers/resources_rpc.py:237}}
Jun 03 17:36:56.289785 np0000002084 devstack@neutron-api.service[89954]: DEBUG ovsdbapp.backend.ovs_idl.transaction [None req-13a33594-cf9d-4b44-9cf4-94387ae4373f None None] Running txn n=1 command(idx=0): CheckRevisionNumberCommand(_result=None, name=2f208d47-bbe6-41a4-a932-3e01e1728fae, resource={'id': '2f208d47-bbe6-41a4-a932-3e01e1728fae', 'name': '', 'network_id': 'b857dcd8-54f4-43b8-8059-494f56b86e72', 'project_id': 'b7dec97f9cf1481998749e7090c08dd6', 'mac_address': 'fa:16:3e:f5:cd:fb', 'admin_state_up': True, 'status': 'DOWN', 'device_id': 'ovnmeta-b857dcd8-54f4-43b8-8059-494f56b86e72', 'device_owner': 'network:distributed', 'standard_attr_id': 28, 'fixed_ips': [{'subnet_id': '817e9733-59d9-4a19-91fb-5fbbc430d41a', 'ip_address': '192.168.233.2'}], 'allowed_address_pairs': [], 'extra_dhcp_opts': [], 'security_groups': [], 'description': '', 'binding:vnic_type': 'normal', 'binding:profile': {}, 'binding:host_id': '', 'binding:vif_type': 'unbound', 'binding:vif_details': {}, 'port_security_enabled': False, 'tags': [], 'created_at': '2026-06-03T17:36:55Z', 'updated_at': '2026-06-03T17:36:56Z', 'revision_number': 2, 'tenant_id': 'b7dec97f9cf1481998749e7090c08dd6', 'network': {'id': 'b857dcd8-54f4-43b8-8059-494f56b86e72', 'name': 'shared', 'tenant_id': 'b7dec97f9cf1481998749e7090c08dd6', 'project_id': 'b7dec97f9cf1481998749e7090c08dd6', 'admin_state_up': True, 'mtu': 1372, 'status': 'ACTIVE', 'subnets': ['817e9733-59d9-4a19-91fb-5fbbc430d41a'], 'standard_attr_id': 26, 'shared': True, 'availability_zone_hints': [], 'availability_zones': [], 'ipv4_address_scope': None, 'ipv6_address_scope': None, 'router:external': False, 'qinq': False, 'vlan_transparent': False, 'description': '', 'port_security_enabled': True, 'tags': [], 'created_at': '2026-06-03T17:36:55Z', 'updated_at': '2026-06-03T17:36:55Z', 'revision_number': 2, 'provider:network_type': 'geneve', 'provider:physical_network': None, 'provider:segmentation_id': 33770}}, resource_type=ports, if_exists=True) {{(pid=89954) do_commit /opt/stack/data/venv/lib/python3.12/site-packages/ovsdbapp/backend/ovs_idl/transaction.py:89}}
Jun 03 17:36:56.290196 np0000002084 devstack@neutron-api.service[89954]: DEBUG ovsdbapp.backend.ovs_idl.transaction [None req-13a33594-cf9d-4b44-9cf4-94387ae4373f None None] Running txn n=1 command(idx=1): AddDHCPOptionsCommand(_result=None, columns={'cidr': '192.168.233.0/24', 'options': {'server_id': '192.168.233.1', 'lease_time': '43200', 'mtu': '1372', 'router': '192.168.233.1', 'server_mac': 'fa:16:3e:7b:ea:f9', 'dns_server': '{127.0.0.53}', 'classless_static_route': '{169.254.169.254/32,192.168.233.2, 0.0.0.0/0,192.168.233.1}'}, 'external_ids': {'subnet_id': '817e9733-59d9-4a19-91fb-5fbbc430d41a', 'neutron:network_id': 'b857dcd8-54f4-43b8-8059-494f56b86e72', 'neutron:revision_number': '0'}}, may_exist=True, subnet_id=817e9733-59d9-4a19-91fb-5fbbc430d41a, port_id=None, new_insert=False) {{(pid=89954) do_commit /opt/stack/data/venv/lib/python3.12/site-packages/ovsdbapp/backend/ovs_idl/transaction.py:89}}
Jun 03 17:36:56.290581 np0000002084 devstack@neutron-api.service[89954]: DEBUG ovsdbapp.backend.ovs_idl.transaction [None req-13a33594-cf9d-4b44-9cf4-94387ae4373f None None] Running txn n=1 command(idx=2): SetLSwitchPortCommand(_result=None, lport=2f208d47-bbe6-41a4-a932-3e01e1728fae, external_ids_update=None, columns={'external_ids': {'neutron:port_name': '', 'neutron:device_id': 'ovnmeta-b857dcd8-54f4-43b8-8059-494f56b86e72', 'neutron:project_id': 'b7dec97f9cf1481998749e7090c08dd6', 'neutron:cidrs': '192.168.233.2/24', 'neutron:device_owner': 'network:distributed', 'neutron:subnet_pool_addr_scope4': '', 'neutron:subnet_pool_addr_scope6': '', 'neutron:network_name': 'neutron-b857dcd8-54f4-43b8-8059-494f56b86e72', 'neutron:security_group_ids': '', 'neutron:revision_number': '2', 'neutron:vnic_type': 'normal', 'neutron:port_capabilities': '', 'neutron:mtu': '1372'}, 'parent_name': [], 'tag': [], 'options': {}, 'enabled': True, 'port_security': [], 'dhcpv4_options': [], 'dhcpv6_options': [], 'type': 'localport', 'addresses': ['fa:16:3e:f5:cd:fb 192.168.233.2'], 'ha_chassis_group': []}, if_exists=False) {{(pid=89954) do_commit /opt/stack/data/venv/lib/python3.12/site-packages/ovsdbapp/backend/ovs_idl/transaction.py:89}}
Jun 03 17:36:56.291298 np0000002084 devstack@neutron-api.service[89954]: DEBUG ovsdbapp.backend.ovs_idl.transaction [None req-13a33594-cf9d-4b44-9cf4-94387ae4373f None None] Running txn n=1 command(idx=3): PgDelPortCommand(_result=None, port_group=neutron_pg_drop, lsp=['2f208d47-bbe6-41a4-a932-3e01e1728fae'], if_exists=False) {{(pid=89954) do_commit /opt/stack/data/venv/lib/python3.12/site-packages/ovsdbapp/backend/ovs_idl/transaction.py:89}}
Jun 03 17:36:56.304599 np0000002084 devstack@neutron-api.service[89956]: DEBUG neutron.plugins.ml2.drivers.ovn.mech_driver.ovsdb.ovsdb_monitor [None req-e83f0df0-9fda-4a61-870b-5478a12819a7 None None] Hash Ring: Node 2d7aa77d0f3b53deab414b93ea991678 (host: np0000002084) handling event "create" for row 933643ac-e471-4563-8f25-db0d28803bd9 (table: DHCP_Options) {{(pid=89956) notify /opt/stack/neutron/neutron/plugins/ml2/drivers/ovn/mech_driver/ovsdb/ovsdb_monitor.py:1015}}
Jun 03 17:36:56.304804 np0000002084 devstack@neutron-api.service[89956]: DEBUG neutron.plugins.ml2.drivers.ovn.mech_driver.ovsdb.ovsdb_monitor [None req-e83f0df0-9fda-4a61-870b-5478a12819a7 None None] Hash Ring: Node 2d7aa77d0f3b53deab414b93ea991678 (host: np0000002084) handling event "update" for row e4a4736e-f593-4c75-a993-a266d9396880 (table: Logical_Switch_Port) {{(pid=89956) notify /opt/stack/neutron/neutron/plugins/ml2/drivers/ovn/mech_driver/ovsdb/ovsdb_monitor.py:1015}}
Jun 03 17:36:56.305169 np0000002084 devstack@neutron-api.service[89955]: DEBUG neutron.plugins.ml2.drivers.ovn.mech_driver.ovsdb.ovsdb_monitor [None req-ebdc9de6-5301-4ae2-ba77-54fb7b4ba81d None None] Hash Ring: Node 11038bac774659f2b403144cd304f608 (host: np0000002084) handling event "update" for row 29e898ab-4189-4707-9abb-929c63b0ba64 (table: Port_Binding) {{(pid=89955) notify /opt/stack/neutron/neutron/plugins/ml2/drivers/ovn/mech_driver/ovsdb/ovsdb_monitor.py:1015}}
Jun 03 17:36:56.328729 np0000002084 devstack@neutron-api.service[89954]: INFO neutron.db.ovn_revision_numbers_db [None req-7a9a2997-01dc-49b0-b9e6-c1c5d6f5a0db admin admin] Successfully bumped revision number for resource 2f208d47-bbe6-41a4-a932-3e01e1728fae (type: ports) to 2
Jun 03 17:36:56.336332 np0000002084 devstack@neutron-api.service[89954]: DEBUG neutron.plugins.ml2.plugin [None req-7a9a2997-01dc-49b0-b9e6-c1c5d6f5a0db admin admin] In _notify_port_updated(), no bound segment for port 2f208d47-bbe6-41a4-a932-3e01e1728fae on network b857dcd8-54f4-43b8-8059-494f56b86e72 {{(pid=89954) _notify_port_updated /opt/stack/neutron/neutron/plugins/ml2/plugin.py:1038}}
Jun 03 17:36:56.350293 np0000002084 devstack@neutron-api.service[89954]: INFO neutron.db.ovn_revision_numbers_db [None req-7a9a2997-01dc-49b0-b9e6-c1c5d6f5a0db admin admin] Successfully bumped revision number for resource 817e9733-59d9-4a19-91fb-5fbbc430d41a (type: subnets) to 0
Jun 03 17:36:56.351287 np0000002084 devstack@neutron-api.service[89954]: DEBUG neutron.pecan_wsgi.hooks.policy_enforcement [None req-7a9a2997-01dc-49b0-b9e6-c1c5d6f5a0db admin admin] Attributes excluded by policy engine: ['standard_attr_id', 'shared', 'network'] {{(pid=89954) _exclude_attributes_by_policy /opt/stack/neutron/neutron/pecan_wsgi/hooks/policy_enforcement.py:256}}
Jun 03 17:36:56.351571 np0000002084 devstack@neutron-api.service[89954]: DEBUG neutron_lib.callbacks.manager [None req-7a9a2997-01dc-49b0-b9e6-c1c5d6f5a0db admin admin] Publish callbacks [] for subnet (None), before_response {{(pid=89954) _notify_loop /opt/stack/data/venv/lib/python3.12/site-packages/neutron_lib/callbacks/manager.py:184}}
Jun 03 17:36:56.364656 np0000002084 devstack@neutron-api.service[89954]: [pid: 89954|app: 0|req: 13/40] 10.4.3.60 () {68 vars in 1317 bytes} [Wed Jun 3 17:36:55 2026] POST /networking/v2.0/subnets => generated 665 bytes in 448 msecs (HTTP/1.1 201) 4 headers in 162 bytes (1 switches on core 0)
Jun 03 17:36:58.519507 np0000002084 devstack@neutron-api.service[89954]: DEBUG neutron.plugins.ml2.drivers.ovn.mech_driver.ovsdb.ovsdb_monitor [-] ChassisOVNAgentWriteEvent : Matched Chassis_Private, update, None None {{(pid=89954) matches /opt/stack/neutron/neutron/plugins/ml2/drivers/ovn/mech_driver/ovsdb/ovsdb_monitor.py:64}}
Jun 03 17:36:58.519766 np0000002084 devstack@neutron-api.service[89956]: DEBUG neutron.plugins.ml2.drivers.ovn.mech_driver.ovsdb.ovsdb_monitor [None req-24db5e03-791e-4b01-889e-a719839503c2 None None] ChassisOVNAgentWriteEvent : Matched Chassis_Private, update, None None {{(pid=89956) matches /opt/stack/neutron/neutron/plugins/ml2/drivers/ovn/mech_driver/ovsdb/ovsdb_monitor.py:64}}
Jun 03 17:36:58.519991 np0000002084 devstack@neutron-api.service[89955]: DEBUG neutron.plugins.ml2.drivers.ovn.mech_driver.ovsdb.ovsdb_monitor [None req-ebdc9de6-5301-4ae2-ba77-54fb7b4ba81d None None] ChassisOVNAgentWriteEvent : Matched Chassis_Private, update, None None {{(pid=89955) matches /opt/stack/neutron/neutron/plugins/ml2/drivers/ovn/mech_driver/ovsdb/ovsdb_monitor.py:64}}
Jun 03 17:36:58.520295 np0000002084 devstack@neutron-api.service[89955]: DEBUG neutron.plugins.ml2.drivers.ovn.mech_driver.ovsdb.ovsdb_monitor [None req-ebdc9de6-5301-4ae2-ba77-54fb7b4ba81d None None] Hash Ring: Node 11038bac774659f2b403144cd304f608 (host: np0000002084) handling event "update" for row b81e5d16-3f87-475a-9dcc-aa556d2137cf (table: Chassis_Private) {{(pid=89955) notify /opt/stack/neutron/neutron/plugins/ml2/drivers/ovn/mech_driver/ovsdb/ovsdb_monitor.py:1015}}
Jun 03 17:37:05.880804 np0000002084 devstack@neutron-api.service[89955]: DEBUG dbcounter [-] [89955] Writing DB stats neutron:UPDATE=1,neutron:SELECT=7 {{(pid=89955) stat_writer /opt/stack/data/venv/lib/python3.12/site-packages/dbcounter.py:115}}
Jun 03 17:37:05.905073 np0000002084 devstack@neutron-api.service[89956]: DEBUG dbcounter [-] [89956] Writing DB stats neutron:UPDATE=1,neutron:SELECT=55,neutron:INSERT=1 {{(pid=89956) stat_writer /opt/stack/data/venv/lib/python3.12/site-packages/dbcounter.py:115}}
Jun 03 17:37:06.356398 np0000002084 devstack@neutron-api.service[89954]: DEBUG dbcounter [-] [89954] Writing DB stats neutron:UPDATE=15,neutron:SELECT=367,neutron:INSERT=25,neutron:DELETE=4 {{(pid=89954) stat_writer /opt/stack/data/venv/lib/python3.12/site-packages/dbcounter.py:115}}
Jun 03 17:37:07.613935 np0000002084 devstack@neutron-api.service[89955]: DEBUG futurist.periodics [-] Submitting periodic callback 'neutron.plugins.ml2.drivers.ovn.mech_driver.ovsdb.maintenance.HashRingHealthCheckPeriodics.touch_hash_ring_node' {{(pid=89955) _process_scheduled /opt/stack/data/venv/lib/python3.12/site-packages/futurist/periodics.py:784}}
Jun 03 17:37:07.614329 np0000002084 devstack@neutron-api.service[89955]: DEBUG neutron.plugins.ml2.drivers.ovn.mech_driver.ovsdb.maintenance [-] Touching Hash Ring node "11038bac774659f2b403144cd304f608" from periodic health check thread {{(pid=89955) touch_hash_ring_node /opt/stack/neutron/neutron/plugins/ml2/drivers/ovn/mech_driver/ovsdb/maintenance.py:1421}}
Jun 03 17:37:08.404465 np0000002084 devstack@neutron-api.service[89956]: DEBUG futurist.periodics [-] Submitting periodic callback 'neutron.plugins.ml2.drivers.ovn.mech_driver.ovsdb.maintenance.HashRingHealthCheckPeriodics.touch_hash_ring_node' {{(pid=89956) _process_scheduled /opt/stack/data/venv/lib/python3.12/site-packages/futurist/periodics.py:784}}
Jun 03 17:37:08.404840 np0000002084 devstack@neutron-api.service[89956]: DEBUG neutron.plugins.ml2.drivers.ovn.mech_driver.ovsdb.maintenance [-] Touching Hash Ring node "2d7aa77d0f3b53deab414b93ea991678" from periodic health check thread {{(pid=89956) touch_hash_ring_node /opt/stack/neutron/neutron/plugins/ml2/drivers/ovn/mech_driver/ovsdb/maintenance.py:1421}}
Jun 03 17:37:08.443127 np0000002084 devstack@neutron-api.service[89954]: DEBUG futurist.periodics [-] Submitting periodic callback 'neutron.plugins.ml2.drivers.ovn.mech_driver.ovsdb.maintenance.HashRingHealthCheckPeriodics.touch_hash_ring_node' {{(pid=89954) _process_scheduled /opt/stack/data/venv/lib/python3.12/site-packages/futurist/periodics.py:784}}
Jun 03 17:37:08.443518 np0000002084 devstack@neutron-api.service[89954]: DEBUG neutron.plugins.ml2.drivers.ovn.mech_driver.ovsdb.maintenance [-] Touching Hash Ring node "d6fd033b19de5c4095776fb8ef4ab5a6" from periodic health check thread {{(pid=89954) touch_hash_ring_node /opt/stack/neutron/neutron/plugins/ml2/drivers/ovn/mech_driver/ovsdb/maintenance.py:1421}}
Jun 03 17:37:17.625680 np0000002084 devstack@neutron-api.service[89955]: DEBUG dbcounter [-] [89955] Writing DB stats neutron:UPDATE=1,neutron:SELECT=1 {{(pid=89955) stat_writer /opt/stack/data/venv/lib/python3.12/site-packages/dbcounter.py:115}}
Jun 03 17:37:18.411052 np0000002084 devstack@neutron-api.service[89956]: DEBUG dbcounter [-] [89956] Writing DB stats neutron:UPDATE=1,neutron:SELECT=1 {{(pid=89956) stat_writer /opt/stack/data/venv/lib/python3.12/site-packages/dbcounter.py:115}}
Jun 03 17:37:18.449414 np0000002084 devstack@neutron-api.service[89954]: DEBUG dbcounter [-] [89954] Writing DB stats neutron:UPDATE=1,neutron:SELECT=1 {{(pid=89954) stat_writer /opt/stack/data/venv/lib/python3.12/site-packages/dbcounter.py:115}}
Jun 03 17:37:22.614465 np0000002084 devstack@neutron-api.service[89955]: DEBUG futurist.periodics [-] Submitting periodic callback 'neutron.plugins.ml2.drivers.ovn.mech_driver.ovsdb.maintenance.HashRingHealthCheckPeriodics.touch_hash_ring_node' {{(pid=89955) _process_scheduled /opt/stack/data/venv/lib/python3.12/site-packages/futurist/periodics.py:784}}
Jun 03 17:37:22.614889 np0000002084 devstack@neutron-api.service[89955]: DEBUG neutron.plugins.ml2.drivers.ovn.mech_driver.ovsdb.maintenance [-] Touching Hash Ring node "11038bac774659f2b403144cd304f608" from periodic health check thread {{(pid=89955) touch_hash_ring_node /opt/stack/neutron/neutron/plugins/ml2/drivers/ovn/mech_driver/ovsdb/maintenance.py:1421}}
Jun 03 17:37:23.404879 np0000002084 devstack@neutron-api.service[89956]: DEBUG futurist.periodics [-] Submitting periodic callback 'neutron.plugins.ml2.drivers.ovn.mech_driver.ovsdb.maintenance.HashRingHealthCheckPeriodics.touch_hash_ring_node' {{(pid=89956) _process_scheduled /opt/stack/data/venv/lib/python3.12/site-packages/futurist/periodics.py:784}}
Jun 03 17:37:23.405296 np0000002084 devstack@neutron-api.service[89956]: DEBUG neutron.plugins.ml2.drivers.ovn.mech_driver.ovsdb.maintenance [-] Touching Hash Ring node "2d7aa77d0f3b53deab414b93ea991678" from periodic health check thread {{(pid=89956) touch_hash_ring_node /opt/stack/neutron/neutron/plugins/ml2/drivers/ovn/mech_driver/ovsdb/maintenance.py:1421}}
Jun 03 17:37:23.443616 np0000002084 devstack@neutron-api.service[89954]: DEBUG futurist.periodics [-] Submitting periodic callback 'neutron.plugins.ml2.drivers.ovn.mech_driver.ovsdb.maintenance.HashRingHealthCheckPeriodics.touch_hash_ring_node' {{(pid=89954) _process_scheduled /opt/stack/data/venv/lib/python3.12/site-packages/futurist/periodics.py:784}}
Jun 03 17:37:23.444091 np0000002084 devstack@neutron-api.service[89954]: DEBUG neutron.plugins.ml2.drivers.ovn.mech_driver.ovsdb.maintenance [-] Touching Hash Ring node "d6fd033b19de5c4095776fb8ef4ab5a6" from periodic health check thread {{(pid=89954) touch_hash_ring_node /opt/stack/neutron/neutron/plugins/ml2/drivers/ovn/mech_driver/ovsdb/maintenance.py:1421}}
