May 13 01:59:36.349011 np0000000663 nova-scheduler[95541]: DEBUG cotyledon.oslo_config_glue [-] oslo_messaging_rabbit.use_queue_manager = False {{(pid=95541) log_opt_values /opt/stack/data/venv/lib/python3.12/site-packages/oslo_config/cfg.py:3006}}
May 13 01:59:36.349011 np0000000663 nova-scheduler[95541]: DEBUG cotyledon.oslo_config_glue [-] oslo_messaging_notifications.driver = ['messagingv2'] {{(pid=95541) log_opt_values /opt/stack/data/venv/lib/python3.12/site-packages/oslo_config/cfg.py:3006}}
May 13 01:59:36.349011 np0000000663 nova-scheduler[95541]: DEBUG cotyledon.oslo_config_glue [-] oslo_messaging_notifications.retry = -1 {{(pid=95541) log_opt_values /opt/stack/data/venv/lib/python3.12/site-packages/oslo_config/cfg.py:3006}}
May 13 01:59:36.349011 np0000000663 nova-scheduler[95541]: DEBUG cotyledon.oslo_config_glue [-] oslo_messaging_notifications.topics = ['notifications'] {{(pid=95541) log_opt_values /opt/stack/data/venv/lib/python3.12/site-packages/oslo_config/cfg.py:3006}}
May 13 01:59:36.349011 np0000000663 nova-scheduler[95541]: DEBUG cotyledon.oslo_config_glue [-] oslo_messaging_notifications.transport_url = **** {{(pid=95541) log_opt_values /opt/stack/data/venv/lib/python3.12/site-packages/oslo_config/cfg.py:3006}}
May 13 01:59:36.349011 np0000000663 nova-scheduler[95541]: DEBUG cotyledon.oslo_config_glue [-] oslo_limit.auth_section = None {{(pid=95541) log_opt_values /opt/stack/data/venv/lib/python3.12/site-packages/oslo_config/cfg.py:3006}}
May 13 01:59:36.349011 np0000000663 nova-scheduler[95541]: DEBUG cotyledon.oslo_config_glue [-] oslo_limit.auth_type = None {{(pid=95541) log_opt_values /opt/stack/data/venv/lib/python3.12/site-packages/oslo_config/cfg.py:3006}}
May 13 01:59:36.349011 np0000000663 nova-scheduler[95541]: DEBUG cotyledon.oslo_config_glue [-] oslo_limit.cafile = None {{(pid=95541) log_opt_values /opt/stack/data/venv/lib/python3.12/site-packages/oslo_config/cfg.py:3006}}
May 13 01:59:36.349011 np0000000663 nova-scheduler[95541]: DEBUG cotyledon.oslo_config_glue [-] oslo_limit.certfile = None {{(pid=95541) log_opt_values /opt/stack/data/venv/lib/python3.12/site-packages/oslo_config/cfg.py:3006}}
May 13 01:59:36.349205 np0000000663 nova-scheduler[95541]: DEBUG cotyledon.oslo_config_glue [-] oslo_limit.collect_timing = False {{(pid=95541) log_opt_values /opt/stack/data/venv/lib/python3.12/site-packages/oslo_config/cfg.py:3006}}
May 13 01:59:36.349205 np0000000663 nova-scheduler[95541]: DEBUG cotyledon.oslo_config_glue [-] oslo_limit.connect_retries = None {{(pid=95541) log_opt_values /opt/stack/data/venv/lib/python3.12/site-packages/oslo_config/cfg.py:3006}}
May 13 01:59:36.349205 np0000000663 nova-scheduler[95541]: DEBUG cotyledon.oslo_config_glue [-] oslo_limit.connect_retry_delay = None {{(pid=95541) log_opt_values /opt/stack/data/venv/lib/python3.12/site-packages/oslo_config/cfg.py:3006}}
May 13 01:59:36.349205 np0000000663 nova-scheduler[95541]: DEBUG cotyledon.oslo_config_glue [-] oslo_limit.endpoint_id = None {{(pid=95541) log_opt_values /opt/stack/data/venv/lib/python3.12/site-packages/oslo_config/cfg.py:3006}}
May 13 01:59:36.349205 np0000000663 nova-scheduler[95541]: DEBUG cotyledon.oslo_config_glue [-] oslo_limit.endpoint_interface = public {{(pid=95541) log_opt_values /opt/stack/data/venv/lib/python3.12/site-packages/oslo_config/cfg.py:3006}}
May 13 01:59:36.349205 np0000000663 nova-scheduler[95541]: DEBUG cotyledon.oslo_config_glue [-] oslo_limit.endpoint_override = None {{(pid=95541) log_opt_values /opt/stack/data/venv/lib/python3.12/site-packages/oslo_config/cfg.py:3006}}
May 13 01:59:36.349205 np0000000663 nova-scheduler[95541]: DEBUG cotyledon.oslo_config_glue [-] oslo_limit.endpoint_region_name = None {{(pid=95541) log_opt_values /opt/stack/data/venv/lib/python3.12/site-packages/oslo_config/cfg.py:3006}}
May 13 01:59:36.349205 np0000000663 nova-scheduler[95541]: DEBUG cotyledon.oslo_config_glue [-] oslo_limit.endpoint_service_name = None {{(pid=95541) log_opt_values /opt/stack/data/venv/lib/python3.12/site-packages/oslo_config/cfg.py:3006}}
May 13 01:59:36.349205 np0000000663 nova-scheduler[95541]: DEBUG cotyledon.oslo_config_glue [-] oslo_limit.endpoint_service_type = None {{(pid=95541) log_opt_values /opt/stack/data/venv/lib/python3.12/site-packages/oslo_config/cfg.py:3006}}
May 13 01:59:36.349456 np0000000663 nova-scheduler[95541]: DEBUG cotyledon.oslo_config_glue [-] oslo_limit.insecure = False {{(pid=95541) log_opt_values /opt/stack/data/venv/lib/python3.12/site-packages/oslo_config/cfg.py:3006}}
May 13 01:59:36.349456 np0000000663 nova-scheduler[95541]: DEBUG cotyledon.oslo_config_glue [-] oslo_limit.keyfile = None {{(pid=95541) log_opt_values /opt/stack/data/venv/lib/python3.12/site-packages/oslo_config/cfg.py:3006}}
May 13 01:59:36.349456 np0000000663 nova-scheduler[95541]: DEBUG cotyledon.oslo_config_glue [-] oslo_limit.max_version = None {{(pid=95541) log_opt_values /opt/stack/data/venv/lib/python3.12/site-packages/oslo_config/cfg.py:3006}}
May 13 01:59:36.349456 np0000000663 nova-scheduler[95541]: DEBUG cotyledon.oslo_config_glue [-] oslo_limit.min_version = None {{(pid=95541) log_opt_values /opt/stack/data/venv/lib/python3.12/site-packages/oslo_config/cfg.py:3006}}
May 13 01:59:36.349456 np0000000663 nova-scheduler[95541]: DEBUG cotyledon.oslo_config_glue [-] oslo_limit.region_name = None {{(pid=95541) log_opt_values /opt/stack/data/venv/lib/python3.12/site-packages/oslo_config/cfg.py:3006}}
May 13 01:59:36.349456 np0000000663 nova-scheduler[95541]: DEBUG cotyledon.oslo_config_glue [-] oslo_limit.retriable_status_codes = None {{(pid=95541) log_opt_values /opt/stack/data/venv/lib/python3.12/site-packages/oslo_config/cfg.py:3006}}
May 13 01:59:36.349456 np0000000663 nova-scheduler[95541]: DEBUG cotyledon.oslo_config_glue [-] oslo_limit.service_name = None {{(pid=95541) log_opt_values /opt/stack/data/venv/lib/python3.12/site-packages/oslo_config/cfg.py:3006}}
May 13 01:59:36.349456 np0000000663 nova-scheduler[95541]: DEBUG cotyledon.oslo_config_glue [-] oslo_limit.service_type = None {{(pid=95541) log_opt_values /opt/stack/data/venv/lib/python3.12/site-packages/oslo_config/cfg.py:3006}}
May 13 01:59:36.349456 np0000000663 nova-scheduler[95541]: DEBUG cotyledon.oslo_config_glue [-] oslo_limit.split_loggers = False {{(pid=95541) log_opt_values /opt/stack/data/venv/lib/python3.12/site-packages/oslo_config/cfg.py:3006}}
May 13 01:59:36.349641 np0000000663 nova-scheduler[95541]: DEBUG cotyledon.oslo_config_glue [-] oslo_limit.status_code_retries = None {{(pid=95541) log_opt_values /opt/stack/data/venv/lib/python3.12/site-packages/oslo_config/cfg.py:3006}}
May 13 01:59:36.349641 np0000000663 nova-scheduler[95541]: DEBUG cotyledon.oslo_config_glue [-] oslo_limit.status_code_retry_delay = None {{(pid=95541) log_opt_values /opt/stack/data/venv/lib/python3.12/site-packages/oslo_config/cfg.py:3006}}
May 13 01:59:36.349641 np0000000663 nova-scheduler[95541]: DEBUG cotyledon.oslo_config_glue [-] oslo_limit.timeout = None {{(pid=95541) log_opt_values /opt/stack/data/venv/lib/python3.12/site-packages/oslo_config/cfg.py:3006}}
May 13 01:59:36.349641 np0000000663 nova-scheduler[95541]: DEBUG cotyledon.oslo_config_glue [-] oslo_limit.valid_interfaces = None {{(pid=95541) log_opt_values /opt/stack/data/venv/lib/python3.12/site-packages/oslo_config/cfg.py:3006}}
May 13 01:59:36.349641 np0000000663 nova-scheduler[95541]: DEBUG cotyledon.oslo_config_glue [-] oslo_limit.version = None {{(pid=95541) log_opt_values /opt/stack/data/venv/lib/python3.12/site-packages/oslo_config/cfg.py:3006}}
May 13 01:59:36.349641 np0000000663 nova-scheduler[95541]: DEBUG cotyledon.oslo_config_glue [-] oslo_reports.file_event_handler = None {{(pid=95541) log_opt_values /opt/stack/data/venv/lib/python3.12/site-packages/oslo_config/cfg.py:3006}}
May 13 01:59:36.349641 np0000000663 nova-scheduler[95541]: DEBUG cotyledon.oslo_config_glue [-] oslo_reports.file_event_handler_interval = 1 {{(pid=95541) log_opt_values /opt/stack/data/venv/lib/python3.12/site-packages/oslo_config/cfg.py:3006}}
May 13 01:59:36.349641 np0000000663 nova-scheduler[95541]: DEBUG cotyledon.oslo_config_glue [-] oslo_reports.log_dir = None {{(pid=95541) log_opt_values /opt/stack/data/venv/lib/python3.12/site-packages/oslo_config/cfg.py:3006}}
May 13 01:59:36.349641 np0000000663 nova-scheduler[95541]: DEBUG cotyledon.oslo_config_glue [-] ******************************************************************************** {{(pid=95541) log_opt_values /opt/stack/data/venv/lib/python3.12/site-packages/oslo_config/cfg.py:3013}}
May 13 01:59:36.349808 np0000000663 nova-scheduler[95541]: DEBUG cotyledon._service_worker [-] Run service ServiceWrapper(2) [95541] {{(pid=95541) wait_forever /opt/stack/data/venv/lib/python3.12/site-packages/cotyledon/_service_worker.py:218}}
May 13 01:59:36.349808 np0000000663 nova-scheduler[95541]: INFO nova.service [-] Starting scheduler node (version 33.1.0)
May 13 01:59:36.349808 np0000000663 nova-scheduler[95541]: INFO dbcounter [None req-50f1394e-1de6-4d84-b7d9-100e58601163 None None] Registered counter for database nova_cell0
May 13 01:59:36.349906 np0000000663 nova-scheduler[95539]: DEBUG dbcounter [-] [95539] Writer thread running {{(pid=95539) stat_writer /opt/stack/data/venv/lib/python3.12/site-packages/dbcounter.py:102}}
May 13 01:59:36.349935 np0000000663 nova-scheduler[95532]: DEBUG nova.service [None req-a3d838c8-a821-4cc5-af32-39c814acd68d None None] Creating RPC server for service: nova-scheduler on topic: scheduler {{(pid=95532) start /opt/stack/nova/nova/service.py:195}}
May 13 01:59:36.349959 np0000000663 nova-scheduler[95541]: DEBUG oslo_db.sqlalchemy.engines [None req-50f1394e-1de6-4d84-b7d9-100e58601163 None None] MySQL server mode set to STRICT_TRANS_TABLES,STRICT_ALL_TABLES,NO_ZERO_IN_DATE,NO_ZERO_DATE,ERROR_FOR_DIVISION_BY_ZERO,TRADITIONAL,NO_ENGINE_SUBSTITUTION {{(pid=95541) _check_effective_sql_mode /opt/stack/data/venv/lib/python3.12/site-packages/oslo_db/sqlalchemy/engines.py:325}}
May 13 01:59:36.352516 np0000000663 nova-scheduler[95539]: DEBUG nova.service [None req-08668c3d-9cb4-4980-824a-46b0e701431f None None] Creating RPC server for service: nova-scheduler on topic: scheduler {{(pid=95539) start /opt/stack/nova/nova/service.py:195}}
May 13 01:59:36.359729 np0000000663 nova-scheduler[95541]: DEBUG dbcounter [-] [95541] Writer thread running {{(pid=95541) stat_writer /opt/stack/data/venv/lib/python3.12/site-packages/dbcounter.py:102}}
May 13 01:59:36.364330 np0000000663 nova-scheduler[95541]: DEBUG nova.service [None req-50f1394e-1de6-4d84-b7d9-100e58601163 None None] Creating RPC server for service: nova-scheduler on topic: scheduler {{(pid=95541) start /opt/stack/nova/nova/service.py:195}}
May 13 01:59:36.373519 np0000000663 nova-scheduler[95532]: DEBUG nova.service [None req-a3d838c8-a821-4cc5-af32-39c814acd68d None None] Join ServiceGroup membership for this service scheduler {{(pid=95532) start /opt/stack/nova/nova/service.py:221}}
May 13 01:59:36.373696 np0000000663 nova-scheduler[95532]: DEBUG nova.servicegroup.drivers.db [None req-a3d838c8-a821-4cc5-af32-39c814acd68d None None] DB_Driver: join new ServiceGroup member np0000000663 to the scheduler group, service = {{(pid=95532) join /opt/stack/nova/nova/servicegroup/drivers/db.py:44}}
May 13 01:59:36.378599 np0000000663 nova-scheduler[95539]: DEBUG nova.service [None req-08668c3d-9cb4-4980-824a-46b0e701431f None None] Join ServiceGroup membership for this service scheduler {{(pid=95539) start /opt/stack/nova/nova/service.py:221}}
May 13 01:59:36.378828 np0000000663 nova-scheduler[95539]: DEBUG nova.servicegroup.drivers.db [None req-08668c3d-9cb4-4980-824a-46b0e701431f None None] DB_Driver: join new ServiceGroup member np0000000663 to the scheduler group, service = {{(pid=95539) join /opt/stack/nova/nova/servicegroup/drivers/db.py:44}}
May 13 01:59:36.381945 np0000000663 nova-scheduler[95541]: DEBUG nova.service [None req-50f1394e-1de6-4d84-b7d9-100e58601163 None None] Join ServiceGroup membership for this service scheduler {{(pid=95541) start /opt/stack/nova/nova/service.py:221}}
May 13 01:59:36.382078 np0000000663 nova-scheduler[95541]: DEBUG nova.servicegroup.drivers.db [None req-50f1394e-1de6-4d84-b7d9-100e58601163 None None] DB_Driver: join new ServiceGroup member np0000000663 to the scheduler group, service = {{(pid=95541) join /opt/stack/nova/nova/servicegroup/drivers/db.py:44}}
May 13 01:59:41.399282 np0000000663 nova-scheduler[95532]: DEBUG oslo.service.backend._threading.loopingcall [-] Fixed interval looping call 'nova.servicegroup.drivers.db.DbDriver._report_state' sleeping for 119.98 seconds {{(pid=95532) _run_loop /opt/stack/data/venv/lib/python3.12/site-packages/oslo_service/backend/_threading/loopingcall.py:125}}
May 13 01:59:41.400033 np0000000663 nova-scheduler[95539]: DEBUG oslo.service.backend._threading.loopingcall [-] Fixed interval looping call 'nova.servicegroup.drivers.db.DbDriver._report_state' sleeping for 119.98 seconds {{(pid=95539) _run_loop /opt/stack/data/venv/lib/python3.12/site-packages/oslo_service/backend/_threading/loopingcall.py:125}}
May 13 01:59:41.402893 np0000000663 nova-scheduler[95541]: DEBUG oslo.service.backend._threading.loopingcall [-] Fixed interval looping call 'nova.servicegroup.drivers.db.DbDriver._report_state' sleeping for 119.98 seconds {{(pid=95541) _run_loop /opt/stack/data/venv/lib/python3.12/site-packages/oslo_service/backend/_threading/loopingcall.py:125}}
May 13 01:59:44.968314 np0000000663 nova-scheduler[94264]: DEBUG dbcounter [-] [94264] Writing DB stats nova_api:SELECT=3 {{(pid=94264) stat_writer /opt/stack/data/venv/lib/python3.12/site-packages/dbcounter.py:115}}
May 13 01:59:45.088438 np0000000663 nova-scheduler[94264]: DEBUG dbcounter [-] [94264] Writing DB stats nova_cell0:SELECT=1 {{(pid=94264) stat_writer /opt/stack/data/venv/lib/python3.12/site-packages/dbcounter.py:115}}
May 13 01:59:45.096007 np0000000663 nova-scheduler[94264]: DEBUG dbcounter [-] [94264] Writing DB stats nova_cell1:SELECT=1 {{(pid=94264) stat_writer /opt/stack/data/venv/lib/python3.12/site-packages/dbcounter.py:115}}
May 13 01:59:51.390075 np0000000663 nova-scheduler[95532]: DEBUG dbcounter [-] [95532] Writing DB stats nova_cell0:SELECT=4,nova_cell0:INSERT=1,nova_cell0:UPDATE=1 {{(pid=95532) stat_writer /opt/stack/data/venv/lib/python3.12/site-packages/dbcounter.py:115}}
May 13 01:59:51.394783 np0000000663 nova-scheduler[95539]: DEBUG dbcounter [-] [95539] Writing DB stats nova_cell0:SELECT=5,nova_cell0:INSERT=1,nova_cell0:UPDATE=1 {{(pid=95539) stat_writer /opt/stack/data/venv/lib/python3.12/site-packages/dbcounter.py:115}}
May 13 01:59:51.402630 np0000000663 nova-scheduler[95541]: DEBUG dbcounter [-] [95541] Writing DB stats nova_cell0:SELECT=3 {{(pid=95541) stat_writer /opt/stack/data/venv/lib/python3.12/site-packages/dbcounter.py:115}}
May 13 02:00:06.376038 np0000000663 nova-scheduler[95532]: DEBUG oslo.service.backend._threading.loopingcall [None req-d0335b08-ca48-4ab5-b61e-550013984fce None None] Dynamic interval looping call 'nova.service.Service.periodic_tasks' sleeping for 60.00 seconds {{(pid=95532) _run_loop /opt/stack/data/venv/lib/python3.12/site-packages/oslo_service/backend/_threading/loopingcall.py:125}}
May 13 02:00:28.381162 np0000000663 nova-scheduler[95539]: DEBUG oslo.service.backend._threading.loopingcall [None req-9767deec-c1a9-42e8-9e21-a168cf345b5f None None] Dynamic interval looping call 'nova.service.Service.periodic_tasks' sleeping for 60.00 seconds {{(pid=95539) _run_loop /opt/stack/data/venv/lib/python3.12/site-packages/oslo_service/backend/_threading/loopingcall.py:125}}
May 13 02:00:35.384109 np0000000663 nova-scheduler[95541]: DEBUG oslo.service.backend._threading.loopingcall [None req-3486c549-87e6-4d8b-9dcd-913992b9aeff None None] Dynamic interval looping call 'nova.service.Service.periodic_tasks' sleeping for 60.00 seconds {{(pid=95541) _run_loop /opt/stack/data/venv/lib/python3.12/site-packages/oslo_service/backend/_threading/loopingcall.py:125}}
May 13 02:01:06.376543 np0000000663 nova-scheduler[95532]: DEBUG oslo.service.backend._threading.loopingcall [None req-d0335b08-ca48-4ab5-b61e-550013984fce None None] Dynamic interval looping call 'nova.service.Service.periodic_tasks' sleeping for 60.00 seconds {{(pid=95532) _run_loop /opt/stack/data/venv/lib/python3.12/site-packages/oslo_service/backend/_threading/loopingcall.py:125}}
May 13 02:01:28.381644 np0000000663 nova-scheduler[95539]: DEBUG oslo.service.backend._threading.loopingcall [None req-9767deec-c1a9-42e8-9e21-a168cf345b5f None None] Dynamic interval looping call 'nova.service.Service.periodic_tasks' sleeping for 60.00 seconds {{(pid=95539) _run_loop /opt/stack/data/venv/lib/python3.12/site-packages/oslo_service/backend/_threading/loopingcall.py:125}}
May 13 02:01:35.384591 np0000000663 nova-scheduler[95541]: DEBUG oslo.service.backend._threading.loopingcall [None req-3486c549-87e6-4d8b-9dcd-913992b9aeff None None] Dynamic interval looping call 'nova.service.Service.periodic_tasks' sleeping for 60.00 seconds {{(pid=95541) _run_loop /opt/stack/data/venv/lib/python3.12/site-packages/oslo_service/backend/_threading/loopingcall.py:125}}
May 13 02:01:41.386263 np0000000663 nova-scheduler[95532]: DEBUG oslo.service.backend._threading.loopingcall [-] Fixed interval looping call 'nova.servicegroup.drivers.db.DbDriver._report_state' sleeping for 119.99 seconds {{(pid=95532) _run_loop /opt/stack/data/venv/lib/python3.12/site-packages/oslo_service/backend/_threading/loopingcall.py:125}}
May 13 02:01:41.386701 np0000000663 nova-scheduler[95539]: DEBUG oslo.service.backend._threading.loopingcall [-] Fixed interval looping call 'nova.servicegroup.drivers.db.DbDriver._report_state' sleeping for 119.99 seconds {{(pid=95539) _run_loop /opt/stack/data/venv/lib/python3.12/site-packages/oslo_service/backend/_threading/loopingcall.py:125}}
May 13 02:01:41.389088 np0000000663 nova-scheduler[95541]: DEBUG oslo.service.backend._threading.loopingcall [-] Fixed interval looping call 'nova.servicegroup.drivers.db.DbDriver._report_state' sleeping for 119.99 seconds {{(pid=95541) _run_loop /opt/stack/data/venv/lib/python3.12/site-packages/oslo_service/backend/_threading/loopingcall.py:125}}
May 13 02:01:51.382716 np0000000663 nova-scheduler[95532]: DEBUG dbcounter [-] [95532] Writing DB stats nova_cell0:SELECT=1,nova_cell0:UPDATE=1 {{(pid=95532) stat_writer /opt/stack/data/venv/lib/python3.12/site-packages/dbcounter.py:115}}
May 13 02:01:51.384747 np0000000663 nova-scheduler[95539]: DEBUG dbcounter [-] [95539] Writing DB stats nova_cell0:SELECT=1,nova_cell0:UPDATE=1 {{(pid=95539) stat_writer /opt/stack/data/venv/lib/python3.12/site-packages/dbcounter.py:115}}
May 13 02:01:51.387942 np0000000663 nova-scheduler[95541]: DEBUG dbcounter [-] [95541] Writing DB stats nova_cell0:SELECT=1,nova_cell0:UPDATE=1 {{(pid=95541) stat_writer /opt/stack/data/venv/lib/python3.12/site-packages/dbcounter.py:115}}
May 13 02:02:06.377062 np0000000663 nova-scheduler[95532]: DEBUG oslo.service.backend._threading.loopingcall [None req-d0335b08-ca48-4ab5-b61e-550013984fce None None] Dynamic interval looping call 'nova.service.Service.periodic_tasks' sleeping for 60.00 seconds {{(pid=95532) _run_loop /opt/stack/data/venv/lib/python3.12/site-packages/oslo_service/backend/_threading/loopingcall.py:125}}
May 13 02:02:28.382590 np0000000663 nova-scheduler[95539]: DEBUG oslo.service.backend._threading.loopingcall [None req-9767deec-c1a9-42e8-9e21-a168cf345b5f None None] Dynamic interval looping call 'nova.service.Service.periodic_tasks' sleeping for 60.00 seconds {{(pid=95539) _run_loop /opt/stack/data/venv/lib/python3.12/site-packages/oslo_service/backend/_threading/loopingcall.py:125}}
May 13 02:02:29.660165 np0000000663 nova-scheduler[95532]: DEBUG nova.scheduler.manager [None req-c7829434-a8cb-4c6c-a745-1b0c14cc5877 tempest-AttachVolumeNegativeTest-603660763 tempest-AttachVolumeNegativeTest-603660763-project-member] Starting to schedule for instances: ['b490e123-d30d-4fe1-9dbc-fd6e34ee8bf3'] {{(pid=95532) select_destinations /opt/stack/nova/nova/scheduler/manager.py:210}}
May 13 02:02:29.660882 np0000000663 nova-scheduler[95532]: DEBUG nova.scheduler.request_filter [None req-c7829434-a8cb-4c6c-a745-1b0c14cc5877 tempest-AttachVolumeNegativeTest-603660763 tempest-AttachVolumeNegativeTest-603660763-project-member] compute_status_filter request filter added forbidden trait COMPUTE_STATUS_DISABLED {{(pid=95532) compute_status_filter /opt/stack/nova/nova/scheduler/request_filter.py:253}}
May 13 02:02:29.660994 np0000000663 nova-scheduler[95532]: DEBUG nova.scheduler.request_filter [None req-c7829434-a8cb-4c6c-a745-1b0c14cc5877 tempest-AttachVolumeNegativeTest-603660763 tempest-AttachVolumeNegativeTest-603660763-project-member] Request filter 'compute_status_filter' took 0.0 seconds {{(pid=95532) wrapper /opt/stack/nova/nova/scheduler/request_filter.py:46}}
May 13 02:02:29.661222 np0000000663 nova-scheduler[95532]: DEBUG nova.scheduler.request_filter [None req-c7829434-a8cb-4c6c-a745-1b0c14cc5877 tempest-AttachVolumeNegativeTest-603660763 tempest-AttachVolumeNegativeTest-603660763-project-member] Request filter 'accelerators_filter' took 0.0 seconds {{(pid=95532) wrapper /opt/stack/nova/nova/scheduler/request_filter.py:46}}
May 13 02:02:29.661412 np0000000663 nova-scheduler[95532]: DEBUG nova.scheduler.request_filter [None req-c7829434-a8cb-4c6c-a745-1b0c14cc5877 tempest-AttachVolumeNegativeTest-603660763 tempest-AttachVolumeNegativeTest-603660763-project-member] Request filter 'packed_virtqueue_filter' took 0.0 seconds {{(pid=95532) wrapper /opt/stack/nova/nova/scheduler/request_filter.py:46}}
May 13 02:02:29.661670 np0000000663 nova-scheduler[95532]: DEBUG nova.scheduler.request_filter [None req-c7829434-a8cb-4c6c-a745-1b0c14cc5877 tempest-AttachVolumeNegativeTest-603660763 tempest-AttachVolumeNegativeTest-603660763-project-member] Request filter 'remote_managed_ports_filter' took 0.0 seconds {{(pid=95532) wrapper /opt/stack/nova/nova/scheduler/request_filter.py:46}}
May 13 02:02:29.661790 np0000000663 nova-scheduler[95532]: DEBUG nova.scheduler.request_filter [None req-c7829434-a8cb-4c6c-a745-1b0c14cc5877 tempest-AttachVolumeNegativeTest-603660763 tempest-AttachVolumeNegativeTest-603660763-project-member] ephemeral_encryption_filter skipped {{(pid=95532) ephemeral_encryption_filter /opt/stack/nova/nova/scheduler/request_filter.py:426}}
May 13 02:02:29.661917 np0000000663 nova-scheduler[95532]: DEBUG nova.scheduler.request_filter [None req-c7829434-a8cb-4c6c-a745-1b0c14cc5877 tempest-AttachVolumeNegativeTest-603660763 tempest-AttachVolumeNegativeTest-603660763-project-member] virtio_sound_filter skipped {{(pid=95532) virtio_sound_filter /opt/stack/nova/nova/scheduler/request_filter.py:460}}
May 13 02:02:29.662162 np0000000663 nova-scheduler[95532]: DEBUG nova.scheduler.request_filter [None req-c7829434-a8cb-4c6c-a745-1b0c14cc5877 tempest-AttachVolumeNegativeTest-603660763 tempest-AttachVolumeNegativeTest-603660763-project-member] tpm_secret_security_filter skipped {{(pid=95532) tpm_secret_security_filter /opt/stack/nova/nova/scheduler/request_filter.py:477}}
May 13 02:02:30.190389 np0000000663 nova-scheduler[95532]: INFO nova.utils [None req-c7829434-a8cb-4c6c-a745-1b0c14cc5877 tempest-AttachVolumeNegativeTest-603660763 tempest-AttachVolumeNegativeTest-603660763-project-member] The cell worker thread pool ForkProcess-1.cell_worker is initialized
May 13 02:02:30.190788 np0000000663 nova-scheduler[95532]: DEBUG oslo_concurrency.lockutils [None req-c7829434-a8cb-4c6c-a745-1b0c14cc5877 tempest-AttachVolumeNegativeTest-603660763 tempest-AttachVolumeNegativeTest-603660763-project-member] Acquiring lock "1b2c54de-c36a-48e6-9fb8-e601d89b6c90" by "nova.context.set_target_cell..get_or_set_cached_cell_and_set_connections" {{(pid=95532) inner /opt/stack/data/venv/lib/python3.12/site-packages/oslo_concurrency/lockutils.py:506}}
May 13 02:02:30.191041 np0000000663 nova-scheduler[95532]: DEBUG oslo_concurrency.lockutils [None req-c7829434-a8cb-4c6c-a745-1b0c14cc5877 tempest-AttachVolumeNegativeTest-603660763 tempest-AttachVolumeNegativeTest-603660763-project-member] Lock "1b2c54de-c36a-48e6-9fb8-e601d89b6c90" acquired by "nova.context.set_target_cell..get_or_set_cached_cell_and_set_connections" :: waited 0.000s {{(pid=95532) inner /opt/stack/data/venv/lib/python3.12/site-packages/oslo_concurrency/lockutils.py:519}}
May 13 02:02:30.192432 np0000000663 nova-scheduler[95532]: DEBUG oslo_concurrency.lockutils [None req-c7829434-a8cb-4c6c-a745-1b0c14cc5877 tempest-AttachVolumeNegativeTest-603660763 tempest-AttachVolumeNegativeTest-603660763-project-member] Lock "1b2c54de-c36a-48e6-9fb8-e601d89b6c90" "released" by "nova.context.set_target_cell..get_or_set_cached_cell_and_set_connections" :: held 0.001s {{(pid=95532) inner /opt/stack/data/venv/lib/python3.12/site-packages/oslo_concurrency/lockutils.py:538}}
May 13 02:02:30.194497 np0000000663 nova-scheduler[95532]: INFO dbcounter [None req-c7829434-a8cb-4c6c-a745-1b0c14cc5877 tempest-AttachVolumeNegativeTest-603660763 tempest-AttachVolumeNegativeTest-603660763-project-member] Registered counter for database nova_cell1
May 13 02:02:30.207039 np0000000663 nova-scheduler[95532]: DEBUG oslo_db.sqlalchemy.engines [None req-c7829434-a8cb-4c6c-a745-1b0c14cc5877 tempest-AttachVolumeNegativeTest-603660763 tempest-AttachVolumeNegativeTest-603660763-project-member] MySQL server mode set to STRICT_TRANS_TABLES,STRICT_ALL_TABLES,NO_ZERO_IN_DATE,NO_ZERO_DATE,ERROR_FOR_DIVISION_BY_ZERO,TRADITIONAL,NO_ENGINE_SUBSTITUTION {{(pid=95532) _check_effective_sql_mode /opt/stack/data/venv/lib/python3.12/site-packages/oslo_db/sqlalchemy/engines.py:325}}
May 13 02:02:30.212513 np0000000663 nova-scheduler[95532]: DEBUG dbcounter [-] [95532] Writer thread running {{(pid=95532) stat_writer /opt/stack/data/venv/lib/python3.12/site-packages/dbcounter.py:102}}
May 13 02:02:30.231682 np0000000663 nova-scheduler[95532]: DEBUG oslo_db.sqlalchemy.engines [None req-c7829434-a8cb-4c6c-a745-1b0c14cc5877 tempest-AttachVolumeNegativeTest-603660763 tempest-AttachVolumeNegativeTest-603660763-project-member] Parent process 94264 forked (95532) with an open database connection, which is being discarded and recreated. {{(pid=95532) checkout /opt/stack/data/venv/lib/python3.12/site-packages/oslo_db/sqlalchemy/engines.py:402}}
May 13 02:02:30.236750 np0000000663 nova-scheduler[95532]: DEBUG dbcounter [-] [95532] Writer thread running {{(pid=95532) stat_writer /opt/stack/data/venv/lib/python3.12/site-packages/dbcounter.py:102}}
May 13 02:02:30.239665 np0000000663 nova-scheduler[95532]: DEBUG oslo_concurrency.lockutils [None req-c7829434-a8cb-4c6c-a745-1b0c14cc5877 tempest-AttachVolumeNegativeTest-603660763 tempest-AttachVolumeNegativeTest-603660763-project-member] Acquiring lock "1b2c54de-c36a-48e6-9fb8-e601d89b6c90" by "nova.context.set_target_cell..get_or_set_cached_cell_and_set_connections" {{(pid=95532) inner /opt/stack/data/venv/lib/python3.12/site-packages/oslo_concurrency/lockutils.py:506}}
May 13 02:02:30.239823 np0000000663 nova-scheduler[95532]: DEBUG oslo_concurrency.lockutils [None req-c7829434-a8cb-4c6c-a745-1b0c14cc5877 tempest-AttachVolumeNegativeTest-603660763 tempest-AttachVolumeNegativeTest-603660763-project-member] Lock "1b2c54de-c36a-48e6-9fb8-e601d89b6c90" acquired by "nova.context.set_target_cell..get_or_set_cached_cell_and_set_connections" :: waited 0.000s {{(pid=95532) inner /opt/stack/data/venv/lib/python3.12/site-packages/oslo_concurrency/lockutils.py:519}}
May 13 02:02:30.239947 np0000000663 nova-scheduler[95532]: DEBUG oslo_concurrency.lockutils [None req-c7829434-a8cb-4c6c-a745-1b0c14cc5877 tempest-AttachVolumeNegativeTest-603660763 tempest-AttachVolumeNegativeTest-603660763-project-member] Lock "1b2c54de-c36a-48e6-9fb8-e601d89b6c90" "released" by "nova.context.set_target_cell..get_or_set_cached_cell_and_set_connections" :: held 0.000s {{(pid=95532) inner /opt/stack/data/venv/lib/python3.12/site-packages/oslo_concurrency/lockutils.py:538}}
May 13 02:02:30.242645 np0000000663 nova-scheduler[95532]: DEBUG oslo_concurrency.lockutils [None req-c7829434-a8cb-4c6c-a745-1b0c14cc5877 tempest-AttachVolumeNegativeTest-603660763 tempest-AttachVolumeNegativeTest-603660763-project-member] Acquiring lock "('np0000000663', 'np0000000663')" by "nova.scheduler.host_manager.HostState.update.._locked_update" {{(pid=95532) inner /opt/stack/data/venv/lib/python3.12/site-packages/oslo_concurrency/lockutils.py:506}}
May 13 02:02:30.242779 np0000000663 nova-scheduler[95532]: DEBUG oslo_concurrency.lockutils [None req-c7829434-a8cb-4c6c-a745-1b0c14cc5877 tempest-AttachVolumeNegativeTest-603660763 tempest-AttachVolumeNegativeTest-603660763-project-member] Lock "('np0000000663', 'np0000000663')" acquired by "nova.scheduler.host_manager.HostState.update.._locked_update" :: waited 0.000s {{(pid=95532) inner /opt/stack/data/venv/lib/python3.12/site-packages/oslo_concurrency/lockutils.py:519}}
May 13 02:02:30.243749 np0000000663 nova-scheduler[95532]: DEBUG nova.scheduler.host_manager [None req-c7829434-a8cb-4c6c-a745-1b0c14cc5877 tempest-AttachVolumeNegativeTest-603660763 tempest-AttachVolumeNegativeTest-603660763-project-member] Update host state from compute node: ComputeNode(cpu_allocation_ratio=4.0,cpu_info='{"arch": "x86_64", "model": "EPYC-Milan", "vendor": "AMD", "topology": {"cells": 1, "sockets": 12, "cores": 1, "threads": 1}, "maxphysaddr": {"mode": "emulate", "bits": 40}, "features": ["xsavec", "perfctr_core", "sse4.2", "invpcid", "rdctl-no", "clzero", "rdtscp", "de", "aes", "x2apic", "mtrr", "bmi1", "pfthreshold", "cr8legacy", "avx2", "xsaveerptr", "svm", "lm", "topoext", "f16c", "svme-addr-chk", "fpu", "lahf_lm", "flushbyasid", "tsc-deadline", "fxsr", "vgif", "mce", "cx8", "pge", "virt-ssbd", "ssbd", "gds-no", "movbe", "arat", "smap", "pat", "abm", "sep", "amd-stibp", "clflushopt", "hypervisor", "pni", "pae", "nrip-save", "ibrs", "xsaves", "fsrm", "xgetbv1", "vmcb-clean", "clflush", "syscall", "sse2", "no-nested-data-bp", "nx", "clwb", "adx", "osvw", "vaes", "erms", "misalignsse", "pschange-mc-no", "tsc", "cx16", "stibp", "smep", "pcid", "tsc_adjust", "null-sel-clr-base", "sse4.1", "sha-ni", "spec-ctrl", "ibpb", "fsgsbase", "avx", "stibp-always-on", "skip-l1dfl-vmentry", "cmp_legacy", "tsc-scale", "sse4a", "cmov", "3dnowprefetch", "fma", "xsave", "npt", "xsaveopt", "mmx", "pause-filter", "vpclmulqdq", "v-vmsave-vmload", "arch-capabilities", "bmi2", "rdrand", "lbrv", "ssse3", "pclmuldq", "vme", "wbnoinvd", "sse", "umip", "popcnt", "mmxext", "pku", "rdseed", "amd-ssbd", "mds-no", "apic", "fxsr_opt", "lfence-always-serializing", "pse36", "rdpid", "amd-psfd", "msr", "pdpe1gb", "pse", "mca"]}',created_at=2026-05-13T02:00:01Z,current_workload=0,deleted=False,deleted_at=None,disk_allocation_ratio=1.0,disk_available_least=74,free_disk_gb=95,free_ram_mb=23518,host='np0000000663',host_ip=10.4.3.38,hypervisor_hostname='np0000000663',hypervisor_type='QEMU',hypervisor_version=8002002,id=1,local_gb=95,local_gb_used=0,mapped=1,memory_mb=24030,memory_mb_used=512,metrics='[]',numa_topology='{"nova_object.name": "NUMATopology", "nova_object.namespace": "nova", "nova_object.version": "1.2", "nova_object.data": {"cells": [{"nova_object.name": "NUMACell", "nova_object.namespace": "nova", "nova_object.version": "1.5", "nova_object.data": {"id": 0, "cpuset": [0, 1, 2, 3, 4, 5, 6, 7, 8, 9, 10, 11], "pcpuset": [0, 1, 2, 3, 4, 5, 6, 7, 8, 9, 10, 11], "memory": 24030, "cpu_usage": 0, "memory_usage": 0, "pinned_cpus": [], "siblings": [[6], [2], [5], [11], [8], [4], [1], [7], [10], [0], [3], [9]], "mempages": [{"nova_object.name": "NUMAPagesTopology", "nova_object.namespace": "nova", "nova_object.version": "1.1", "nova_object.data": {"size_kb": 4, "total": 6151797, "used": 0, "reserved": 0}, "nova_object.changes": ["total", "used", "reserved", "size_kb"]}, {"nova_object.name": "NUMAPagesTopology", "nova_object.namespace": "nova", "nova_object.version": "1.1", "nova_object.data": {"size_kb": 2048, "total": 0, "used": 0, "reserved": 0}, "nova_object.changes": ["total", "used", "reserved", "size_kb"]}, {"nova_object.name": "NUMAPagesTopology", "nova_object.namespace": "nova", "nova_object.version": "1.1", "nova_object.data": {"size_kb": 1048576, "total": 0, "used": 0, "reserved": 0}, "nova_object.changes": ["total", "used", "reserved", "size_kb"]}], "network_metadata": {"nova_object.name": "NetworkMetadata", "nova_object.namespace": "nova", "nova_object.version": "1.0", "nova_object.data": {"physnets": [], "tunneled": false}, "nova_object.changes": ["physnets", "tunneled"]}, "socket": null}, "nova_object.changes": ["mempages", "id", "cpu_usage", "network_metadata", "socket", "pinned_cpus", "siblings", "pcpuset", "memory_usage", "memory", "cpuset"]}]}, "nova_object.changes": ["cells"]}',pci_device_pools=PciDevicePoolList,ram_allocation_ratio=1.0,running_vms=0,service_id=3,stats={failed_builds='0',uptime=' 02:01:47 up 25 min, 2 users, load average: 1.40, 1.52, 0.88
May 13 02:02:30.243749 np0000000663 nova-scheduler[95532]: '},supported_hv_specs=[HVSpec,HVSpec,HVSpec,HVSpec,HVSpec,HVSpec,HVSpec,HVSpec,HVSpec,HVSpec,HVSpec,HVSpec,HVSpec,HVSpec,HVSpec,HVSpec,HVSpec,HVSpec,HVSpec,HVSpec,HVSpec,HVSpec,HVSpec,HVSpec,HVSpec],updated_at=2026-05-13T02:01:49Z,uuid=97b2898b-d3c3-45e4-a1d2-ef71603b8684,vcpus=12,vcpus_used=0) {{(pid=95532) _locked_update /opt/stack/nova/nova/scheduler/host_manager.py:168}}
May 13 02:02:30.244433 np0000000663 nova-scheduler[95532]: DEBUG nova.scheduler.host_manager [None req-c7829434-a8cb-4c6c-a745-1b0c14cc5877 tempest-AttachVolumeNegativeTest-603660763 tempest-AttachVolumeNegativeTest-603660763-project-member] Update host state with aggregates: [] {{(pid=95532) _locked_update /opt/stack/nova/nova/scheduler/host_manager.py:171}}
May 13 02:02:30.244522 np0000000663 nova-scheduler[95532]: DEBUG nova.scheduler.host_manager [None req-c7829434-a8cb-4c6c-a745-1b0c14cc5877 tempest-AttachVolumeNegativeTest-603660763 tempest-AttachVolumeNegativeTest-603660763-project-member] Update host state with service dict: {'id': 3, 'uuid': 'b710c161-b913-4735-a842-90d60c0b1d19', 'host': 'np0000000663', 'binary': 'nova-compute', 'topic': 'compute', 'report_count': 2, 'disabled': False, 'disabled_reason': None, 'last_seen_up': datetime.datetime(2026, 5, 13, 2, 2, 10, tzinfo=datetime.timezone.utc), 'forced_down': False, 'version': 72, 'created_at': datetime.datetime(2026, 5, 13, 1, 59, 59, tzinfo=datetime.timezone.utc), 'updated_at': datetime.datetime(2026, 5, 13, 2, 2, 10, tzinfo=datetime.timezone.utc), 'deleted_at': None, 'deleted': False} {{(pid=95532) _locked_update /opt/stack/nova/nova/scheduler/host_manager.py:174}}
May 13 02:02:30.244628 np0000000663 nova-scheduler[95532]: DEBUG nova.scheduler.host_manager [None req-c7829434-a8cb-4c6c-a745-1b0c14cc5877 tempest-AttachVolumeNegativeTest-603660763 tempest-AttachVolumeNegativeTest-603660763-project-member] Update host state with instances: [] {{(pid=95532) _locked_update /opt/stack/nova/nova/scheduler/host_manager.py:177}}
May 13 02:02:30.244733 np0000000663 nova-scheduler[95532]: DEBUG oslo_concurrency.lockutils [None req-c7829434-a8cb-4c6c-a745-1b0c14cc5877 tempest-AttachVolumeNegativeTest-603660763 tempest-AttachVolumeNegativeTest-603660763-project-member] Lock "('np0000000663', 'np0000000663')" "released" by "nova.scheduler.host_manager.HostState.update.._locked_update" :: held 0.002s {{(pid=95532) inner /opt/stack/data/venv/lib/python3.12/site-packages/oslo_concurrency/lockutils.py:538}}
May 13 02:02:30.245117 np0000000663 nova-scheduler[95532]: DEBUG nova.filters [None req-c7829434-a8cb-4c6c-a745-1b0c14cc5877 tempest-AttachVolumeNegativeTest-603660763 tempest-AttachVolumeNegativeTest-603660763-project-member] Starting with 1 host(s) {{(pid=95532) get_filtered_objects /opt/stack/nova/nova/filters.py:70}}
May 13 02:02:30.245323 np0000000663 nova-scheduler[95532]: DEBUG nova.filters [None req-c7829434-a8cb-4c6c-a745-1b0c14cc5877 tempest-AttachVolumeNegativeTest-603660763 tempest-AttachVolumeNegativeTest-603660763-project-member] Filter ComputeFilter returned 1 host(s) {{(pid=95532) get_filtered_objects /opt/stack/nova/nova/filters.py:102}}
May 13 02:02:30.245463 np0000000663 nova-scheduler[95532]: DEBUG nova.filters [None req-c7829434-a8cb-4c6c-a745-1b0c14cc5877 tempest-AttachVolumeNegativeTest-603660763 tempest-AttachVolumeNegativeTest-603660763-project-member] Filter ComputeCapabilitiesFilter returned 1 host(s) {{(pid=95532) get_filtered_objects /opt/stack/nova/nova/filters.py:102}}
May 13 02:02:30.245782 np0000000663 nova-scheduler[95532]: DEBUG nova.filters [None req-c7829434-a8cb-4c6c-a745-1b0c14cc5877 tempest-AttachVolumeNegativeTest-603660763 tempest-AttachVolumeNegativeTest-603660763-project-member] Filter ImagePropertiesFilter returned 1 host(s) {{(pid=95532) get_filtered_objects /opt/stack/nova/nova/filters.py:102}}
May 13 02:02:30.245887 np0000000663 nova-scheduler[95532]: DEBUG nova.filters [None req-c7829434-a8cb-4c6c-a745-1b0c14cc5877 tempest-AttachVolumeNegativeTest-603660763 tempest-AttachVolumeNegativeTest-603660763-project-member] Filter ServerGroupAntiAffinityFilter returned 1 host(s) {{(pid=95532) get_filtered_objects /opt/stack/nova/nova/filters.py:102}}
May 13 02:02:30.246030 np0000000663 nova-scheduler[95532]: DEBUG nova.filters [None req-c7829434-a8cb-4c6c-a745-1b0c14cc5877 tempest-AttachVolumeNegativeTest-603660763 tempest-AttachVolumeNegativeTest-603660763-project-member] Filter ServerGroupAffinityFilter returned 1 host(s) {{(pid=95532) get_filtered_objects /opt/stack/nova/nova/filters.py:102}}
May 13 02:02:30.246211 np0000000663 nova-scheduler[95532]: DEBUG nova.filters [None req-c7829434-a8cb-4c6c-a745-1b0c14cc5877 tempest-AttachVolumeNegativeTest-603660763 tempest-AttachVolumeNegativeTest-603660763-project-member] Filter SameHostFilter returned 1 host(s) {{(pid=95532) get_filtered_objects /opt/stack/nova/nova/filters.py:102}}
May 13 02:02:30.246316 np0000000663 nova-scheduler[95532]: DEBUG nova.filters [None req-c7829434-a8cb-4c6c-a745-1b0c14cc5877 tempest-AttachVolumeNegativeTest-603660763 tempest-AttachVolumeNegativeTest-603660763-project-member] Filter DifferentHostFilter returned 1 host(s) {{(pid=95532) get_filtered_objects /opt/stack/nova/nova/filters.py:102}}
May 13 02:02:30.246460 np0000000663 nova-scheduler[95532]: DEBUG nova.scheduler.manager [None req-c7829434-a8cb-4c6c-a745-1b0c14cc5877 tempest-AttachVolumeNegativeTest-603660763 tempest-AttachVolumeNegativeTest-603660763-project-member] Filtered [(np0000000663, np0000000663) ram: 23518MB disk: 75776MB io_ops: 0 instances: 0, allocation_candidates: 1] {{(pid=95532) _get_sorted_hosts /opt/stack/nova/nova/scheduler/manager.py:743}}
May 13 02:02:30.246672 np0000000663 nova-scheduler[95532]: DEBUG nova.scheduler.manager [None req-c7829434-a8cb-4c6c-a745-1b0c14cc5877 tempest-AttachVolumeNegativeTest-603660763 tempest-AttachVolumeNegativeTest-603660763-project-member] Weighed [WeighedHost [host: (np0000000663, np0000000663) ram: 23518MB disk: 75776MB io_ops: 0 instances: 0, allocation_candidates: 1, weight: 0.0]] {{(pid=95532) _get_sorted_hosts /opt/stack/nova/nova/scheduler/manager.py:765}}
May 13 02:02:30.246798 np0000000663 nova-scheduler[95532]: DEBUG nova.scheduler.utils [None req-c7829434-a8cb-4c6c-a745-1b0c14cc5877 tempest-AttachVolumeNegativeTest-603660763 tempest-AttachVolumeNegativeTest-603660763-project-member] Attempting to claim resources in the placement API for instance b490e123-d30d-4fe1-9dbc-fd6e34ee8bf3 {{(pid=95532) claim_resources /opt/stack/nova/nova/scheduler/utils.py:1304}}
May 13 02:02:30.462187 np0000000663 nova-scheduler[95532]: DEBUG nova.scheduler.manager [None req-c7829434-a8cb-4c6c-a745-1b0c14cc5877 tempest-AttachVolumeNegativeTest-603660763 tempest-AttachVolumeNegativeTest-603660763-project-member] [instance: b490e123-d30d-4fe1-9dbc-fd6e34ee8bf3] Selected host: (np0000000663, np0000000663) ram: 23518MB disk: 75776MB io_ops: 0 instances: 0, allocation_candidates: 1 {{(pid=95532) _consume_selected_host /opt/stack/nova/nova/scheduler/manager.py:625}}
May 13 02:02:30.462481 np0000000663 nova-scheduler[95532]: DEBUG oslo_concurrency.lockutils [None req-c7829434-a8cb-4c6c-a745-1b0c14cc5877 tempest-AttachVolumeNegativeTest-603660763 tempest-AttachVolumeNegativeTest-603660763-project-member] Acquiring lock "('np0000000663', 'np0000000663')" by "nova.scheduler.host_manager.HostState.consume_from_request.._locked" {{(pid=95532) inner /opt/stack/data/venv/lib/python3.12/site-packages/oslo_concurrency/lockutils.py:506}}
May 13 02:02:30.462638 np0000000663 nova-scheduler[95532]: DEBUG oslo_concurrency.lockutils [None req-c7829434-a8cb-4c6c-a745-1b0c14cc5877 tempest-AttachVolumeNegativeTest-603660763 tempest-AttachVolumeNegativeTest-603660763-project-member] Lock "('np0000000663', 'np0000000663')" acquired by "nova.scheduler.host_manager.HostState.consume_from_request.._locked" :: waited 0.000s {{(pid=95532) inner /opt/stack/data/venv/lib/python3.12/site-packages/oslo_concurrency/lockutils.py:519}}
May 13 02:02:30.462835 np0000000663 nova-scheduler[95532]: DEBUG oslo_concurrency.lockutils [None req-c7829434-a8cb-4c6c-a745-1b0c14cc5877 tempest-AttachVolumeNegativeTest-603660763 tempest-AttachVolumeNegativeTest-603660763-project-member] Lock "('np0000000663', 'np0000000663')" "released" by "nova.scheduler.host_manager.HostState.consume_from_request.._locked" :: held 0.000s {{(pid=95532) inner /opt/stack/data/venv/lib/python3.12/site-packages/oslo_concurrency/lockutils.py:538}}
May 13 02:02:35.385042 np0000000663 nova-scheduler[95541]: DEBUG oslo.service.backend._threading.loopingcall [None req-3486c549-87e6-4d8b-9dcd-913992b9aeff None None] Dynamic interval looping call 'nova.service.Service.periodic_tasks' sleeping for 60.00 seconds {{(pid=95541) _run_loop /opt/stack/data/venv/lib/python3.12/site-packages/oslo_service/backend/_threading/loopingcall.py:125}}
May 13 02:02:36.829114 np0000000663 nova-scheduler[95539]: DEBUG nova.scheduler.manager [None req-138a0d1f-a269-41c4-9f8b-36b5e920abee tempest-VolumesAssistedSnapshotsTest-751673082 tempest-VolumesAssistedSnapshotsTest-751673082-project-member] Starting to schedule for instances: ['90b73edb-7021-4d08-90fe-4cd3f5678c7c'] {{(pid=95539) select_destinations /opt/stack/nova/nova/scheduler/manager.py:210}}
May 13 02:02:36.829739 np0000000663 nova-scheduler[95539]: DEBUG nova.scheduler.request_filter [None req-138a0d1f-a269-41c4-9f8b-36b5e920abee tempest-VolumesAssistedSnapshotsTest-751673082 tempest-VolumesAssistedSnapshotsTest-751673082-project-member] compute_status_filter request filter added forbidden trait COMPUTE_STATUS_DISABLED {{(pid=95539) compute_status_filter /opt/stack/nova/nova/scheduler/request_filter.py:253}}
May 13 02:02:36.833114 np0000000663 nova-scheduler[95539]: DEBUG nova.scheduler.request_filter [None req-138a0d1f-a269-41c4-9f8b-36b5e920abee tempest-VolumesAssistedSnapshotsTest-751673082 tempest-VolumesAssistedSnapshotsTest-751673082-project-member] Request filter 'compute_status_filter' took 0.0 seconds {{(pid=95539) wrapper /opt/stack/nova/nova/scheduler/request_filter.py:46}}
May 13 02:02:36.833114 np0000000663 nova-scheduler[95539]: DEBUG nova.scheduler.request_filter [None req-138a0d1f-a269-41c4-9f8b-36b5e920abee tempest-VolumesAssistedSnapshotsTest-751673082 tempest-VolumesAssistedSnapshotsTest-751673082-project-member] Request filter 'accelerators_filter' took 0.0 seconds {{(pid=95539) wrapper /opt/stack/nova/nova/scheduler/request_filter.py:46}}
May 13 02:02:36.833286 np0000000663 nova-scheduler[95539]: DEBUG nova.scheduler.request_filter [None req-138a0d1f-a269-41c4-9f8b-36b5e920abee tempest-VolumesAssistedSnapshotsTest-751673082 tempest-VolumesAssistedSnapshotsTest-751673082-project-member] Request filter 'packed_virtqueue_filter' took 0.0 seconds {{(pid=95539) wrapper /opt/stack/nova/nova/scheduler/request_filter.py:46}}
May 13 02:02:36.835106 np0000000663 nova-scheduler[95539]: DEBUG nova.scheduler.request_filter [None req-138a0d1f-a269-41c4-9f8b-36b5e920abee tempest-VolumesAssistedSnapshotsTest-751673082 tempest-VolumesAssistedSnapshotsTest-751673082-project-member] Request filter 'remote_managed_ports_filter' took 0.0 seconds {{(pid=95539) wrapper /opt/stack/nova/nova/scheduler/request_filter.py:46}}
May 13 02:02:36.835106 np0000000663 nova-scheduler[95539]: DEBUG nova.scheduler.request_filter [None req-138a0d1f-a269-41c4-9f8b-36b5e920abee tempest-VolumesAssistedSnapshotsTest-751673082 tempest-VolumesAssistedSnapshotsTest-751673082-project-member] ephemeral_encryption_filter skipped {{(pid=95539) ephemeral_encryption_filter /opt/stack/nova/nova/scheduler/request_filter.py:426}}
May 13 02:02:36.835106 np0000000663 nova-scheduler[95539]: DEBUG nova.scheduler.request_filter [None req-138a0d1f-a269-41c4-9f8b-36b5e920abee tempest-VolumesAssistedSnapshotsTest-751673082 tempest-VolumesAssistedSnapshotsTest-751673082-project-member] virtio_sound_filter skipped {{(pid=95539) virtio_sound_filter /opt/stack/nova/nova/scheduler/request_filter.py:460}}
May 13 02:02:36.835106 np0000000663 nova-scheduler[95539]: DEBUG nova.scheduler.request_filter [None req-138a0d1f-a269-41c4-9f8b-36b5e920abee tempest-VolumesAssistedSnapshotsTest-751673082 tempest-VolumesAssistedSnapshotsTest-751673082-project-member] tpm_secret_security_filter skipped {{(pid=95539) tpm_secret_security_filter /opt/stack/nova/nova/scheduler/request_filter.py:477}}
May 13 02:02:36.946335 np0000000663 nova-scheduler[95539]: INFO nova.utils [None req-138a0d1f-a269-41c4-9f8b-36b5e920abee tempest-VolumesAssistedSnapshotsTest-751673082 tempest-VolumesAssistedSnapshotsTest-751673082-project-member] The cell worker thread pool ForkProcess-2.cell_worker is initialized
May 13 02:02:36.946694 np0000000663 nova-scheduler[95539]: DEBUG oslo_concurrency.lockutils [None req-138a0d1f-a269-41c4-9f8b-36b5e920abee tempest-VolumesAssistedSnapshotsTest-751673082 tempest-VolumesAssistedSnapshotsTest-751673082-project-member] Acquiring lock "1b2c54de-c36a-48e6-9fb8-e601d89b6c90" by "nova.context.set_target_cell..get_or_set_cached_cell_and_set_connections" {{(pid=95539) inner /opt/stack/data/venv/lib/python3.12/site-packages/oslo_concurrency/lockutils.py:506}}
May 13 02:02:36.946891 np0000000663 nova-scheduler[95539]: DEBUG oslo_concurrency.lockutils [None req-138a0d1f-a269-41c4-9f8b-36b5e920abee tempest-VolumesAssistedSnapshotsTest-751673082 tempest-VolumesAssistedSnapshotsTest-751673082-project-member] Lock "1b2c54de-c36a-48e6-9fb8-e601d89b6c90" acquired by "nova.context.set_target_cell..get_or_set_cached_cell_and_set_connections" :: waited 0.000s {{(pid=95539) inner /opt/stack/data/venv/lib/python3.12/site-packages/oslo_concurrency/lockutils.py:519}}
May 13 02:02:36.948583 np0000000663 nova-scheduler[95539]: DEBUG oslo_concurrency.lockutils [None req-138a0d1f-a269-41c4-9f8b-36b5e920abee tempest-VolumesAssistedSnapshotsTest-751673082 tempest-VolumesAssistedSnapshotsTest-751673082-project-member] Lock "1b2c54de-c36a-48e6-9fb8-e601d89b6c90" "released" by "nova.context.set_target_cell..get_or_set_cached_cell_and_set_connections" :: held 0.002s {{(pid=95539) inner /opt/stack/data/venv/lib/python3.12/site-packages/oslo_concurrency/lockutils.py:538}}
May 13 02:02:36.950662 np0000000663 nova-scheduler[95539]: INFO dbcounter [None req-138a0d1f-a269-41c4-9f8b-36b5e920abee tempest-VolumesAssistedSnapshotsTest-751673082 tempest-VolumesAssistedSnapshotsTest-751673082-project-member] Registered counter for database nova_cell1
May 13 02:02:36.956540 np0000000663 nova-scheduler[95539]: DEBUG oslo_db.sqlalchemy.engines [None req-138a0d1f-a269-41c4-9f8b-36b5e920abee tempest-VolumesAssistedSnapshotsTest-751673082 tempest-VolumesAssistedSnapshotsTest-751673082-project-member] MySQL server mode set to STRICT_TRANS_TABLES,STRICT_ALL_TABLES,NO_ZERO_IN_DATE,NO_ZERO_DATE,ERROR_FOR_DIVISION_BY_ZERO,TRADITIONAL,NO_ENGINE_SUBSTITUTION {{(pid=95539) _check_effective_sql_mode /opt/stack/data/venv/lib/python3.12/site-packages/oslo_db/sqlalchemy/engines.py:325}}
May 13 02:02:36.965562 np0000000663 nova-scheduler[95539]: DEBUG dbcounter [-] [95539] Writer thread running {{(pid=95539) stat_writer /opt/stack/data/venv/lib/python3.12/site-packages/dbcounter.py:102}}
May 13 02:02:36.982879 np0000000663 nova-scheduler[95539]: DEBUG dbcounter [-] [95539] Writer thread running {{(pid=95539) stat_writer /opt/stack/data/venv/lib/python3.12/site-packages/dbcounter.py:102}}
May 13 02:02:36.985597 np0000000663 nova-scheduler[95539]: DEBUG oslo_concurrency.lockutils [None req-138a0d1f-a269-41c4-9f8b-36b5e920abee tempest-VolumesAssistedSnapshotsTest-751673082 tempest-VolumesAssistedSnapshotsTest-751673082-project-member] Acquiring lock "1b2c54de-c36a-48e6-9fb8-e601d89b6c90" by "nova.context.set_target_cell..get_or_set_cached_cell_and_set_connections" {{(pid=95539) inner /opt/stack/data/venv/lib/python3.12/site-packages/oslo_concurrency/lockutils.py:506}}
May 13 02:02:36.985811 np0000000663 nova-scheduler[95539]: DEBUG oslo_concurrency.lockutils [None req-138a0d1f-a269-41c4-9f8b-36b5e920abee tempest-VolumesAssistedSnapshotsTest-751673082 tempest-VolumesAssistedSnapshotsTest-751673082-project-member] Lock "1b2c54de-c36a-48e6-9fb8-e601d89b6c90" acquired by "nova.context.set_target_cell..get_or_set_cached_cell_and_set_connections" :: waited 0.000s {{(pid=95539) inner /opt/stack/data/venv/lib/python3.12/site-packages/oslo_concurrency/lockutils.py:519}}
May 13 02:02:36.985964 np0000000663 nova-scheduler[95539]: DEBUG oslo_concurrency.lockutils [None req-138a0d1f-a269-41c4-9f8b-36b5e920abee tempest-VolumesAssistedSnapshotsTest-751673082 tempest-VolumesAssistedSnapshotsTest-751673082-project-member] Lock "1b2c54de-c36a-48e6-9fb8-e601d89b6c90" "released" by "nova.context.set_target_cell..get_or_set_cached_cell_and_set_connections" :: held 0.000s {{(pid=95539) inner /opt/stack/data/venv/lib/python3.12/site-packages/oslo_concurrency/lockutils.py:538}}
