May 13 01:59:18.439237 np0000000663 devstack@neutron-api.service[89733]: DEBUG neutron.plugins.ml2.drivers.ovn.mech_driver.ovsdb.ovsdb_monitor [-] Hash Ring: Node a091ba6b00915601a1810d63357a67fc (host: np0000000663) handling event "create" for row 96359867-db22-4621-98ab-da055f134276 (table: ACL) {{(pid=89733) notify /opt/stack/neutron/neutron/plugins/ml2/drivers/ovn/mech_driver/ovsdb/ovsdb_monitor.py:942}}
May 13 01:59:18.439265 np0000000663 devstack@neutron-api.service[89732]: DEBUG neutron.plugins.ml2.drivers.ovn.mech_driver.ovsdb.ovsdb_monitor [-] Hash Ring: Node f2f225e1dfaa5a039c5ff80b88832d04 (host: np0000000663) handling event "create" for row 5d9f6640-ac4b-4a17-a60d-1c97a94da705 (table: Port_Group) {{(pid=89732) notify /opt/stack/neutron/neutron/plugins/ml2/drivers/ovn/mech_driver/ovsdb/ovsdb_monitor.py:942}}
May 13 01:59:18.439462 np0000000663 devstack@neutron-api.service[89731]: DEBUG neutron.plugins.ml2.drivers.ovn.mech_driver.ovsdb.ovsdb_monitor [-] Hash Ring: Node 2f94834ead8559c4a0563ff2913d4eca (host: np0000000663) handling event "create" for row c9528b8b-50b5-40b6-b447-ccbaa9be549b (table: ACL) {{(pid=89731) notify /opt/stack/neutron/neutron/plugins/ml2/drivers/ovn/mech_driver/ovsdb/ovsdb_monitor.py:942}}
May 13 01:59:18.439502 np0000000663 devstack@neutron-api.service[89733]: DEBUG neutron.plugins.ml2.drivers.ovn.mech_driver.ovsdb.ovsdb_monitor [-] Hash Ring: Node a091ba6b00915601a1810d63357a67fc (host: np0000000663) handling event "create" for row c9528b8b-50b5-40b6-b447-ccbaa9be549b (table: ACL) {{(pid=89733) notify /opt/stack/neutron/neutron/plugins/ml2/drivers/ovn/mech_driver/ovsdb/ovsdb_monitor.py:942}}
May 13 01:59:18.439530 np0000000663 devstack@neutron-api.service[89731]: DEBUG neutron.plugins.ml2.drivers.ovn.mech_driver.ovsdb.ovsdb_monitor [-] Hash Ring: Node 2f94834ead8559c4a0563ff2913d4eca (host: np0000000663) handling event "create" for row 5d9f6640-ac4b-4a17-a60d-1c97a94da705 (table: Port_Group) {{(pid=89731) notify /opt/stack/neutron/neutron/plugins/ml2/drivers/ovn/mech_driver/ovsdb/ovsdb_monitor.py:942}}
May 13 01:59:18.462067 np0000000663 devstack@neutron-api.service[89731]: INFO neutron.db.ovn_revision_numbers_db [None req-e3aa663c-dfe2-4aaa-9229-20ff5b9ad468 admin admin] Successfully bumped revision number for resource f2c5cbae-0456-42ee-9e04-e07d32270859 (type: security_groups) to 1
May 13 01:59:18.472364 np0000000663 devstack@neutron-api.service[89731]: INFO neutron.db.ovn_revision_numbers_db [None req-e3aa663c-dfe2-4aaa-9229-20ff5b9ad468 admin admin] Successfully bumped revision number for resource 1ac5d537-3adc-4edf-b9a9-28c64fffe6ec (type: security_group_rules) to 0
May 13 01:59:18.479800 np0000000663 devstack@neutron-api.service[89731]: INFO neutron.db.ovn_revision_numbers_db [None req-e3aa663c-dfe2-4aaa-9229-20ff5b9ad468 admin admin] Successfully bumped revision number for resource 73aed5e9-e49d-4ec2-9b67-e0a4048a8148 (type: security_group_rules) to 0
May 13 01:59:18.487169 np0000000663 devstack@neutron-api.service[89731]: INFO neutron.db.ovn_revision_numbers_db [None req-e3aa663c-dfe2-4aaa-9229-20ff5b9ad468 admin admin] Successfully bumped revision number for resource 8155cfcf-5e0a-4d40-a911-7f1e2aa7902e (type: security_group_rules) to 0
May 13 01:59:18.495271 np0000000663 devstack@neutron-api.service[89731]: INFO neutron.db.ovn_revision_numbers_db [None req-e3aa663c-dfe2-4aaa-9229-20ff5b9ad468 admin admin] Successfully bumped revision number for resource c12092f3-edf5-453a-835d-c11e18b33ef9 (type: security_group_rules) to 0
May 13 01:59:18.516886 np0000000663 devstack@neutron-api.service[89731]: DEBUG neutron.api.rpc.handlers.resources_rpc [None req-e3aa663c-dfe2-4aaa-9229-20ff5b9ad468 admin admin] Pushing event updated for resources: {'SecurityGroup': ['ID=f2c5cbae-0456-42ee-9e04-e07d32270859,revision_number=1']} {{(pid=89731) push /opt/stack/neutron/neutron/api/rpc/handlers/resources_rpc.py:237}}
May 13 01:59:18.523590 np0000000663 devstack@neutron-api.service[89731]: DEBUG ovsdbapp.backend.ovs_idl.transaction [-] Running txn n=1 command(idx=0): CheckLivenessCommand(_result=None) {{(pid=89731) do_commit /opt/stack/data/venv/lib/python3.12/site-packages/ovsdbapp/backend/ovs_idl/transaction.py:89}}
May 13 01:59:18.525201 np0000000663 devstack@neutron-api.service[89731]: DEBUG neutron.plugins.ml2.drivers.ovn.mech_driver.ovsdb.ovsdb_monitor [-] Hash Ring: Node 2f94834ead8559c4a0563ff2913d4eca (host: np0000000663) handling event "update" for row 001db150-0d00-435d-9c20-c12da140c73e (table: NB_Global) {{(pid=89731) notify /opt/stack/neutron/neutron/plugins/ml2/drivers/ovn/mech_driver/ovsdb/ovsdb_monitor.py:942}}
May 13 01:59:18.526068 np0000000663 devstack@neutron-api.service[89731]: DEBUG neutron.plugins.ml2.drivers.ovn.mech_driver.ovsdb.ovsdb_monitor [-] Hash Ring: Node 2f94834ead8559c4a0563ff2913d4eca (host: np0000000663) handling event "update" for row 001db150-0d00-435d-9c20-c12da140c73e (table: NB_Global) {{(pid=89731) notify /opt/stack/neutron/neutron/plugins/ml2/drivers/ovn/mech_driver/ovsdb/ovsdb_monitor.py:942}}
May 13 01:59:18.527319 np0000000663 devstack@neutron-api.service[89731]: DEBUG neutron.plugins.ml2.drivers.ovn.mech_driver.ovsdb.ovsdb_monitor [-] Hash Ring: Node 2f94834ead8559c4a0563ff2913d4eca (host: np0000000663) handling event "update" for row 001db150-0d00-435d-9c20-c12da140c73e (table: NB_Global) {{(pid=89731) notify /opt/stack/neutron/neutron/plugins/ml2/drivers/ovn/mech_driver/ovsdb/ovsdb_monitor.py:942}}
May 13 01:59:18.527552 np0000000663 devstack@neutron-api.service[89732]: DEBUG neutron.plugins.ml2.drivers.ovn.mech_driver.ovsdb.ovsdb_monitor [-] ChassisAgentWriteEvent : Matched Chassis_Private, update, None None {{(pid=89732) matches /opt/stack/neutron/neutron/plugins/ml2/drivers/ovn/mech_driver/ovsdb/ovsdb_monitor.py:64}}
May 13 01:59:18.528966 np0000000663 devstack@neutron-api.service[89731]: DEBUG neutron.api.rpc.callbacks.version_manager [None req-e3aa663c-dfe2-4aaa-9229-20ff5b9ad468 admin admin] Tracked resource versions report:
May 13 01:59:18.528966 np0000000663 devstack@neutron-api.service[89731]: pushed versions:
May 13 01:59:18.528966 np0000000663 devstack@neutron-api.service[89731]: { 'AddressGroup': {'1.2'},
May 13 01:59:18.528966 np0000000663 devstack@neutron-api.service[89731]: 'Agent': {'1.1'},
May 13 01:59:18.528966 np0000000663 devstack@neutron-api.service[89731]: 'ConntrackHelper': {'1.0'},
May 13 01:59:18.528966 np0000000663 devstack@neutron-api.service[89731]: 'LocalIPAssociation': {'1.0'},
May 13 01:59:18.528966 np0000000663 devstack@neutron-api.service[89731]: 'Log': {'1.0'},
May 13 01:59:18.528966 np0000000663 devstack@neutron-api.service[89731]: 'NDPProxy': {'1.0'},
May 13 01:59:18.528966 np0000000663 devstack@neutron-api.service[89731]: 'Network': {'1.2'},
May 13 01:59:18.528966 np0000000663 devstack@neutron-api.service[89731]: 'Port': {'1.10'},
May 13 01:59:18.528966 np0000000663 devstack@neutron-api.service[89731]: 'PortForwarding': {'1.3'},
May 13 01:59:18.528966 np0000000663 devstack@neutron-api.service[89731]: 'QosPolicy': {'1.10'},
May 13 01:59:18.528966 np0000000663 devstack@neutron-api.service[89731]: 'SecurityGroup': {'1.6'},
May 13 01:59:18.528966 np0000000663 devstack@neutron-api.service[89731]: 'SecurityGroupRule': {'1.3'},
May 13 01:59:18.528966 np0000000663 devstack@neutron-api.service[89731]: 'SubPort': {'1.0'},
May 13 01:59:18.528966 np0000000663 devstack@neutron-api.service[89731]: 'Subnet': {'1.2'},
May 13 01:59:18.528966 np0000000663 devstack@neutron-api.service[89731]: 'Trunk': {'1.1'}}
May 13 01:59:18.528966 np0000000663 devstack@neutron-api.service[89731]: consumer versions:
May 13 01:59:18.528966 np0000000663 devstack@neutron-api.service[89731]: {}
May 13 01:59:18.528966 np0000000663 devstack@neutron-api.service[89731]: {{(pid=89731) report /opt/stack/neutron/neutron/api/rpc/callbacks/version_manager.py:183}}
May 13 01:59:18.529320 np0000000663 devstack@neutron-api.service[89733]: DEBUG neutron.plugins.ml2.drivers.ovn.mech_driver.ovsdb.ovsdb_monitor [-] ChassisAgentWriteEvent : Matched Chassis_Private, update, None None {{(pid=89733) matches /opt/stack/neutron/neutron/plugins/ml2/drivers/ovn/mech_driver/ovsdb/ovsdb_monitor.py:64}}
May 13 01:59:18.529320 np0000000663 devstack@neutron-api.service[89733]: DEBUG neutron.plugins.ml2.drivers.ovn.mech_driver.ovsdb.ovsdb_monitor [-] Hash Ring: Node a091ba6b00915601a1810d63357a67fc (host: np0000000663) handling event "update" for row e04dea92-6114-4162-9506-4172bf445362 (table: Chassis_Private) {{(pid=89733) notify /opt/stack/neutron/neutron/plugins/ml2/drivers/ovn/mech_driver/ovsdb/ovsdb_monitor.py:942}}
May 13 01:59:18.531702 np0000000663 devstack@neutron-api.service[89732]: DEBUG neutron.plugins.ml2.drivers.ovn.mech_driver.ovsdb.ovsdb_monitor [-] ChassisOVNAgentWriteEvent : Matched Chassis_Private, update, None None {{(pid=89732) matches /opt/stack/neutron/neutron/plugins/ml2/drivers/ovn/mech_driver/ovsdb/ovsdb_monitor.py:64}}
May 13 01:59:18.531760 np0000000663 devstack@neutron-api.service[89731]: DEBUG neutron.plugins.ml2.drivers.ovn.mech_driver.ovsdb.ovsdb_monitor [-] ChassisAgentWriteEvent : Matched Chassis_Private, update, None None {{(pid=89731) matches /opt/stack/neutron/neutron/plugins/ml2/drivers/ovn/mech_driver/ovsdb/ovsdb_monitor.py:64}}
May 13 01:59:18.531961 np0000000663 devstack@neutron-api.service[89733]: DEBUG neutron.plugins.ml2.drivers.ovn.mech_driver.ovsdb.ovsdb_monitor [-] ChassisOVNAgentWriteEvent : Matched Chassis_Private, update, None None {{(pid=89733) matches /opt/stack/neutron/neutron/plugins/ml2/drivers/ovn/mech_driver/ovsdb/ovsdb_monitor.py:64}}
May 13 01:59:18.532229 np0000000663 devstack@neutron-api.service[89733]: DEBUG neutron.plugins.ml2.drivers.ovn.mech_driver.ovsdb.ovsdb_monitor [-] Hash Ring: Node a091ba6b00915601a1810d63357a67fc (host: np0000000663) handling event "update" for row e04dea92-6114-4162-9506-4172bf445362 (table: Chassis_Private) {{(pid=89733) notify /opt/stack/neutron/neutron/plugins/ml2/drivers/ovn/mech_driver/ovsdb/ovsdb_monitor.py:942}}
May 13 01:59:18.534343 np0000000663 devstack@neutron-api.service[89731]: DEBUG neutron.plugins.ml2.drivers.ovn.mech_driver.ovsdb.ovsdb_monitor [-] Hash Ring: Node 2f94834ead8559c4a0563ff2913d4eca (host: np0000000663) handling event "update" for row 001db150-0d00-435d-9c20-c12da140c73e (table: NB_Global) {{(pid=89731) notify /opt/stack/neutron/neutron/plugins/ml2/drivers/ovn/mech_driver/ovsdb/ovsdb_monitor.py:942}}
May 13 01:59:18.537003 np0000000663 devstack@neutron-api.service[89731]: DEBUG neutron.common.ovn.hash_ring_manager [-] Allow caching, nodes 3>=3 {{(pid=89731) _wait_startup_before_caching /opt/stack/neutron/neutron/common/ovn/hash_ring_manager.py:65}}
May 13 01:59:18.537160 np0000000663 devstack@neutron-api.service[89731]: DEBUG neutron.plugins.ml2.drivers.ovn.mech_driver.ovsdb.ovsdb_monitor [-] Hash Ring: Node 2f94834ead8559c4a0563ff2913d4eca (host: np0000000663) handling event "update" for row e04dea92-6114-4162-9506-4172bf445362 (table: Chassis_Private) {{(pid=89731) notify /opt/stack/neutron/neutron/plugins/ml2/drivers/ovn/mech_driver/ovsdb/ovsdb_monitor.py:942}}
May 13 01:59:18.538108 np0000000663 devstack@neutron-api.service[89731]: DEBUG neutron.plugins.ml2.drivers.ovn.mech_driver.ovsdb.ovsdb_monitor [-] ChassisOVNAgentWriteEvent : Matched Chassis_Private, update, None None {{(pid=89731) matches /opt/stack/neutron/neutron/plugins/ml2/drivers/ovn/mech_driver/ovsdb/ovsdb_monitor.py:64}}
May 13 01:59:18.538356 np0000000663 devstack@neutron-api.service[89731]: DEBUG neutron.plugins.ml2.drivers.ovn.mech_driver.ovsdb.ovsdb_monitor [-] Hash Ring: Node 2f94834ead8559c4a0563ff2913d4eca (host: np0000000663) handling event "update" for row e04dea92-6114-4162-9506-4172bf445362 (table: Chassis_Private) {{(pid=89731) notify /opt/stack/neutron/neutron/plugins/ml2/drivers/ovn/mech_driver/ovsdb/ovsdb_monitor.py:942}}
May 13 01:59:18.571351 np0000000663 devstack@neutron-api.service[89731]: DEBUG neutron.plugins.ml2.drivers.helpers [None req-e3aa663c-dfe2-4aaa-9229-20ff5b9ad468 admin admin] geneve segment allocate from pool success with {'geneve_vni': 11608} {{(pid=89731) allocate_partially_specified_segment /opt/stack/neutron/neutron/plugins/ml2/drivers/helpers.py:142}}
May 13 01:59:18.579807 np0000000663 devstack@neutron-api.service[89731]: DEBUG neutron_lib.callbacks.manager [None req-e3aa663c-dfe2-4aaa-9229-20ff5b9ad468 admin admin] Publish callbacks ['neutron.services.segments.db._add_segment_host_mapping_for_segment-8780248151234', 'neutron.plugins.ml2.plugin.Ml2Plugin._handle_segment_change-3925126'] for segment (38558f85-63e1-49db-b634-21cf6072fcac), precommit_create {{(pid=89731) _notify_loop /opt/stack/data/venv/lib/python3.12/site-packages/neutron_lib/callbacks/manager.py:184}}
May 13 01:59:18.579973 np0000000663 devstack@neutron-api.service[89731]: INFO neutron.db.segments_db [None req-e3aa663c-dfe2-4aaa-9229-20ff5b9ad468 admin admin] Added segment 38558f85-63e1-49db-b634-21cf6072fcac of type geneve for network 241a5fcd-edb7-4f9d-adc7-676d6bc07639
May 13 01:59:18.613648 np0000000663 devstack@neutron-api.service[89731]: DEBUG neutron_lib.callbacks.manager [None req-e3aa663c-dfe2-4aaa-9229-20ff5b9ad468 admin admin] Publish callbacks ['neutron.services.auto_allocate.db._ensure_external_network_default_value_callback-8780246489812'] for network (241a5fcd-edb7-4f9d-adc7-676d6bc07639), precommit_create {{(pid=89731) _notify_loop /opt/stack/data/venv/lib/python3.12/site-packages/neutron_lib/callbacks/manager.py:184}}
May 13 01:59:18.627427 np0000000663 devstack@neutron-api.service[89731]: DEBUG neutron.plugins.ml2.drivers.ovn.mech_driver.mech_driver [None req-e3aa663c-dfe2-4aaa-9229-20ff5b9ad468 admin admin] Validating network segment with type geneve, segmentation ID 11608, physical network None {{(pid=89731) _validate_network_segments /opt/stack/neutron/neutron/plugins/ml2/drivers/ovn/mech_driver/mech_driver.py:641}}
May 13 01:59:18.627541 np0000000663 devstack@neutron-api.service[89731]: DEBUG neutron.db.ovn_revision_numbers_db [None req-e3aa663c-dfe2-4aaa-9229-20ff5b9ad468 admin admin] create_initial_revision uuid=241a5fcd-edb7-4f9d-adc7-676d6bc07639, type=networks, rev=-1 {{(pid=89731) create_initial_revision /opt/stack/neutron/neutron/db/ovn_revision_numbers_db.py:98}}
May 13 01:59:18.638671 np0000000663 devstack@neutron-api.service[89731]: DEBUG neutron_lib.callbacks.manager [None req-e3aa663c-dfe2-4aaa-9229-20ff5b9ad468 admin admin] Publish callbacks ['neutron.plugins.ml2.ovo_rpc._ObjectChangeHandler.handle_event-1277734'] for network (241a5fcd-edb7-4f9d-adc7-676d6bc07639), after_create {{(pid=89731) _notify_loop /opt/stack/data/venv/lib/python3.12/site-packages/neutron_lib/callbacks/manager.py:184}}
May 13 01:59:18.679453 np0000000663 devstack@neutron-api.service[89731]: DEBUG neutron.api.rpc.handlers.resources_rpc [None req-e3aa663c-dfe2-4aaa-9229-20ff5b9ad468 admin admin] Pushing event updated for resources: {'Network': ['ID=241a5fcd-edb7-4f9d-adc7-676d6bc07639,revision_number=1']} {{(pid=89731) push /opt/stack/neutron/neutron/api/rpc/handlers/resources_rpc.py:237}}
May 13 01:59:18.686014 np0000000663 devstack@neutron-api.service[89731]: DEBUG ovsdbapp.backend.ovs_idl.transaction [-] Running txn n=1 command(idx=0): AddNetworkCommand(_result=None, network_uuid=241a5fcd-edb7-4f9d-adc7-676d6bc07639, may_exist=True, columns={'external_ids': {'neutron:network_name': 'private', 'neutron:mtu': '1372', 'neutron:revision_number': '1', 'neutron:availability_zone_hints': '', 'neutron:provnet-network-type': 'geneve'}, 'other_config': {'mcast_snoop': 'false', 'mcast_flood_unregistered': 'false', 'vlan-passthru': 'false'}}) {{(pid=89731) do_commit /opt/stack/data/venv/lib/python3.12/site-packages/ovsdbapp/backend/ovs_idl/transaction.py:89}}
May 13 01:59:18.686168 np0000000663 devstack@neutron-api.service[89731]: DEBUG neutron.common.ovn.utils [-] OVS persist_uuid supported=True {{(pid=89731) ovs_persist_uuid_supported /opt/stack/neutron/neutron/common/ovn/utils.py:1537}}
May 13 01:59:18.687866 np0000000663 devstack@neutron-api.service[89731]: DEBUG neutron.plugins.ml2.drivers.ovn.mech_driver.ovsdb.ovsdb_monitor [-] Hash Ring: Node 2f94834ead8559c4a0563ff2913d4eca (host: np0000000663) handling event "create" for row 241a5fcd-edb7-4f9d-adc7-676d6bc07639 (table: Logical_Switch) {{(pid=89731) notify /opt/stack/neutron/neutron/plugins/ml2/drivers/ovn/mech_driver/ovsdb/ovsdb_monitor.py:942}}
May 13 01:59:18.688431 np0000000663 devstack@neutron-api.service[89733]: DEBUG neutron.plugins.ml2.drivers.ovn.mech_driver.ovsdb.ovsdb_monitor [-] Hash Ring: Node a091ba6b00915601a1810d63357a67fc (host: np0000000663) handling event "create" for row 241a5fcd-edb7-4f9d-adc7-676d6bc07639 (table: Logical_Switch) {{(pid=89733) notify /opt/stack/neutron/neutron/plugins/ml2/drivers/ovn/mech_driver/ovsdb/ovsdb_monitor.py:942}}
May 13 01:59:18.691989 np0000000663 devstack@neutron-api.service[89732]: DEBUG neutron.plugins.ml2.drivers.ovn.mech_driver.ovsdb.ovsdb_monitor [-] Hash Ring: Node f2f225e1dfaa5a039c5ff80b88832d04 (host: np0000000663) handling event "create" for row 1652b0a3-a802-4db9-ae4c-f99d658fab83 (table: Datapath_Binding) {{(pid=89732) notify /opt/stack/neutron/neutron/plugins/ml2/drivers/ovn/mech_driver/ovsdb/ovsdb_monitor.py:942}}
May 13 01:59:18.697216 np0000000663 devstack@neutron-api.service[89731]: DEBUG neutron.plugins.ml2.drivers.ovn.mech_driver.ovsdb.ovsdb_monitor [-] Hash Ring: Node 2f94834ead8559c4a0563ff2913d4eca (host: np0000000663) handling event "create" for row 1652b0a3-a802-4db9-ae4c-f99d658fab83 (table: Datapath_Binding) {{(pid=89731) notify /opt/stack/neutron/neutron/plugins/ml2/drivers/ovn/mech_driver/ovsdb/ovsdb_monitor.py:942}}
May 13 01:59:18.713008 np0000000663 devstack@neutron-api.service[89731]: INFO neutron.db.ovn_revision_numbers_db [None req-e3aa663c-dfe2-4aaa-9229-20ff5b9ad468 admin admin] Successfully bumped revision number for resource 241a5fcd-edb7-4f9d-adc7-676d6bc07639 (type: networks) to 1
May 13 01:59:18.762651 np0000000663 devstack@neutron-api.service[89731]: DEBUG neutron_lib.callbacks.manager [None req-e3aa663c-dfe2-4aaa-9229-20ff5b9ad468 admin admin] Publish callbacks ['neutron.plugins.ml2.plugin.SecurityGroupDbMixin._ensure_default_security_group_handler-2609956'] for port (None), before_create {{(pid=89731) _notify_loop /opt/stack/data/venv/lib/python3.12/site-packages/neutron_lib/callbacks/manager.py:184}}
May 13 01:59:18.845548 np0000000663 devstack@neutron-api.service[89731]: DEBUG neutron_lib.callbacks.manager [None req-e3aa663c-dfe2-4aaa-9229-20ff5b9ad468 admin admin] Publish callbacks ['neutron.plugins.ml2.drivers.ovn.mech_driver.mech_driver.OVNMechanismDriver._validate_allowed_address_pairs-197727'] for allowed_address_pair (7ee1537d-dae6-4a7a-a12b-4cc3c6dadd89), before_create {{(pid=89731) _notify_loop /opt/stack/data/venv/lib/python3.12/site-packages/neutron_lib/callbacks/manager.py:184}}
May 13 01:59:18.846030 np0000000663 devstack@neutron-api.service[89731]: DEBUG neutron_lib.callbacks.manager [None req-e3aa663c-dfe2-4aaa-9229-20ff5b9ad468 admin admin] Publish callbacks [] for port (7ee1537d-dae6-4a7a-a12b-4cc3c6dadd89), precommit_create {{(pid=89731) _notify_loop /opt/stack/data/venv/lib/python3.12/site-packages/neutron_lib/callbacks/manager.py:184}}
May 13 01:59:18.846236 np0000000663 devstack@neutron-api.service[89731]: DEBUG neutron.plugins.ml2.drivers.ovn.mech_driver.mech_driver [None req-e3aa663c-dfe2-4aaa-9229-20ff5b9ad468 admin admin] No provisioning block for port 7ee1537d-dae6-4a7a-a12b-4cc3c6dadd89 since it does not have a host {{(pid=89731) _is_port_provisioning_required /opt/stack/neutron/neutron/plugins/ml2/drivers/ovn/mech_driver/mech_driver.py:894}}
May 13 01:59:18.846342 np0000000663 devstack@neutron-api.service[89731]: DEBUG neutron.db.ovn_revision_numbers_db [None req-e3aa663c-dfe2-4aaa-9229-20ff5b9ad468 admin admin] create_initial_revision uuid=7ee1537d-dae6-4a7a-a12b-4cc3c6dadd89, type=ports, rev=-1 {{(pid=89731) create_initial_revision /opt/stack/neutron/neutron/db/ovn_revision_numbers_db.py:98}}
May 13 01:59:18.895747 np0000000663 devstack@neutron-api.service[89731]: DEBUG neutron_lib.callbacks.manager [None req-e3aa663c-dfe2-4aaa-9229-20ff5b9ad468 admin admin] Publish callbacks ['neutron.plugins.ml2.ovo_rpc._ObjectChangeHandler.handle_event-1277737'] for port (7ee1537d-dae6-4a7a-a12b-4cc3c6dadd89), after_create {{(pid=89731) _notify_loop /opt/stack/data/venv/lib/python3.12/site-packages/neutron_lib/callbacks/manager.py:184}}
May 13 01:59:18.942838 np0000000663 devstack@neutron-api.service[89731]: DEBUG neutron.api.rpc.handlers.resources_rpc [None req-e3aa663c-dfe2-4aaa-9229-20ff5b9ad468 admin admin] Pushing event updated for resources: {'Port': ['ID=7ee1537d-dae6-4a7a-a12b-4cc3c6dadd89,revision_number=1']} {{(pid=89731) push /opt/stack/neutron/neutron/api/rpc/handlers/resources_rpc.py:237}}
May 13 01:59:18.971993 np0000000663 devstack@neutron-api.service[89731]: DEBUG ovsdbapp.backend.ovs_idl.transaction [-] Running txn n=1 command(idx=0): AddLSwitchPortCommand(_result=None, lport=7ee1537d-dae6-4a7a-a12b-4cc3c6dadd89, lswitch=neutron-241a5fcd-edb7-4f9d-adc7-676d6bc07639, may_exist=True, network_uuid=241a5fcd-edb7-4f9d-adc7-676d6bc07639, columns={'addresses': ['fa:16:3e:90:22:70'], 'external_ids': {'neutron:port_name': '', 'neutron:device_id': 'ovnmeta-241a5fcd-edb7-4f9d-adc7-676d6bc07639', 'neutron:project_id': '4f893ea06521473e932cf414ddb173aa', 'neutron:cidrs': '', 'neutron:device_owner': 'network:distributed', 'neutron:subnet_pool_addr_scope4': '', 'neutron:subnet_pool_addr_scope6': '', 'neutron:network_name': 'neutron-241a5fcd-edb7-4f9d-adc7-676d6bc07639', 'neutron:security_group_ids': '', 'neutron:revision_number': '1', 'neutron:vnic_type': 'normal', 'neutron:port_capabilities': '', 'neutron:mtu': ''}, 'parent_name': [], 'tag': [], 'enabled': True, 'options': {}, 'type': 'localport', 'port_security': [], 'dhcpv4_options': [], 'dhcpv6_options': []}) {{(pid=89731) do_commit /opt/stack/data/venv/lib/python3.12/site-packages/ovsdbapp/backend/ovs_idl/transaction.py:89}}
May 13 01:59:18.972490 np0000000663 devstack@neutron-api.service[89731]: DEBUG ovsdbapp.backend.ovs_idl.transaction [-] Running txn n=1 command(idx=1): QoSDelCommand(_result=None, switch=neutron-241a5fcd-edb7-4f9d-adc7-676d6bc07639, conditions=[('direction', '=', 'to-lport'), ('priority', '=', 2002), ('match', '=', 'outport == "7ee1537d-dae6-4a7a-a12b-4cc3c6dadd89"')], if_exists=True) {{(pid=89731) do_commit /opt/stack/data/venv/lib/python3.12/site-packages/ovsdbapp/backend/ovs_idl/transaction.py:89}}
May 13 01:59:18.972645 np0000000663 devstack@neutron-api.service[89731]: DEBUG ovsdbapp.backend.ovs_idl.transaction [-] Running txn n=1 command(idx=2): QoSDelCommand(_result=None, switch=neutron-241a5fcd-edb7-4f9d-adc7-676d6bc07639, conditions=[('direction', '=', 'from-lport'), ('priority', '=', 2002), ('match', '=', 'inport == "7ee1537d-dae6-4a7a-a12b-4cc3c6dadd89"')], if_exists=True) {{(pid=89731) do_commit /opt/stack/data/venv/lib/python3.12/site-packages/ovsdbapp/backend/ovs_idl/transaction.py:89}}
May 13 01:59:18.974593 np0000000663 devstack@neutron-api.service[89731]: DEBUG neutron.plugins.ml2.drivers.ovn.mech_driver.ovsdb.ovsdb_monitor [-] Hash Ring: Node 2f94834ead8559c4a0563ff2913d4eca (host: np0000000663) handling event "update" for row 241a5fcd-edb7-4f9d-adc7-676d6bc07639 (table: Logical_Switch) {{(pid=89731) notify /opt/stack/neutron/neutron/plugins/ml2/drivers/ovn/mech_driver/ovsdb/ovsdb_monitor.py:942}}
May 13 01:59:18.974777 np0000000663 devstack@neutron-api.service[89731]: DEBUG neutron.plugins.ml2.drivers.ovn.mech_driver.ovsdb.ovsdb_monitor [-] Hash Ring: Node 2f94834ead8559c4a0563ff2913d4eca (host: np0000000663) handling event "create" for row a6e0f152-db98-4bd4-9a3e-1db659da43a4 (table: Logical_Switch_Port) {{(pid=89731) notify /opt/stack/neutron/neutron/plugins/ml2/drivers/ovn/mech_driver/ovsdb/ovsdb_monitor.py:942}}
May 13 01:59:18.975807 np0000000663 devstack@neutron-api.service[89733]: DEBUG neutron.plugins.ml2.drivers.ovn.mech_driver.ovsdb.ovsdb_monitor [-] Hash Ring: Node a091ba6b00915601a1810d63357a67fc (host: np0000000663) handling event "update" for row 241a5fcd-edb7-4f9d-adc7-676d6bc07639 (table: Logical_Switch) {{(pid=89733) notify /opt/stack/neutron/neutron/plugins/ml2/drivers/ovn/mech_driver/ovsdb/ovsdb_monitor.py:942}}
May 13 01:59:18.976007 np0000000663 devstack@neutron-api.service[89731]: DEBUG ovsdbapp.backend.ovs_idl.event [-] Matched CREATE: LogicalSwitchPortCreateEvent(events=('create',), table='Logical_Switch_Port', conditions=[], old_conditions=None), priority=20 to row=Logical_Switch_Port(uuid=a6e0f152-db98-4bd4-9a3e-1db659da43a4, addresses=['fa:16:3e:90:22:70'], dhcpv4_options=[], dhcpv6_options=[], dynamic_addresses=[], enabled=True, external_ids={'neutron:cidrs': '', 'neutron:device_id': 'ovnmeta-241a5fcd-edb7-4f9d-adc7-676d6bc07639', 'neutron:device_owner': 'network:distributed', 'neutron:mtu': '', 'neutron:network_name': 'neutron-241a5fcd-edb7-4f9d-adc7-676d6bc07639', 'neutron:port_capabilities': '', 'neutron:port_name': '', 'neutron:project_id': '4f893ea06521473e932cf414ddb173aa', 'neutron:revision_number': '1', 'neutron:security_group_ids': '', 'neutron:subnet_pool_addr_scope4': '', 'neutron:subnet_pool_addr_scope6': '', 'neutron:vnic_type': 'normal'}, ha_chassis_group=[], mirror_rules=[], name='7ee1537d-dae6-4a7a-a12b-4cc3c6dadd89', options={}, parent_name=[], port_security=[], tag=[], tag_request=[], type='localport', up=[]) old= {{(pid=89731) matches /opt/stack/data/venv/lib/python3.12/site-packages/ovsdbapp/backend/ovs_idl/event.py:55}}
May 13 01:59:18.976165 np0000000663 devstack@neutron-api.service[89733]: DEBUG neutron.plugins.ml2.drivers.ovn.mech_driver.ovsdb.ovsdb_monitor [-] Hash Ring: Node a091ba6b00915601a1810d63357a67fc (host: np0000000663) handling event "create" for row a6e0f152-db98-4bd4-9a3e-1db659da43a4 (table: Logical_Switch_Port) {{(pid=89733) notify /opt/stack/neutron/neutron/plugins/ml2/drivers/ovn/mech_driver/ovsdb/ovsdb_monitor.py:942}}
May 13 01:59:18.976749 np0000000663 devstack@neutron-api.service[89731]: INFO neutron.plugins.ml2.drivers.ovn.mech_driver.mech_driver [-] OVN reports status down for port: 7ee1537d-dae6-4a7a-a12b-4cc3c6dadd89
May 13 01:59:18.976844 np0000000663 devstack@neutron-api.service[89732]: DEBUG neutron.plugins.ml2.drivers.ovn.mech_driver.ovsdb.ovsdb_monitor [-] Hash Ring: Node f2f225e1dfaa5a039c5ff80b88832d04 (host: np0000000663) handling event "create" for row 22c42dda-7896-47e2-a614-94e428ce9363 (table: Port_Binding) {{(pid=89732) notify /opt/stack/neutron/neutron/plugins/ml2/drivers/ovn/mech_driver/ovsdb/ovsdb_monitor.py:942}}
May 13 01:59:18.977407 np0000000663 devstack@neutron-api.service[89733]: DEBUG ovsdbapp.backend.ovs_idl.event [-] Matched CREATE: LogicalSwitchPortCreateEvent(events=('create',), table='Logical_Switch_Port', conditions=[], old_conditions=None), priority=20 to row=Logical_Switch_Port(uuid=a6e0f152-db98-4bd4-9a3e-1db659da43a4, addresses=['fa:16:3e:90:22:70'], dhcpv4_options=[], dhcpv6_options=[], dynamic_addresses=[], enabled=True, external_ids={'neutron:cidrs': '', 'neutron:device_id': 'ovnmeta-241a5fcd-edb7-4f9d-adc7-676d6bc07639', 'neutron:device_owner': 'network:distributed', 'neutron:mtu': '', 'neutron:network_name': 'neutron-241a5fcd-edb7-4f9d-adc7-676d6bc07639', 'neutron:port_capabilities': '', 'neutron:port_name': '', 'neutron:project_id': '4f893ea06521473e932cf414ddb173aa', 'neutron:revision_number': '1', 'neutron:security_group_ids': '', 'neutron:subnet_pool_addr_scope4': '', 'neutron:subnet_pool_addr_scope6': '', 'neutron:vnic_type': 'normal'}, ha_chassis_group=[], mirror_rules=[], name='7ee1537d-dae6-4a7a-a12b-4cc3c6dadd89', options={}, parent_name=[], port_security=[], tag=[], tag_request=[], type='localport', up=[]) old= {{(pid=89733) matches /opt/stack/data/venv/lib/python3.12/site-packages/ovsdbapp/backend/ovs_idl/event.py:55}}
May 13 01:59:18.978383 np0000000663 devstack@neutron-api.service[89731]: DEBUG neutron.plugins.ml2.drivers.ovn.mech_driver.ovsdb.ovsdb_monitor [-] Hash Ring: Node 2f94834ead8559c4a0563ff2913d4eca (host: np0000000663) handling event "create" for row 22c42dda-7896-47e2-a614-94e428ce9363 (table: Port_Binding) {{(pid=89731) notify /opt/stack/neutron/neutron/plugins/ml2/drivers/ovn/mech_driver/ovsdb/ovsdb_monitor.py:942}}
May 13 01:59:18.978459 np0000000663 devstack@neutron-api.service[89733]: INFO neutron.plugins.ml2.drivers.ovn.mech_driver.mech_driver [-] OVN reports status down for port: 7ee1537d-dae6-4a7a-a12b-4cc3c6dadd89
May 13 01:59:18.978736 np0000000663 devstack@neutron-api.service[89733]: DEBUG neutron.plugins.ml2.drivers.ovn.mech_driver.ovsdb.ovsdb_monitor [-] Hash Ring: Node a091ba6b00915601a1810d63357a67fc (host: np0000000663) handling event "update" for row a6e0f152-db98-4bd4-9a3e-1db659da43a4 (table: Logical_Switch_Port) {{(pid=89733) notify /opt/stack/neutron/neutron/plugins/ml2/drivers/ovn/mech_driver/ovsdb/ovsdb_monitor.py:942}}
May 13 01:59:18.978943 np0000000663 devstack@neutron-api.service[89731]: DEBUG neutron.plugins.ml2.drivers.ovn.mech_driver.ovsdb.ovsdb_monitor [-] Hash Ring: Node 2f94834ead8559c4a0563ff2913d4eca (host: np0000000663) handling event "update" for row a6e0f152-db98-4bd4-9a3e-1db659da43a4 (table: Logical_Switch_Port) {{(pid=89731) notify /opt/stack/neutron/neutron/plugins/ml2/drivers/ovn/mech_driver/ovsdb/ovsdb_monitor.py:942}}
May 13 01:59:19.033570 np0000000663 devstack@neutron-api.service[89733]: DEBUG neutron.db.provisioning_blocks [None req-7638428a-e6b5-4c9b-8a27-96bec3dbf329 None None] Transition to ACTIVE for port object 7ee1537d-dae6-4a7a-a12b-4cc3c6dadd89 will not be triggered until provisioned by entity L2. {{(pid=89733) add_provisioning_component /opt/stack/neutron/neutron/db/provisioning_blocks.py:74}}
May 13 01:59:19.051746 np0000000663 devstack@neutron-api.service[89731]: DEBUG neutron.db.provisioning_blocks [None req-30e3f4a6-7e70-418c-9938-23e1d72f0ae1 None None] Ignored duplicate provisioning block setup for port 7ee1537d-dae6-4a7a-a12b-4cc3c6dadd89 by entity L2. {{(pid=89731) add_provisioning_component /opt/stack/neutron/neutron/db/provisioning_blocks.py:69}}
May 13 01:59:19.067461 np0000000663 devstack@neutron-api.service[89731]: INFO neutron.db.ovn_revision_numbers_db [None req-e3aa663c-dfe2-4aaa-9229-20ff5b9ad468 admin admin] Successfully bumped revision number for resource 7ee1537d-dae6-4a7a-a12b-4cc3c6dadd89 (type: ports) to 1
May 13 01:59:19.068312 np0000000663 devstack@neutron-api.service[89733]: DEBUG neutron.plugins.ml2.plugin [None req-7638428a-e6b5-4c9b-8a27-96bec3dbf329 None None] Current status of the port 7ee1537d-dae6-4a7a-a12b-4cc3c6dadd89 is: DOWN; New status is: DOWN {{(pid=89733) _update_individual_port_db_status /opt/stack/neutron/neutron/plugins/ml2/plugin.py:2466}}
May 13 01:59:19.070153 np0000000663 devstack@neutron-api.service[89733]: DEBUG ovsdbapp.backend.ovs_idl.transaction [-] Running txn n=1 command(idx=0): DbRemoveCommand(_result=None, table=Logical_Switch_Port, record=7ee1537d-dae6-4a7a-a12b-4cc3c6dadd89, column=external_ids, values=('neutron:host_id',), keyvalues={}, if_exists=True) {{(pid=89733) do_commit /opt/stack/data/venv/lib/python3.12/site-packages/ovsdbapp/backend/ovs_idl/transaction.py:89}}
May 13 01:59:19.092691 np0000000663 devstack@neutron-api.service[89731]: DEBUG neutron.pecan_wsgi.hooks.policy_enforcement [None req-e3aa663c-dfe2-4aaa-9229-20ff5b9ad468 admin admin] Attributes excluded by policy engine: ['standard_attr_id'] {{(pid=89731) _exclude_attributes_by_policy /opt/stack/neutron/neutron/pecan_wsgi/hooks/policy_enforcement.py:256}}
May 13 01:59:19.092925 np0000000663 devstack@neutron-api.service[89731]: DEBUG neutron_lib.callbacks.manager [None req-e3aa663c-dfe2-4aaa-9229-20ff5b9ad468 admin admin] Publish callbacks [] for network (None), before_response {{(pid=89731) _notify_loop /opt/stack/data/venv/lib/python3.12/site-packages/neutron_lib/callbacks/manager.py:184}}
May 13 01:59:19.093543 np0000000663 devstack@neutron-api.service[89731]: DEBUG neutron.plugins.ml2.plugin [None req-30e3f4a6-7e70-418c-9938-23e1d72f0ae1 None None] Current status of the port 7ee1537d-dae6-4a7a-a12b-4cc3c6dadd89 is: DOWN; New status is: DOWN {{(pid=89731) _update_individual_port_db_status /opt/stack/neutron/neutron/plugins/ml2/plugin.py:2466}}
May 13 01:59:19.098285 np0000000663 devstack@neutron-api.service[89731]: DEBUG ovsdbapp.backend.ovs_idl.transaction [-] Running txn n=1 command(idx=0): DbRemoveCommand(_result=None, table=Logical_Switch_Port, record=7ee1537d-dae6-4a7a-a12b-4cc3c6dadd89, column=external_ids, values=('neutron:host_id',), keyvalues={}, if_exists=True) {{(pid=89731) do_commit /opt/stack/data/venv/lib/python3.12/site-packages/ovsdbapp/backend/ovs_idl/transaction.py:89}}
May 13 01:59:19.107966 np0000000663 devstack@neutron-api.service[89731]: [pid: 89731|app: 0|req: 3/5] 10.4.3.38 () {68 vars in 1319 bytes} [Wed May 13 01:59:17 2026] POST /networking/v2.0/networks => generated 681 bytes in 1204 msecs (HTTP/1.1 201) 4 headers in 162 bytes (1 switches on core 0)
May 13 01:59:19.432044 np0000000663 devstack@neutron-api.service[89732]: DEBUG neutron.pecan_wsgi.hooks.policy_enforcement [None req-6a615dff-417e-46f5-b6fe-a056941e8626 admin admin] Attributes excluded by policy engine: ['standard_attr_id'] {{(pid=89732) _exclude_attributes_by_policy /opt/stack/neutron/neutron/pecan_wsgi/hooks/policy_enforcement.py:256}}
May 13 01:59:19.432737 np0000000663 devstack@neutron-api.service[89732]: [pid: 89732|app: 0|req: 2/6] 10.4.3.38 () {64 vars in 1377 bytes} [Wed May 13 01:59:19 2026] GET /networking/v2.0/networks/241a5fcd-edb7-4f9d-adc7-676d6bc07639 => generated 662 bytes in 54 msecs (HTTP/1.1 200) 4 headers in 157 bytes (1 switches on core 0)
May 13 01:59:19.442541 np0000000663 devstack@neutron-api.service[89733]: DEBUG neutron.api.wsgi [None req-e9c33c39-4406-4b0d-90ca-d6e70dfa90ea admin admin] Missing Content-Type {{(pid=89733) get_content_type /opt/stack/neutron/neutron/api/wsgi.py:80}}
May 13 01:59:19.449744 np0000000663 devstack@neutron-api.service[89733]: [pid: 89733|app: 0|req: 2/7] 10.4.3.38 () {64 vars in 1386 bytes} [Wed May 13 01:59:19 2026] GET /networking/v2.0/subnetpools/3cc14eb3-3273-47ee-85d2-0958246d2804 => generated 533 bytes in 9 msecs (HTTP/1.1 200) 4 headers in 157 bytes (1 switches on core 0)
May 13 01:59:19.460771 np0000000663 devstack@neutron-api.service[89731]: DEBUG neutron.api.v2.base [None req-c19e7d50-3d90-4748-be98-da11d4a61c9a admin admin] Request body: {'subnet': {'gateway_ip': '10.1.0.1', 'name': 'private-subnet', 'network_id': '241a5fcd-edb7-4f9d-adc7-676d6bc07639', 'subnetpool_id': '3cc14eb3-3273-47ee-85d2-0958246d2804', 'ip_version': 4}} {{(pid=89731) prepare_request_body /opt/stack/neutron/neutron/api/v2/base.py:727}}
May 13 01:59:19.478237 np0000000663 devstack@neutron-api.service[89731]: DEBUG neutron.pecan_wsgi.hooks.quota_enforcement [None req-c19e7d50-3d90-4748-be98-da11d4a61c9a admin admin] Made reservation on behalf of 4f893ea06521473e932cf414ddb173aa for: {'subnet': 1} {{(pid=89731) before /opt/stack/neutron/neutron/pecan_wsgi/hooks/quota_enforcement.py:66}}
May 13 01:59:19.480995 np0000000663 devstack@neutron-api.service[89731]: DEBUG neutron_lib.callbacks.manager [None req-c19e7d50-3d90-4748-be98-da11d4a61c9a admin admin] Publish callbacks [] for subnet (None), before_create {{(pid=89731) _notify_loop /opt/stack/data/venv/lib/python3.12/site-packages/neutron_lib/callbacks/manager.py:184}}
May 13 01:59:19.609049 np0000000663 devstack@neutron-api.service[89731]: DEBUG neutron.db.ovn_revision_numbers_db [None req-c19e7d50-3d90-4748-be98-da11d4a61c9a admin admin] create_initial_revision uuid=a1c10289-20a1-431b-989f-038529a62d41, type=subnets, rev=-1 {{(pid=89731) create_initial_revision /opt/stack/neutron/neutron/db/ovn_revision_numbers_db.py:98}}
May 13 01:59:19.616383 np0000000663 devstack@neutron-api.service[89731]: DEBUG neutron_lib.callbacks.manager [None req-c19e7d50-3d90-4748-be98-da11d4a61c9a admin admin] Publish callbacks ['neutron.plugins.ml2.ovo_rpc._ObjectChangeHandler.handle_event-1277728'] for subnet (a1c10289-20a1-431b-989f-038529a62d41), after_create {{(pid=89731) _notify_loop /opt/stack/data/venv/lib/python3.12/site-packages/neutron_lib/callbacks/manager.py:184}}
May 13 01:59:19.811585 np0000000663 devstack@neutron-api.service[89731]: DEBUG neutron.api.rpc.handlers.resources_rpc [None req-c19e7d50-3d90-4748-be98-da11d4a61c9a admin admin] Pushing event updated for resources: {'Subnet': ['ID=a1c10289-20a1-431b-989f-038529a62d41,revision_number=0']} {{(pid=89731) push /opt/stack/neutron/neutron/api/rpc/handlers/resources_rpc.py:237}}
May 13 01:59:19.869181 np0000000663 devstack@neutron-api.service[89731]: DEBUG neutron_lib.callbacks.manager [None req-c19e7d50-3d90-4748-be98-da11d4a61c9a admin admin] Publish callbacks ['neutron.plugins.ml2.plugin.SecurityGroupDbMixin._ensure_default_security_group_handler-2609956', 'neutron.services.ovn_l3.plugin.OVNL3RouterPlugin._port_update-8780246489282', 'neutron.db.l3_db.L3_NAT_dbonly_mixin._prevent_internal_ip_change_for_fip-8780248009028'] for port (7ee1537d-dae6-4a7a-a12b-4cc3c6dadd89), before_update {{(pid=89731) _notify_loop /opt/stack/data/venv/lib/python3.12/site-packages/neutron_lib/callbacks/manager.py:184}}
May 13 01:59:19.955450 np0000000663 devstack@neutron-api.service[89731]: DEBUG neutron.db.db_base_plugin_common [None req-c19e7d50-3d90-4748-be98-da11d4a61c9a admin admin] Allocated IP 10.1.0.2 (241a5fcd-edb7-4f9d-adc7-676d6bc07639/a1c10289-20a1-431b-989f-038529a62d41/7ee1537d-dae6-4a7a-a12b-4cc3c6dadd89) {{(pid=89731) _store_ip_allocation /opt/stack/neutron/neutron/db/db_base_plugin_common.py:131}}
May 13 01:59:20.032415 np0000000663 devstack@neutron-api.service[89731]: DEBUG neutron_lib.callbacks.manager [None req-c19e7d50-3d90-4748-be98-da11d4a61c9a admin admin] Publish callbacks [] for port (7ee1537d-dae6-4a7a-a12b-4cc3c6dadd89), precommit_update {{(pid=89731) _notify_loop /opt/stack/data/venv/lib/python3.12/site-packages/neutron_lib/callbacks/manager.py:184}}
May 13 01:59:20.032617 np0000000663 devstack@neutron-api.service[89731]: DEBUG neutron.plugins.ml2.drivers.ovn.mech_driver.mech_driver [None req-c19e7d50-3d90-4748-be98-da11d4a61c9a admin admin] No provisioning block for port 7ee1537d-dae6-4a7a-a12b-4cc3c6dadd89 since it does not have a host {{(pid=89731) _is_port_provisioning_required /opt/stack/neutron/neutron/plugins/ml2/drivers/ovn/mech_driver/mech_driver.py:894}}
May 13 01:59:20.042083 np0000000663 devstack@neutron-api.service[89731]: DEBUG neutron_lib.callbacks.manager [None req-c19e7d50-3d90-4748-be98-da11d4a61c9a admin admin] Publish callbacks ['neutron.plugins.ml2.ovo_rpc._ObjectChangeHandler.handle_event-1277737', 'neutron.services.ovn_l3.plugin.OVNL3RouterPlugin._port_update-8780246489282'] for port (7ee1537d-dae6-4a7a-a12b-4cc3c6dadd89), after_update {{(pid=89731) _notify_loop /opt/stack/data/venv/lib/python3.12/site-packages/neutron_lib/callbacks/manager.py:184}}
May 13 01:59:20.064002 np0000000663 devstack@neutron-api.service[89731]: DEBUG neutron.api.rpc.handlers.resources_rpc [None req-c19e7d50-3d90-4748-be98-da11d4a61c9a admin admin] Pushing event updated for resources: {'Port': ['ID=7ee1537d-dae6-4a7a-a12b-4cc3c6dadd89,revision_number=2']} {{(pid=89731) push /opt/stack/neutron/neutron/api/rpc/handlers/resources_rpc.py:237}}
May 13 01:59:20.167369 np0000000663 devstack@neutron-api.service[89731]: DEBUG ovsdbapp.backend.ovs_idl.transaction [-] Running txn n=1 command(idx=0): CheckRevisionNumberCommand(_result=None, name=7ee1537d-dae6-4a7a-a12b-4cc3c6dadd89, resource={'id': '7ee1537d-dae6-4a7a-a12b-4cc3c6dadd89', 'name': '', 'network_id': '241a5fcd-edb7-4f9d-adc7-676d6bc07639', 'project_id': '4f893ea06521473e932cf414ddb173aa', 'mac_address': 'fa:16:3e:90:22:70', 'admin_state_up': True, 'status': 'DOWN', 'device_id': 'ovnmeta-241a5fcd-edb7-4f9d-adc7-676d6bc07639', 'device_owner': 'network:distributed', 'standard_attr_id': 14, 'fixed_ips': [{'subnet_id': 'a1c10289-20a1-431b-989f-038529a62d41', 'ip_address': '10.1.0.2'}], 'allowed_address_pairs': [], 'extra_dhcp_opts': [], 'security_groups': [], 'description': '', 'binding:vnic_type': 'normal', 'binding:profile': {}, 'binding:host_id': '', 'binding:vif_type': 'unbound', 'binding:vif_details': {}, 'port_security_enabled': False, 'tags': [], 'created_at': '2026-05-13T01:59:18Z', 'updated_at': '2026-05-13T01:59:19Z', 'revision_number': 2, 'tenant_id': '4f893ea06521473e932cf414ddb173aa', 'network': {'id': '241a5fcd-edb7-4f9d-adc7-676d6bc07639', 'name': 'private', 'tenant_id': '4f893ea06521473e932cf414ddb173aa', 'project_id': '4f893ea06521473e932cf414ddb173aa', 'admin_state_up': True, 'mtu': 1372, 'status': 'ACTIVE', 'subnets': ['a1c10289-20a1-431b-989f-038529a62d41'], 'standard_attr_id': 12, 'shared': False, 'availability_zone_hints': [], 'availability_zones': [], 'ipv4_address_scope': None, 'ipv6_address_scope': None, 'router:external': False, 'qinq': False, 'vlan_transparent': False, 'description': '', 'port_security_enabled': True, 'tags': [], 'created_at': '2026-05-13T01:59:18Z', 'updated_at': '2026-05-13T01:59:19Z', 'revision_number': 2, 'provider:network_type': 'geneve', 'provider:physical_network': None, 'provider:segmentation_id': 11608}}, resource_type=ports, if_exists=True) {{(pid=89731) do_commit /opt/stack/data/venv/lib/python3.12/site-packages/ovsdbapp/backend/ovs_idl/transaction.py:89}}
May 13 01:59:20.167728 np0000000663 devstack@neutron-api.service[89731]: DEBUG ovsdbapp.backend.ovs_idl.transaction [-] Running txn n=1 command(idx=1): AddDHCPOptionsCommand(_result=None, columns={'cidr': '10.1.0.0/26', 'options': {'server_id': '10.1.0.1', 'lease_time': '43200', 'mtu': '1372', 'router': '10.1.0.1', 'server_mac': 'fa:16:3e:ce:70:0f', 'dns_server': '{127.0.0.53}', 'classless_static_route': '{169.254.169.254/32,10.1.0.2, 0.0.0.0/0,10.1.0.1}'}, 'external_ids': {'subnet_id': 'a1c10289-20a1-431b-989f-038529a62d41', 'neutron:network_id': '241a5fcd-edb7-4f9d-adc7-676d6bc07639', 'neutron:revision_number': '0'}}, may_exist=True, subnet_id=a1c10289-20a1-431b-989f-038529a62d41, port_id=None, new_insert=False) {{(pid=89731) do_commit /opt/stack/data/venv/lib/python3.12/site-packages/ovsdbapp/backend/ovs_idl/transaction.py:89}}
May 13 01:59:20.167942 np0000000663 devstack@neutron-api.service[89731]: DEBUG ovsdbapp.backend.ovs_idl.transaction [-] Running txn n=1 command(idx=2): SetLSwitchPortCommand(_result=None, lport=7ee1537d-dae6-4a7a-a12b-4cc3c6dadd89, external_ids_update=None, columns={'external_ids': {'neutron:port_name': '', 'neutron:device_id': 'ovnmeta-241a5fcd-edb7-4f9d-adc7-676d6bc07639', 'neutron:project_id': '4f893ea06521473e932cf414ddb173aa', 'neutron:cidrs': '10.1.0.2/26', 'neutron:device_owner': 'network:distributed', 'neutron:subnet_pool_addr_scope4': '', 'neutron:subnet_pool_addr_scope6': '', 'neutron:network_name': 'neutron-241a5fcd-edb7-4f9d-adc7-676d6bc07639', 'neutron:security_group_ids': '', 'neutron:revision_number': '2', 'neutron:vnic_type': 'normal', 'neutron:port_capabilities': '', 'neutron:mtu': ''}, 'parent_name': [], 'tag': [], 'options': {}, 'enabled': True, 'port_security': [], 'dhcpv4_options': [], 'dhcpv6_options': [], 'type': 'localport', 'addresses': ['fa:16:3e:90:22:70 10.1.0.2'], 'ha_chassis_group': []}, if_exists=False) {{(pid=89731) do_commit /opt/stack/data/venv/lib/python3.12/site-packages/ovsdbapp/backend/ovs_idl/transaction.py:89}}
May 13 01:59:20.168462 np0000000663 devstack@neutron-api.service[89731]: DEBUG ovsdbapp.backend.ovs_idl.transaction [-] Running txn n=1 command(idx=3): PgDelPortCommand(_result=None, port_group=neutron_pg_drop, lsp=['7ee1537d-dae6-4a7a-a12b-4cc3c6dadd89'], if_exists=False) {{(pid=89731) do_commit /opt/stack/data/venv/lib/python3.12/site-packages/ovsdbapp/backend/ovs_idl/transaction.py:89}}
May 13 01:59:20.170884 np0000000663 devstack@neutron-api.service[89731]: DEBUG neutron.plugins.ml2.drivers.ovn.mech_driver.ovsdb.ovsdb_monitor [-] Hash Ring: Node 2f94834ead8559c4a0563ff2913d4eca (host: np0000000663) handling event "create" for row eec43c11-3f71-4c72-9ac2-c6ae32d97713 (table: DHCP_Options) {{(pid=89731) notify /opt/stack/neutron/neutron/plugins/ml2/drivers/ovn/mech_driver/ovsdb/ovsdb_monitor.py:942}}
May 13 01:59:20.170884 np0000000663 devstack@neutron-api.service[89731]: DEBUG neutron.plugins.ml2.drivers.ovn.mech_driver.ovsdb.ovsdb_monitor [-] Hash Ring: Node 2f94834ead8559c4a0563ff2913d4eca (host: np0000000663) handling event "update" for row a6e0f152-db98-4bd4-9a3e-1db659da43a4 (table: Logical_Switch_Port) {{(pid=89731) notify /opt/stack/neutron/neutron/plugins/ml2/drivers/ovn/mech_driver/ovsdb/ovsdb_monitor.py:942}}
May 13 01:59:20.171134 np0000000663 devstack@neutron-api.service[89733]: DEBUG neutron.plugins.ml2.drivers.ovn.mech_driver.ovsdb.ovsdb_monitor [-] Hash Ring: Node a091ba6b00915601a1810d63357a67fc (host: np0000000663) handling event "create" for row eec43c11-3f71-4c72-9ac2-c6ae32d97713 (table: DHCP_Options) {{(pid=89733) notify /opt/stack/neutron/neutron/plugins/ml2/drivers/ovn/mech_driver/ovsdb/ovsdb_monitor.py:942}}
May 13 01:59:20.171251 np0000000663 devstack@neutron-api.service[89733]: DEBUG neutron.plugins.ml2.drivers.ovn.mech_driver.ovsdb.ovsdb_monitor [-] Hash Ring: Node a091ba6b00915601a1810d63357a67fc (host: np0000000663) handling event "update" for row a6e0f152-db98-4bd4-9a3e-1db659da43a4 (table: Logical_Switch_Port) {{(pid=89733) notify /opt/stack/neutron/neutron/plugins/ml2/drivers/ovn/mech_driver/ovsdb/ovsdb_monitor.py:942}}
May 13 01:59:20.172447 np0000000663 devstack@neutron-api.service[89732]: DEBUG neutron.plugins.ml2.drivers.ovn.mech_driver.ovsdb.ovsdb_monitor [-] Hash Ring: Node f2f225e1dfaa5a039c5ff80b88832d04 (host: np0000000663) handling event "update" for row 22c42dda-7896-47e2-a614-94e428ce9363 (table: Port_Binding) {{(pid=89732) notify /opt/stack/neutron/neutron/plugins/ml2/drivers/ovn/mech_driver/ovsdb/ovsdb_monitor.py:942}}
May 13 01:59:20.173227 np0000000663 devstack@neutron-api.service[89731]: DEBUG neutron.plugins.ml2.drivers.ovn.mech_driver.ovsdb.ovsdb_monitor [-] Hash Ring: Node 2f94834ead8559c4a0563ff2913d4eca (host: np0000000663) handling event "update" for row 22c42dda-7896-47e2-a614-94e428ce9363 (table: Port_Binding) {{(pid=89731) notify /opt/stack/neutron/neutron/plugins/ml2/drivers/ovn/mech_driver/ovsdb/ovsdb_monitor.py:942}}
May 13 01:59:20.195888 np0000000663 devstack@neutron-api.service[89731]: INFO neutron.db.ovn_revision_numbers_db [None req-c19e7d50-3d90-4748-be98-da11d4a61c9a admin admin] Successfully bumped revision number for resource 7ee1537d-dae6-4a7a-a12b-4cc3c6dadd89 (type: ports) to 2
May 13 01:59:20.202569 np0000000663 devstack@neutron-api.service[89731]: DEBUG neutron.plugins.ml2.plugin [None req-c19e7d50-3d90-4748-be98-da11d4a61c9a admin admin] In _notify_port_updated(), no bound segment for port 7ee1537d-dae6-4a7a-a12b-4cc3c6dadd89 on network 241a5fcd-edb7-4f9d-adc7-676d6bc07639 {{(pid=89731) _notify_port_updated /opt/stack/neutron/neutron/plugins/ml2/plugin.py:1034}}
May 13 01:59:20.225494 np0000000663 devstack@neutron-api.service[89731]: INFO neutron.db.ovn_revision_numbers_db [None req-c19e7d50-3d90-4748-be98-da11d4a61c9a admin admin] Successfully bumped revision number for resource a1c10289-20a1-431b-989f-038529a62d41 (type: subnets) to 0
May 13 01:59:20.226526 np0000000663 devstack@neutron-api.service[89731]: DEBUG neutron.pecan_wsgi.hooks.policy_enforcement [None req-c19e7d50-3d90-4748-be98-da11d4a61c9a admin admin] Attributes excluded by policy engine: ['standard_attr_id', 'shared', 'network'] {{(pid=89731) _exclude_attributes_by_policy /opt/stack/neutron/neutron/pecan_wsgi/hooks/policy_enforcement.py:256}}
May 13 01:59:20.226758 np0000000663 devstack@neutron-api.service[89731]: DEBUG neutron_lib.callbacks.manager [None req-c19e7d50-3d90-4748-be98-da11d4a61c9a admin admin] Publish callbacks [] for subnet (None), before_response {{(pid=89731) _notify_loop /opt/stack/data/venv/lib/python3.12/site-packages/neutron_lib/callbacks/manager.py:184}}
May 13 01:59:20.233537 np0000000663 devstack@neutron-api.service[89731]: [pid: 89731|app: 0|req: 4/8] 10.4.3.38 () {68 vars in 1317 bytes} [Wed May 13 01:59:19 2026] POST /networking/v2.0/subnets => generated 666 bytes in 776 msecs (HTTP/1.1 201) 4 headers in 162 bytes (1 switches on core 0)
May 13 01:59:20.573573 np0000000663 devstack@neutron-api.service[89732]: DEBUG neutron.pecan_wsgi.hooks.policy_enforcement [None req-009c1977-356d-4001-92c8-d13aed92d7f4 admin admin] Attributes excluded by policy engine: ['standard_attr_id'] {{(pid=89732) _exclude_attributes_by_policy /opt/stack/neutron/neutron/pecan_wsgi/hooks/policy_enforcement.py:256}}
May 13 01:59:20.574317 np0000000663 devstack@neutron-api.service[89732]: [pid: 89732|app: 0|req: 3/9] 10.4.3.38 () {64 vars in 1377 bytes} [Wed May 13 01:59:20 2026] GET /networking/v2.0/networks/241a5fcd-edb7-4f9d-adc7-676d6bc07639 => generated 700 bytes in 35 msecs (HTTP/1.1 200) 4 headers in 157 bytes (1 switches on core 0)
May 13 01:59:20.584805 np0000000663 devstack@neutron-api.service[89733]: DEBUG neutron.api.wsgi [None req-0a8c198e-5b43-447b-898b-63884ab19132 admin admin] Missing Content-Type {{(pid=89733) get_content_type /opt/stack/neutron/neutron/api/wsgi.py:80}}
May 13 01:59:20.593840 np0000000663 devstack@neutron-api.service[89733]: [pid: 89733|app: 0|req: 3/10] 10.4.3.38 () {64 vars in 1386 bytes} [Wed May 13 01:59:20 2026] GET /networking/v2.0/subnetpools/d2a911ce-1559-46e9-a3b1-964601c8d7fc => generated 543 bytes in 12 msecs (HTTP/1.1 200) 4 headers in 157 bytes (1 switches on core 0)
