Aug 07 13:53:39.713440 np0000006713 nova-scheduler[96732]: DEBUG cotyledon.oslo_config_glue [-] workarounds.libvirt_disable_apic = False {{(pid=96732) log_opt_values /opt/stack/data/venv/lib/python3.12/site-packages/oslo_config/cfg.py:3545}}
Aug 07 13:53:39.713440 np0000006713 nova-scheduler[96732]: DEBUG cotyledon.oslo_config_glue [-] workarounds.never_download_image_if_on_rbd = False {{(pid=96732) log_opt_values /opt/stack/data/venv/lib/python3.12/site-packages/oslo_config/cfg.py:3545}}
Aug 07 13:53:39.713696 np0000006713 nova-scheduler[96732]: DEBUG cotyledon.oslo_config_glue [-] workarounds.qemu_monitor_announce_self_count = 3 {{(pid=96732) log_opt_values /opt/stack/data/venv/lib/python3.12/site-packages/oslo_config/cfg.py:3545}}
Aug 07 13:53:39.713696 np0000006713 nova-scheduler[96732]: DEBUG cotyledon.oslo_config_glue [-] workarounds.qemu_monitor_announce_self_interval = 1 {{(pid=96732) log_opt_values /opt/stack/data/venv/lib/python3.12/site-packages/oslo_config/cfg.py:3545}}
Aug 07 13:53:39.713696 np0000006713 nova-scheduler[96732]: DEBUG cotyledon.oslo_config_glue [-] workarounds.reserve_disk_resource_for_image_cache = False {{(pid=96732) log_opt_values /opt/stack/data/venv/lib/python3.12/site-packages/oslo_config/cfg.py:3545}}
Aug 07 13:53:39.713696 np0000006713 nova-scheduler[96732]: DEBUG cotyledon.oslo_config_glue [-] workarounds.skip_cpu_compare_at_startup = False {{(pid=96732) log_opt_values /opt/stack/data/venv/lib/python3.12/site-packages/oslo_config/cfg.py:3545}}
Aug 07 13:53:39.713696 np0000006713 nova-scheduler[96732]: DEBUG cotyledon.oslo_config_glue [-] workarounds.skip_cpu_compare_on_dest = False {{(pid=96732) log_opt_values /opt/stack/data/venv/lib/python3.12/site-packages/oslo_config/cfg.py:3545}}
Aug 07 13:53:39.713696 np0000006713 nova-scheduler[96732]: DEBUG cotyledon.oslo_config_glue [-] workarounds.skip_hypervisor_version_check_on_lm = False {{(pid=96732) log_opt_values /opt/stack/data/venv/lib/python3.12/site-packages/oslo_config/cfg.py:3545}}
Aug 07 13:53:39.713696 np0000006713 nova-scheduler[96732]: DEBUG cotyledon.oslo_config_glue [-] workarounds.skip_reserve_in_use_ironic_nodes = False {{(pid=96732) log_opt_values /opt/stack/data/venv/lib/python3.12/site-packages/oslo_config/cfg.py:3545}}
Aug 07 13:53:39.713696 np0000006713 nova-scheduler[96732]: DEBUG cotyledon.oslo_config_glue [-] workarounds.unified_limits_count_pcpu_as_vcpu = False {{(pid=96732) log_opt_values /opt/stack/data/venv/lib/python3.12/site-packages/oslo_config/cfg.py:3545}}
Aug 07 13:53:39.713946 np0000006713 nova-scheduler[96732]: DEBUG cotyledon.oslo_config_glue [-] workarounds.wait_for_vif_plugged_event_during_hard_reboot = [] {{(pid=96732) log_opt_values /opt/stack/data/venv/lib/python3.12/site-packages/oslo_config/cfg.py:3545}}
Aug 07 13:53:39.713946 np0000006713 nova-scheduler[96732]: DEBUG cotyledon.oslo_config_glue [-] wsgi.api_paste_config = /etc/nova/api-paste.ini {{(pid=96732) log_opt_values /opt/stack/data/venv/lib/python3.12/site-packages/oslo_config/cfg.py:3545}}
Aug 07 13:53:39.713946 np0000006713 nova-scheduler[96732]: DEBUG cotyledon.oslo_config_glue [-] wsgi.secure_proxy_ssl_header = None {{(pid=96732) log_opt_values /opt/stack/data/venv/lib/python3.12/site-packages/oslo_config/cfg.py:3545}}
Aug 07 13:53:39.713946 np0000006713 nova-scheduler[96732]: DEBUG cotyledon.oslo_config_glue [-] zvm.ca_file = None {{(pid=96732) log_opt_values /opt/stack/data/venv/lib/python3.12/site-packages/oslo_config/cfg.py:3545}}
Aug 07 13:53:39.713946 np0000006713 nova-scheduler[96732]: DEBUG cotyledon.oslo_config_glue [-] zvm.cloud_connector_url = None {{(pid=96732) log_opt_values /opt/stack/data/venv/lib/python3.12/site-packages/oslo_config/cfg.py:3545}}
Aug 07 13:53:39.713946 np0000006713 nova-scheduler[96732]: DEBUG cotyledon.oslo_config_glue [-] zvm.image_tmp_path = /opt/stack/data/nova/images {{(pid=96732) log_opt_values /opt/stack/data/venv/lib/python3.12/site-packages/oslo_config/cfg.py:3545}}
Aug 07 13:53:39.713946 np0000006713 nova-scheduler[96732]: DEBUG cotyledon.oslo_config_glue [-] zvm.reachable_timeout = 300 {{(pid=96732) log_opt_values /opt/stack/data/venv/lib/python3.12/site-packages/oslo_config/cfg.py:3545}}
Aug 07 13:53:39.713946 np0000006713 nova-scheduler[96732]: DEBUG cotyledon.oslo_config_glue [-] oslo_versionedobjects.fatal_exception_format_errors = False {{(pid=96732) log_opt_values /opt/stack/data/venv/lib/python3.12/site-packages/oslo_config/cfg.py:3545}}
Aug 07 13:53:39.713946 np0000006713 nova-scheduler[96732]: DEBUG cotyledon.oslo_config_glue [-] oslo_middleware.http_basic_auth_user_file = /etc/htpasswd {{(pid=96732) log_opt_values /opt/stack/data/venv/lib/python3.12/site-packages/oslo_config/cfg.py:3545}}
Aug 07 13:53:39.714197 np0000006713 nova-scheduler[96732]: DEBUG cotyledon.oslo_config_glue [-] oslo_messaging_metrics.metrics_buffer_size = 1000 {{(pid=96732) log_opt_values /opt/stack/data/venv/lib/python3.12/site-packages/oslo_config/cfg.py:3545}}
Aug 07 13:53:39.714197 np0000006713 nova-scheduler[96732]: DEBUG cotyledon.oslo_config_glue [-] oslo_messaging_metrics.metrics_enabled = False {{(pid=96732) log_opt_values /opt/stack/data/venv/lib/python3.12/site-packages/oslo_config/cfg.py:3545}}
Aug 07 13:53:39.714197 np0000006713 nova-scheduler[96732]: DEBUG cotyledon.oslo_config_glue [-] oslo_messaging_metrics.metrics_process_name = {{(pid=96732) log_opt_values /opt/stack/data/venv/lib/python3.12/site-packages/oslo_config/cfg.py:3545}}
Aug 07 13:53:39.714197 np0000006713 nova-scheduler[96732]: DEBUG cotyledon.oslo_config_glue [-] oslo_messaging_metrics.metrics_socket_file = /var/tmp/metrics_collector.sock {{(pid=96732) log_opt_values /opt/stack/data/venv/lib/python3.12/site-packages/oslo_config/cfg.py:3545}}
Aug 07 13:53:39.714197 np0000006713 nova-scheduler[96732]: DEBUG cotyledon.oslo_config_glue [-] oslo_messaging_metrics.metrics_thread_stop_timeout = 10 {{(pid=96732) log_opt_values /opt/stack/data/venv/lib/python3.12/site-packages/oslo_config/cfg.py:3545}}
Aug 07 13:53:39.714197 np0000006713 nova-scheduler[96732]: DEBUG cotyledon.oslo_config_glue [-] profiler.connection_string = messaging:// {{(pid=96732) log_opt_values /opt/stack/data/venv/lib/python3.12/site-packages/oslo_config/cfg.py:3545}}
Aug 07 13:53:39.714197 np0000006713 nova-scheduler[96732]: DEBUG cotyledon.oslo_config_glue [-] profiler.enabled = False {{(pid=96732) log_opt_values /opt/stack/data/venv/lib/python3.12/site-packages/oslo_config/cfg.py:3545}}
Aug 07 13:53:39.714197 np0000006713 nova-scheduler[96732]: DEBUG cotyledon.oslo_config_glue [-] profiler.es_doc_type = notification {{(pid=96732) log_opt_values /opt/stack/data/venv/lib/python3.12/site-packages/oslo_config/cfg.py:3545}}
Aug 07 13:53:39.714197 np0000006713 nova-scheduler[96732]: DEBUG cotyledon.oslo_config_glue [-] profiler.es_scroll_size = 10000 {{(pid=96732) log_opt_values /opt/stack/data/venv/lib/python3.12/site-packages/oslo_config/cfg.py:3545}}
Aug 07 13:53:39.714525 np0000006713 nova-scheduler[96732]: DEBUG cotyledon.oslo_config_glue [-] profiler.es_scroll_time = 2m {{(pid=96732) log_opt_values /opt/stack/data/venv/lib/python3.12/site-packages/oslo_config/cfg.py:3545}}
Aug 07 13:53:39.714525 np0000006713 nova-scheduler[96732]: DEBUG cotyledon.oslo_config_glue [-] profiler.filter_error_trace = False {{(pid=96732) log_opt_values /opt/stack/data/venv/lib/python3.12/site-packages/oslo_config/cfg.py:3545}}
Aug 07 13:53:39.714525 np0000006713 nova-scheduler[96732]: DEBUG cotyledon.oslo_config_glue [-] profiler.hmac_keys = **** {{(pid=96732) log_opt_values /opt/stack/data/venv/lib/python3.12/site-packages/oslo_config/cfg.py:3545}}
Aug 07 13:53:39.714525 np0000006713 nova-scheduler[96732]: DEBUG cotyledon.oslo_config_glue [-] profiler.sentinel_service_name = mymaster {{(pid=96732) log_opt_values /opt/stack/data/venv/lib/python3.12/site-packages/oslo_config/cfg.py:3545}}
Aug 07 13:53:39.714667 np0000006713 nova-scheduler[96726]: DEBUG oslo_db.sqlalchemy.engines [None req-8f990ab5-12d0-4426-a5e1-dd8b87818491 None None] MySQL server mode set to STRICT_TRANS_TABLES,STRICT_ALL_TABLES,NO_ZERO_IN_DATE,NO_ZERO_DATE,ERROR_FOR_DIVISION_BY_ZERO,TRADITIONAL,NO_ENGINE_SUBSTITUTION {{(pid=96726) _check_effective_sql_mode /opt/stack/data/venv/lib/python3.12/site-packages/oslo_db/sqlalchemy/engines.py:325}}
Aug 07 13:53:39.714715 np0000006713 nova-scheduler[96732]: DEBUG cotyledon.oslo_config_glue [-] profiler.socket_timeout = 0.1 {{(pid=96732) log_opt_values /opt/stack/data/venv/lib/python3.12/site-packages/oslo_config/cfg.py:3545}}
Aug 07 13:53:39.714715 np0000006713 nova-scheduler[96732]: DEBUG cotyledon.oslo_config_glue [-] profiler.trace_requests = False {{(pid=96732) log_opt_values /opt/stack/data/venv/lib/python3.12/site-packages/oslo_config/cfg.py:3545}}
Aug 07 13:53:39.714715 np0000006713 nova-scheduler[96732]: DEBUG cotyledon.oslo_config_glue [-] profiler.trace_sqlalchemy = False {{(pid=96732) log_opt_values /opt/stack/data/venv/lib/python3.12/site-packages/oslo_config/cfg.py:3545}}
Aug 07 13:53:39.714715 np0000006713 nova-scheduler[96732]: DEBUG cotyledon.oslo_config_glue [-] profiler_jaeger.process_tags = {} {{(pid=96732) log_opt_values /opt/stack/data/venv/lib/python3.12/site-packages/oslo_config/cfg.py:3545}}
Aug 07 13:53:39.714715 np0000006713 nova-scheduler[96732]: DEBUG cotyledon.oslo_config_glue [-] profiler_jaeger.service_name_prefix = None {{(pid=96732) log_opt_values /opt/stack/data/venv/lib/python3.12/site-packages/oslo_config/cfg.py:3545}}
Aug 07 13:53:39.714715 np0000006713 nova-scheduler[96732]: DEBUG cotyledon.oslo_config_glue [-] profiler_otlp.service_name_prefix = None {{(pid=96732) log_opt_values /opt/stack/data/venv/lib/python3.12/site-packages/oslo_config/cfg.py:3545}}
Aug 07 13:53:39.714715 np0000006713 nova-scheduler[96732]: DEBUG cotyledon.oslo_config_glue [-] oslo_messaging_rabbit.amqp_auto_delete = False {{(pid=96732) log_opt_values /opt/stack/data/venv/lib/python3.12/site-packages/oslo_config/cfg.py:3545}}
Aug 07 13:53:39.714715 np0000006713 nova-scheduler[96732]: DEBUG cotyledon.oslo_config_glue [-] oslo_messaging_rabbit.amqp_durable_queues = False {{(pid=96732) log_opt_values /opt/stack/data/venv/lib/python3.12/site-packages/oslo_config/cfg.py:3545}}
Aug 07 13:53:39.714715 np0000006713 nova-scheduler[96732]: DEBUG cotyledon.oslo_config_glue [-] oslo_messaging_rabbit.conn_pool_min_size = 2 {{(pid=96732) log_opt_values /opt/stack/data/venv/lib/python3.12/site-packages/oslo_config/cfg.py:3545}}
Aug 07 13:53:39.715004 np0000006713 nova-scheduler[96732]: DEBUG cotyledon.oslo_config_glue [-] oslo_messaging_rabbit.conn_pool_ttl = 1200 {{(pid=96732) log_opt_values /opt/stack/data/venv/lib/python3.12/site-packages/oslo_config/cfg.py:3545}}
Aug 07 13:53:39.715004 np0000006713 nova-scheduler[96732]: DEBUG cotyledon.oslo_config_glue [-] oslo_messaging_rabbit.direct_mandatory_flag = True {{(pid=96732) log_opt_values /opt/stack/data/venv/lib/python3.12/site-packages/oslo_config/cfg.py:3545}}
Aug 07 13:53:39.715004 np0000006713 nova-scheduler[96732]: DEBUG cotyledon.oslo_config_glue [-] oslo_messaging_rabbit.enable_cancel_on_failover = False {{(pid=96732) log_opt_values /opt/stack/data/venv/lib/python3.12/site-packages/oslo_config/cfg.py:3545}}
Aug 07 13:53:39.715004 np0000006713 nova-scheduler[96732]: DEBUG cotyledon.oslo_config_glue [-] oslo_messaging_rabbit.heartbeat_rate = 3 {{(pid=96732) log_opt_values /opt/stack/data/venv/lib/python3.12/site-packages/oslo_config/cfg.py:3545}}
Aug 07 13:53:39.715004 np0000006713 nova-scheduler[96732]: DEBUG cotyledon.oslo_config_glue [-] oslo_messaging_rabbit.heartbeat_timeout_threshold = 60 {{(pid=96732) log_opt_values /opt/stack/data/venv/lib/python3.12/site-packages/oslo_config/cfg.py:3545}}
Aug 07 13:53:39.715004 np0000006713 nova-scheduler[96732]: DEBUG cotyledon.oslo_config_glue [-] oslo_messaging_rabbit.hostname = np0000006713 {{(pid=96732) log_opt_values /opt/stack/data/venv/lib/python3.12/site-packages/oslo_config/cfg.py:3545}}
Aug 07 13:53:39.715004 np0000006713 nova-scheduler[96732]: DEBUG cotyledon.oslo_config_glue [-] oslo_messaging_rabbit.kombu_compression = None {{(pid=96732) log_opt_values /opt/stack/data/venv/lib/python3.12/site-packages/oslo_config/cfg.py:3545}}
Aug 07 13:53:39.715004 np0000006713 nova-scheduler[96732]: DEBUG cotyledon.oslo_config_glue [-] oslo_messaging_rabbit.kombu_failover_strategy = round-robin {{(pid=96732) log_opt_values /opt/stack/data/venv/lib/python3.12/site-packages/oslo_config/cfg.py:3545}}
Aug 07 13:53:39.715004 np0000006713 nova-scheduler[96732]: DEBUG cotyledon.oslo_config_glue [-] oslo_messaging_rabbit.kombu_missing_consumer_retry_timeout = 60 {{(pid=96732) log_opt_values /opt/stack/data/venv/lib/python3.12/site-packages/oslo_config/cfg.py:3545}}
Aug 07 13:53:39.715319 np0000006713 nova-scheduler[96732]: DEBUG cotyledon.oslo_config_glue [-] oslo_messaging_rabbit.kombu_reconnect_delay = 1.0 {{(pid=96732) log_opt_values /opt/stack/data/venv/lib/python3.12/site-packages/oslo_config/cfg.py:3545}}
Aug 07 13:53:39.715319 np0000006713 nova-scheduler[96732]: DEBUG cotyledon.oslo_config_glue [-] oslo_messaging_rabbit.kombu_reconnect_splay = 0.0 {{(pid=96732) log_opt_values /opt/stack/data/venv/lib/python3.12/site-packages/oslo_config/cfg.py:3545}}
Aug 07 13:53:39.715319 np0000006713 nova-scheduler[96732]: DEBUG cotyledon.oslo_config_glue [-] oslo_messaging_rabbit.processname = nova-scheduler {{(pid=96732) log_opt_values /opt/stack/data/venv/lib/python3.12/site-packages/oslo_config/cfg.py:3545}}
Aug 07 13:53:39.715319 np0000006713 nova-scheduler[96732]: DEBUG cotyledon.oslo_config_glue [-] oslo_messaging_rabbit.rabbit_ha_queues = False {{(pid=96732) log_opt_values /opt/stack/data/venv/lib/python3.12/site-packages/oslo_config/cfg.py:3545}}
Aug 07 13:53:39.715319 np0000006713 nova-scheduler[96732]: DEBUG cotyledon.oslo_config_glue [-] oslo_messaging_rabbit.rabbit_interval_max = 30 {{(pid=96732) log_opt_values /opt/stack/data/venv/lib/python3.12/site-packages/oslo_config/cfg.py:3545}}
Aug 07 13:53:39.715319 np0000006713 nova-scheduler[96732]: DEBUG cotyledon.oslo_config_glue [-] oslo_messaging_rabbit.rabbit_login_method = AMQPLAIN {{(pid=96732) log_opt_values /opt/stack/data/venv/lib/python3.12/site-packages/oslo_config/cfg.py:3545}}
Aug 07 13:53:39.715319 np0000006713 nova-scheduler[96732]: DEBUG cotyledon.oslo_config_glue [-] oslo_messaging_rabbit.rabbit_qos_prefetch_count = 0 {{(pid=96732) log_opt_values /opt/stack/data/venv/lib/python3.12/site-packages/oslo_config/cfg.py:3545}}
Aug 07 13:53:39.715319 np0000006713 nova-scheduler[96732]: DEBUG cotyledon.oslo_config_glue [-] oslo_messaging_rabbit.rabbit_quorum_delivery_limit = 0 {{(pid=96732) log_opt_values /opt/stack/data/venv/lib/python3.12/site-packages/oslo_config/cfg.py:3545}}
Aug 07 13:53:39.715319 np0000006713 nova-scheduler[96732]: DEBUG cotyledon.oslo_config_glue [-] oslo_messaging_rabbit.rabbit_quorum_max_memory_bytes = 0 {{(pid=96732) log_opt_values /opt/stack/data/venv/lib/python3.12/site-packages/oslo_config/cfg.py:3545}}
Aug 07 13:53:39.715631 np0000006713 nova-scheduler[96732]: DEBUG cotyledon.oslo_config_glue [-] oslo_messaging_rabbit.rabbit_quorum_max_memory_length = 0 {{(pid=96732) log_opt_values /opt/stack/data/venv/lib/python3.12/site-packages/oslo_config/cfg.py:3545}}
Aug 07 13:53:39.715631 np0000006713 nova-scheduler[96732]: DEBUG cotyledon.oslo_config_glue [-] oslo_messaging_rabbit.rabbit_quorum_queue = False {{(pid=96732) log_opt_values /opt/stack/data/venv/lib/python3.12/site-packages/oslo_config/cfg.py:3545}}
Aug 07 13:53:39.715631 np0000006713 nova-scheduler[96732]: DEBUG cotyledon.oslo_config_glue [-] oslo_messaging_rabbit.rabbit_retry_backoff = 2 {{(pid=96732) log_opt_values /opt/stack/data/venv/lib/python3.12/site-packages/oslo_config/cfg.py:3545}}
Aug 07 13:53:39.715631 np0000006713 nova-scheduler[96732]: DEBUG cotyledon.oslo_config_glue [-] oslo_messaging_rabbit.rabbit_retry_interval = 1 {{(pid=96732) log_opt_values /opt/stack/data/venv/lib/python3.12/site-packages/oslo_config/cfg.py:3545}}
Aug 07 13:53:39.715631 np0000006713 nova-scheduler[96732]: DEBUG cotyledon.oslo_config_glue [-] oslo_messaging_rabbit.rabbit_stream_fanout = False {{(pid=96732) log_opt_values /opt/stack/data/venv/lib/python3.12/site-packages/oslo_config/cfg.py:3545}}
Aug 07 13:53:39.715631 np0000006713 nova-scheduler[96732]: DEBUG cotyledon.oslo_config_glue [-] oslo_messaging_rabbit.rabbit_transient_queues_ttl = 1800 {{(pid=96732) log_opt_values /opt/stack/data/venv/lib/python3.12/site-packages/oslo_config/cfg.py:3545}}
Aug 07 13:53:39.715631 np0000006713 nova-scheduler[96732]: DEBUG cotyledon.oslo_config_glue [-] oslo_messaging_rabbit.rabbit_transient_quorum_queue = False {{(pid=96732) log_opt_values /opt/stack/data/venv/lib/python3.12/site-packages/oslo_config/cfg.py:3545}}
Aug 07 13:53:39.715631 np0000006713 nova-scheduler[96732]: DEBUG cotyledon.oslo_config_glue [-] oslo_messaging_rabbit.rpc_conn_pool_size = 30 {{(pid=96732) log_opt_values /opt/stack/data/venv/lib/python3.12/site-packages/oslo_config/cfg.py:3545}}
Aug 07 13:53:39.715631 np0000006713 nova-scheduler[96732]: DEBUG cotyledon.oslo_config_glue [-] oslo_messaging_rabbit.ssl = False {{(pid=96732) log_opt_values /opt/stack/data/venv/lib/python3.12/site-packages/oslo_config/cfg.py:3545}}
Aug 07 13:53:39.715887 np0000006713 nova-scheduler[96732]: DEBUG cotyledon.oslo_config_glue [-] oslo_messaging_rabbit.ssl_ca_file = {{(pid=96732) log_opt_values /opt/stack/data/venv/lib/python3.12/site-packages/oslo_config/cfg.py:3545}}
Aug 07 13:53:39.715887 np0000006713 nova-scheduler[96732]: DEBUG cotyledon.oslo_config_glue [-] oslo_messaging_rabbit.ssl_cert_file = {{(pid=96732) log_opt_values /opt/stack/data/venv/lib/python3.12/site-packages/oslo_config/cfg.py:3545}}
Aug 07 13:53:39.715887 np0000006713 nova-scheduler[96732]: DEBUG cotyledon.oslo_config_glue [-] oslo_messaging_rabbit.ssl_enforce_fips_mode = False {{(pid=96732) log_opt_values /opt/stack/data/venv/lib/python3.12/site-packages/oslo_config/cfg.py:3545}}
Aug 07 13:53:39.715887 np0000006713 nova-scheduler[96732]: DEBUG cotyledon.oslo_config_glue [-] oslo_messaging_rabbit.ssl_enforce_hostname_verification = True {{(pid=96732) log_opt_values /opt/stack/data/venv/lib/python3.12/site-packages/oslo_config/cfg.py:3545}}
Aug 07 13:53:39.715887 np0000006713 nova-scheduler[96732]: DEBUG cotyledon.oslo_config_glue [-] oslo_messaging_rabbit.ssl_key_file = {{(pid=96732) log_opt_values /opt/stack/data/venv/lib/python3.12/site-packages/oslo_config/cfg.py:3545}}
Aug 07 13:53:39.715887 np0000006713 nova-scheduler[96732]: DEBUG cotyledon.oslo_config_glue [-] oslo_messaging_rabbit.ssl_version = {{(pid=96732) log_opt_values /opt/stack/data/venv/lib/python3.12/site-packages/oslo_config/cfg.py:3545}}
Aug 07 13:53:39.715887 np0000006713 nova-scheduler[96732]: DEBUG cotyledon.oslo_config_glue [-] oslo_messaging_rabbit.use_queue_manager = False {{(pid=96732) log_opt_values /opt/stack/data/venv/lib/python3.12/site-packages/oslo_config/cfg.py:3545}}
Aug 07 13:53:39.715887 np0000006713 nova-scheduler[96732]: DEBUG cotyledon.oslo_config_glue [-] oslo_messaging_notifications.driver = ['messagingv2'] {{(pid=96732) log_opt_values /opt/stack/data/venv/lib/python3.12/site-packages/oslo_config/cfg.py:3545}}
Aug 07 13:53:39.715887 np0000006713 nova-scheduler[96732]: DEBUG cotyledon.oslo_config_glue [-] oslo_messaging_notifications.retry = -1 {{(pid=96732) log_opt_values /opt/stack/data/venv/lib/python3.12/site-packages/oslo_config/cfg.py:3545}}
Aug 07 13:53:39.716056 np0000006713 nova-scheduler[96732]: DEBUG cotyledon.oslo_config_glue [-] oslo_messaging_notifications.topics = ['notifications'] {{(pid=96732) log_opt_values /opt/stack/data/venv/lib/python3.12/site-packages/oslo_config/cfg.py:3545}}
Aug 07 13:53:39.716056 np0000006713 nova-scheduler[96732]: DEBUG cotyledon.oslo_config_glue [-] oslo_messaging_notifications.transport_url = **** {{(pid=96732) log_opt_values /opt/stack/data/venv/lib/python3.12/site-packages/oslo_config/cfg.py:3545}}
Aug 07 13:53:39.716056 np0000006713 nova-scheduler[96732]: DEBUG cotyledon.oslo_config_glue [-] oslo_limit.auth_section = None {{(pid=96732) log_opt_values /opt/stack/data/venv/lib/python3.12/site-packages/oslo_config/cfg.py:3545}}
Aug 07 13:53:39.716056 np0000006713 nova-scheduler[96732]: DEBUG cotyledon.oslo_config_glue [-] oslo_limit.auth_type = None {{(pid=96732) log_opt_values /opt/stack/data/venv/lib/python3.12/site-packages/oslo_config/cfg.py:3545}}
Aug 07 13:53:39.716056 np0000006713 nova-scheduler[96732]: DEBUG cotyledon.oslo_config_glue [-] oslo_limit.cafile = None {{(pid=96732) log_opt_values /opt/stack/data/venv/lib/python3.12/site-packages/oslo_config/cfg.py:3545}}
Aug 07 13:53:39.716056 np0000006713 nova-scheduler[96732]: DEBUG cotyledon.oslo_config_glue [-] oslo_limit.certfile = None {{(pid=96732) log_opt_values /opt/stack/data/venv/lib/python3.12/site-packages/oslo_config/cfg.py:3545}}
Aug 07 13:53:39.716056 np0000006713 nova-scheduler[96732]: DEBUG cotyledon.oslo_config_glue [-] oslo_limit.collect_timing = False {{(pid=96732) log_opt_values /opt/stack/data/venv/lib/python3.12/site-packages/oslo_config/cfg.py:3545}}
Aug 07 13:53:39.716056 np0000006713 nova-scheduler[96732]: DEBUG cotyledon.oslo_config_glue [-] oslo_limit.connect_retries = None {{(pid=96732) log_opt_values /opt/stack/data/venv/lib/python3.12/site-packages/oslo_config/cfg.py:3545}}
Aug 07 13:53:39.716056 np0000006713 nova-scheduler[96732]: DEBUG cotyledon.oslo_config_glue [-] oslo_limit.connect_retry_delay = None {{(pid=96732) log_opt_values /opt/stack/data/venv/lib/python3.12/site-packages/oslo_config/cfg.py:3545}}
Aug 07 13:53:39.716220 np0000006713 nova-scheduler[96732]: DEBUG cotyledon.oslo_config_glue [-] oslo_limit.endpoint_id = None {{(pid=96732) log_opt_values /opt/stack/data/venv/lib/python3.12/site-packages/oslo_config/cfg.py:3545}}
Aug 07 13:53:39.716220 np0000006713 nova-scheduler[96732]: DEBUG cotyledon.oslo_config_glue [-] oslo_limit.endpoint_interface = public {{(pid=96732) log_opt_values /opt/stack/data/venv/lib/python3.12/site-packages/oslo_config/cfg.py:3545}}
Aug 07 13:53:39.716220 np0000006713 nova-scheduler[96732]: DEBUG cotyledon.oslo_config_glue [-] oslo_limit.endpoint_override = None {{(pid=96732) log_opt_values /opt/stack/data/venv/lib/python3.12/site-packages/oslo_config/cfg.py:3545}}
Aug 07 13:53:39.716220 np0000006713 nova-scheduler[96732]: DEBUG cotyledon.oslo_config_glue [-] oslo_limit.endpoint_region_name = None {{(pid=96732) log_opt_values /opt/stack/data/venv/lib/python3.12/site-packages/oslo_config/cfg.py:3545}}
Aug 07 13:53:39.716220 np0000006713 nova-scheduler[96732]: DEBUG cotyledon.oslo_config_glue [-] oslo_limit.endpoint_service_name = None {{(pid=96732) log_opt_values /opt/stack/data/venv/lib/python3.12/site-packages/oslo_config/cfg.py:3545}}
Aug 07 13:53:39.716220 np0000006713 nova-scheduler[96732]: DEBUG cotyledon.oslo_config_glue [-] oslo_limit.endpoint_service_type = None {{(pid=96732) log_opt_values /opt/stack/data/venv/lib/python3.12/site-packages/oslo_config/cfg.py:3545}}
Aug 07 13:53:39.716220 np0000006713 nova-scheduler[96732]: DEBUG cotyledon.oslo_config_glue [-] oslo_limit.insecure = False {{(pid=96732) log_opt_values /opt/stack/data/venv/lib/python3.12/site-packages/oslo_config/cfg.py:3545}}
Aug 07 13:53:39.716220 np0000006713 nova-scheduler[96732]: DEBUG cotyledon.oslo_config_glue [-] oslo_limit.keyfile = None {{(pid=96732) log_opt_values /opt/stack/data/venv/lib/python3.12/site-packages/oslo_config/cfg.py:3545}}
Aug 07 13:53:39.716220 np0000006713 nova-scheduler[96732]: DEBUG cotyledon.oslo_config_glue [-] oslo_limit.max_version = None {{(pid=96732) log_opt_values /opt/stack/data/venv/lib/python3.12/site-packages/oslo_config/cfg.py:3545}}
Aug 07 13:53:39.716412 np0000006713 nova-scheduler[96732]: DEBUG cotyledon.oslo_config_glue [-] oslo_limit.min_version = None {{(pid=96732) log_opt_values /opt/stack/data/venv/lib/python3.12/site-packages/oslo_config/cfg.py:3545}}
Aug 07 13:53:39.716412 np0000006713 nova-scheduler[96732]: DEBUG cotyledon.oslo_config_glue [-] oslo_limit.region_name = None {{(pid=96732) log_opt_values /opt/stack/data/venv/lib/python3.12/site-packages/oslo_config/cfg.py:3545}}
Aug 07 13:53:39.716412 np0000006713 nova-scheduler[96732]: DEBUG cotyledon.oslo_config_glue [-] oslo_limit.retriable_status_codes = None {{(pid=96732) log_opt_values /opt/stack/data/venv/lib/python3.12/site-packages/oslo_config/cfg.py:3545}}
Aug 07 13:53:39.716412 np0000006713 nova-scheduler[96732]: DEBUG cotyledon.oslo_config_glue [-] oslo_limit.service_name = None {{(pid=96732) log_opt_values /opt/stack/data/venv/lib/python3.12/site-packages/oslo_config/cfg.py:3545}}
Aug 07 13:53:39.716412 np0000006713 nova-scheduler[96732]: DEBUG cotyledon.oslo_config_glue [-] oslo_limit.service_type = None {{(pid=96732) log_opt_values /opt/stack/data/venv/lib/python3.12/site-packages/oslo_config/cfg.py:3545}}
Aug 07 13:53:39.716412 np0000006713 nova-scheduler[96732]: DEBUG cotyledon.oslo_config_glue [-] oslo_limit.split_loggers = False {{(pid=96732) log_opt_values /opt/stack/data/venv/lib/python3.12/site-packages/oslo_config/cfg.py:3545}}
Aug 07 13:53:39.716412 np0000006713 nova-scheduler[96732]: DEBUG cotyledon.oslo_config_glue [-] oslo_limit.status_code_retries = None {{(pid=96732) log_opt_values /opt/stack/data/venv/lib/python3.12/site-packages/oslo_config/cfg.py:3545}}
Aug 07 13:53:39.716412 np0000006713 nova-scheduler[96732]: DEBUG cotyledon.oslo_config_glue [-] oslo_limit.status_code_retry_delay = None {{(pid=96732) log_opt_values /opt/stack/data/venv/lib/python3.12/site-packages/oslo_config/cfg.py:3545}}
Aug 07 13:53:39.716412 np0000006713 nova-scheduler[96732]: DEBUG cotyledon.oslo_config_glue [-] oslo_limit.timeout = None {{(pid=96732) log_opt_values /opt/stack/data/venv/lib/python3.12/site-packages/oslo_config/cfg.py:3545}}
Aug 07 13:53:39.716575 np0000006713 nova-scheduler[96732]: DEBUG cotyledon.oslo_config_glue [-] oslo_limit.valid_interfaces = None {{(pid=96732) log_opt_values /opt/stack/data/venv/lib/python3.12/site-packages/oslo_config/cfg.py:3545}}
Aug 07 13:53:39.716575 np0000006713 nova-scheduler[96732]: DEBUG cotyledon.oslo_config_glue [-] oslo_limit.version = None {{(pid=96732) log_opt_values /opt/stack/data/venv/lib/python3.12/site-packages/oslo_config/cfg.py:3545}}
Aug 07 13:53:39.716575 np0000006713 nova-scheduler[96732]: DEBUG cotyledon.oslo_config_glue [-] oslo_reports.file_event_handler = None {{(pid=96732) log_opt_values /opt/stack/data/venv/lib/python3.12/site-packages/oslo_config/cfg.py:3545}}
Aug 07 13:53:39.716575 np0000006713 nova-scheduler[96732]: DEBUG cotyledon.oslo_config_glue [-] oslo_reports.file_event_handler_interval = 1 {{(pid=96732) log_opt_values /opt/stack/data/venv/lib/python3.12/site-packages/oslo_config/cfg.py:3545}}
Aug 07 13:53:39.716575 np0000006713 nova-scheduler[96732]: DEBUG cotyledon.oslo_config_glue [-] oslo_reports.log_dir = None {{(pid=96732) log_opt_values /opt/stack/data/venv/lib/python3.12/site-packages/oslo_config/cfg.py:3545}}
Aug 07 13:53:39.716575 np0000006713 nova-scheduler[96732]: DEBUG cotyledon.oslo_config_glue [-] ******************************************************************************** {{(pid=96732) log_opt_values /opt/stack/data/venv/lib/python3.12/site-packages/oslo_config/cfg.py:3552}}
Aug 07 13:53:39.716575 np0000006713 nova-scheduler[96732]: DEBUG cotyledon._service_worker [-] Run service ServiceWrapper(3) [96732] {{(pid=96732) wait_forever /opt/stack/data/venv/lib/python3.12/site-packages/cotyledon/_service_worker.py:218}}
Aug 07 13:53:39.716575 np0000006713 nova-scheduler[96732]: INFO nova.service [-] Starting scheduler node (version 33.1.0)
Aug 07 13:53:39.716575 np0000006713 nova-scheduler[96732]: INFO dbcounter [None req-b3d6f489-7914-4498-8df3-14db90b236f9 None None] Registered counter for database nova_cell0
Aug 07 13:53:39.716740 np0000006713 nova-scheduler[96726]: DEBUG dbcounter [-] [96726] Writer thread running {{(pid=96726) stat_writer /opt/stack/data/venv/lib/python3.12/site-packages/dbcounter.py:102}}
Aug 07 13:53:39.719269 np0000006713 nova-scheduler[96728]: DEBUG oslo_db.sqlalchemy.engines [None req-0abda74f-6a45-4cda-ab70-cbb612a688b6 None None] MySQL server mode set to STRICT_TRANS_TABLES,STRICT_ALL_TABLES,NO_ZERO_IN_DATE,NO_ZERO_DATE,ERROR_FOR_DIVISION_BY_ZERO,TRADITIONAL,NO_ENGINE_SUBSTITUTION {{(pid=96728) _check_effective_sql_mode /opt/stack/data/venv/lib/python3.12/site-packages/oslo_db/sqlalchemy/engines.py:325}}
Aug 07 13:53:39.720690 np0000006713 nova-scheduler[96726]: DEBUG nova.service [None req-8f990ab5-12d0-4426-a5e1-dd8b87818491 None None] Creating RPC server for service: nova-scheduler on topic: scheduler {{(pid=96726) start /opt/stack/nova/nova/service.py:196}}
Aug 07 13:53:39.728129 np0000006713 nova-scheduler[96728]: DEBUG dbcounter [-] [96728] Writer thread running {{(pid=96728) stat_writer /opt/stack/data/venv/lib/python3.12/site-packages/dbcounter.py:102}}
Aug 07 13:53:39.730939 np0000006713 nova-scheduler[96728]: DEBUG nova.service [None req-0abda74f-6a45-4cda-ab70-cbb612a688b6 None None] Creating RPC server for service: nova-scheduler on topic: scheduler {{(pid=96728) start /opt/stack/nova/nova/service.py:196}}
Aug 07 13:53:39.731178 np0000006713 nova-scheduler[96730]: DEBUG oslo_db.sqlalchemy.engines [None req-6114f319-2204-49ba-be01-f5124fd246cb None None] MySQL server mode set to STRICT_TRANS_TABLES,STRICT_ALL_TABLES,NO_ZERO_IN_DATE,NO_ZERO_DATE,ERROR_FOR_DIVISION_BY_ZERO,TRADITIONAL,NO_ENGINE_SUBSTITUTION {{(pid=96730) _check_effective_sql_mode /opt/stack/data/venv/lib/python3.12/site-packages/oslo_db/sqlalchemy/engines.py:325}}
Aug 07 13:53:39.741066 np0000006713 nova-scheduler[96730]: DEBUG dbcounter [-] [96730] Writer thread running {{(pid=96730) stat_writer /opt/stack/data/venv/lib/python3.12/site-packages/dbcounter.py:102}}
Aug 07 13:53:39.744145 np0000006713 nova-scheduler[96730]: DEBUG nova.service [None req-6114f319-2204-49ba-be01-f5124fd246cb None None] Creating RPC server for service: nova-scheduler on topic: scheduler {{(pid=96730) start /opt/stack/nova/nova/service.py:196}}
Aug 07 13:53:39.748890 np0000006713 nova-scheduler[96732]: DEBUG oslo_db.sqlalchemy.engines [None req-b3d6f489-7914-4498-8df3-14db90b236f9 None None] MySQL server mode set to STRICT_TRANS_TABLES,STRICT_ALL_TABLES,NO_ZERO_IN_DATE,NO_ZERO_DATE,ERROR_FOR_DIVISION_BY_ZERO,TRADITIONAL,NO_ENGINE_SUBSTITUTION {{(pid=96732) _check_effective_sql_mode /opt/stack/data/venv/lib/python3.12/site-packages/oslo_db/sqlalchemy/engines.py:325}}
Aug 07 13:53:39.750316 np0000006713 nova-scheduler[96726]: DEBUG nova.service [None req-8f990ab5-12d0-4426-a5e1-dd8b87818491 None None] Join ServiceGroup membership for this service scheduler {{(pid=96726) start /opt/stack/nova/nova/service.py:222}}
Aug 07 13:53:39.750688 np0000006713 nova-scheduler[96726]: DEBUG nova.servicegroup.drivers.db [None req-8f990ab5-12d0-4426-a5e1-dd8b87818491 None None] DB_Driver: join new ServiceGroup member np0000006713 to the scheduler group, service = {{(pid=96726) join /opt/stack/nova/nova/servicegroup/drivers/db.py:44}}
Aug 07 13:53:39.759092 np0000006713 nova-scheduler[96732]: DEBUG dbcounter [-] [96732] Writer thread running {{(pid=96732) stat_writer /opt/stack/data/venv/lib/python3.12/site-packages/dbcounter.py:102}}
Aug 07 13:53:39.760328 np0000006713 nova-scheduler[96728]: DEBUG nova.service [None req-0abda74f-6a45-4cda-ab70-cbb612a688b6 None None] Join ServiceGroup membership for this service scheduler {{(pid=96728) start /opt/stack/nova/nova/service.py:222}}
Aug 07 13:53:39.760524 np0000006713 nova-scheduler[96728]: DEBUG nova.servicegroup.drivers.db [None req-0abda74f-6a45-4cda-ab70-cbb612a688b6 None None] DB_Driver: join new ServiceGroup member np0000006713 to the scheduler group, service = {{(pid=96728) join /opt/stack/nova/nova/servicegroup/drivers/db.py:44}}
Aug 07 13:53:39.762312 np0000006713 nova-scheduler[96732]: DEBUG nova.service [None req-b3d6f489-7914-4498-8df3-14db90b236f9 None None] Creating RPC server for service: nova-scheduler on topic: scheduler {{(pid=96732) start /opt/stack/nova/nova/service.py:196}}
Aug 07 13:53:39.764287 np0000006713 nova-scheduler[96730]: DEBUG nova.service [None req-6114f319-2204-49ba-be01-f5124fd246cb None None] Join ServiceGroup membership for this service scheduler {{(pid=96730) start /opt/stack/nova/nova/service.py:222}}
Aug 07 13:53:39.764517 np0000006713 nova-scheduler[96730]: DEBUG nova.servicegroup.drivers.db [None req-6114f319-2204-49ba-be01-f5124fd246cb None None] DB_Driver: join new ServiceGroup member np0000006713 to the scheduler group, service = {{(pid=96730) join /opt/stack/nova/nova/servicegroup/drivers/db.py:44}}
Aug 07 13:53:39.786169 np0000006713 nova-scheduler[96732]: DEBUG nova.service [None req-b3d6f489-7914-4498-8df3-14db90b236f9 None None] Join ServiceGroup membership for this service scheduler {{(pid=96732) start /opt/stack/nova/nova/service.py:222}}
Aug 07 13:53:39.786340 np0000006713 nova-scheduler[96732]: DEBUG nova.servicegroup.drivers.db [None req-b3d6f489-7914-4498-8df3-14db90b236f9 None None] DB_Driver: join new ServiceGroup member np0000006713 to the scheduler group, service = {{(pid=96732) join /opt/stack/nova/nova/servicegroup/drivers/db.py:44}}
Aug 07 13:53:44.765312 np0000006713 nova-scheduler[96726]: DEBUG oslo.service.backend._threading.loopingcall [-] Fixed interval looping call 'nova.servicegroup.drivers.db.DbDriver._report_state' sleeping for 119.99 seconds {{(pid=96726) _run_loop /opt/stack/data/venv/lib/python3.12/site-packages/oslo_service/backend/_threading/loopingcall.py:125}}
Aug 07 13:53:44.770724 np0000006713 nova-scheduler[96728]: DEBUG oslo.service.backend._threading.loopingcall [-] Fixed interval looping call 'nova.servicegroup.drivers.db.DbDriver._report_state' sleeping for 119.99 seconds {{(pid=96728) _run_loop /opt/stack/data/venv/lib/python3.12/site-packages/oslo_service/backend/_threading/loopingcall.py:125}}
Aug 07 13:53:44.774153 np0000006713 nova-scheduler[96730]: DEBUG oslo.service.backend._threading.loopingcall [-] Fixed interval looping call 'nova.servicegroup.drivers.db.DbDriver._report_state' sleeping for 119.99 seconds {{(pid=96730) _run_loop /opt/stack/data/venv/lib/python3.12/site-packages/oslo_service/backend/_threading/loopingcall.py:125}}
Aug 07 13:53:44.799092 np0000006713 nova-scheduler[96732]: DEBUG oslo.service.backend._threading.loopingcall [-] Fixed interval looping call 'nova.servicegroup.drivers.db.DbDriver._report_state' sleeping for 119.99 seconds {{(pid=96732) _run_loop /opt/stack/data/venv/lib/python3.12/site-packages/oslo_service/backend/_threading/loopingcall.py:125}}
Aug 07 13:53:48.314564 np0000006713 nova-scheduler[95532]: DEBUG dbcounter [-] [95532] Writing DB stats nova_api:SELECT=3 {{(pid=95532) stat_writer /opt/stack/data/venv/lib/python3.12/site-packages/dbcounter.py:115}}
Aug 07 13:53:48.465641 np0000006713 nova-scheduler[95532]: DEBUG dbcounter [-] [95532] Writing DB stats nova_cell0:SELECT=1 {{(pid=95532) stat_writer /opt/stack/data/venv/lib/python3.12/site-packages/dbcounter.py:115}}
Aug 07 13:53:48.471503 np0000006713 nova-scheduler[95532]: DEBUG dbcounter [-] [95532] Writing DB stats nova_cell1:SELECT=1 {{(pid=95532) stat_writer /opt/stack/data/venv/lib/python3.12/site-packages/dbcounter.py:115}}
Aug 07 13:53:52.752819 np0000006713 nova-scheduler[96726]: DEBUG oslo.service.backend._threading.loopingcall [None req-0cbccc5b-3b14-4a27-8297-4bc5c3155304 None None] Dynamic interval looping call 'nova.service.Service.periodic_tasks' sleeping for 60.00 seconds {{(pid=96726) _run_loop /opt/stack/data/venv/lib/python3.12/site-packages/oslo_service/backend/_threading/loopingcall.py:125}}
Aug 07 13:53:54.761271 np0000006713 nova-scheduler[96726]: DEBUG dbcounter [-] [96726] Writing DB stats nova_cell0:SELECT=4,nova_cell0:INSERT=1,nova_cell0:UPDATE=1 {{(pid=96726) stat_writer /opt/stack/data/venv/lib/python3.12/site-packages/dbcounter.py:115}}
Aug 07 13:53:54.768069 np0000006713 nova-scheduler[96728]: DEBUG dbcounter [-] [96728] Writing DB stats nova_cell0:SELECT=3 {{(pid=96728) stat_writer /opt/stack/data/venv/lib/python3.12/site-packages/dbcounter.py:115}}
Aug 07 13:53:54.771777 np0000006713 nova-scheduler[96730]: DEBUG dbcounter [-] [96730] Writing DB stats nova_cell0:SELECT=3 {{(pid=96730) stat_writer /opt/stack/data/venv/lib/python3.12/site-packages/dbcounter.py:115}}
Aug 07 13:53:54.795364 np0000006713 nova-scheduler[96732]: DEBUG dbcounter [-] [96732] Writing DB stats nova_cell0:SELECT=3 {{(pid=96732) stat_writer /opt/stack/data/venv/lib/python3.12/site-packages/dbcounter.py:115}}
Aug 07 13:53:59.766683 np0000006713 nova-scheduler[96730]: DEBUG oslo.service.backend._threading.loopingcall [None req-0ea8e5ae-c1f4-4028-842d-28a9b9ae3c2c None None] Dynamic interval looping call 'nova.service.Service.periodic_tasks' sleeping for 60.00 seconds {{(pid=96730) _run_loop /opt/stack/data/venv/lib/python3.12/site-packages/oslo_service/backend/_threading/loopingcall.py:125}}
Aug 07 13:54:25.788341 np0000006713 nova-scheduler[96732]: DEBUG oslo.service.backend._threading.loopingcall [None req-255d705e-1789-406e-853e-70200c0f6ebd None None] Dynamic interval looping call 'nova.service.Service.periodic_tasks' sleeping for 60.00 seconds {{(pid=96732) _run_loop /opt/stack/data/venv/lib/python3.12/site-packages/oslo_service/backend/_threading/loopingcall.py:125}}
Aug 07 13:54:39.762698 np0000006713 nova-scheduler[96728]: DEBUG oslo.service.backend._threading.loopingcall [None req-9dcd256e-1d88-4517-83d8-ea832ceca6ed None None] Dynamic interval looping call 'nova.service.Service.periodic_tasks' sleeping for 60.00 seconds {{(pid=96728) _run_loop /opt/stack/data/venv/lib/python3.12/site-packages/oslo_service/backend/_threading/loopingcall.py:125}}
Aug 07 13:54:52.753422 np0000006713 nova-scheduler[96726]: DEBUG oslo.service.backend._threading.loopingcall [None req-0cbccc5b-3b14-4a27-8297-4bc5c3155304 None None] Dynamic interval looping call 'nova.service.Service.periodic_tasks' sleeping for 60.00 seconds {{(pid=96726) _run_loop /opt/stack/data/venv/lib/python3.12/site-packages/oslo_service/backend/_threading/loopingcall.py:125}}
Aug 07 13:54:59.767088 np0000006713 nova-scheduler[96730]: DEBUG oslo.service.backend._threading.loopingcall [None req-0ea8e5ae-c1f4-4028-842d-28a9b9ae3c2c None None] Dynamic interval looping call 'nova.service.Service.periodic_tasks' sleeping for 60.00 seconds {{(pid=96730) _run_loop /opt/stack/data/venv/lib/python3.12/site-packages/oslo_service/backend/_threading/loopingcall.py:125}}
Aug 07 13:55:25.788983 np0000006713 nova-scheduler[96732]: DEBUG oslo.service.backend._threading.loopingcall [None req-255d705e-1789-406e-853e-70200c0f6ebd None None] Dynamic interval looping call 'nova.service.Service.periodic_tasks' sleeping for 60.00 seconds {{(pid=96732) _run_loop /opt/stack/data/venv/lib/python3.12/site-packages/oslo_service/backend/_threading/loopingcall.py:125}}
Aug 07 13:55:39.763251 np0000006713 nova-scheduler[96728]: DEBUG oslo.service.backend._threading.loopingcall [None req-9dcd256e-1d88-4517-83d8-ea832ceca6ed None None] Dynamic interval looping call 'nova.service.Service.periodic_tasks' sleeping for 60.00 seconds {{(pid=96728) _run_loop /opt/stack/data/venv/lib/python3.12/site-packages/oslo_service/backend/_threading/loopingcall.py:125}}
Aug 07 13:55:44.762939 np0000006713 nova-scheduler[96726]: DEBUG oslo.service.backend._threading.loopingcall [-] Fixed interval looping call 'nova.servicegroup.drivers.db.DbDriver._report_state' sleeping for 119.99 seconds {{(pid=96726) _run_loop /opt/stack/data/venv/lib/python3.12/site-packages/oslo_service/backend/_threading/loopingcall.py:125}}
Aug 07 13:55:44.765723 np0000006713 nova-scheduler[96728]: DEBUG oslo.service.backend._threading.loopingcall [-] Fixed interval looping call 'nova.servicegroup.drivers.db.DbDriver._report_state' sleeping for 120.00 seconds {{(pid=96728) _run_loop /opt/stack/data/venv/lib/python3.12/site-packages/oslo_service/backend/_threading/loopingcall.py:125}}
Aug 07 13:55:44.768777 np0000006713 nova-scheduler[96730]: DEBUG oslo.service.backend._threading.loopingcall [-] Fixed interval looping call 'nova.servicegroup.drivers.db.DbDriver._report_state' sleeping for 120.00 seconds {{(pid=96730) _run_loop /opt/stack/data/venv/lib/python3.12/site-packages/oslo_service/backend/_threading/loopingcall.py:125}}
Aug 07 13:55:44.793078 np0000006713 nova-scheduler[96732]: DEBUG oslo.service.backend._threading.loopingcall [-] Fixed interval looping call 'nova.servicegroup.drivers.db.DbDriver._report_state' sleeping for 120.00 seconds {{(pid=96732) _run_loop /opt/stack/data/venv/lib/python3.12/site-packages/oslo_service/backend/_threading/loopingcall.py:125}}
Aug 07 13:55:52.753891 np0000006713 nova-scheduler[96726]: DEBUG oslo.service.backend._threading.loopingcall [None req-0cbccc5b-3b14-4a27-8297-4bc5c3155304 None None] Dynamic interval looping call 'nova.service.Service.periodic_tasks' sleeping for 60.00 seconds {{(pid=96726) _run_loop /opt/stack/data/venv/lib/python3.12/site-packages/oslo_service/backend/_threading/loopingcall.py:125}}
Aug 07 13:55:54.758888 np0000006713 nova-scheduler[96726]: DEBUG dbcounter [-] [96726] Writing DB stats nova_cell0:SELECT=1,nova_cell0:UPDATE=1 {{(pid=96726) stat_writer /opt/stack/data/venv/lib/python3.12/site-packages/dbcounter.py:115}}
Aug 07 13:55:54.762967 np0000006713 nova-scheduler[96728]: DEBUG dbcounter [-] [96728] Writing DB stats nova_cell0:SELECT=1 {{(pid=96728) stat_writer /opt/stack/data/venv/lib/python3.12/site-packages/dbcounter.py:115}}
Aug 07 13:55:54.766882 np0000006713 nova-scheduler[96730]: DEBUG dbcounter [-] [96730] Writing DB stats nova_cell0:SELECT=1 {{(pid=96730) stat_writer /opt/stack/data/venv/lib/python3.12/site-packages/dbcounter.py:115}}
Aug 07 13:55:54.793128 np0000006713 nova-scheduler[96732]: DEBUG dbcounter [-] [96732] Writing DB stats nova_cell0:SELECT=1 {{(pid=96732) stat_writer /opt/stack/data/venv/lib/python3.12/site-packages/dbcounter.py:115}}
Aug 07 13:55:58.232750 np0000006713 nova-scheduler[96726]: DEBUG nova.scheduler.manager [None req-54c8de0a-30ff-4fc7-89d7-bef12d5011b4 tempest-ServerActionsTestOtherA-918864409 tempest-ServerActionsTestOtherA-918864409-project-member] Starting to schedule for instances: ['f80de1d3-6c54-474b-a213-41b294a45786'] {{(pid=96726) select_destinations /opt/stack/nova/nova/scheduler/manager.py:209}}
Aug 07 13:55:58.233216 np0000006713 nova-scheduler[96726]: DEBUG nova.scheduler.request_filter [None req-54c8de0a-30ff-4fc7-89d7-bef12d5011b4 tempest-ServerActionsTestOtherA-918864409 tempest-ServerActionsTestOtherA-918864409-project-member] compute_status_filter request filter added forbidden trait COMPUTE_STATUS_DISABLED {{(pid=96726) compute_status_filter /opt/stack/nova/nova/scheduler/request_filter.py:253}}
Aug 07 13:55:58.233596 np0000006713 nova-scheduler[96726]: DEBUG nova.scheduler.request_filter [None req-54c8de0a-30ff-4fc7-89d7-bef12d5011b4 tempest-ServerActionsTestOtherA-918864409 tempest-ServerActionsTestOtherA-918864409-project-member] Request filter 'compute_status_filter' took 0.0 seconds {{(pid=96726) wrapper /opt/stack/nova/nova/scheduler/request_filter.py:46}}
Aug 07 13:55:58.233797 np0000006713 nova-scheduler[96726]: DEBUG nova.scheduler.request_filter [None req-54c8de0a-30ff-4fc7-89d7-bef12d5011b4 tempest-ServerActionsTestOtherA-918864409 tempest-ServerActionsTestOtherA-918864409-project-member] Request filter 'accelerators_filter' took 0.0 seconds {{(pid=96726) wrapper /opt/stack/nova/nova/scheduler/request_filter.py:46}}
Aug 07 13:55:58.234129 np0000006713 nova-scheduler[96726]: DEBUG nova.scheduler.request_filter [None req-54c8de0a-30ff-4fc7-89d7-bef12d5011b4 tempest-ServerActionsTestOtherA-918864409 tempest-ServerActionsTestOtherA-918864409-project-member] Request filter 'packed_virtqueue_filter' took 0.0 seconds {{(pid=96726) wrapper /opt/stack/nova/nova/scheduler/request_filter.py:46}}
Aug 07 13:55:58.234416 np0000006713 nova-scheduler[96726]: DEBUG nova.scheduler.request_filter [None req-54c8de0a-30ff-4fc7-89d7-bef12d5011b4 tempest-ServerActionsTestOtherA-918864409 tempest-ServerActionsTestOtherA-918864409-project-member] Request filter 'remote_managed_ports_filter' took 0.0 seconds {{(pid=96726) wrapper /opt/stack/nova/nova/scheduler/request_filter.py:46}}
Aug 07 13:55:58.234416 np0000006713 nova-scheduler[96726]: DEBUG nova.scheduler.request_filter [None req-54c8de0a-30ff-4fc7-89d7-bef12d5011b4 tempest-ServerActionsTestOtherA-918864409 tempest-ServerActionsTestOtherA-918864409-project-member] ephemeral_encryption_filter skipped {{(pid=96726) ephemeral_encryption_filter /opt/stack/nova/nova/scheduler/request_filter.py:426}}
Aug 07 13:55:58.234600 np0000006713 nova-scheduler[96726]: DEBUG nova.scheduler.request_filter [None req-54c8de0a-30ff-4fc7-89d7-bef12d5011b4 tempest-ServerActionsTestOtherA-918864409 tempest-ServerActionsTestOtherA-918864409-project-member] virtio_sound_filter skipped {{(pid=96726) virtio_sound_filter /opt/stack/nova/nova/scheduler/request_filter.py:460}}
Aug 07 13:55:58.234677 np0000006713 nova-scheduler[96726]: DEBUG nova.scheduler.request_filter [None req-54c8de0a-30ff-4fc7-89d7-bef12d5011b4 tempest-ServerActionsTestOtherA-918864409 tempest-ServerActionsTestOtherA-918864409-project-member] tpm_secret_security_filter skipped {{(pid=96726) tpm_secret_security_filter /opt/stack/nova/nova/scheduler/request_filter.py:477}}
Aug 07 13:55:58.765669 np0000006713 nova-scheduler[96726]: INFO nova.utils [None req-54c8de0a-30ff-4fc7-89d7-bef12d5011b4 tempest-ServerActionsTestOtherA-918864409 tempest-ServerActionsTestOtherA-918864409-project-member] The cell worker thread pool ForkProcess-1.cell_worker is initialized
Aug 07 13:55:58.766122 np0000006713 nova-scheduler[96726]: DEBUG oslo_concurrency.lockutils [None req-54c8de0a-30ff-4fc7-89d7-bef12d5011b4 tempest-ServerActionsTestOtherA-918864409 tempest-ServerActionsTestOtherA-918864409-project-member] Acquiring lock "df3073d3-737f-4e23-8616-b292bd45fa0f" by "nova.context.set_target_cell..get_or_set_cached_cell_and_set_connections" {{(pid=96726) inner /opt/stack/data/venv/lib/python3.12/site-packages/oslo_concurrency/lockutils.py:512}}
Aug 07 13:55:58.766383 np0000006713 nova-scheduler[96726]: DEBUG oslo_concurrency.lockutils [None req-54c8de0a-30ff-4fc7-89d7-bef12d5011b4 tempest-ServerActionsTestOtherA-918864409 tempest-ServerActionsTestOtherA-918864409-project-member] Lock "df3073d3-737f-4e23-8616-b292bd45fa0f" acquired by "nova.context.set_target_cell..get_or_set_cached_cell_and_set_connections" :: waited 0.000s {{(pid=96726) inner /opt/stack/data/venv/lib/python3.12/site-packages/oslo_concurrency/lockutils.py:525}}
Aug 07 13:55:58.768337 np0000006713 nova-scheduler[96726]: DEBUG oslo_concurrency.lockutils [None req-54c8de0a-30ff-4fc7-89d7-bef12d5011b4 tempest-ServerActionsTestOtherA-918864409 tempest-ServerActionsTestOtherA-918864409-project-member] Lock "df3073d3-737f-4e23-8616-b292bd45fa0f" "released" by "nova.context.set_target_cell..get_or_set_cached_cell_and_set_connections" :: held 0.002s {{(pid=96726) inner /opt/stack/data/venv/lib/python3.12/site-packages/oslo_concurrency/lockutils.py:544}}
Aug 07 13:55:58.771142 np0000006713 nova-scheduler[96726]: INFO dbcounter [None req-54c8de0a-30ff-4fc7-89d7-bef12d5011b4 tempest-ServerActionsTestOtherA-918864409 tempest-ServerActionsTestOtherA-918864409-project-member] Registered counter for database nova_cell1
Aug 07 13:55:58.815228 np0000006713 nova-scheduler[96726]: DEBUG oslo_db.sqlalchemy.engines [None req-54c8de0a-30ff-4fc7-89d7-bef12d5011b4 tempest-ServerActionsTestOtherA-918864409 tempest-ServerActionsTestOtherA-918864409-project-member] MySQL server mode set to STRICT_TRANS_TABLES,STRICT_ALL_TABLES,NO_ZERO_IN_DATE,NO_ZERO_DATE,ERROR_FOR_DIVISION_BY_ZERO,TRADITIONAL,NO_ENGINE_SUBSTITUTION {{(pid=96726) _check_effective_sql_mode /opt/stack/data/venv/lib/python3.12/site-packages/oslo_db/sqlalchemy/engines.py:325}}
Aug 07 13:55:58.820447 np0000006713 nova-scheduler[96726]: DEBUG dbcounter [-] [96726] Writer thread running {{(pid=96726) stat_writer /opt/stack/data/venv/lib/python3.12/site-packages/dbcounter.py:102}}
Aug 07 13:55:58.832915 np0000006713 nova-scheduler[96726]: DEBUG oslo_db.sqlalchemy.engines [None req-54c8de0a-30ff-4fc7-89d7-bef12d5011b4 tempest-ServerActionsTestOtherA-918864409 tempest-ServerActionsTestOtherA-918864409-project-member] Parent process 95532 forked (96726) with an open database connection, which is being discarded and recreated. {{(pid=96726) checkout /opt/stack/data/venv/lib/python3.12/site-packages/oslo_db/sqlalchemy/engines.py:402}}
Aug 07 13:55:58.875168 np0000006713 nova-scheduler[96726]: DEBUG dbcounter [-] [96726] Writer thread running {{(pid=96726) stat_writer /opt/stack/data/venv/lib/python3.12/site-packages/dbcounter.py:102}}
Aug 07 13:55:58.878467 np0000006713 nova-scheduler[96726]: DEBUG oslo_concurrency.lockutils [None req-54c8de0a-30ff-4fc7-89d7-bef12d5011b4 tempest-ServerActionsTestOtherA-918864409 tempest-ServerActionsTestOtherA-918864409-project-member] Acquiring lock "df3073d3-737f-4e23-8616-b292bd45fa0f" by "nova.context.set_target_cell..get_or_set_cached_cell_and_set_connections" {{(pid=96726) inner /opt/stack/data/venv/lib/python3.12/site-packages/oslo_concurrency/lockutils.py:512}}
Aug 07 13:55:58.878528 np0000006713 nova-scheduler[96726]: DEBUG oslo_concurrency.lockutils [None req-54c8de0a-30ff-4fc7-89d7-bef12d5011b4 tempest-ServerActionsTestOtherA-918864409 tempest-ServerActionsTestOtherA-918864409-project-member] Lock "df3073d3-737f-4e23-8616-b292bd45fa0f" acquired by "nova.context.set_target_cell..get_or_set_cached_cell_and_set_connections" :: waited 0.000s {{(pid=96726) inner /opt/stack/data/venv/lib/python3.12/site-packages/oslo_concurrency/lockutils.py:525}}
