Aug 07 13:53:45.053605 np0000006713 nova-conductor[99189]: DEBUG cotyledon.oslo_config_glue [-] workarounds.disable_fallback_pcpu_query = False {{(pid=99189) log_opt_values /opt/stack/data/venv/lib/python3.12/site-packages/oslo_config/cfg.py:3545}}
Aug 07 13:53:45.053605 np0000006713 nova-conductor[99189]: DEBUG cotyledon.oslo_config_glue [-] workarounds.disable_group_policy_check_upcall = False {{(pid=99189) log_opt_values /opt/stack/data/venv/lib/python3.12/site-packages/oslo_config/cfg.py:3545}}
Aug 07 13:53:45.053605 np0000006713 nova-conductor[99189]: DEBUG cotyledon.oslo_config_glue [-] workarounds.disable_libvirt_livesnapshot = False {{(pid=99189) log_opt_values /opt/stack/data/venv/lib/python3.12/site-packages/oslo_config/cfg.py:3545}}
Aug 07 13:53:45.053605 np0000006713 nova-conductor[99189]: DEBUG cotyledon.oslo_config_glue [-] workarounds.disable_rootwrap = False {{(pid=99189) log_opt_values /opt/stack/data/venv/lib/python3.12/site-packages/oslo_config/cfg.py:3545}}
Aug 07 13:53:45.053765 np0000006713 nova-conductor[99189]: DEBUG cotyledon.oslo_config_glue [-] workarounds.enable_numa_live_migration = False {{(pid=99189) log_opt_values /opt/stack/data/venv/lib/python3.12/site-packages/oslo_config/cfg.py:3545}}
Aug 07 13:53:45.053765 np0000006713 nova-conductor[99189]: DEBUG cotyledon.oslo_config_glue [-] workarounds.enable_qemu_monitor_announce_self = False {{(pid=99189) log_opt_values /opt/stack/data/venv/lib/python3.12/site-packages/oslo_config/cfg.py:3545}}
Aug 07 13:53:45.053765 np0000006713 nova-conductor[99189]: DEBUG cotyledon.oslo_config_glue [-] workarounds.ensure_libvirt_rbd_instance_dir_cleanup = False {{(pid=99189) log_opt_values /opt/stack/data/venv/lib/python3.12/site-packages/oslo_config/cfg.py:3545}}
Aug 07 13:53:45.053765 np0000006713 nova-conductor[99189]: DEBUG cotyledon.oslo_config_glue [-] workarounds.handle_virt_lifecycle_events = True {{(pid=99189) log_opt_values /opt/stack/data/venv/lib/python3.12/site-packages/oslo_config/cfg.py:3545}}
Aug 07 13:53:45.053765 np0000006713 nova-conductor[99189]: DEBUG cotyledon.oslo_config_glue [-] workarounds.libvirt_disable_apic = False {{(pid=99189) log_opt_values /opt/stack/data/venv/lib/python3.12/site-packages/oslo_config/cfg.py:3545}}
Aug 07 13:53:45.053765 np0000006713 nova-conductor[99189]: DEBUG cotyledon.oslo_config_glue [-] workarounds.never_download_image_if_on_rbd = False {{(pid=99189) log_opt_values /opt/stack/data/venv/lib/python3.12/site-packages/oslo_config/cfg.py:3545}}
Aug 07 13:53:45.053765 np0000006713 nova-conductor[99189]: DEBUG cotyledon.oslo_config_glue [-] workarounds.qemu_monitor_announce_self_count = 3 {{(pid=99189) log_opt_values /opt/stack/data/venv/lib/python3.12/site-packages/oslo_config/cfg.py:3545}}
Aug 07 13:53:45.053765 np0000006713 nova-conductor[99189]: DEBUG cotyledon.oslo_config_glue [-] workarounds.qemu_monitor_announce_self_interval = 1 {{(pid=99189) log_opt_values /opt/stack/data/venv/lib/python3.12/site-packages/oslo_config/cfg.py:3545}}
Aug 07 13:53:45.053765 np0000006713 nova-conductor[99189]: DEBUG cotyledon.oslo_config_glue [-] workarounds.reserve_disk_resource_for_image_cache = False {{(pid=99189) log_opt_values /opt/stack/data/venv/lib/python3.12/site-packages/oslo_config/cfg.py:3545}}
Aug 07 13:53:45.053979 np0000006713 nova-conductor[99189]: DEBUG cotyledon.oslo_config_glue [-] workarounds.skip_cpu_compare_at_startup = False {{(pid=99189) log_opt_values /opt/stack/data/venv/lib/python3.12/site-packages/oslo_config/cfg.py:3545}}
Aug 07 13:53:45.053979 np0000006713 nova-conductor[99189]: DEBUG cotyledon.oslo_config_glue [-] workarounds.skip_cpu_compare_on_dest = False {{(pid=99189) log_opt_values /opt/stack/data/venv/lib/python3.12/site-packages/oslo_config/cfg.py:3545}}
Aug 07 13:53:45.053979 np0000006713 nova-conductor[99189]: DEBUG cotyledon.oslo_config_glue [-] workarounds.skip_hypervisor_version_check_on_lm = False {{(pid=99189) log_opt_values /opt/stack/data/venv/lib/python3.12/site-packages/oslo_config/cfg.py:3545}}
Aug 07 13:53:45.053979 np0000006713 nova-conductor[99189]: DEBUG cotyledon.oslo_config_glue [-] workarounds.skip_reserve_in_use_ironic_nodes = False {{(pid=99189) log_opt_values /opt/stack/data/venv/lib/python3.12/site-packages/oslo_config/cfg.py:3545}}
Aug 07 13:53:45.053979 np0000006713 nova-conductor[99189]: DEBUG cotyledon.oslo_config_glue [-] workarounds.unified_limits_count_pcpu_as_vcpu = False {{(pid=99189) log_opt_values /opt/stack/data/venv/lib/python3.12/site-packages/oslo_config/cfg.py:3545}}
Aug 07 13:53:45.053979 np0000006713 nova-conductor[99189]: DEBUG cotyledon.oslo_config_glue [-] workarounds.wait_for_vif_plugged_event_during_hard_reboot = [] {{(pid=99189) log_opt_values /opt/stack/data/venv/lib/python3.12/site-packages/oslo_config/cfg.py:3545}}
Aug 07 13:53:45.053979 np0000006713 nova-conductor[99189]: DEBUG cotyledon.oslo_config_glue [-] wsgi.api_paste_config = /etc/nova/api-paste.ini {{(pid=99189) log_opt_values /opt/stack/data/venv/lib/python3.12/site-packages/oslo_config/cfg.py:3545}}
Aug 07 13:53:45.053979 np0000006713 nova-conductor[99189]: DEBUG cotyledon.oslo_config_glue [-] wsgi.secure_proxy_ssl_header = None {{(pid=99189) log_opt_values /opt/stack/data/venv/lib/python3.12/site-packages/oslo_config/cfg.py:3545}}
Aug 07 13:53:45.053979 np0000006713 nova-conductor[99189]: DEBUG cotyledon.oslo_config_glue [-] zvm.ca_file = None {{(pid=99189) log_opt_values /opt/stack/data/venv/lib/python3.12/site-packages/oslo_config/cfg.py:3545}}
Aug 07 13:53:45.054150 np0000006713 nova-conductor[99189]: DEBUG cotyledon.oslo_config_glue [-] zvm.cloud_connector_url = None {{(pid=99189) log_opt_values /opt/stack/data/venv/lib/python3.12/site-packages/oslo_config/cfg.py:3545}}
Aug 07 13:53:45.054150 np0000006713 nova-conductor[99189]: DEBUG cotyledon.oslo_config_glue [-] zvm.image_tmp_path = /opt/stack/data/nova/images {{(pid=99189) log_opt_values /opt/stack/data/venv/lib/python3.12/site-packages/oslo_config/cfg.py:3545}}
Aug 07 13:53:45.054150 np0000006713 nova-conductor[99189]: DEBUG cotyledon.oslo_config_glue [-] zvm.reachable_timeout = 300 {{(pid=99189) log_opt_values /opt/stack/data/venv/lib/python3.12/site-packages/oslo_config/cfg.py:3545}}
Aug 07 13:53:45.054150 np0000006713 nova-conductor[99189]: DEBUG cotyledon.oslo_config_glue [-] oslo_versionedobjects.fatal_exception_format_errors = False {{(pid=99189) log_opt_values /opt/stack/data/venv/lib/python3.12/site-packages/oslo_config/cfg.py:3545}}
Aug 07 13:53:45.054150 np0000006713 nova-conductor[99189]: DEBUG cotyledon.oslo_config_glue [-] oslo_middleware.http_basic_auth_user_file = /etc/htpasswd {{(pid=99189) log_opt_values /opt/stack/data/venv/lib/python3.12/site-packages/oslo_config/cfg.py:3545}}
Aug 07 13:53:45.054150 np0000006713 nova-conductor[99189]: DEBUG cotyledon.oslo_config_glue [-] profiler.connection_string = messaging:// {{(pid=99189) log_opt_values /opt/stack/data/venv/lib/python3.12/site-packages/oslo_config/cfg.py:3545}}
Aug 07 13:53:45.054150 np0000006713 nova-conductor[99189]: DEBUG cotyledon.oslo_config_glue [-] profiler.enabled = False {{(pid=99189) log_opt_values /opt/stack/data/venv/lib/python3.12/site-packages/oslo_config/cfg.py:3545}}
Aug 07 13:53:45.054150 np0000006713 nova-conductor[99189]: DEBUG cotyledon.oslo_config_glue [-] profiler.es_doc_type = notification {{(pid=99189) log_opt_values /opt/stack/data/venv/lib/python3.12/site-packages/oslo_config/cfg.py:3545}}
Aug 07 13:53:45.054150 np0000006713 nova-conductor[99189]: DEBUG cotyledon.oslo_config_glue [-] profiler.es_scroll_size = 10000 {{(pid=99189) log_opt_values /opt/stack/data/venv/lib/python3.12/site-packages/oslo_config/cfg.py:3545}}
Aug 07 13:53:45.054305 np0000006713 nova-conductor[99189]: DEBUG cotyledon.oslo_config_glue [-] profiler.es_scroll_time = 2m {{(pid=99189) log_opt_values /opt/stack/data/venv/lib/python3.12/site-packages/oslo_config/cfg.py:3545}}
Aug 07 13:53:45.054305 np0000006713 nova-conductor[99189]: DEBUG cotyledon.oslo_config_glue [-] profiler.filter_error_trace = False {{(pid=99189) log_opt_values /opt/stack/data/venv/lib/python3.12/site-packages/oslo_config/cfg.py:3545}}
Aug 07 13:53:45.054305 np0000006713 nova-conductor[99189]: DEBUG cotyledon.oslo_config_glue [-] profiler.hmac_keys = **** {{(pid=99189) log_opt_values /opt/stack/data/venv/lib/python3.12/site-packages/oslo_config/cfg.py:3545}}
Aug 07 13:53:45.054305 np0000006713 nova-conductor[99189]: DEBUG cotyledon.oslo_config_glue [-] profiler.sentinel_service_name = mymaster {{(pid=99189) log_opt_values /opt/stack/data/venv/lib/python3.12/site-packages/oslo_config/cfg.py:3545}}
Aug 07 13:53:45.054305 np0000006713 nova-conductor[99189]: DEBUG cotyledon.oslo_config_glue [-] profiler.socket_timeout = 0.1 {{(pid=99189) log_opt_values /opt/stack/data/venv/lib/python3.12/site-packages/oslo_config/cfg.py:3545}}
Aug 07 13:53:45.054305 np0000006713 nova-conductor[99189]: DEBUG cotyledon.oslo_config_glue [-] profiler.trace_requests = False {{(pid=99189) log_opt_values /opt/stack/data/venv/lib/python3.12/site-packages/oslo_config/cfg.py:3545}}
Aug 07 13:53:45.054305 np0000006713 nova-conductor[99189]: DEBUG cotyledon.oslo_config_glue [-] profiler.trace_sqlalchemy = False {{(pid=99189) log_opt_values /opt/stack/data/venv/lib/python3.12/site-packages/oslo_config/cfg.py:3545}}
Aug 07 13:53:45.054305 np0000006713 nova-conductor[99189]: DEBUG cotyledon.oslo_config_glue [-] profiler_jaeger.process_tags = {} {{(pid=99189) log_opt_values /opt/stack/data/venv/lib/python3.12/site-packages/oslo_config/cfg.py:3545}}
Aug 07 13:53:45.054305 np0000006713 nova-conductor[99189]: DEBUG cotyledon.oslo_config_glue [-] profiler_jaeger.service_name_prefix = None {{(pid=99189) log_opt_values /opt/stack/data/venv/lib/python3.12/site-packages/oslo_config/cfg.py:3545}}
Aug 07 13:53:45.054510 np0000006713 nova-conductor[99175]: DEBUG oslo_db.sqlalchemy.engines [None req-7ad271a4-3055-4e90-80ee-bb47c0ca49c7 None None] MySQL server mode set to STRICT_TRANS_TABLES,STRICT_ALL_TABLES,NO_ZERO_IN_DATE,NO_ZERO_DATE,ERROR_FOR_DIVISION_BY_ZERO,TRADITIONAL,NO_ENGINE_SUBSTITUTION {{(pid=99175) _check_effective_sql_mode /opt/stack/data/venv/lib/python3.12/site-packages/oslo_db/sqlalchemy/engines.py:325}}
Aug 07 13:53:45.054537 np0000006713 nova-conductor[99189]: DEBUG cotyledon.oslo_config_glue [-] profiler_otlp.service_name_prefix = None {{(pid=99189) log_opt_values /opt/stack/data/venv/lib/python3.12/site-packages/oslo_config/cfg.py:3545}}
Aug 07 13:53:45.054537 np0000006713 nova-conductor[99189]: DEBUG cotyledon.oslo_config_glue [-] oslo_messaging_rabbit.amqp_auto_delete = False {{(pid=99189) log_opt_values /opt/stack/data/venv/lib/python3.12/site-packages/oslo_config/cfg.py:3545}}
Aug 07 13:53:45.054537 np0000006713 nova-conductor[99189]: DEBUG cotyledon.oslo_config_glue [-] oslo_messaging_rabbit.amqp_durable_queues = False {{(pid=99189) log_opt_values /opt/stack/data/venv/lib/python3.12/site-packages/oslo_config/cfg.py:3545}}
Aug 07 13:53:45.054537 np0000006713 nova-conductor[99189]: DEBUG cotyledon.oslo_config_glue [-] oslo_messaging_rabbit.conn_pool_min_size = 2 {{(pid=99189) log_opt_values /opt/stack/data/venv/lib/python3.12/site-packages/oslo_config/cfg.py:3545}}
Aug 07 13:53:45.054537 np0000006713 nova-conductor[99189]: DEBUG cotyledon.oslo_config_glue [-] oslo_messaging_rabbit.conn_pool_ttl = 1200 {{(pid=99189) log_opt_values /opt/stack/data/venv/lib/python3.12/site-packages/oslo_config/cfg.py:3545}}
Aug 07 13:53:45.054537 np0000006713 nova-conductor[99189]: DEBUG cotyledon.oslo_config_glue [-] oslo_messaging_rabbit.direct_mandatory_flag = True {{(pid=99189) log_opt_values /opt/stack/data/venv/lib/python3.12/site-packages/oslo_config/cfg.py:3545}}
Aug 07 13:53:45.054537 np0000006713 nova-conductor[99189]: DEBUG cotyledon.oslo_config_glue [-] oslo_messaging_rabbit.enable_cancel_on_failover = False {{(pid=99189) log_opt_values /opt/stack/data/venv/lib/python3.12/site-packages/oslo_config/cfg.py:3545}}
Aug 07 13:53:45.054537 np0000006713 nova-conductor[99189]: DEBUG cotyledon.oslo_config_glue [-] oslo_messaging_rabbit.heartbeat_rate = 3 {{(pid=99189) log_opt_values /opt/stack/data/venv/lib/python3.12/site-packages/oslo_config/cfg.py:3545}}
Aug 07 13:53:45.054537 np0000006713 nova-conductor[99189]: DEBUG cotyledon.oslo_config_glue [-] oslo_messaging_rabbit.heartbeat_timeout_threshold = 60 {{(pid=99189) log_opt_values /opt/stack/data/venv/lib/python3.12/site-packages/oslo_config/cfg.py:3545}}
Aug 07 13:53:45.054711 np0000006713 nova-conductor[99189]: DEBUG cotyledon.oslo_config_glue [-] oslo_messaging_rabbit.hostname = np0000006713 {{(pid=99189) log_opt_values /opt/stack/data/venv/lib/python3.12/site-packages/oslo_config/cfg.py:3545}}
Aug 07 13:53:45.054711 np0000006713 nova-conductor[99189]: DEBUG cotyledon.oslo_config_glue [-] oslo_messaging_rabbit.kombu_compression = None {{(pid=99189) log_opt_values /opt/stack/data/venv/lib/python3.12/site-packages/oslo_config/cfg.py:3545}}
Aug 07 13:53:45.054711 np0000006713 nova-conductor[99189]: DEBUG cotyledon.oslo_config_glue [-] oslo_messaging_rabbit.kombu_failover_strategy = round-robin {{(pid=99189) log_opt_values /opt/stack/data/venv/lib/python3.12/site-packages/oslo_config/cfg.py:3545}}
Aug 07 13:53:45.054711 np0000006713 nova-conductor[99189]: DEBUG cotyledon.oslo_config_glue [-] oslo_messaging_rabbit.kombu_missing_consumer_retry_timeout = 60 {{(pid=99189) log_opt_values /opt/stack/data/venv/lib/python3.12/site-packages/oslo_config/cfg.py:3545}}
Aug 07 13:53:45.054711 np0000006713 nova-conductor[99189]: DEBUG cotyledon.oslo_config_glue [-] oslo_messaging_rabbit.kombu_reconnect_delay = 1.0 {{(pid=99189) log_opt_values /opt/stack/data/venv/lib/python3.12/site-packages/oslo_config/cfg.py:3545}}
Aug 07 13:53:45.054711 np0000006713 nova-conductor[99189]: DEBUG cotyledon.oslo_config_glue [-] oslo_messaging_rabbit.kombu_reconnect_splay = 0.0 {{(pid=99189) log_opt_values /opt/stack/data/venv/lib/python3.12/site-packages/oslo_config/cfg.py:3545}}
Aug 07 13:53:45.054711 np0000006713 nova-conductor[99189]: DEBUG cotyledon.oslo_config_glue [-] oslo_messaging_rabbit.processname = nova-conductor {{(pid=99189) log_opt_values /opt/stack/data/venv/lib/python3.12/site-packages/oslo_config/cfg.py:3545}}
Aug 07 13:53:45.054711 np0000006713 nova-conductor[99189]: DEBUG cotyledon.oslo_config_glue [-] oslo_messaging_rabbit.rabbit_ha_queues = False {{(pid=99189) log_opt_values /opt/stack/data/venv/lib/python3.12/site-packages/oslo_config/cfg.py:3545}}
Aug 07 13:53:45.054711 np0000006713 nova-conductor[99189]: DEBUG cotyledon.oslo_config_glue [-] oslo_messaging_rabbit.rabbit_interval_max = 30 {{(pid=99189) log_opt_values /opt/stack/data/venv/lib/python3.12/site-packages/oslo_config/cfg.py:3545}}
Aug 07 13:53:45.054884 np0000006713 nova-conductor[99189]: DEBUG cotyledon.oslo_config_glue [-] oslo_messaging_rabbit.rabbit_login_method = AMQPLAIN {{(pid=99189) log_opt_values /opt/stack/data/venv/lib/python3.12/site-packages/oslo_config/cfg.py:3545}}
Aug 07 13:53:45.054884 np0000006713 nova-conductor[99189]: DEBUG cotyledon.oslo_config_glue [-] oslo_messaging_rabbit.rabbit_qos_prefetch_count = 0 {{(pid=99189) log_opt_values /opt/stack/data/venv/lib/python3.12/site-packages/oslo_config/cfg.py:3545}}
Aug 07 13:53:45.054884 np0000006713 nova-conductor[99189]: DEBUG cotyledon.oslo_config_glue [-] oslo_messaging_rabbit.rabbit_quorum_delivery_limit = 0 {{(pid=99189) log_opt_values /opt/stack/data/venv/lib/python3.12/site-packages/oslo_config/cfg.py:3545}}
Aug 07 13:53:45.054884 np0000006713 nova-conductor[99189]: DEBUG cotyledon.oslo_config_glue [-] oslo_messaging_rabbit.rabbit_quorum_max_memory_bytes = 0 {{(pid=99189) log_opt_values /opt/stack/data/venv/lib/python3.12/site-packages/oslo_config/cfg.py:3545}}
Aug 07 13:53:45.054884 np0000006713 nova-conductor[99189]: DEBUG cotyledon.oslo_config_glue [-] oslo_messaging_rabbit.rabbit_quorum_max_memory_length = 0 {{(pid=99189) log_opt_values /opt/stack/data/venv/lib/python3.12/site-packages/oslo_config/cfg.py:3545}}
Aug 07 13:53:45.054884 np0000006713 nova-conductor[99189]: DEBUG cotyledon.oslo_config_glue [-] oslo_messaging_rabbit.rabbit_quorum_queue = False {{(pid=99189) log_opt_values /opt/stack/data/venv/lib/python3.12/site-packages/oslo_config/cfg.py:3545}}
Aug 07 13:53:45.054884 np0000006713 nova-conductor[99189]: DEBUG cotyledon.oslo_config_glue [-] oslo_messaging_rabbit.rabbit_retry_backoff = 2 {{(pid=99189) log_opt_values /opt/stack/data/venv/lib/python3.12/site-packages/oslo_config/cfg.py:3545}}
Aug 07 13:53:45.054884 np0000006713 nova-conductor[99189]: DEBUG cotyledon.oslo_config_glue [-] oslo_messaging_rabbit.rabbit_retry_interval = 1 {{(pid=99189) log_opt_values /opt/stack/data/venv/lib/python3.12/site-packages/oslo_config/cfg.py:3545}}
Aug 07 13:53:45.054884 np0000006713 nova-conductor[99189]: DEBUG cotyledon.oslo_config_glue [-] oslo_messaging_rabbit.rabbit_stream_fanout = False {{(pid=99189) log_opt_values /opt/stack/data/venv/lib/python3.12/site-packages/oslo_config/cfg.py:3545}}
Aug 07 13:53:45.055070 np0000006713 nova-conductor[99189]: DEBUG cotyledon.oslo_config_glue [-] oslo_messaging_rabbit.rabbit_transient_queues_ttl = 1800 {{(pid=99189) log_opt_values /opt/stack/data/venv/lib/python3.12/site-packages/oslo_config/cfg.py:3545}}
Aug 07 13:53:45.055070 np0000006713 nova-conductor[99189]: DEBUG cotyledon.oslo_config_glue [-] oslo_messaging_rabbit.rabbit_transient_quorum_queue = False {{(pid=99189) log_opt_values /opt/stack/data/venv/lib/python3.12/site-packages/oslo_config/cfg.py:3545}}
Aug 07 13:53:45.055070 np0000006713 nova-conductor[99189]: DEBUG cotyledon.oslo_config_glue [-] oslo_messaging_rabbit.rpc_conn_pool_size = 30 {{(pid=99189) log_opt_values /opt/stack/data/venv/lib/python3.12/site-packages/oslo_config/cfg.py:3545}}
Aug 07 13:53:45.055070 np0000006713 nova-conductor[99189]: DEBUG cotyledon.oslo_config_glue [-] oslo_messaging_rabbit.ssl = False {{(pid=99189) log_opt_values /opt/stack/data/venv/lib/python3.12/site-packages/oslo_config/cfg.py:3545}}
Aug 07 13:53:45.055070 np0000006713 nova-conductor[99189]: DEBUG cotyledon.oslo_config_glue [-] oslo_messaging_rabbit.ssl_ca_file = {{(pid=99189) log_opt_values /opt/stack/data/venv/lib/python3.12/site-packages/oslo_config/cfg.py:3545}}
Aug 07 13:53:45.055070 np0000006713 nova-conductor[99189]: DEBUG cotyledon.oslo_config_glue [-] oslo_messaging_rabbit.ssl_cert_file = {{(pid=99189) log_opt_values /opt/stack/data/venv/lib/python3.12/site-packages/oslo_config/cfg.py:3545}}
Aug 07 13:53:45.055070 np0000006713 nova-conductor[99189]: DEBUG cotyledon.oslo_config_glue [-] oslo_messaging_rabbit.ssl_enforce_fips_mode = False {{(pid=99189) log_opt_values /opt/stack/data/venv/lib/python3.12/site-packages/oslo_config/cfg.py:3545}}
Aug 07 13:53:45.055070 np0000006713 nova-conductor[99189]: DEBUG cotyledon.oslo_config_glue [-] oslo_messaging_rabbit.ssl_enforce_hostname_verification = True {{(pid=99189) log_opt_values /opt/stack/data/venv/lib/python3.12/site-packages/oslo_config/cfg.py:3545}}
Aug 07 13:53:45.055070 np0000006713 nova-conductor[99189]: DEBUG cotyledon.oslo_config_glue [-] oslo_messaging_rabbit.ssl_key_file = {{(pid=99189) log_opt_values /opt/stack/data/venv/lib/python3.12/site-packages/oslo_config/cfg.py:3545}}
Aug 07 13:53:45.055233 np0000006713 nova-conductor[99189]: DEBUG cotyledon.oslo_config_glue [-] oslo_messaging_rabbit.ssl_version = {{(pid=99189) log_opt_values /opt/stack/data/venv/lib/python3.12/site-packages/oslo_config/cfg.py:3545}}
Aug 07 13:53:45.055233 np0000006713 nova-conductor[99189]: DEBUG cotyledon.oslo_config_glue [-] oslo_messaging_rabbit.use_queue_manager = False {{(pid=99189) log_opt_values /opt/stack/data/venv/lib/python3.12/site-packages/oslo_config/cfg.py:3545}}
Aug 07 13:53:45.055233 np0000006713 nova-conductor[99189]: DEBUG cotyledon.oslo_config_glue [-] oslo_messaging_notifications.driver = ['messagingv2'] {{(pid=99189) log_opt_values /opt/stack/data/venv/lib/python3.12/site-packages/oslo_config/cfg.py:3545}}
Aug 07 13:53:45.055233 np0000006713 nova-conductor[99189]: DEBUG cotyledon.oslo_config_glue [-] oslo_messaging_notifications.retry = -1 {{(pid=99189) log_opt_values /opt/stack/data/venv/lib/python3.12/site-packages/oslo_config/cfg.py:3545}}
Aug 07 13:53:45.055233 np0000006713 nova-conductor[99189]: DEBUG cotyledon.oslo_config_glue [-] oslo_messaging_notifications.topics = ['notifications'] {{(pid=99189) log_opt_values /opt/stack/data/venv/lib/python3.12/site-packages/oslo_config/cfg.py:3545}}
Aug 07 13:53:45.055233 np0000006713 nova-conductor[99189]: DEBUG cotyledon.oslo_config_glue [-] oslo_messaging_notifications.transport_url = **** {{(pid=99189) log_opt_values /opt/stack/data/venv/lib/python3.12/site-packages/oslo_config/cfg.py:3545}}
Aug 07 13:53:45.055233 np0000006713 nova-conductor[99189]: DEBUG cotyledon.oslo_config_glue [-] oslo_limit.auth_section = None {{(pid=99189) log_opt_values /opt/stack/data/venv/lib/python3.12/site-packages/oslo_config/cfg.py:3545}}
Aug 07 13:53:45.055233 np0000006713 nova-conductor[99189]: DEBUG cotyledon.oslo_config_glue [-] oslo_limit.auth_type = None {{(pid=99189) log_opt_values /opt/stack/data/venv/lib/python3.12/site-packages/oslo_config/cfg.py:3545}}
Aug 07 13:53:45.055233 np0000006713 nova-conductor[99189]: DEBUG cotyledon.oslo_config_glue [-] oslo_limit.cafile = None {{(pid=99189) log_opt_values /opt/stack/data/venv/lib/python3.12/site-packages/oslo_config/cfg.py:3545}}
Aug 07 13:53:45.055415 np0000006713 nova-conductor[99189]: DEBUG cotyledon.oslo_config_glue [-] oslo_limit.certfile = None {{(pid=99189) log_opt_values /opt/stack/data/venv/lib/python3.12/site-packages/oslo_config/cfg.py:3545}}
Aug 07 13:53:45.055415 np0000006713 nova-conductor[99189]: DEBUG cotyledon.oslo_config_glue [-] oslo_limit.collect_timing = False {{(pid=99189) log_opt_values /opt/stack/data/venv/lib/python3.12/site-packages/oslo_config/cfg.py:3545}}
Aug 07 13:53:45.055415 np0000006713 nova-conductor[99189]: DEBUG cotyledon.oslo_config_glue [-] oslo_limit.connect_retries = None {{(pid=99189) log_opt_values /opt/stack/data/venv/lib/python3.12/site-packages/oslo_config/cfg.py:3545}}
Aug 07 13:53:45.055415 np0000006713 nova-conductor[99189]: DEBUG cotyledon.oslo_config_glue [-] oslo_limit.connect_retry_delay = None {{(pid=99189) log_opt_values /opt/stack/data/venv/lib/python3.12/site-packages/oslo_config/cfg.py:3545}}
Aug 07 13:53:45.055415 np0000006713 nova-conductor[99189]: DEBUG cotyledon.oslo_config_glue [-] oslo_limit.endpoint_id = None {{(pid=99189) log_opt_values /opt/stack/data/venv/lib/python3.12/site-packages/oslo_config/cfg.py:3545}}
Aug 07 13:53:45.055415 np0000006713 nova-conductor[99189]: DEBUG cotyledon.oslo_config_glue [-] oslo_limit.endpoint_interface = public {{(pid=99189) log_opt_values /opt/stack/data/venv/lib/python3.12/site-packages/oslo_config/cfg.py:3545}}
Aug 07 13:53:45.055415 np0000006713 nova-conductor[99189]: DEBUG cotyledon.oslo_config_glue [-] oslo_limit.endpoint_override = None {{(pid=99189) log_opt_values /opt/stack/data/venv/lib/python3.12/site-packages/oslo_config/cfg.py:3545}}
Aug 07 13:53:45.055415 np0000006713 nova-conductor[99189]: DEBUG cotyledon.oslo_config_glue [-] oslo_limit.endpoint_region_name = None {{(pid=99189) log_opt_values /opt/stack/data/venv/lib/python3.12/site-packages/oslo_config/cfg.py:3545}}
Aug 07 13:53:45.055415 np0000006713 nova-conductor[99189]: DEBUG cotyledon.oslo_config_glue [-] oslo_limit.endpoint_service_name = None {{(pid=99189) log_opt_values /opt/stack/data/venv/lib/python3.12/site-packages/oslo_config/cfg.py:3545}}
Aug 07 13:53:45.055572 np0000006713 nova-conductor[99186]: INFO dbcounter [None req-2f1a1908-8d62-40ab-8b70-2f866afbcab1 None None] Registered counter for database nova_cell0
Aug 07 13:53:45.055594 np0000006713 nova-conductor[99189]: DEBUG cotyledon.oslo_config_glue [-] oslo_limit.endpoint_service_type = None {{(pid=99189) log_opt_values /opt/stack/data/venv/lib/python3.12/site-packages/oslo_config/cfg.py:3545}}
Aug 07 13:53:45.055594 np0000006713 nova-conductor[99189]: DEBUG cotyledon.oslo_config_glue [-] oslo_limit.insecure = False {{(pid=99189) log_opt_values /opt/stack/data/venv/lib/python3.12/site-packages/oslo_config/cfg.py:3545}}
Aug 07 13:53:45.055594 np0000006713 nova-conductor[99189]: DEBUG cotyledon.oslo_config_glue [-] oslo_limit.keyfile = None {{(pid=99189) log_opt_values /opt/stack/data/venv/lib/python3.12/site-packages/oslo_config/cfg.py:3545}}
Aug 07 13:53:45.055594 np0000006713 nova-conductor[99189]: DEBUG cotyledon.oslo_config_glue [-] oslo_limit.max_version = None {{(pid=99189) log_opt_values /opt/stack/data/venv/lib/python3.12/site-packages/oslo_config/cfg.py:3545}}
Aug 07 13:53:45.055594 np0000006713 nova-conductor[99189]: DEBUG cotyledon.oslo_config_glue [-] oslo_limit.min_version = None {{(pid=99189) log_opt_values /opt/stack/data/venv/lib/python3.12/site-packages/oslo_config/cfg.py:3545}}
Aug 07 13:53:45.055594 np0000006713 nova-conductor[99189]: DEBUG cotyledon.oslo_config_glue [-] oslo_limit.region_name = None {{(pid=99189) log_opt_values /opt/stack/data/venv/lib/python3.12/site-packages/oslo_config/cfg.py:3545}}
Aug 07 13:53:45.055594 np0000006713 nova-conductor[99189]: DEBUG cotyledon.oslo_config_glue [-] oslo_limit.retriable_status_codes = None {{(pid=99189) log_opt_values /opt/stack/data/venv/lib/python3.12/site-packages/oslo_config/cfg.py:3545}}
Aug 07 13:53:45.055594 np0000006713 nova-conductor[99189]: DEBUG cotyledon.oslo_config_glue [-] oslo_limit.service_name = None {{(pid=99189) log_opt_values /opt/stack/data/venv/lib/python3.12/site-packages/oslo_config/cfg.py:3545}}
Aug 07 13:53:45.055594 np0000006713 nova-conductor[99189]: DEBUG cotyledon.oslo_config_glue [-] oslo_limit.service_type = None {{(pid=99189) log_opt_values /opt/stack/data/venv/lib/python3.12/site-packages/oslo_config/cfg.py:3545}}
Aug 07 13:53:45.055796 np0000006713 nova-conductor[99189]: DEBUG cotyledon.oslo_config_glue [-] oslo_limit.split_loggers = False {{(pid=99189) log_opt_values /opt/stack/data/venv/lib/python3.12/site-packages/oslo_config/cfg.py:3545}}
Aug 07 13:53:45.055796 np0000006713 nova-conductor[99189]: DEBUG cotyledon.oslo_config_glue [-] oslo_limit.status_code_retries = None {{(pid=99189) log_opt_values /opt/stack/data/venv/lib/python3.12/site-packages/oslo_config/cfg.py:3545}}
Aug 07 13:53:45.055796 np0000006713 nova-conductor[99189]: DEBUG cotyledon.oslo_config_glue [-] oslo_limit.status_code_retry_delay = None {{(pid=99189) log_opt_values /opt/stack/data/venv/lib/python3.12/site-packages/oslo_config/cfg.py:3545}}
Aug 07 13:53:45.055796 np0000006713 nova-conductor[99189]: DEBUG cotyledon.oslo_config_glue [-] oslo_limit.timeout = None {{(pid=99189) log_opt_values /opt/stack/data/venv/lib/python3.12/site-packages/oslo_config/cfg.py:3545}}
Aug 07 13:53:45.055796 np0000006713 nova-conductor[99189]: DEBUG cotyledon.oslo_config_glue [-] oslo_limit.valid_interfaces = None {{(pid=99189) log_opt_values /opt/stack/data/venv/lib/python3.12/site-packages/oslo_config/cfg.py:3545}}
Aug 07 13:53:45.055796 np0000006713 nova-conductor[99189]: DEBUG cotyledon.oslo_config_glue [-] oslo_limit.version = None {{(pid=99189) log_opt_values /opt/stack/data/venv/lib/python3.12/site-packages/oslo_config/cfg.py:3545}}
Aug 07 13:53:45.055796 np0000006713 nova-conductor[99189]: DEBUG cotyledon.oslo_config_glue [-] oslo_reports.file_event_handler = None {{(pid=99189) log_opt_values /opt/stack/data/venv/lib/python3.12/site-packages/oslo_config/cfg.py:3545}}
Aug 07 13:53:45.055796 np0000006713 nova-conductor[99189]: DEBUG cotyledon.oslo_config_glue [-] oslo_reports.file_event_handler_interval = 1 {{(pid=99189) log_opt_values /opt/stack/data/venv/lib/python3.12/site-packages/oslo_config/cfg.py:3545}}
Aug 07 13:53:45.055796 np0000006713 nova-conductor[99189]: DEBUG cotyledon.oslo_config_glue [-] oslo_reports.log_dir = None {{(pid=99189) log_opt_values /opt/stack/data/venv/lib/python3.12/site-packages/oslo_config/cfg.py:3545}}
Aug 07 13:53:45.056013 np0000006713 nova-conductor[99189]: DEBUG cotyledon.oslo_config_glue [-] ******************************************************************************** {{(pid=99189) log_opt_values /opt/stack/data/venv/lib/python3.12/site-packages/oslo_config/cfg.py:3552}}
Aug 07 13:53:45.056013 np0000006713 nova-conductor[99189]: DEBUG cotyledon._service_worker [-] Run service ServiceWrapper(3) [99189] {{(pid=99189) wait_forever /opt/stack/data/venv/lib/python3.12/site-packages/cotyledon/_service_worker.py:218}}
Aug 07 13:53:45.056013 np0000006713 nova-conductor[99189]: INFO nova.service [-] Starting conductor node (version 33.1.0)
Aug 07 13:53:45.056013 np0000006713 nova-conductor[99189]: INFO dbcounter [None req-e87bb011-a13b-46ad-89fa-8e2ccf520c5d None None] Registered counter for database nova_cell0
Aug 07 13:53:45.056094 np0000006713 nova-conductor[99175]: DEBUG dbcounter [-] [99175] Writer thread running {{(pid=99175) stat_writer /opt/stack/data/venv/lib/python3.12/site-packages/dbcounter.py:102}}
Aug 07 13:53:45.056121 np0000006713 nova-conductor[99180]: DEBUG oslo_db.sqlalchemy.engines [None req-37ff4e83-14c9-4320-880b-28273ec20c1c None None] MySQL server mode set to STRICT_TRANS_TABLES,STRICT_ALL_TABLES,NO_ZERO_IN_DATE,NO_ZERO_DATE,ERROR_FOR_DIVISION_BY_ZERO,TRADITIONAL,NO_ENGINE_SUBSTITUTION {{(pid=99180) _check_effective_sql_mode /opt/stack/data/venv/lib/python3.12/site-packages/oslo_db/sqlalchemy/engines.py:325}}
Aug 07 13:53:45.056146 np0000006713 nova-conductor[99175]: DEBUG nova.service [None req-7ad271a4-3055-4e90-80ee-bb47c0ca49c7 None None] Creating RPC server for service: nova-conductor on topic: conductor {{(pid=99175) start /opt/stack/nova/nova/service.py:196}}
Aug 07 13:53:45.056170 np0000006713 nova-conductor[99180]: DEBUG dbcounter [-] [99180] Writer thread running {{(pid=99180) stat_writer /opt/stack/data/venv/lib/python3.12/site-packages/dbcounter.py:102}}
Aug 07 13:53:45.056170 np0000006713 nova-conductor[99180]: DEBUG nova.service [None req-37ff4e83-14c9-4320-880b-28273ec20c1c None None] Creating RPC server for service: nova-conductor on topic: conductor {{(pid=99180) start /opt/stack/nova/nova/service.py:196}}
Aug 07 13:53:45.062758 np0000006713 nova-conductor[99186]: DEBUG oslo_db.sqlalchemy.engines [None req-2f1a1908-8d62-40ab-8b70-2f866afbcab1 None None] MySQL server mode set to STRICT_TRANS_TABLES,STRICT_ALL_TABLES,NO_ZERO_IN_DATE,NO_ZERO_DATE,ERROR_FOR_DIVISION_BY_ZERO,TRADITIONAL,NO_ENGINE_SUBSTITUTION {{(pid=99186) _check_effective_sql_mode /opt/stack/data/venv/lib/python3.12/site-packages/oslo_db/sqlalchemy/engines.py:325}}
Aug 07 13:53:45.071629 np0000006713 nova-conductor[99186]: DEBUG dbcounter [-] [99186] Writer thread running {{(pid=99186) stat_writer /opt/stack/data/venv/lib/python3.12/site-packages/dbcounter.py:102}}
Aug 07 13:53:45.073013 np0000006713 nova-conductor[99189]: DEBUG oslo_db.sqlalchemy.engines [None req-e87bb011-a13b-46ad-89fa-8e2ccf520c5d None None] MySQL server mode set to STRICT_TRANS_TABLES,STRICT_ALL_TABLES,NO_ZERO_IN_DATE,NO_ZERO_DATE,ERROR_FOR_DIVISION_BY_ZERO,TRADITIONAL,NO_ENGINE_SUBSTITUTION {{(pid=99189) _check_effective_sql_mode /opt/stack/data/venv/lib/python3.12/site-packages/oslo_db/sqlalchemy/engines.py:325}}
Aug 07 13:53:45.074001 np0000006713 nova-conductor[99180]: DEBUG nova.service [None req-37ff4e83-14c9-4320-880b-28273ec20c1c None None] Join ServiceGroup membership for this service conductor {{(pid=99180) start /opt/stack/nova/nova/service.py:222}}
Aug 07 13:53:45.074275 np0000006713 nova-conductor[99180]: DEBUG nova.servicegroup.drivers.db [None req-37ff4e83-14c9-4320-880b-28273ec20c1c None None] DB_Driver: join new ServiceGroup member np0000006713 to the conductor group, service = {{(pid=99180) join /opt/stack/nova/nova/servicegroup/drivers/db.py:44}}
Aug 07 13:53:45.074315 np0000006713 nova-conductor[99186]: DEBUG nova.service [None req-2f1a1908-8d62-40ab-8b70-2f866afbcab1 None None] Creating RPC server for service: nova-conductor on topic: conductor {{(pid=99186) start /opt/stack/nova/nova/service.py:196}}
Aug 07 13:53:45.078257 np0000006713 nova-conductor[99175]: DEBUG nova.service [None req-7ad271a4-3055-4e90-80ee-bb47c0ca49c7 None None] Join ServiceGroup membership for this service conductor {{(pid=99175) start /opt/stack/nova/nova/service.py:222}}
Aug 07 13:53:45.078591 np0000006713 nova-conductor[99175]: DEBUG nova.servicegroup.drivers.db [None req-7ad271a4-3055-4e90-80ee-bb47c0ca49c7 None None] DB_Driver: join new ServiceGroup member np0000006713 to the conductor group, service = {{(pid=99175) join /opt/stack/nova/nova/servicegroup/drivers/db.py:44}}
Aug 07 13:53:45.082269 np0000006713 nova-conductor[99189]: DEBUG dbcounter [-] [99189] Writer thread running {{(pid=99189) stat_writer /opt/stack/data/venv/lib/python3.12/site-packages/dbcounter.py:102}}
Aug 07 13:53:45.085097 np0000006713 nova-conductor[99189]: DEBUG nova.service [None req-e87bb011-a13b-46ad-89fa-8e2ccf520c5d None None] Creating RPC server for service: nova-conductor on topic: conductor {{(pid=99189) start /opt/stack/nova/nova/service.py:196}}
Aug 07 13:53:45.090081 np0000006713 nova-conductor[99186]: DEBUG nova.service [None req-2f1a1908-8d62-40ab-8b70-2f866afbcab1 None None] Join ServiceGroup membership for this service conductor {{(pid=99186) start /opt/stack/nova/nova/service.py:222}}
Aug 07 13:53:45.090261 np0000006713 nova-conductor[99186]: DEBUG nova.servicegroup.drivers.db [None req-2f1a1908-8d62-40ab-8b70-2f866afbcab1 None None] DB_Driver: join new ServiceGroup member np0000006713 to the conductor group, service = {{(pid=99186) join /opt/stack/nova/nova/servicegroup/drivers/db.py:44}}
Aug 07 13:53:45.101013 np0000006713 nova-conductor[99189]: DEBUG nova.service [None req-e87bb011-a13b-46ad-89fa-8e2ccf520c5d None None] Join ServiceGroup membership for this service conductor {{(pid=99189) start /opt/stack/nova/nova/service.py:222}}
Aug 07 13:53:45.101172 np0000006713 nova-conductor[99189]: DEBUG nova.servicegroup.drivers.db [None req-e87bb011-a13b-46ad-89fa-8e2ccf520c5d None None] DB_Driver: join new ServiceGroup member np0000006713 to the conductor group, service = {{(pid=99189) join /opt/stack/nova/nova/servicegroup/drivers/db.py:44}}
Aug 07 13:53:50.097016 np0000006713 nova-conductor[99180]: DEBUG oslo.service.backend._threading.loopingcall [-] Fixed interval looping call 'nova.servicegroup.drivers.db.DbDriver._report_state' sleeping for 119.98 seconds {{(pid=99180) _run_loop /opt/stack/data/venv/lib/python3.12/site-packages/oslo_service/backend/_threading/loopingcall.py:125}}
Aug 07 13:53:50.100963 np0000006713 nova-conductor[99175]: DEBUG oslo.service.backend._threading.loopingcall [-] Fixed interval looping call 'nova.servicegroup.drivers.db.DbDriver._report_state' sleeping for 119.98 seconds {{(pid=99175) _run_loop /opt/stack/data/venv/lib/python3.12/site-packages/oslo_service/backend/_threading/loopingcall.py:125}}
Aug 07 13:53:50.110678 np0000006713 nova-conductor[99186]: DEBUG oslo.service.backend._threading.loopingcall [-] Fixed interval looping call 'nova.servicegroup.drivers.db.DbDriver._report_state' sleeping for 119.98 seconds {{(pid=99186) _run_loop /opt/stack/data/venv/lib/python3.12/site-packages/oslo_service/backend/_threading/loopingcall.py:125}}
Aug 07 13:53:50.123863 np0000006713 nova-conductor[99189]: DEBUG oslo.service.backend._threading.loopingcall [-] Fixed interval looping call 'nova.servicegroup.drivers.db.DbDriver._report_state' sleeping for 119.98 seconds {{(pid=99189) _run_loop /opt/stack/data/venv/lib/python3.12/site-packages/oslo_service/backend/_threading/loopingcall.py:125}}
Aug 07 13:53:53.103183 np0000006713 nova-conductor[99189]: DEBUG oslo.service.backend._threading.loopingcall [None req-576f453a-8e38-40d1-bde9-fd12d8823a4e None None] Dynamic interval looping call 'nova.service.Service.periodic_tasks' sleeping for 60.00 seconds {{(pid=99189) _run_loop /opt/stack/data/venv/lib/python3.12/site-packages/oslo_service/backend/_threading/loopingcall.py:125}}
Aug 07 13:53:53.662401 np0000006713 nova-conductor[97674]: DEBUG dbcounter [-] [97674] Writing DB stats nova_api:SELECT=1 {{(pid=97674) stat_writer /opt/stack/data/venv/lib/python3.12/site-packages/dbcounter.py:115}}
Aug 07 13:53:53.785313 np0000006713 nova-conductor[97674]: DEBUG dbcounter [-] [97674] Writing DB stats nova_cell0:SELECT=1 {{(pid=97674) stat_writer /opt/stack/data/venv/lib/python3.12/site-packages/dbcounter.py:115}}
Aug 07 13:53:53.789530 np0000006713 nova-conductor[97674]: DEBUG dbcounter [-] [97674] Writing DB stats nova_cell1:SELECT=1 {{(pid=97674) stat_writer /opt/stack/data/venv/lib/python3.12/site-packages/dbcounter.py:115}}
Aug 07 13:53:56.092416 np0000006713 nova-conductor[99186]: DEBUG oslo.service.backend._threading.loopingcall [None req-b4d57eb3-de41-48ae-88ab-624ab2a3f8f1 None None] Dynamic interval looping call 'nova.service.Service.periodic_tasks' sleeping for 60.00 seconds {{(pid=99186) _run_loop /opt/stack/data/venv/lib/python3.12/site-packages/oslo_service/backend/_threading/loopingcall.py:125}}
Aug 07 13:54:00.088457 np0000006713 nova-conductor[99180]: DEBUG dbcounter [-] [99180] Writing DB stats nova_cell0:SELECT=3,nova_cell0:UPDATE=1 {{(pid=99180) stat_writer /opt/stack/data/venv/lib/python3.12/site-packages/dbcounter.py:115}}
Aug 07 13:54:00.090670 np0000006713 nova-conductor[99175]: DEBUG dbcounter [-] [99175] Writing DB stats nova_cell0:SELECT=4,nova_cell0:INSERT=1,nova_cell0:UPDATE=1 {{(pid=99175) stat_writer /opt/stack/data/venv/lib/python3.12/site-packages/dbcounter.py:115}}
Aug 07 13:54:00.105544 np0000006713 nova-conductor[99186]: DEBUG dbcounter [-] [99186] Writing DB stats nova_cell0:SELECT=3 {{(pid=99186) stat_writer /opt/stack/data/venv/lib/python3.12/site-packages/dbcounter.py:115}}
Aug 07 13:54:00.117719 np0000006713 nova-conductor[99189]: DEBUG dbcounter [-] [99189] Writing DB stats nova_cell0:SELECT=3 {{(pid=99189) stat_writer /opt/stack/data/venv/lib/python3.12/site-packages/dbcounter.py:115}}
Aug 07 13:54:40.080662 np0000006713 nova-conductor[99175]: DEBUG oslo.service.backend._threading.loopingcall [None req-221c894b-0cf2-4cea-abc1-d26612f34826 None None] Dynamic interval looping call 'nova.service.Service.periodic_tasks' sleeping for 60.00 seconds {{(pid=99175) _run_loop /opt/stack/data/venv/lib/python3.12/site-packages/oslo_service/backend/_threading/loopingcall.py:125}}
Aug 07 13:54:43.076313 np0000006713 nova-conductor[99180]: DEBUG oslo.service.backend._threading.loopingcall [None req-c05619cf-ae05-4a3d-bdf0-6d079fb4f2d2 None None] Dynamic interval looping call 'nova.service.Service.periodic_tasks' sleeping for 60.00 seconds {{(pid=99180) _run_loop /opt/stack/data/venv/lib/python3.12/site-packages/oslo_service/backend/_threading/loopingcall.py:125}}
Aug 07 13:54:53.103872 np0000006713 nova-conductor[99189]: DEBUG oslo.service.backend._threading.loopingcall [None req-576f453a-8e38-40d1-bde9-fd12d8823a4e None None] Dynamic interval looping call 'nova.service.Service.periodic_tasks' sleeping for 60.00 seconds {{(pid=99189) _run_loop /opt/stack/data/venv/lib/python3.12/site-packages/oslo_service/backend/_threading/loopingcall.py:125}}
Aug 07 13:54:56.092926 np0000006713 nova-conductor[99186]: DEBUG oslo.service.backend._threading.loopingcall [None req-b4d57eb3-de41-48ae-88ab-624ab2a3f8f1 None None] Dynamic interval looping call 'nova.service.Service.periodic_tasks' sleeping for 60.00 seconds {{(pid=99186) _run_loop /opt/stack/data/venv/lib/python3.12/site-packages/oslo_service/backend/_threading/loopingcall.py:125}}
Aug 07 13:55:40.081023 np0000006713 nova-conductor[99175]: DEBUG oslo.service.backend._threading.loopingcall [None req-221c894b-0cf2-4cea-abc1-d26612f34826 None None] Dynamic interval looping call 'nova.service.Service.periodic_tasks' sleeping for 60.00 seconds {{(pid=99175) _run_loop /opt/stack/data/venv/lib/python3.12/site-packages/oslo_service/backend/_threading/loopingcall.py:125}}
Aug 07 13:55:43.076771 np0000006713 nova-conductor[99180]: DEBUG oslo.service.backend._threading.loopingcall [None req-c05619cf-ae05-4a3d-bdf0-6d079fb4f2d2 None None] Dynamic interval looping call 'nova.service.Service.periodic_tasks' sleeping for 60.00 seconds {{(pid=99180) _run_loop /opt/stack/data/venv/lib/python3.12/site-packages/oslo_service/backend/_threading/loopingcall.py:125}}
Aug 07 13:55:50.090580 np0000006713 nova-conductor[99180]: DEBUG oslo.service.backend._threading.loopingcall [-] Fixed interval looping call 'nova.servicegroup.drivers.db.DbDriver._report_state' sleeping for 119.99 seconds {{(pid=99180) _run_loop /opt/stack/data/venv/lib/python3.12/site-packages/oslo_service/backend/_threading/loopingcall.py:125}}
Aug 07 13:55:50.091987 np0000006713 nova-conductor[99175]: DEBUG oslo.service.backend._threading.loopingcall [-] Fixed interval looping call 'nova.servicegroup.drivers.db.DbDriver._report_state' sleeping for 119.99 seconds {{(pid=99175) _run_loop /opt/stack/data/venv/lib/python3.12/site-packages/oslo_service/backend/_threading/loopingcall.py:125}}
Aug 07 13:55:50.096310 np0000006713 nova-conductor[99186]: DEBUG oslo.service.backend._threading.loopingcall [-] Fixed interval looping call 'nova.servicegroup.drivers.db.DbDriver._report_state' sleeping for 119.99 seconds {{(pid=99186) _run_loop /opt/stack/data/venv/lib/python3.12/site-packages/oslo_service/backend/_threading/loopingcall.py:125}}
Aug 07 13:55:50.108685 np0000006713 nova-conductor[99189]: DEBUG oslo.service.backend._threading.loopingcall [-] Fixed interval looping call 'nova.servicegroup.drivers.db.DbDriver._report_state' sleeping for 120.00 seconds {{(pid=99189) _run_loop /opt/stack/data/venv/lib/python3.12/site-packages/oslo_service/backend/_threading/loopingcall.py:125}}
Aug 07 13:55:53.104340 np0000006713 nova-conductor[99189]: DEBUG oslo.service.backend._threading.loopingcall [None req-576f453a-8e38-40d1-bde9-fd12d8823a4e None None] Dynamic interval looping call 'nova.service.Service.periodic_tasks' sleeping for 60.00 seconds {{(pid=99189) _run_loop /opt/stack/data/venv/lib/python3.12/site-packages/oslo_service/backend/_threading/loopingcall.py:125}}
Aug 07 13:55:56.093387 np0000006713 nova-conductor[99186]: DEBUG oslo.service.backend._threading.loopingcall [None req-b4d57eb3-de41-48ae-88ab-624ab2a3f8f1 None None] Dynamic interval looping call 'nova.service.Service.periodic_tasks' sleeping for 60.00 seconds {{(pid=99186) _run_loop /opt/stack/data/venv/lib/python3.12/site-packages/oslo_service/backend/_threading/loopingcall.py:125}}
Aug 07 13:55:58.158850 np0000006713 nova-conductor[99180]: DEBUG oslo_db.sqlalchemy.engines [None req-54c8de0a-30ff-4fc7-89d7-bef12d5011b4 tempest-ServerActionsTestOtherA-918864409 tempest-ServerActionsTestOtherA-918864409-project-member] Parent process 97674 forked (99180) with an open database connection, which is being discarded and recreated. {{(pid=99180) checkout /opt/stack/data/venv/lib/python3.12/site-packages/oslo_db/sqlalchemy/engines.py:402}}
Aug 07 13:55:58.202270 np0000006713 nova-conductor[99180]: DEBUG dbcounter [-] [99180] Writer thread running {{(pid=99180) stat_writer /opt/stack/data/venv/lib/python3.12/site-packages/dbcounter.py:102}}
Aug 07 13:55:59.083708 np0000006713 nova-conductor[99180]: DEBUG nova.conductor.manager [None req-54c8de0a-30ff-4fc7-89d7-bef12d5011b4 tempest-ServerActionsTestOtherA-918864409 tempest-ServerActionsTestOtherA-918864409-project-member] Took 0.88 seconds to select destinations for 1 instance(s). {{(pid=99180) _schedule_instances /opt/stack/nova/nova/conductor/manager.py:968}}
Aug 07 13:55:59.110016 np0000006713 nova-conductor[99180]: DEBUG oslo_concurrency.lockutils [None req-54c8de0a-30ff-4fc7-89d7-bef12d5011b4 tempest-ServerActionsTestOtherA-918864409 tempest-ServerActionsTestOtherA-918864409-project-member] Acquiring lock "df3073d3-737f-4e23-8616-b292bd45fa0f" by "nova.context.set_target_cell..get_or_set_cached_cell_and_set_connections" {{(pid=99180) inner /opt/stack/data/venv/lib/python3.12/site-packages/oslo_concurrency/lockutils.py:512}}
Aug 07 13:55:59.110191 np0000006713 nova-conductor[99180]: DEBUG oslo_concurrency.lockutils [None req-54c8de0a-30ff-4fc7-89d7-bef12d5011b4 tempest-ServerActionsTestOtherA-918864409 tempest-ServerActionsTestOtherA-918864409-project-member] Lock "df3073d3-737f-4e23-8616-b292bd45fa0f" acquired by "nova.context.set_target_cell..get_or_set_cached_cell_and_set_connections" :: waited 0.000s {{(pid=99180) inner /opt/stack/data/venv/lib/python3.12/site-packages/oslo_concurrency/lockutils.py:525}}
Aug 07 13:55:59.111593 np0000006713 nova-conductor[99180]: DEBUG oslo_concurrency.lockutils [None req-54c8de0a-30ff-4fc7-89d7-bef12d5011b4 tempest-ServerActionsTestOtherA-918864409 tempest-ServerActionsTestOtherA-918864409-project-member] Lock "df3073d3-737f-4e23-8616-b292bd45fa0f" "released" by "nova.context.set_target_cell..get_or_set_cached_cell_and_set_connections" :: held 0.001s {{(pid=99180) inner /opt/stack/data/venv/lib/python3.12/site-packages/oslo_concurrency/lockutils.py:544}}
Aug 07 13:55:59.113728 np0000006713 nova-conductor[99180]: INFO dbcounter [None req-54c8de0a-30ff-4fc7-89d7-bef12d5011b4 tempest-ServerActionsTestOtherA-918864409 tempest-ServerActionsTestOtherA-918864409-project-member] Registered counter for database nova_cell1
Aug 07 13:55:59.161544 np0000006713 nova-conductor[99180]: DEBUG oslo_db.sqlalchemy.engines [None req-54c8de0a-30ff-4fc7-89d7-bef12d5011b4 tempest-ServerActionsTestOtherA-918864409 tempest-ServerActionsTestOtherA-918864409-project-member] MySQL server mode set to STRICT_TRANS_TABLES,STRICT_ALL_TABLES,NO_ZERO_IN_DATE,NO_ZERO_DATE,ERROR_FOR_DIVISION_BY_ZERO,TRADITIONAL,NO_ENGINE_SUBSTITUTION {{(pid=99180) _check_effective_sql_mode /opt/stack/data/venv/lib/python3.12/site-packages/oslo_db/sqlalchemy/engines.py:325}}
Aug 07 13:55:59.168725 np0000006713 nova-conductor[99180]: DEBUG dbcounter [-] [99180] Writer thread running {{(pid=99180) stat_writer /opt/stack/data/venv/lib/python3.12/site-packages/dbcounter.py:102}}
Aug 07 13:55:59.237053 np0000006713 nova-conductor[99180]: INFO nova.utils [None req-54c8de0a-30ff-4fc7-89d7-bef12d5011b4 tempest-ServerActionsTestOtherA-918864409 tempest-ServerActionsTestOtherA-918864409-project-member] The cell worker thread pool ForkProcess-2.cell_worker is initialized
Aug 07 13:55:59.237358 np0000006713 nova-conductor[99180]: DEBUG oslo_concurrency.lockutils [None req-54c8de0a-30ff-4fc7-89d7-bef12d5011b4 tempest-ServerActionsTestOtherA-918864409 tempest-ServerActionsTestOtherA-918864409-project-member] Acquiring lock "00000000-0000-0000-0000-000000000000" by "nova.context.set_target_cell..get_or_set_cached_cell_and_set_connections" {{(pid=99180) inner /opt/stack/data/venv/lib/python3.12/site-packages/oslo_concurrency/lockutils.py:512}}
Aug 07 13:55:59.237491 np0000006713 nova-conductor[99180]: DEBUG oslo_concurrency.lockutils [None req-54c8de0a-30ff-4fc7-89d7-bef12d5011b4 tempest-ServerActionsTestOtherA-918864409 tempest-ServerActionsTestOtherA-918864409-project-member] Lock "00000000-0000-0000-0000-000000000000" acquired by "nova.context.set_target_cell..get_or_set_cached_cell_and_set_connections" :: waited 0.000s {{(pid=99180) inner /opt/stack/data/venv/lib/python3.12/site-packages/oslo_concurrency/lockutils.py:525}}
Aug 07 13:55:59.237863 np0000006713 nova-conductor[99180]: DEBUG oslo_concurrency.lockutils [None req-54c8de0a-30ff-4fc7-89d7-bef12d5011b4 tempest-ServerActionsTestOtherA-918864409 tempest-ServerActionsTestOtherA-918864409-project-member] Lock "00000000-0000-0000-0000-000000000000" "released" by "nova.context.set_target_cell..get_or_set_cached_cell_and_set_connections" :: held 0.000s {{(pid=99180) inner /opt/stack/data/venv/lib/python3.12/site-packages/oslo_concurrency/lockutils.py:544}}
Aug 07 13:55:59.238805 np0000006713 nova-conductor[99180]: DEBUG oslo_concurrency.lockutils [None req-54c8de0a-30ff-4fc7-89d7-bef12d5011b4 tempest-ServerActionsTestOtherA-918864409 tempest-ServerActionsTestOtherA-918864409-project-member] Acquiring lock "df3073d3-737f-4e23-8616-b292bd45fa0f" by "nova.context.set_target_cell..get_or_set_cached_cell_and_set_connections" {{(pid=99180) inner /opt/stack/data/venv/lib/python3.12/site-packages/oslo_concurrency/lockutils.py:512}}
Aug 07 13:55:59.238805 np0000006713 nova-conductor[99180]: DEBUG oslo_concurrency.lockutils [None req-54c8de0a-30ff-4fc7-89d7-bef12d5011b4 tempest-ServerActionsTestOtherA-918864409 tempest-ServerActionsTestOtherA-918864409-project-member] Lock "df3073d3-737f-4e23-8616-b292bd45fa0f" acquired by "nova.context.set_target_cell..get_or_set_cached_cell_and_set_connections" :: waited 0.000s {{(pid=99180) inner /opt/stack/data/venv/lib/python3.12/site-packages/oslo_concurrency/lockutils.py:525}}
Aug 07 13:55:59.238805 np0000006713 nova-conductor[99180]: DEBUG oslo_concurrency.lockutils [None req-54c8de0a-30ff-4fc7-89d7-bef12d5011b4 tempest-ServerActionsTestOtherA-918864409 tempest-ServerActionsTestOtherA-918864409-project-member] Lock "df3073d3-737f-4e23-8616-b292bd45fa0f" "released" by "nova.context.set_target_cell..get_or_set_cached_cell_and_set_connections" :: held 0.000s {{(pid=99180) inner /opt/stack/data/venv/lib/python3.12/site-packages/oslo_concurrency/lockutils.py:544}}
Aug 07 13:55:59.240463 np0000006713 nova-conductor[99180]: INFO dbcounter [None req-54c8de0a-30ff-4fc7-89d7-bef12d5011b4 tempest-ServerActionsTestOtherA-918864409 tempest-ServerActionsTestOtherA-918864409-project-member] Registered counter for database nova_cell0
Aug 07 13:55:59.294247 np0000006713 nova-conductor[99180]: DEBUG oslo_db.sqlalchemy.engines [None req-54c8de0a-30ff-4fc7-89d7-bef12d5011b4 tempest-ServerActionsTestOtherA-918864409 tempest-ServerActionsTestOtherA-918864409-project-member] MySQL server mode set to STRICT_TRANS_TABLES,STRICT_ALL_TABLES,NO_ZERO_IN_DATE,NO_ZERO_DATE,ERROR_FOR_DIVISION_BY_ZERO,TRADITIONAL,NO_ENGINE_SUBSTITUTION {{(pid=99180) _check_effective_sql_mode /opt/stack/data/venv/lib/python3.12/site-packages/oslo_db/sqlalchemy/engines.py:325}}
