Jul 29 06:54:24.826070 np0000006065 devstack@g-api.service[103051]: DEBUG glance.common.config [None req-b4f1af52-9435-47c0-870a-f42e0c7db730 None None] database.max_retries = 10 {{(pid=103051) log_opt_values /opt/stack/data/venv/lib/python3.12/site-packages/oslo_config/cfg.py:3253}}
Jul 29 06:54:24.826108 np0000006065 devstack@g-api.service[103054]: DEBUG glance.common.config [None req-b3d7d123-b8c2-4ea8-a9ab-ec0a5ad04d1b None None] database.connection = **** {{(pid=103054) log_opt_values /opt/stack/data/venv/lib/python3.12/site-packages/oslo_config/cfg.py:3253}}
Jul 29 06:54:24.826158 np0000006065 devstack@g-api.service[103051]: DEBUG glance.common.config [None req-b4f1af52-9435-47c0-870a-f42e0c7db730 None None] database.mysql_sql_mode = TRADITIONAL {{(pid=103051) log_opt_values /opt/stack/data/venv/lib/python3.12/site-packages/oslo_config/cfg.py:3253}}
Jul 29 06:54:24.826158 np0000006065 devstack@g-api.service[103051]: DEBUG glance.common.config [None req-b4f1af52-9435-47c0-870a-f42e0c7db730 None None] database.mysql_wsrep_sync_wait = None {{(pid=103051) log_opt_values /opt/stack/data/venv/lib/python3.12/site-packages/oslo_config/cfg.py:3253}}
Jul 29 06:54:24.826243 np0000006065 devstack@g-api.service[103054]: DEBUG glance.common.config [None req-b3d7d123-b8c2-4ea8-a9ab-ec0a5ad04d1b None None] database.connection_debug = 0 {{(pid=103054) log_opt_values /opt/stack/data/venv/lib/python3.12/site-packages/oslo_config/cfg.py:3253}}
Jul 29 06:54:24.826243 np0000006065 devstack@g-api.service[103054]: DEBUG glance.common.config [None req-b3d7d123-b8c2-4ea8-a9ab-ec0a5ad04d1b None None] database.connection_parameters = {{(pid=103054) log_opt_values /opt/stack/data/venv/lib/python3.12/site-packages/oslo_config/cfg.py:3253}}
Jul 29 06:54:24.826341 np0000006065 devstack@g-api.service[103051]: DEBUG glance.common.config [None req-b4f1af52-9435-47c0-870a-f42e0c7db730 None None] database.pool_timeout = None {{(pid=103051) log_opt_values /opt/stack/data/venv/lib/python3.12/site-packages/oslo_config/cfg.py:3253}}
Jul 29 06:54:24.826389 np0000006065 devstack@g-api.service[103054]: DEBUG glance.common.config [None req-b3d7d123-b8c2-4ea8-a9ab-ec0a5ad04d1b None None] database.connection_recycle_time = 3600 {{(pid=103054) log_opt_values /opt/stack/data/venv/lib/python3.12/site-packages/oslo_config/cfg.py:3253}}
Jul 29 06:54:24.826437 np0000006065 devstack@g-api.service[103051]: DEBUG glance.common.config [None req-b4f1af52-9435-47c0-870a-f42e0c7db730 None None] database.retry_interval = 10 {{(pid=103051) log_opt_values /opt/stack/data/venv/lib/python3.12/site-packages/oslo_config/cfg.py:3253}}
Jul 29 06:54:24.826479 np0000006065 devstack@g-api.service[103054]: DEBUG glance.common.config [None req-b3d7d123-b8c2-4ea8-a9ab-ec0a5ad04d1b None None] database.connection_trace = False {{(pid=103054) log_opt_values /opt/stack/data/venv/lib/python3.12/site-packages/oslo_config/cfg.py:3253}}
Jul 29 06:54:24.826524 np0000006065 devstack@g-api.service[103051]: DEBUG glance.common.config [None req-b4f1af52-9435-47c0-870a-f42e0c7db730 None None] database.slave_connection = **** {{(pid=103051) log_opt_values /opt/stack/data/venv/lib/python3.12/site-packages/oslo_config/cfg.py:3253}}
Jul 29 06:54:24.826571 np0000006065 devstack@g-api.service[103054]: DEBUG glance.common.config [None req-b3d7d123-b8c2-4ea8-a9ab-ec0a5ad04d1b None None] database.db_inc_retry_interval = True {{(pid=103054) log_opt_values /opt/stack/data/venv/lib/python3.12/site-packages/oslo_config/cfg.py:3253}}
Jul 29 06:54:24.826612 np0000006065 devstack@g-api.service[103051]: DEBUG glance.common.config [None req-b4f1af52-9435-47c0-870a-f42e0c7db730 None None] database.sqlite_synchronous = True {{(pid=103051) log_opt_values /opt/stack/data/venv/lib/python3.12/site-packages/oslo_config/cfg.py:3253}}
Jul 29 06:54:24.826672 np0000006065 devstack@g-api.service[103054]: DEBUG glance.common.config [None req-b3d7d123-b8c2-4ea8-a9ab-ec0a5ad04d1b None None] database.db_max_retries = 20 {{(pid=103054) log_opt_values /opt/stack/data/venv/lib/python3.12/site-packages/oslo_config/cfg.py:3253}}
Jul 29 06:54:24.826724 np0000006065 devstack@g-api.service[103051]: DEBUG glance.common.config [None req-b4f1af52-9435-47c0-870a-f42e0c7db730 None None] database.synchronous_reader = True {{(pid=103051) log_opt_values /opt/stack/data/venv/lib/python3.12/site-packages/oslo_config/cfg.py:3253}}
Jul 29 06:54:24.826774 np0000006065 devstack@g-api.service[103054]: DEBUG glance.common.config [None req-b3d7d123-b8c2-4ea8-a9ab-ec0a5ad04d1b None None] database.db_max_retry_interval = 10 {{(pid=103054) log_opt_values /opt/stack/data/venv/lib/python3.12/site-packages/oslo_config/cfg.py:3253}}
Jul 29 06:54:24.826813 np0000006065 devstack@g-api.service[103051]: DEBUG glance.common.config [None req-b4f1af52-9435-47c0-870a-f42e0c7db730 None None] database.use_db_reconnect = False {{(pid=103051) log_opt_values /opt/stack/data/venv/lib/python3.12/site-packages/oslo_config/cfg.py:3253}}
Jul 29 06:54:24.826860 np0000006065 devstack@g-api.service[103054]: DEBUG glance.common.config [None req-b3d7d123-b8c2-4ea8-a9ab-ec0a5ad04d1b None None] database.db_retry_interval = 1 {{(pid=103054) log_opt_values /opt/stack/data/venv/lib/python3.12/site-packages/oslo_config/cfg.py:3253}}
Jul 29 06:54:24.826860 np0000006065 devstack@g-api.service[103054]: DEBUG glance.common.config [None req-b3d7d123-b8c2-4ea8-a9ab-ec0a5ad04d1b None None] database.max_overflow = 50 {{(pid=103054) log_opt_values /opt/stack/data/venv/lib/python3.12/site-packages/oslo_config/cfg.py:3253}}
Jul 29 06:54:24.826938 np0000006065 devstack@g-api.service[103051]: DEBUG glance.common.config [None req-b4f1af52-9435-47c0-870a-f42e0c7db730 None None] healthcheck.allowed_source_ranges = [] {{(pid=103051) log_opt_values /opt/stack/data/venv/lib/python3.12/site-packages/oslo_config/cfg.py:3253}}
Jul 29 06:54:24.826984 np0000006065 devstack@g-api.service[103054]: DEBUG glance.common.config [None req-b3d7d123-b8c2-4ea8-a9ab-ec0a5ad04d1b None None] database.max_pool_size = 5 {{(pid=103054) log_opt_values /opt/stack/data/venv/lib/python3.12/site-packages/oslo_config/cfg.py:3253}}
Jul 29 06:54:24.827034 np0000006065 devstack@g-api.service[103051]: DEBUG glance.common.config [None req-b4f1af52-9435-47c0-870a-f42e0c7db730 None None] healthcheck.backends = ['disable_by_file'] {{(pid=103051) log_opt_values /opt/stack/data/venv/lib/python3.12/site-packages/oslo_config/cfg.py:3253}}
Jul 29 06:54:24.827084 np0000006065 devstack@g-api.service[103054]: DEBUG glance.common.config [None req-b3d7d123-b8c2-4ea8-a9ab-ec0a5ad04d1b None None] database.max_retries = 10 {{(pid=103054) log_opt_values /opt/stack/data/venv/lib/python3.12/site-packages/oslo_config/cfg.py:3253}}
Jul 29 06:54:24.827133 np0000006065 devstack@g-api.service[103051]: DEBUG glance.common.config [None req-b4f1af52-9435-47c0-870a-f42e0c7db730 None None] healthcheck.detailed = False {{(pid=103051) log_opt_values /opt/stack/data/venv/lib/python3.12/site-packages/oslo_config/cfg.py:3253}}
Jul 29 06:54:24.827184 np0000006065 devstack@g-api.service[103054]: DEBUG glance.common.config [None req-b3d7d123-b8c2-4ea8-a9ab-ec0a5ad04d1b None None] database.mysql_sql_mode = TRADITIONAL {{(pid=103054) log_opt_values /opt/stack/data/venv/lib/python3.12/site-packages/oslo_config/cfg.py:3253}}
Jul 29 06:54:24.827225 np0000006065 devstack@g-api.service[103051]: DEBUG glance.common.config [None req-b4f1af52-9435-47c0-870a-f42e0c7db730 None None] healthcheck.disable_by_file_path = None {{(pid=103051) log_opt_values /opt/stack/data/venv/lib/python3.12/site-packages/oslo_config/cfg.py:3253}}
Jul 29 06:54:24.827263 np0000006065 devstack@g-api.service[103054]: DEBUG glance.common.config [None req-b3d7d123-b8c2-4ea8-a9ab-ec0a5ad04d1b None None] database.mysql_wsrep_sync_wait = None {{(pid=103054) log_opt_values /opt/stack/data/venv/lib/python3.12/site-packages/oslo_config/cfg.py:3253}}
Jul 29 06:54:24.827309 np0000006065 devstack@g-api.service[103051]: DEBUG glance.common.config [None req-b4f1af52-9435-47c0-870a-f42e0c7db730 None None] healthcheck.ignore_proxied_requests = False {{(pid=103051) log_opt_values /opt/stack/data/venv/lib/python3.12/site-packages/oslo_config/cfg.py:3253}}
Jul 29 06:54:24.827348 np0000006065 devstack@g-api.service[103054]: DEBUG glance.common.config [None req-b3d7d123-b8c2-4ea8-a9ab-ec0a5ad04d1b None None] database.pool_timeout = None {{(pid=103054) log_opt_values /opt/stack/data/venv/lib/python3.12/site-packages/oslo_config/cfg.py:3253}}
Jul 29 06:54:24.827394 np0000006065 devstack@g-api.service[103051]: DEBUG glance.common.config [None req-b4f1af52-9435-47c0-870a-f42e0c7db730 None None] ******************************************************************************** {{(pid=103051) log_opt_values /opt/stack/data/venv/lib/python3.12/site-packages/oslo_config/cfg.py:3260}}
Jul 29 06:54:24.827436 np0000006065 devstack@g-api.service[103054]: DEBUG glance.common.config [None req-b3d7d123-b8c2-4ea8-a9ab-ec0a5ad04d1b None None] database.retry_interval = 10 {{(pid=103054) log_opt_values /opt/stack/data/venv/lib/python3.12/site-packages/oslo_config/cfg.py:3253}}
Jul 29 06:54:24.827480 np0000006065 devstack@g-api.service[103051]: WSGI app 0 (mountpoint='') ready in 2 seconds on interpreter 0x72b70aca4668 pid: 103051 (default app)
Jul 29 06:54:24.827532 np0000006065 devstack@g-api.service[103054]: DEBUG glance.common.config [None req-b3d7d123-b8c2-4ea8-a9ab-ec0a5ad04d1b None None] database.slave_connection = **** {{(pid=103054) log_opt_values /opt/stack/data/venv/lib/python3.12/site-packages/oslo_config/cfg.py:3253}}
Jul 29 06:54:24.827532 np0000006065 devstack@g-api.service[103054]: DEBUG glance.common.config [None req-b3d7d123-b8c2-4ea8-a9ab-ec0a5ad04d1b None None] database.sqlite_synchronous = True {{(pid=103054) log_opt_values /opt/stack/data/venv/lib/python3.12/site-packages/oslo_config/cfg.py:3253}}
Jul 29 06:54:24.827532 np0000006065 devstack@g-api.service[103054]: DEBUG glance.common.config [None req-b3d7d123-b8c2-4ea8-a9ab-ec0a5ad04d1b None None] database.synchronous_reader = True {{(pid=103054) log_opt_values /opt/stack/data/venv/lib/python3.12/site-packages/oslo_config/cfg.py:3253}}
Jul 29 06:54:24.827532 np0000006065 devstack@g-api.service[103054]: DEBUG glance.common.config [None req-b3d7d123-b8c2-4ea8-a9ab-ec0a5ad04d1b None None] database.use_db_reconnect = False {{(pid=103054) log_opt_values /opt/stack/data/venv/lib/python3.12/site-packages/oslo_config/cfg.py:3253}}
Jul 29 06:54:24.827532 np0000006065 devstack@g-api.service[103054]: DEBUG glance.common.config [None req-b3d7d123-b8c2-4ea8-a9ab-ec0a5ad04d1b None None] healthcheck.allowed_source_ranges = [] {{(pid=103054) log_opt_values /opt/stack/data/venv/lib/python3.12/site-packages/oslo_config/cfg.py:3253}}
Jul 29 06:54:24.827532 np0000006065 devstack@g-api.service[103054]: DEBUG glance.common.config [None req-b3d7d123-b8c2-4ea8-a9ab-ec0a5ad04d1b None None] healthcheck.backends = ['disable_by_file'] {{(pid=103054) log_opt_values /opt/stack/data/venv/lib/python3.12/site-packages/oslo_config/cfg.py:3253}}
Jul 29 06:54:24.827532 np0000006065 devstack@g-api.service[103054]: DEBUG glance.common.config [None req-b3d7d123-b8c2-4ea8-a9ab-ec0a5ad04d1b None None] healthcheck.detailed = False {{(pid=103054) log_opt_values /opt/stack/data/venv/lib/python3.12/site-packages/oslo_config/cfg.py:3253}}
Jul 29 06:54:24.827832 np0000006065 devstack@g-api.service[103054]: DEBUG glance.common.config [None req-b3d7d123-b8c2-4ea8-a9ab-ec0a5ad04d1b None None] healthcheck.disable_by_file_path = None {{(pid=103054) log_opt_values /opt/stack/data/venv/lib/python3.12/site-packages/oslo_config/cfg.py:3253}}
Jul 29 06:54:24.827832 np0000006065 devstack@g-api.service[103054]: DEBUG glance.common.config [None req-b3d7d123-b8c2-4ea8-a9ab-ec0a5ad04d1b None None] healthcheck.ignore_proxied_requests = False {{(pid=103054) log_opt_values /opt/stack/data/venv/lib/python3.12/site-packages/oslo_config/cfg.py:3253}}
Jul 29 06:54:24.827832 np0000006065 devstack@g-api.service[103054]: DEBUG glance.common.config [None req-b3d7d123-b8c2-4ea8-a9ab-ec0a5ad04d1b None None] ******************************************************************************** {{(pid=103054) log_opt_values /opt/stack/data/venv/lib/python3.12/site-packages/oslo_config/cfg.py:3260}}
Jul 29 06:54:24.827832 np0000006065 devstack@g-api.service[103054]: WSGI app 0 (mountpoint='') ready in 2 seconds on interpreter 0x72b70aca4668 pid: 103054 (default app)
Jul 29 06:54:26.028208 np0000006065 devstack@g-api.service[103053]: DEBUG glance.api.middleware.version_negotiation [None req-8beed127-b2a7-4589-aab4-4ced5959e4f5 None None] Determining version of request: GET / Accept: application/json {{(pid=103053) process_request /opt/stack/glance/glance/api/middleware/version_negotiation.py:44}}
Jul 29 06:54:26.028576 np0000006065 devstack@g-api.service[103053]: DEBUG glance.api.middleware.version_negotiation [None req-8beed127-b2a7-4589-aab4-4ced5959e4f5 None None] Using url versioning {{(pid=103053) process_request /opt/stack/glance/glance/api/middleware/version_negotiation.py:57}}
Jul 29 06:54:26.028576 np0000006065 devstack@g-api.service[103053]: DEBUG glance.api.middleware.version_negotiation [None req-8beed127-b2a7-4589-aab4-4ced5959e4f5 None None] Unknown version. Returning version choices. {{(pid=103053) process_request /opt/stack/glance/glance/api/middleware/version_negotiation.py:64}}
Jul 29 06:54:26.029512 np0000006065 devstack@g-api.service[103053]: [pid: 103053|app: 0|req: 1/2] 127.0.0.1 () {36 vars in 569 bytes} [Wed Jul 29 06:54:26 2026] GET / => generated 1501 bytes in 2 msecs (HTTP/1.1 300) 3 headers in 106 bytes (1 switches on core 0)
Jul 29 06:54:26.041580 np0000006065 devstack@g-api.service[103052]: DEBUG glance.api.middleware.version_negotiation [None req-5c0e3615-b9d9-41c4-b2e8-9a51ea1b738a None None] Determining version of request: POST /v2/images Accept: */* {{(pid=103052) process_request /opt/stack/glance/glance/api/middleware/version_negotiation.py:44}}
Jul 29 06:54:26.041946 np0000006065 devstack@g-api.service[103052]: DEBUG glance.api.middleware.version_negotiation [None req-5c0e3615-b9d9-41c4-b2e8-9a51ea1b738a None None] Using url versioning {{(pid=103052) process_request /opt/stack/glance/glance/api/middleware/version_negotiation.py:57}}
Jul 29 06:54:26.042097 np0000006065 devstack@g-api.service[103052]: DEBUG glance.api.middleware.version_negotiation [None req-5c0e3615-b9d9-41c4-b2e8-9a51ea1b738a None None] Matched version: v2 {{(pid=103052) process_request /opt/stack/glance/glance/api/middleware/version_negotiation.py:69}}
Jul 29 06:54:26.042190 np0000006065 devstack@g-api.service[103052]: DEBUG glance.api.middleware.version_negotiation [None req-5c0e3615-b9d9-41c4-b2e8-9a51ea1b738a None None] new path /v2/images {{(pid=103052) process_request /opt/stack/glance/glance/api/middleware/version_negotiation.py:70}}
Jul 29 06:54:26.993521 np0000006065 devstack@g-api.service[103052]: [pid: 103052|app: 0|req: 2/3] 127.0.0.1 () {42 vars in 832 bytes} [Wed Jul 29 06:54:26 2026] POST /v2/images => generated 807 bytes in 952 msecs (HTTP/1.1 201) 6 headers in 315 bytes (1 switches on core 0)
Jul 29 06:54:27.002439 np0000006065 devstack@g-api.service[103051]: DEBUG glance.api.middleware.version_negotiation [None req-b4f1af52-9435-47c0-870a-f42e0c7db730 None None] Determining version of request: PUT /v2/images/12eda1b4-b9cb-40c8-b34d-f5b1590efcc2/stage Accept: {{(pid=103051) process_request /opt/stack/glance/glance/api/middleware/version_negotiation.py:44}}
Jul 29 06:54:27.002792 np0000006065 devstack@g-api.service[103051]: DEBUG glance.api.middleware.version_negotiation [None req-b4f1af52-9435-47c0-870a-f42e0c7db730 None None] Using url versioning {{(pid=103051) process_request /opt/stack/glance/glance/api/middleware/version_negotiation.py:57}}
Jul 29 06:54:27.003086 np0000006065 devstack@g-api.service[103051]: DEBUG glance.api.middleware.version_negotiation [None req-b4f1af52-9435-47c0-870a-f42e0c7db730 None None] Matched version: v2 {{(pid=103051) process_request /opt/stack/glance/glance/api/middleware/version_negotiation.py:69}}
Jul 29 06:54:27.003214 np0000006065 devstack@g-api.service[103051]: DEBUG glance.api.middleware.version_negotiation [None req-b4f1af52-9435-47c0-870a-f42e0c7db730 None None] new path /v2/images/12eda1b4-b9cb-40c8-b34d-f5b1590efcc2/stage {{(pid=103051) process_request /opt/stack/glance/glance/api/middleware/version_negotiation.py:70}}
Jul 29 06:54:27.644481 np0000006065 devstack@g-api.service[103051]: DEBUG glance_store.backend [None req-0e469884-46ed-405a-92a6-7b9059251bda admin admin] Attempting to import store cinder {{(pid=103051) _load_store /opt/stack/data/venv/lib/python3.12/site-packages/glance_store/backend.py:215}}
Jul 29 06:54:27.644646 np0000006065 devstack@g-api.service[103051]: DEBUG glance_store.backend [None req-0e469884-46ed-405a-92a6-7b9059251bda admin admin] Attempting to import store file {{(pid=103051) _load_store /opt/stack/data/venv/lib/python3.12/site-packages/glance_store/backend.py:215}}
Jul 29 06:54:27.644727 np0000006065 devstack@g-api.service[103051]: DEBUG glance_store.backend [None req-0e469884-46ed-405a-92a6-7b9059251bda admin admin] Attempting to import store glance.store.cinder.Store {{(pid=103051) _load_store /opt/stack/data/venv/lib/python3.12/site-packages/glance_store/backend.py:215}}
Jul 29 06:54:27.644811 np0000006065 devstack@g-api.service[103051]: DEBUG glance_store.backend [None req-0e469884-46ed-405a-92a6-7b9059251bda admin admin] Attempting to import store glance.store.filesystem.Store {{(pid=103051) _load_store /opt/stack/data/venv/lib/python3.12/site-packages/glance_store/backend.py:215}}
Jul 29 06:54:27.644927 np0000006065 devstack@g-api.service[103051]: DEBUG glance_store.backend [None req-0e469884-46ed-405a-92a6-7b9059251bda admin admin] Attempting to import store glance.store.http.Store {{(pid=103051) _load_store /opt/stack/data/venv/lib/python3.12/site-packages/glance_store/backend.py:215}}
Jul 29 06:54:27.645034 np0000006065 devstack@g-api.service[103051]: DEBUG glance_store.backend [None req-0e469884-46ed-405a-92a6-7b9059251bda admin admin] Attempting to import store glance.store.rbd.Store {{(pid=103051) _load_store /opt/stack/data/venv/lib/python3.12/site-packages/glance_store/backend.py:215}}
Jul 29 06:54:27.645131 np0000006065 devstack@g-api.service[103051]: DEBUG glance_store.backend [None req-0e469884-46ed-405a-92a6-7b9059251bda admin admin] Attempting to import store glance.store.s3.Store {{(pid=103051) _load_store /opt/stack/data/venv/lib/python3.12/site-packages/glance_store/backend.py:215}}
Jul 29 06:54:27.645226 np0000006065 devstack@g-api.service[103051]: DEBUG glance_store.backend [None req-0e469884-46ed-405a-92a6-7b9059251bda admin admin] Attempting to import store glance.store.swift.Store {{(pid=103051) _load_store /opt/stack/data/venv/lib/python3.12/site-packages/glance_store/backend.py:215}}
Jul 29 06:54:27.645331 np0000006065 devstack@g-api.service[103051]: DEBUG glance_store.backend [None req-0e469884-46ed-405a-92a6-7b9059251bda admin admin] Attempting to import store glance.store.vmware_datastore.Store {{(pid=103051) _load_store /opt/stack/data/venv/lib/python3.12/site-packages/glance_store/backend.py:215}}
Jul 29 06:54:27.645437 np0000006065 devstack@g-api.service[103051]: DEBUG glance_store.backend [None req-0e469884-46ed-405a-92a6-7b9059251bda admin admin] Attempting to import store http {{(pid=103051) _load_store /opt/stack/data/venv/lib/python3.12/site-packages/glance_store/backend.py:215}}
Jul 29 06:54:27.645522 np0000006065 devstack@g-api.service[103051]: DEBUG glance_store.backend [None req-0e469884-46ed-405a-92a6-7b9059251bda admin admin] Attempting to import store no_conf {{(pid=103051) _load_store /opt/stack/data/venv/lib/python3.12/site-packages/glance_store/backend.py:215}}
Jul 29 06:54:27.645620 np0000006065 devstack@g-api.service[103051]: DEBUG glance_store.backend [None req-0e469884-46ed-405a-92a6-7b9059251bda admin admin] Attempting to import store rbd {{(pid=103051) _load_store /opt/stack/data/venv/lib/python3.12/site-packages/glance_store/backend.py:215}}
Jul 29 06:54:27.645715 np0000006065 devstack@g-api.service[103051]: DEBUG glance_store.backend [None req-0e469884-46ed-405a-92a6-7b9059251bda admin admin] Attempting to import store s3 {{(pid=103051) _load_store /opt/stack/data/venv/lib/python3.12/site-packages/glance_store/backend.py:215}}
Jul 29 06:54:27.645801 np0000006065 devstack@g-api.service[103051]: DEBUG glance_store.backend [None req-0e469884-46ed-405a-92a6-7b9059251bda admin admin] Attempting to import store swift {{(pid=103051) _load_store /opt/stack/data/venv/lib/python3.12/site-packages/glance_store/backend.py:215}}
Jul 29 06:54:27.645882 np0000006065 devstack@g-api.service[103051]: DEBUG glance_store.backend [None req-0e469884-46ed-405a-92a6-7b9059251bda admin admin] Attempting to import store vmware {{(pid=103051) _load_store /opt/stack/data/venv/lib/python3.12/site-packages/glance_store/backend.py:215}}
Jul 29 06:54:27.645966 np0000006065 devstack@g-api.service[103051]: DEBUG glance_store.backend [None req-0e469884-46ed-405a-92a6-7b9059251bda admin admin] Registering options for group glance_store {{(pid=103051) register_opts /opt/stack/data/venv/lib/python3.12/site-packages/glance_store/backend.py:144}}
Jul 29 06:54:27.646074 np0000006065 devstack@g-api.service[103051]: DEBUG glance_store.backend [None req-0e469884-46ed-405a-92a6-7b9059251bda admin admin] Registering options for group glance_store {{(pid=103051) register_opts /opt/stack/data/venv/lib/python3.12/site-packages/glance_store/backend.py:144}}
Jul 29 06:54:27.646429 np0000006065 devstack@g-api.service[103051]: DEBUG glance_store.backend [None req-0e469884-46ed-405a-92a6-7b9059251bda admin admin] Attempting to import store file {{(pid=103051) _load_store /opt/stack/data/venv/lib/python3.12/site-packages/glance_store/backend.py:215}}
Jul 29 06:54:27.646834 np0000006065 devstack@g-api.service[103051]: INFO glance_store._drivers.filesystem [None req-0e469884-46ed-405a-92a6-7b9059251bda admin admin] Directory to write image files does not exist (/tmp/staging/). Creating.
Jul 29 06:54:27.647097 np0000006065 devstack@g-api.service[103051]: DEBUG glance_store.capabilities [None req-0e469884-46ed-405a-92a6-7b9059251bda admin admin] Store glance_store._drivers.filesystem.Store doesn't support updating dynamic storage capabilities. Please overwrite 'update_capabilities' method of the store to implement updating logics if needed. {{(pid=103051) update_capabilities /opt/stack/data/venv/lib/python3.12/site-packages/glance_store/capabilities.py:91}}
Jul 29 06:54:28.225840 np0000006065 devstack@g-api.service[103051]: DEBUG glance_store._drivers.filesystem [None req-0e469884-46ed-405a-92a6-7b9059251bda admin admin] Wrote 21430272 bytes to /tmp/staging/12eda1b4-b9cb-40c8-b34d-f5b1590efcc2 with checksum c8fc807773e5354afe61636071771906 and multihash c8fc807773e5354afe61636071771906 {{(pid=103051) add /opt/stack/data/venv/lib/python3.12/site-packages/glance_store/_drivers/filesystem.py:899}}
Jul 29 06:54:28.245841 np0000006065 devstack@g-api.service[103051]: [pid: 103051|app: 0|req: 1/4] 127.0.0.1 () {42 vars in 927 bytes} [Wed Jul 29 06:54:27 2026] PUT /v2/images/12eda1b4-b9cb-40c8-b34d-f5b1590efcc2/stage => generated 0 bytes in 1244 msecs (HTTP/1.1 204) 4 headers in 171 bytes (1 switches on core 0)
Jul 29 06:54:28.255217 np0000006065 devstack@g-api.service[103054]: DEBUG glance.api.middleware.version_negotiation [None req-b3d7d123-b8c2-4ea8-a9ab-ec0a5ad04d1b None None] Determining version of request: POST /v2/images/12eda1b4-b9cb-40c8-b34d-f5b1590efcc2/import Accept: */* {{(pid=103054) process_request /opt/stack/glance/glance/api/middleware/version_negotiation.py:44}}
Jul 29 06:54:28.255524 np0000006065 devstack@g-api.service[103054]: DEBUG glance.api.middleware.version_negotiation [None req-b3d7d123-b8c2-4ea8-a9ab-ec0a5ad04d1b None None] Using url versioning {{(pid=103054) process_request /opt/stack/glance/glance/api/middleware/version_negotiation.py:57}}
Jul 29 06:54:28.255961 np0000006065 devstack@g-api.service[103054]: DEBUG glance.api.middleware.version_negotiation [None req-b3d7d123-b8c2-4ea8-a9ab-ec0a5ad04d1b None None] Matched version: v2 {{(pid=103054) process_request /opt/stack/glance/glance/api/middleware/version_negotiation.py:69}}
Jul 29 06:54:28.256103 np0000006065 devstack@g-api.service[103054]: DEBUG glance.api.middleware.version_negotiation [None req-b3d7d123-b8c2-4ea8-a9ab-ec0a5ad04d1b None None] new path /v2/images/12eda1b4-b9cb-40c8-b34d-f5b1590efcc2/import {{(pid=103054) process_request /opt/stack/glance/glance/api/middleware/version_negotiation.py:70}}
Jul 29 06:54:28.930431 np0000006065 devstack@g-api.service[103054]: DEBUG glance.domain [None req-e9a33e7f-133f-45a5-b605-e6935b10fdb9 admin admin] Loading taskflow executor {{(pid=103054) new_task_executor /opt/stack/glance/glance/domain/__init__.py:515}}
Jul 29 06:54:29.112900 np0000006065 devstack@g-api.service[103054]: DEBUG oslo_concurrency.lockutils [None req-e9a33e7f-133f-45a5-b605-e6935b10fdb9 admin admin] Acquiring lock "tasks_pool" by "glance.api.common.memoize..memoizer_wrapper..memoizer" {{(pid=103054) inner /opt/stack/data/venv/lib/python3.12/site-packages/oslo_concurrency/lockutils.py:512}}
Jul 29 06:54:29.113031 np0000006065 devstack@g-api.service[103054]: DEBUG oslo_concurrency.lockutils [None req-e9a33e7f-133f-45a5-b605-e6935b10fdb9 admin admin] Lock "tasks_pool" acquired by "glance.api.common.memoize..memoizer_wrapper..memoizer" :: waited 0.000s {{(pid=103054) inner /opt/stack/data/venv/lib/python3.12/site-packages/oslo_concurrency/lockutils.py:525}}
Jul 29 06:54:29.113423 np0000006065 devstack@g-api.service[103054]: DEBUG glance.api.common [None req-e9a33e7f-133f-45a5-b605-e6935b10fdb9 admin admin] Initializing named threadpool 'tasks_pool' {{(pid=103054) _get_thread_pool /opt/stack/glance/glance/api/common.py:242}}
Jul 29 06:54:29.113916 np0000006065 devstack@g-api.service[103054]: DEBUG glance.async_ [None req-e9a33e7f-133f-45a5-b605-e6935b10fdb9 admin admin] Creating threadpool model 'ThreadPoolExecutor' with size 16 {{(pid=103054) __init__ /opt/stack/glance/glance/async_/__init__.py:100}}
Jul 29 06:54:29.114040 np0000006065 devstack@g-api.service[103054]: DEBUG oslo_concurrency.lockutils [None req-e9a33e7f-133f-45a5-b605-e6935b10fdb9 admin admin] Lock "tasks_pool" "released" by "glance.api.common.memoize..memoizer_wrapper..memoizer" :: held 0.001s {{(pid=103054) inner /opt/stack/data/venv/lib/python3.12/site-packages/oslo_concurrency/lockutils.py:544}}
Jul 29 06:54:29.114145 np0000006065 devstack@g-api.service[103054]: DEBUG glance.async_ [None req-e9a33e7f-133f-45a5-b605-e6935b10fdb9 admin admin] Spawning with ThreadPoolExecutor: >((,), {}) {{(pid=103054) spawn /opt/stack/glance/glance/async_/__init__.py:106}}
Jul 29 06:54:29.116083 np0000006065 devstack@g-api.service[103054]: [pid: 103054|app: 0|req: 1/5] 127.0.0.1 () {42 vars in 919 bytes} [Wed Jul 29 06:54:28 2026] POST /v2/images/12eda1b4-b9cb-40c8-b34d-f5b1590efcc2/import => generated 0 bytes in 861 msecs (HTTP/1.1 202) 4 headers in 169 bytes (1 switches on core 0)
Jul 29 06:54:29.118628 np0000006065 devstack@g-api.service[103054]: INFO glance.domain [-] Task [71cb2c55-1b40-45a6-ad07-bc4ed56cf5ba] status changing from pending to processing
Jul 29 06:54:29.124049 np0000006065 devstack@g-api.service[103053]: DEBUG glance.api.middleware.version_negotiation [None req-8beed127-b2a7-4589-aab4-4ced5959e4f5 None None] Determining version of request: GET /v2/images/12eda1b4-b9cb-40c8-b34d-f5b1590efcc2 Accept: */* {{(pid=103053) process_request /opt/stack/glance/glance/api/middleware/version_negotiation.py:44}}
Jul 29 06:54:29.124433 np0000006065 devstack@g-api.service[103053]: DEBUG glance.api.middleware.version_negotiation [None req-8beed127-b2a7-4589-aab4-4ced5959e4f5 None None] Using url versioning {{(pid=103053) process_request /opt/stack/glance/glance/api/middleware/version_negotiation.py:57}}
Jul 29 06:54:29.124559 np0000006065 devstack@g-api.service[103053]: DEBUG glance.api.middleware.version_negotiation [None req-8beed127-b2a7-4589-aab4-4ced5959e4f5 None None] Matched version: v2 {{(pid=103053) process_request /opt/stack/glance/glance/api/middleware/version_negotiation.py:69}}
Jul 29 06:54:29.124735 np0000006065 devstack@g-api.service[103053]: DEBUG glance.api.middleware.version_negotiation [None req-8beed127-b2a7-4589-aab4-4ced5959e4f5 None None] new path /v2/images/12eda1b4-b9cb-40c8-b34d-f5b1590efcc2 {{(pid=103053) process_request /opt/stack/glance/glance/api/middleware/version_negotiation.py:70}}
Jul 29 06:54:29.130548 np0000006065 devstack@g-api.service[103054]: DEBUG glance.async_.taskflow_executor [-] Taskflow executor picked up the execution of task ID 71cb2c55-1b40-45a6-ad07-bc4ed56cf5ba of task type api_image_import {{(pid=103054) _run /opt/stack/glance/glance/async_/taskflow_executor.py:175}}
Jul 29 06:54:29.150387 np0000006065 devstack@g-api.service[103054]: DEBUG glance_store.backend [-] Attempting to import store cinder {{(pid=103054) _load_store /opt/stack/data/venv/lib/python3.12/site-packages/glance_store/backend.py:215}}
Jul 29 06:54:29.150532 np0000006065 devstack@g-api.service[103054]: DEBUG glance_store.backend [-] Attempting to import store file {{(pid=103054) _load_store /opt/stack/data/venv/lib/python3.12/site-packages/glance_store/backend.py:215}}
Jul 29 06:54:29.150595 np0000006065 devstack@g-api.service[103054]: DEBUG glance_store.backend [-] Attempting to import store glance.store.cinder.Store {{(pid=103054) _load_store /opt/stack/data/venv/lib/python3.12/site-packages/glance_store/backend.py:215}}
Jul 29 06:54:29.150711 np0000006065 devstack@g-api.service[103054]: DEBUG glance_store.backend [-] Attempting to import store glance.store.filesystem.Store {{(pid=103054) _load_store /opt/stack/data/venv/lib/python3.12/site-packages/glance_store/backend.py:215}}
Jul 29 06:54:29.150765 np0000006065 devstack@g-api.service[103054]: DEBUG glance_store.backend [-] Attempting to import store glance.store.http.Store {{(pid=103054) _load_store /opt/stack/data/venv/lib/python3.12/site-packages/glance_store/backend.py:215}}
Jul 29 06:54:29.150837 np0000006065 devstack@g-api.service[103054]: DEBUG glance_store.backend [-] Attempting to import store glance.store.rbd.Store {{(pid=103054) _load_store /opt/stack/data/venv/lib/python3.12/site-packages/glance_store/backend.py:215}}
Jul 29 06:54:29.150912 np0000006065 devstack@g-api.service[103054]: DEBUG glance_store.backend [-] Attempting to import store glance.store.s3.Store {{(pid=103054) _load_store /opt/stack/data/venv/lib/python3.12/site-packages/glance_store/backend.py:215}}
Jul 29 06:54:29.150985 np0000006065 devstack@g-api.service[103054]: DEBUG glance_store.backend [-] Attempting to import store glance.store.swift.Store {{(pid=103054) _load_store /opt/stack/data/venv/lib/python3.12/site-packages/glance_store/backend.py:215}}
Jul 29 06:54:29.151055 np0000006065 devstack@g-api.service[103054]: DEBUG glance_store.backend [-] Attempting to import store glance.store.vmware_datastore.Store {{(pid=103054) _load_store /opt/stack/data/venv/lib/python3.12/site-packages/glance_store/backend.py:215}}
Jul 29 06:54:29.151133 np0000006065 devstack@g-api.service[103054]: DEBUG glance_store.backend [-] Attempting to import store http {{(pid=103054) _load_store /opt/stack/data/venv/lib/python3.12/site-packages/glance_store/backend.py:215}}
Jul 29 06:54:29.151200 np0000006065 devstack@g-api.service[103054]: DEBUG glance_store.backend [-] Attempting to import store no_conf {{(pid=103054) _load_store /opt/stack/data/venv/lib/python3.12/site-packages/glance_store/backend.py:215}}
Jul 29 06:54:29.151257 np0000006065 devstack@g-api.service[103054]: DEBUG glance_store.backend [-] Attempting to import store rbd {{(pid=103054) _load_store /opt/stack/data/venv/lib/python3.12/site-packages/glance_store/backend.py:215}}
Jul 29 06:54:29.151344 np0000006065 devstack@g-api.service[103054]: DEBUG glance_store.backend [-] Attempting to import store s3 {{(pid=103054) _load_store /opt/stack/data/venv/lib/python3.12/site-packages/glance_store/backend.py:215}}
Jul 29 06:54:29.151416 np0000006065 devstack@g-api.service[103054]: DEBUG glance_store.backend [-] Attempting to import store swift {{(pid=103054) _load_store /opt/stack/data/venv/lib/python3.12/site-packages/glance_store/backend.py:215}}
Jul 29 06:54:29.151502 np0000006065 devstack@g-api.service[103054]: DEBUG glance_store.backend [-] Attempting to import store vmware {{(pid=103054) _load_store /opt/stack/data/venv/lib/python3.12/site-packages/glance_store/backend.py:215}}
Jul 29 06:54:29.151575 np0000006065 devstack@g-api.service[103054]: DEBUG glance_store.backend [-] Registering options for group glance_store {{(pid=103054) register_opts /opt/stack/data/venv/lib/python3.12/site-packages/glance_store/backend.py:144}}
Jul 29 06:54:29.151651 np0000006065 devstack@g-api.service[103054]: DEBUG glance_store.backend [-] Registering options for group glance_store {{(pid=103054) register_opts /opt/stack/data/venv/lib/python3.12/site-packages/glance_store/backend.py:144}}
Jul 29 06:54:29.151911 np0000006065 devstack@g-api.service[103054]: DEBUG glance_store.backend [-] Attempting to import store file {{(pid=103054) _load_store /opt/stack/data/venv/lib/python3.12/site-packages/glance_store/backend.py:215}}
Jul 29 06:54:29.152256 np0000006065 devstack@g-api.service[103054]: DEBUG glance_store.capabilities [-] Store glance_store._drivers.filesystem.Store doesn't support updating dynamic storage capabilities. Please overwrite 'update_capabilities' method of the store to implement updating logics if needed. {{(pid=103054) update_capabilities /opt/stack/data/venv/lib/python3.12/site-packages/glance_store/capabilities.py:91}}
Jul 29 06:54:29.158932 np0000006065 devstack@g-api.service[103054]: DEBUG glance.async_.flows.api_image_import [-] Image 12eda1b4-b9cb-40c8-b34d-f5b1590efcc2 os_glance_importing_to_stores= {{(pid=103054) merge_store_list /opt/stack/glance/glance/async_/flows/api_image_import.py:297}}
Jul 29 06:54:29.159060 np0000006065 devstack@g-api.service[103054]: DEBUG glance.async_.flows.api_image_import [-] Image 12eda1b4-b9cb-40c8-b34d-f5b1590efcc2 os_glance_failed_import= {{(pid=103054) merge_store_list /opt/stack/glance/glance/async_/flows/api_image_import.py:297}}
Jul 29 06:54:29.159703 np0000006065 devstack@g-api.service[103053]: [pid: 103053|app: 0|req: 2/6] 127.0.0.1 () {38 vars in 852 bytes} [Wed Jul 29 06:54:29 2026] GET /v2/images/12eda1b4-b9cb-40c8-b34d-f5b1590efcc2 => generated 879 bytes in 36 msecs (HTTP/1.1 200) 4 headers in 157 bytes (1 switches on core 0)
Jul 29 06:54:29.163330 np0000006065 devstack@g-api.service[103054]: DEBUG glance.async_.flows.api_image_import [-] Image 12eda1b4-b9cb-40c8-b34d-f5b1590efcc2 status changing from uploading to importing {{(pid=103054) __exit__ /opt/stack/glance/glance/async_/flows/api_image_import.py:184}}
Jul 29 06:54:29.612025 np0000006065 devstack@g-api.service[103054]: DEBUG glance.async_ [-] Creating threadpool model 'ThreadPoolExecutor' with size 10 {{(pid=103054) __init__ /opt/stack/glance/glance/async_/__init__.py:100}}
Jul 29 06:54:29.624889 np0000006065 devstack@g-api.service[103054]: DEBUG glance.async_.taskflow_executor [-] Flow 'api_image_import' (617f84fb-71b1-4da9-be06-71eb4188e2c6) transitioned into state 'RUNNING' from state 'PENDING' {{(pid=103054) _flow_receiver /opt/stack/data/venv/lib/python3.12/site-packages/taskflow/listeners/logging.py:160}}
Jul 29 06:54:29.626573 np0000006065 devstack@g-api.service[103054]: DEBUG glance.async_.taskflow_executor [-] Task 'api_image_import-ImageLock-71cb2c55-1b40-45a6-ad07-bc4ed56cf5ba' (3e8e7195-f05e-44a7-8815-4947d3f27c42) transitioned into state 'RUNNING' from state 'PENDING' {{(pid=103054) _task_receiver /opt/stack/data/venv/lib/python3.12/site-packages/taskflow/listeners/logging.py:242}}
Jul 29 06:54:29.633341 np0000006065 devstack@g-api.service[103054]: DEBUG glance.async_.flows.api_image_import [-] Image 12eda1b4-b9cb-40c8-b34d-f5b1590efcc2 import task 71cb2c55-1b40-45a6-ad07-bc4ed56cf5ba lock confirmed {{(pid=103054) execute /opt/stack/glance/glance/async_/flows/api_image_import.py:497}}
Jul 29 06:54:29.634037 np0000006065 devstack@g-api.service[103054]: DEBUG glance.async_.taskflow_executor [-] Task 'api_image_import-ImageLock-71cb2c55-1b40-45a6-ad07-bc4ed56cf5ba' (3e8e7195-f05e-44a7-8815-4947d3f27c42) transitioned into state 'SUCCESS' from state 'RUNNING' with result 'None' {{(pid=103054) _task_receiver /opt/stack/data/venv/lib/python3.12/site-packages/taskflow/listeners/logging.py:218}}
Jul 29 06:54:29.634707 np0000006065 devstack@g-api.service[103054]: DEBUG glance.async_.taskflow_executor [-] Task 'api_image_import-ConfigureStaging-71cb2c55-1b40-45a6-ad07-bc4ed56cf5ba' (d2f469a4-7a7a-42a1-ab46-c945e046aeaa) transitioned into state 'RUNNING' from state 'PENDING' {{(pid=103054) _task_receiver /opt/stack/data/venv/lib/python3.12/site-packages/taskflow/listeners/logging.py:242}}
Jul 29 06:54:29.635372 np0000006065 devstack@g-api.service[103054]: DEBUG glance.async_.taskflow_executor [-] Task 'api_image_import-ConfigureStaging-71cb2c55-1b40-45a6-ad07-bc4ed56cf5ba' (d2f469a4-7a7a-42a1-ab46-c945e046aeaa) transitioned into state 'SUCCESS' from state 'RUNNING' with result 'file:///tmp/staging/12eda1b4-b9cb-40c8-b34d-f5b1590efcc2' {{(pid=103054) _task_receiver /opt/stack/data/venv/lib/python3.12/site-packages/taskflow/listeners/logging.py:218}}
Jul 29 06:54:29.635967 np0000006065 devstack@g-api.service[103054]: DEBUG glance.async_.taskflow_executor [-] Task 'api_image_import--ImportToStore-71cb2c55-1b40-45a6-ad07-bc4ed56cf5ba' (21e6be9b-18f6-47c8-ad1c-5c7d36059832) transitioned into state 'RUNNING' from state 'PENDING' {{(pid=103054) _task_receiver /opt/stack/data/venv/lib/python3.12/site-packages/taskflow/listeners/logging.py:242}}
Jul 29 06:54:29.642041 np0000006065 devstack@g-api.service[103054]: INFO glance.common.scripts.image_import.main [-] Task 71cb2c55-1b40-45a6-ad07-bc4ed56cf5ba: Got image data uri file:///tmp/staging/12eda1b4-b9cb-40c8-b34d-f5b1590efcc2 to be imported
Jul 29 06:54:29.643404 np0000006065 devstack@g-api.service[103054]: DEBUG glance.location [-] Enabling in-flight format inspection for qcow2 {{(pid=103054) set_data /opt/stack/glance/glance/location.py:596}}
Jul 29 06:54:29.643829 np0000006065 devstack@g-api.service[103054]: DEBUG glance_store.backend [-] Attempting to import store swift {{(pid=103054) _load_store /opt/stack/data/venv/lib/python3.12/site-packages/glance_store/backend.py:215}}
Jul 29 06:54:29.645143 np0000006065 devstack@g-api.service[103054]: DEBUG glance_store.capabilities [-] Store glance_store._drivers.swift.store.SingleTenantStore doesn't support updating dynamic storage capabilities. Please overwrite 'update_capabilities' method of the store to implement updating logics if needed. {{(pid=103054) update_capabilities /opt/stack/data/venv/lib/python3.12/site-packages/glance_store/capabilities.py:91}}
Jul 29 06:54:29.645225 np0000006065 devstack@g-api.service[103054]: DEBUG glance_store.driver [-] Late loading location class glance_store._drivers.swift.store.StoreLocation {{(pid=103054) get_store_location_class /opt/stack/data/venv/lib/python3.12/site-packages/glance_store/driver.py:134}}
Jul 29 06:54:29.645306 np0000006065 devstack@g-api.service[103054]: DEBUG glance_store.location [-] Registering scheme swift+https with {'store': , 'location_class': , 'store_entry': 'swift'} {{(pid=103054) register_scheme_map /opt/stack/data/venv/lib/python3.12/site-packages/glance_store/location.py:146}}
Jul 29 06:54:29.645344 np0000006065 devstack@g-api.service[103054]: DEBUG glance_store.location [-] Registering scheme swift+https with {'store': , 'location_class': , 'store_entry': 'swift'} {{(pid=103054) register_scheme_map /opt/stack/data/venv/lib/python3.12/site-packages/glance_store/location.py:146}}
Jul 29 06:54:29.645410 np0000006065 devstack@g-api.service[103054]: DEBUG glance_store.location [-] Registering scheme swift with {'store': , 'location_class': , 'store_entry': 'swift'} {{(pid=103054) register_scheme_map /opt/stack/data/venv/lib/python3.12/site-packages/glance_store/location.py:146}}
Jul 29 06:54:29.645452 np0000006065 devstack@g-api.service[103054]: DEBUG glance_store.location [-] Registering scheme swift+https with {'store': , 'location_class': , 'store_entry': 'swift'} {{(pid=103054) register_scheme_map /opt/stack/data/venv/lib/python3.12/site-packages/glance_store/location.py:146}}
Jul 29 06:54:29.645530 np0000006065 devstack@g-api.service[103054]: DEBUG glance_store.location [-] Registering scheme swift with {'store': , 'location_class': , 'store_entry': 'swift'} {{(pid=103054) register_scheme_map /opt/stack/data/venv/lib/python3.12/site-packages/glance_store/location.py:146}}
Jul 29 06:54:29.645588 np0000006065 devstack@g-api.service[103054]: DEBUG glance_store.location [-] Registering scheme swift+http with {'store': , 'location_class': , 'store_entry': 'swift'} {{(pid=103054) register_scheme_map /opt/stack/data/venv/lib/python3.12/site-packages/glance_store/location.py:146}}
Jul 29 06:54:29.645640 np0000006065 devstack@g-api.service[103054]: DEBUG glance_store.location [-] Registering scheme swift+https with {'store': , 'location_class': , 'store_entry': 'swift'} {{(pid=103054) register_scheme_map /opt/stack/data/venv/lib/python3.12/site-packages/glance_store/location.py:146}}
Jul 29 06:54:29.645703 np0000006065 devstack@g-api.service[103054]: DEBUG glance_store.location [-] Registering scheme swift with {'store': , 'location_class': , 'store_entry': 'swift'} {{(pid=103054) register_scheme_map /opt/stack/data/venv/lib/python3.12/site-packages/glance_store/location.py:146}}
Jul 29 06:54:29.645736 np0000006065 devstack@g-api.service[103054]: DEBUG glance_store.location [-] Registering scheme swift+http with {'store': , 'location_class': , 'store_entry': 'swift'} {{(pid=103054) register_scheme_map /opt/stack/data/venv/lib/python3.12/site-packages/glance_store/location.py:146}}
Jul 29 06:54:29.645778 np0000006065 devstack@g-api.service[103054]: DEBUG glance_store.location [-] Registering scheme swift+config with {'store': , 'location_class': , 'store_entry': 'swift'} {{(pid=103054) register_scheme_map /opt/stack/data/venv/lib/python3.12/site-packages/glance_store/location.py:146}}
Jul 29 06:54:30.119730 np0000006065 devstack@g-api.service[103054]: INFO swiftclient [-] REQ: curl -i https://10.4.3.13:8080/v1/AUTH_861bc63a145d442fb607da1a36373ffc/glance -I -H "X-Auth-Token: gAAAAABqaaOlZH0b..."
Jul 29 06:54:30.119814 np0000006065 devstack@g-api.service[103054]: INFO swiftclient [-] RESP STATUS: 404 Not Found
Jul 29 06:54:30.119924 np0000006065 devstack@g-api.service[103054]: INFO swiftclient [-] RESP HEADERS: {'Date': 'Wed, 29 Jul 2026 06:54:30 GMT', 'Server': 'Apache/2.4.58 (Ubuntu)', 'Content-Type': 'text/html; charset=UTF-8', 'X-Trans-Id': 'tx71da237eb1de42a3bb892-006a69a3a5', 'X-Openstack-Request-Id': 'tx71da237eb1de42a3bb892-006a69a3a5', 'Connection': 'close'}
Jul 29 06:54:30.120153 np0000006065 devstack@g-api.service[103054]: INFO glance_store._drivers.swift.store [-] Creating swift container glance
Jul 29 06:54:30.174590 np0000006065 devstack@g-api.service[103054]: DEBUG swiftclient [-] REQ: curl -i https://10.4.3.13:8080/v1/AUTH_861bc63a145d442fb607da1a36373ffc/glance -X PUT -H "X-Auth-Token: gAAAAABqaaOlZH0b..." -H "Content-Length: 0" {{(pid=103054) http_log /opt/stack/data/venv/lib/python3.12/site-packages/swiftclient/client.py:160}}
Jul 29 06:54:30.174746 np0000006065 devstack@g-api.service[103054]: DEBUG swiftclient [-] RESP STATUS: 201 Created {{(pid=103054) http_log /opt/stack/data/venv/lib/python3.12/site-packages/swiftclient/client.py:161}}
Jul 29 06:54:30.174837 np0000006065 devstack@g-api.service[103054]: DEBUG swiftclient [-] RESP HEADERS: {'Date': 'Wed, 29 Jul 2026 06:54:30 GMT', 'Server': 'Apache/2.4.58 (Ubuntu)', 'Content-Type': 'text/html; charset=UTF-8', 'Content-Length': '0', 'X-Trans-Id': 'tx00239ff81d354ab8833c9-006a69a3a6', 'X-Openstack-Request-Id': 'tx00239ff81d354ab8833c9-006a69a3a6', 'Connection': 'close'} {{(pid=103054) http_log /opt/stack/data/venv/lib/python3.12/site-packages/swiftclient/client.py:162}}
Jul 29 06:54:30.174924 np0000006065 devstack@g-api.service[103054]: DEBUG glance_store._drivers.swift.store [-] Adding image object '12eda1b4-b9cb-40c8-b34d-f5b1590efcc2' to Swift {{(pid=103054) add /opt/stack/data/venv/lib/python3.12/site-packages/glance_store/_drivers/swift/store.py:970}}
Jul 29 06:54:30.180711 np0000006065 devstack@g-api.service[103054]: DEBUG oslo_utils.imageutils.format_inspector [-] Format inspector for vmdk does not match, excluding from consideration (Signature KDMV not found: b'QFI\xfb') {{(pid=103054) _process_chunk /opt/stack/data/venv/lib/python3.12/site-packages/oslo_utils/imageutils/format_inspector.py:1758}}
Jul 29 06:54:30.183966 np0000006065 devstack@g-api.service[103054]: DEBUG oslo_utils.imageutils.format_inspector [-] Format inspector for vhdx does not match, excluding from consideration (Region signature not found at 30000) {{(pid=103054) _process_chunk /opt/stack/data/venv/lib/python3.12/site-packages/oslo_utils/imageutils/format_inspector.py:1758}}
Jul 29 06:54:30.483379 np0000006065 devstack@g-api.service[103054]: DEBUG swiftclient [-] REQ: curl -i https://10.4.3.13:8080/v1/AUTH_861bc63a145d442fb607da1a36373ffc/glance/12eda1b4-b9cb-40c8-b34d-f5b1590efcc2 -X PUT -H "X-Auth-Token: gAAAAABqaaOlZH0b..." -H "Content-Length: 21430272" {{(pid=103054) http_log /opt/stack/data/venv/lib/python3.12/site-packages/swiftclient/client.py:160}}
Jul 29 06:54:30.483484 np0000006065 devstack@g-api.service[103054]: DEBUG swiftclient [-] RESP STATUS: 201 Created {{(pid=103054) http_log /opt/stack/data/venv/lib/python3.12/site-packages/swiftclient/client.py:161}}
Jul 29 06:54:30.483603 np0000006065 devstack@g-api.service[103054]: DEBUG swiftclient [-] RESP HEADERS: {'Date': 'Wed, 29 Jul 2026 06:54:30 GMT', 'Server': 'Apache/2.4.58 (Ubuntu)', 'Content-Type': 'text/html; charset=UTF-8', 'Content-Length': '0', 'Etag': 'c8fc807773e5354afe61636071771906', 'Last-Modified': 'Wed, 29 Jul 2026 06:54:31 GMT', 'X-Trans-Id': 'txce96719cba1f4c5598358-006a69a3a6', 'X-Openstack-Request-Id': 'txce96719cba1f4c5598358-006a69a3a6', 'Connection': 'close'} {{(pid=103054) http_log /opt/stack/data/venv/lib/python3.12/site-packages/swiftclient/client.py:162}}
Jul 29 06:54:30.498076 np0000006065 devstack@g-api.service[103054]: INFO glance.location [-] Image format matched and virtual size computed: 117440512
Jul 29 06:54:30.506160 np0000006065 devstack@g-api.service[103054]: DEBUG glance.async_.flows.api_image_import [-] Image 12eda1b4-b9cb-40c8-b34d-f5b1590efcc2 status changing from importing to active {{(pid=103054) __exit__ /opt/stack/glance/glance/async_/flows/api_image_import.py:184}}
Jul 29 06:54:30.519251 np0000006065 devstack@g-api.service[103052]: DEBUG glance.api.middleware.version_negotiation [None req-3098ded8-4e4e-4e00-a6ce-27ca41525107 admin admin] Determining version of request: POST /v2/images Accept: */* {{(pid=103052) process_request /opt/stack/glance/glance/api/middleware/version_negotiation.py:44}}
Jul 29 06:54:30.519719 np0000006065 devstack@g-api.service[103052]: DEBUG glance.api.middleware.version_negotiation [None req-3098ded8-4e4e-4e00-a6ce-27ca41525107 admin admin] Using url versioning {{(pid=103052) process_request /opt/stack/glance/glance/api/middleware/version_negotiation.py:57}}
Jul 29 06:54:30.519719 np0000006065 devstack@g-api.service[103052]: DEBUG glance.api.middleware.version_negotiation [None req-3098ded8-4e4e-4e00-a6ce-27ca41525107 admin admin] Matched version: v2 {{(pid=103052) process_request /opt/stack/glance/glance/api/middleware/version_negotiation.py:69}}
Jul 29 06:54:30.519823 np0000006065 devstack@g-api.service[103052]: DEBUG glance.api.middleware.version_negotiation [None req-3098ded8-4e4e-4e00-a6ce-27ca41525107 admin admin] new path /v2/images {{(pid=103052) process_request /opt/stack/glance/glance/api/middleware/version_negotiation.py:70}}
Jul 29 06:54:30.527111 np0000006065 devstack@g-api.service[103054]: DEBUG glance_store.backend [-] Attempting to import store swift {{(pid=103054) _load_store /opt/stack/data/venv/lib/python3.12/site-packages/glance_store/backend.py:215}}
Jul 29 06:54:30.528390 np0000006065 devstack@g-api.service[103054]: DEBUG glance_store.capabilities [-] Store glance_store._drivers.swift.store.SingleTenantStore doesn't support updating dynamic storage capabilities. Please overwrite 'update_capabilities' method of the store to implement updating logics if needed. {{(pid=103054) update_capabilities /opt/stack/data/venv/lib/python3.12/site-packages/glance_store/capabilities.py:91}}
Jul 29 06:54:30.528472 np0000006065 devstack@g-api.service[103054]: DEBUG glance_store.driver [-] Late loading location class glance_store._drivers.swift.store.StoreLocation {{(pid=103054) get_store_location_class /opt/stack/data/venv/lib/python3.12/site-packages/glance_store/driver.py:134}}
Jul 29 06:54:30.528524 np0000006065 devstack@g-api.service[103054]: DEBUG glance_store.location [-] Registering scheme swift+https with {'store': , 'location_class': , 'store_entry': 'swift'} {{(pid=103054) register_scheme_map /opt/stack/data/venv/lib/python3.12/site-packages/glance_store/location.py:146}}
Jul 29 06:54:30.528570 np0000006065 devstack@g-api.service[103054]: DEBUG glance_store.location [-] Registering scheme swift+https with {'store': , 'location_class': , 'store_entry': 'swift'} {{(pid=103054) register_scheme_map /opt/stack/data/venv/lib/python3.12/site-packages/glance_store/location.py:146}}
