Jul 29 06:54:01.551150 np0000006065 nova-scheduler[96663]: DEBUG cotyledon.oslo_config_glue [-] workarounds.libvirt_disable_apic = False {{(pid=96663) log_opt_values /opt/stack/data/venv/lib/python3.12/site-packages/oslo_config/cfg.py:3253}}
Jul 29 06:54:01.551150 np0000006065 nova-scheduler[96663]: DEBUG cotyledon.oslo_config_glue [-] workarounds.never_download_image_if_on_rbd = False {{(pid=96663) log_opt_values /opt/stack/data/venv/lib/python3.12/site-packages/oslo_config/cfg.py:3253}}
Jul 29 06:54:01.551150 np0000006065 nova-scheduler[96663]: DEBUG cotyledon.oslo_config_glue [-] workarounds.qemu_monitor_announce_self_count = 3 {{(pid=96663) log_opt_values /opt/stack/data/venv/lib/python3.12/site-packages/oslo_config/cfg.py:3253}}
Jul 29 06:54:01.551150 np0000006065 nova-scheduler[96663]: DEBUG cotyledon.oslo_config_glue [-] workarounds.qemu_monitor_announce_self_interval = 1 {{(pid=96663) log_opt_values /opt/stack/data/venv/lib/python3.12/site-packages/oslo_config/cfg.py:3253}}
Jul 29 06:54:01.551150 np0000006065 nova-scheduler[96663]: DEBUG cotyledon.oslo_config_glue [-] workarounds.reserve_disk_resource_for_image_cache = False {{(pid=96663) log_opt_values /opt/stack/data/venv/lib/python3.12/site-packages/oslo_config/cfg.py:3253}}
Jul 29 06:54:01.551446 np0000006065 nova-scheduler[96663]: DEBUG cotyledon.oslo_config_glue [-] workarounds.skip_cpu_compare_at_startup = False {{(pid=96663) log_opt_values /opt/stack/data/venv/lib/python3.12/site-packages/oslo_config/cfg.py:3253}}
Jul 29 06:54:01.551446 np0000006065 nova-scheduler[96663]: DEBUG cotyledon.oslo_config_glue [-] workarounds.skip_cpu_compare_on_dest = False {{(pid=96663) log_opt_values /opt/stack/data/venv/lib/python3.12/site-packages/oslo_config/cfg.py:3253}}
Jul 29 06:54:01.551446 np0000006065 nova-scheduler[96663]: DEBUG cotyledon.oslo_config_glue [-] workarounds.skip_hypervisor_version_check_on_lm = False {{(pid=96663) log_opt_values /opt/stack/data/venv/lib/python3.12/site-packages/oslo_config/cfg.py:3253}}
Jul 29 06:54:01.551446 np0000006065 nova-scheduler[96663]: DEBUG cotyledon.oslo_config_glue [-] workarounds.skip_reserve_in_use_ironic_nodes = False {{(pid=96663) log_opt_values /opt/stack/data/venv/lib/python3.12/site-packages/oslo_config/cfg.py:3253}}
Jul 29 06:54:01.551446 np0000006065 nova-scheduler[96663]: DEBUG cotyledon.oslo_config_glue [-] workarounds.unified_limits_count_pcpu_as_vcpu = False {{(pid=96663) log_opt_values /opt/stack/data/venv/lib/python3.12/site-packages/oslo_config/cfg.py:3253}}
Jul 29 06:54:01.551446 np0000006065 nova-scheduler[96663]: DEBUG cotyledon.oslo_config_glue [-] workarounds.wait_for_vif_plugged_event_during_hard_reboot = [] {{(pid=96663) log_opt_values /opt/stack/data/venv/lib/python3.12/site-packages/oslo_config/cfg.py:3253}}
Jul 29 06:54:01.551446 np0000006065 nova-scheduler[96663]: DEBUG cotyledon.oslo_config_glue [-] wsgi.api_paste_config = /etc/nova/api-paste.ini {{(pid=96663) log_opt_values /opt/stack/data/venv/lib/python3.12/site-packages/oslo_config/cfg.py:3253}}
Jul 29 06:54:01.551446 np0000006065 nova-scheduler[96663]: DEBUG cotyledon.oslo_config_glue [-] wsgi.secure_proxy_ssl_header = None {{(pid=96663) log_opt_values /opt/stack/data/venv/lib/python3.12/site-packages/oslo_config/cfg.py:3253}}
Jul 29 06:54:01.551446 np0000006065 nova-scheduler[96663]: DEBUG cotyledon.oslo_config_glue [-] zvm.ca_file = None {{(pid=96663) log_opt_values /opt/stack/data/venv/lib/python3.12/site-packages/oslo_config/cfg.py:3253}}
Jul 29 06:54:01.551765 np0000006065 nova-scheduler[96663]: DEBUG cotyledon.oslo_config_glue [-] zvm.cloud_connector_url = None {{(pid=96663) log_opt_values /opt/stack/data/venv/lib/python3.12/site-packages/oslo_config/cfg.py:3253}}
Jul 29 06:54:01.551765 np0000006065 nova-scheduler[96663]: DEBUG cotyledon.oslo_config_glue [-] zvm.image_tmp_path = /opt/stack/data/nova/images {{(pid=96663) log_opt_values /opt/stack/data/venv/lib/python3.12/site-packages/oslo_config/cfg.py:3253}}
Jul 29 06:54:01.551765 np0000006065 nova-scheduler[96663]: DEBUG cotyledon.oslo_config_glue [-] zvm.reachable_timeout = 300 {{(pid=96663) log_opt_values /opt/stack/data/venv/lib/python3.12/site-packages/oslo_config/cfg.py:3253}}
Jul 29 06:54:01.551765 np0000006065 nova-scheduler[96663]: DEBUG cotyledon.oslo_config_glue [-] oslo_versionedobjects.fatal_exception_format_errors = False {{(pid=96663) log_opt_values /opt/stack/data/venv/lib/python3.12/site-packages/oslo_config/cfg.py:3253}}
Jul 29 06:54:01.551765 np0000006065 nova-scheduler[96663]: DEBUG cotyledon.oslo_config_glue [-] oslo_middleware.http_basic_auth_user_file = /etc/htpasswd {{(pid=96663) log_opt_values /opt/stack/data/venv/lib/python3.12/site-packages/oslo_config/cfg.py:3253}}
Jul 29 06:54:01.551765 np0000006065 nova-scheduler[96663]: DEBUG cotyledon.oslo_config_glue [-] oslo_messaging_metrics.metrics_buffer_size = 1000 {{(pid=96663) log_opt_values /opt/stack/data/venv/lib/python3.12/site-packages/oslo_config/cfg.py:3253}}
Jul 29 06:54:01.551765 np0000006065 nova-scheduler[96663]: DEBUG cotyledon.oslo_config_glue [-] oslo_messaging_metrics.metrics_enabled = False {{(pid=96663) log_opt_values /opt/stack/data/venv/lib/python3.12/site-packages/oslo_config/cfg.py:3253}}
Jul 29 06:54:01.551765 np0000006065 nova-scheduler[96663]: DEBUG cotyledon.oslo_config_glue [-] oslo_messaging_metrics.metrics_process_name = {{(pid=96663) log_opt_values /opt/stack/data/venv/lib/python3.12/site-packages/oslo_config/cfg.py:3253}}
Jul 29 06:54:01.552033 np0000006065 nova-scheduler[96663]: DEBUG cotyledon.oslo_config_glue [-] oslo_messaging_metrics.metrics_socket_file = /var/tmp/metrics_collector.sock {{(pid=96663) log_opt_values /opt/stack/data/venv/lib/python3.12/site-packages/oslo_config/cfg.py:3253}}
Jul 29 06:54:01.552033 np0000006065 nova-scheduler[96663]: DEBUG cotyledon.oslo_config_glue [-] oslo_messaging_metrics.metrics_thread_stop_timeout = 10 {{(pid=96663) log_opt_values /opt/stack/data/venv/lib/python3.12/site-packages/oslo_config/cfg.py:3253}}
Jul 29 06:54:01.552033 np0000006065 nova-scheduler[96663]: DEBUG cotyledon.oslo_config_glue [-] profiler.connection_string = messaging:// {{(pid=96663) log_opt_values /opt/stack/data/venv/lib/python3.12/site-packages/oslo_config/cfg.py:3253}}
Jul 29 06:54:01.552033 np0000006065 nova-scheduler[96663]: DEBUG cotyledon.oslo_config_glue [-] profiler.enabled = False {{(pid=96663) log_opt_values /opt/stack/data/venv/lib/python3.12/site-packages/oslo_config/cfg.py:3253}}
Jul 29 06:54:01.552033 np0000006065 nova-scheduler[96663]: DEBUG cotyledon.oslo_config_glue [-] profiler.es_doc_type = notification {{(pid=96663) log_opt_values /opt/stack/data/venv/lib/python3.12/site-packages/oslo_config/cfg.py:3253}}
Jul 29 06:54:01.552033 np0000006065 nova-scheduler[96663]: DEBUG cotyledon.oslo_config_glue [-] profiler.es_scroll_size = 10000 {{(pid=96663) log_opt_values /opt/stack/data/venv/lib/python3.12/site-packages/oslo_config/cfg.py:3253}}
Jul 29 06:54:01.552033 np0000006065 nova-scheduler[96663]: DEBUG cotyledon.oslo_config_glue [-] profiler.es_scroll_time = 2m {{(pid=96663) log_opt_values /opt/stack/data/venv/lib/python3.12/site-packages/oslo_config/cfg.py:3253}}
Jul 29 06:54:01.552033 np0000006065 nova-scheduler[96663]: DEBUG cotyledon.oslo_config_glue [-] profiler.filter_error_trace = False {{(pid=96663) log_opt_values /opt/stack/data/venv/lib/python3.12/site-packages/oslo_config/cfg.py:3253}}
Jul 29 06:54:01.552033 np0000006065 nova-scheduler[96663]: DEBUG cotyledon.oslo_config_glue [-] profiler.hmac_keys = **** {{(pid=96663) log_opt_values /opt/stack/data/venv/lib/python3.12/site-packages/oslo_config/cfg.py:3253}}
Jul 29 06:54:01.552313 np0000006065 nova-scheduler[96663]: DEBUG cotyledon.oslo_config_glue [-] profiler.sentinel_service_name = mymaster {{(pid=96663) log_opt_values /opt/stack/data/venv/lib/python3.12/site-packages/oslo_config/cfg.py:3253}}
Jul 29 06:54:01.552313 np0000006065 nova-scheduler[96663]: DEBUG cotyledon.oslo_config_glue [-] profiler.socket_timeout = 0.1 {{(pid=96663) log_opt_values /opt/stack/data/venv/lib/python3.12/site-packages/oslo_config/cfg.py:3253}}
Jul 29 06:54:01.552313 np0000006065 nova-scheduler[96663]: DEBUG cotyledon.oslo_config_glue [-] profiler.trace_requests = False {{(pid=96663) log_opt_values /opt/stack/data/venv/lib/python3.12/site-packages/oslo_config/cfg.py:3253}}
Jul 29 06:54:01.552313 np0000006065 nova-scheduler[96663]: DEBUG cotyledon.oslo_config_glue [-] profiler.trace_sqlalchemy = False {{(pid=96663) log_opt_values /opt/stack/data/venv/lib/python3.12/site-packages/oslo_config/cfg.py:3253}}
Jul 29 06:54:01.552313 np0000006065 nova-scheduler[96663]: DEBUG cotyledon.oslo_config_glue [-] profiler_jaeger.process_tags = {} {{(pid=96663) log_opt_values /opt/stack/data/venv/lib/python3.12/site-packages/oslo_config/cfg.py:3253}}
Jul 29 06:54:01.552313 np0000006065 nova-scheduler[96663]: DEBUG cotyledon.oslo_config_glue [-] profiler_jaeger.service_name_prefix = None {{(pid=96663) log_opt_values /opt/stack/data/venv/lib/python3.12/site-packages/oslo_config/cfg.py:3253}}
Jul 29 06:54:01.552313 np0000006065 nova-scheduler[96663]: DEBUG cotyledon.oslo_config_glue [-] profiler_otlp.service_name_prefix = None {{(pid=96663) log_opt_values /opt/stack/data/venv/lib/python3.12/site-packages/oslo_config/cfg.py:3253}}
Jul 29 06:54:01.552313 np0000006065 nova-scheduler[96663]: DEBUG cotyledon.oslo_config_glue [-] oslo_messaging_rabbit.amqp_auto_delete = False {{(pid=96663) log_opt_values /opt/stack/data/venv/lib/python3.12/site-packages/oslo_config/cfg.py:3253}}
Jul 29 06:54:01.552313 np0000006065 nova-scheduler[96663]: DEBUG cotyledon.oslo_config_glue [-] oslo_messaging_rabbit.amqp_durable_queues = False {{(pid=96663) log_opt_values /opt/stack/data/venv/lib/python3.12/site-packages/oslo_config/cfg.py:3253}}
Jul 29 06:54:01.552783 np0000006065 nova-scheduler[96663]: DEBUG cotyledon.oslo_config_glue [-] oslo_messaging_rabbit.conn_pool_min_size = 2 {{(pid=96663) log_opt_values /opt/stack/data/venv/lib/python3.12/site-packages/oslo_config/cfg.py:3253}}
Jul 29 06:54:01.552783 np0000006065 nova-scheduler[96663]: DEBUG cotyledon.oslo_config_glue [-] oslo_messaging_rabbit.conn_pool_ttl = 1200 {{(pid=96663) log_opt_values /opt/stack/data/venv/lib/python3.12/site-packages/oslo_config/cfg.py:3253}}
Jul 29 06:54:01.552783 np0000006065 nova-scheduler[96663]: DEBUG cotyledon.oslo_config_glue [-] oslo_messaging_rabbit.direct_mandatory_flag = True {{(pid=96663) log_opt_values /opt/stack/data/venv/lib/python3.12/site-packages/oslo_config/cfg.py:3253}}
Jul 29 06:54:01.552783 np0000006065 nova-scheduler[96663]: DEBUG cotyledon.oslo_config_glue [-] oslo_messaging_rabbit.enable_cancel_on_failover = False {{(pid=96663) log_opt_values /opt/stack/data/venv/lib/python3.12/site-packages/oslo_config/cfg.py:3253}}
Jul 29 06:54:01.552783 np0000006065 nova-scheduler[96663]: DEBUG cotyledon.oslo_config_glue [-] oslo_messaging_rabbit.heartbeat_rate = 3 {{(pid=96663) log_opt_values /opt/stack/data/venv/lib/python3.12/site-packages/oslo_config/cfg.py:3253}}
Jul 29 06:54:01.552783 np0000006065 nova-scheduler[96663]: DEBUG cotyledon.oslo_config_glue [-] oslo_messaging_rabbit.heartbeat_timeout_threshold = 60 {{(pid=96663) log_opt_values /opt/stack/data/venv/lib/python3.12/site-packages/oslo_config/cfg.py:3253}}
Jul 29 06:54:01.552783 np0000006065 nova-scheduler[96663]: DEBUG cotyledon.oslo_config_glue [-] oslo_messaging_rabbit.hostname = np0000006065 {{(pid=96663) log_opt_values /opt/stack/data/venv/lib/python3.12/site-packages/oslo_config/cfg.py:3253}}
Jul 29 06:54:01.552783 np0000006065 nova-scheduler[96663]: DEBUG cotyledon.oslo_config_glue [-] oslo_messaging_rabbit.kombu_compression = None {{(pid=96663) log_opt_values /opt/stack/data/venv/lib/python3.12/site-packages/oslo_config/cfg.py:3253}}
Jul 29 06:54:01.552783 np0000006065 nova-scheduler[96663]: DEBUG cotyledon.oslo_config_glue [-] oslo_messaging_rabbit.kombu_failover_strategy = round-robin {{(pid=96663) log_opt_values /opt/stack/data/venv/lib/python3.12/site-packages/oslo_config/cfg.py:3253}}
Jul 29 06:54:01.553145 np0000006065 nova-scheduler[96663]: DEBUG cotyledon.oslo_config_glue [-] oslo_messaging_rabbit.kombu_missing_consumer_retry_timeout = 60 {{(pid=96663) log_opt_values /opt/stack/data/venv/lib/python3.12/site-packages/oslo_config/cfg.py:3253}}
Jul 29 06:54:01.553145 np0000006065 nova-scheduler[96663]: DEBUG cotyledon.oslo_config_glue [-] oslo_messaging_rabbit.kombu_reconnect_delay = 1.0 {{(pid=96663) log_opt_values /opt/stack/data/venv/lib/python3.12/site-packages/oslo_config/cfg.py:3253}}
Jul 29 06:54:01.553145 np0000006065 nova-scheduler[96663]: DEBUG cotyledon.oslo_config_glue [-] oslo_messaging_rabbit.kombu_reconnect_splay = 0.0 {{(pid=96663) log_opt_values /opt/stack/data/venv/lib/python3.12/site-packages/oslo_config/cfg.py:3253}}
Jul 29 06:54:01.553145 np0000006065 nova-scheduler[96663]: DEBUG cotyledon.oslo_config_glue [-] oslo_messaging_rabbit.processname = nova-scheduler {{(pid=96663) log_opt_values /opt/stack/data/venv/lib/python3.12/site-packages/oslo_config/cfg.py:3253}}
Jul 29 06:54:01.553145 np0000006065 nova-scheduler[96663]: DEBUG cotyledon.oslo_config_glue [-] oslo_messaging_rabbit.rabbit_ha_queues = False {{(pid=96663) log_opt_values /opt/stack/data/venv/lib/python3.12/site-packages/oslo_config/cfg.py:3253}}
Jul 29 06:54:01.553145 np0000006065 nova-scheduler[96663]: DEBUG cotyledon.oslo_config_glue [-] oslo_messaging_rabbit.rabbit_interval_max = 30 {{(pid=96663) log_opt_values /opt/stack/data/venv/lib/python3.12/site-packages/oslo_config/cfg.py:3253}}
Jul 29 06:54:01.553145 np0000006065 nova-scheduler[96663]: DEBUG cotyledon.oslo_config_glue [-] oslo_messaging_rabbit.rabbit_login_method = AMQPLAIN {{(pid=96663) log_opt_values /opt/stack/data/venv/lib/python3.12/site-packages/oslo_config/cfg.py:3253}}
Jul 29 06:54:01.553145 np0000006065 nova-scheduler[96663]: DEBUG cotyledon.oslo_config_glue [-] oslo_messaging_rabbit.rabbit_qos_prefetch_count = 0 {{(pid=96663) log_opt_values /opt/stack/data/venv/lib/python3.12/site-packages/oslo_config/cfg.py:3253}}
Jul 29 06:54:01.553145 np0000006065 nova-scheduler[96663]: DEBUG cotyledon.oslo_config_glue [-] oslo_messaging_rabbit.rabbit_quorum_delivery_limit = 0 {{(pid=96663) log_opt_values /opt/stack/data/venv/lib/python3.12/site-packages/oslo_config/cfg.py:3253}}
Jul 29 06:54:01.553450 np0000006065 nova-scheduler[96663]: DEBUG cotyledon.oslo_config_glue [-] oslo_messaging_rabbit.rabbit_quorum_max_memory_bytes = 0 {{(pid=96663) log_opt_values /opt/stack/data/venv/lib/python3.12/site-packages/oslo_config/cfg.py:3253}}
Jul 29 06:54:01.553450 np0000006065 nova-scheduler[96663]: DEBUG cotyledon.oslo_config_glue [-] oslo_messaging_rabbit.rabbit_quorum_max_memory_length = 0 {{(pid=96663) log_opt_values /opt/stack/data/venv/lib/python3.12/site-packages/oslo_config/cfg.py:3253}}
Jul 29 06:54:01.553450 np0000006065 nova-scheduler[96663]: DEBUG cotyledon.oslo_config_glue [-] oslo_messaging_rabbit.rabbit_quorum_queue = False {{(pid=96663) log_opt_values /opt/stack/data/venv/lib/python3.12/site-packages/oslo_config/cfg.py:3253}}
Jul 29 06:54:01.553450 np0000006065 nova-scheduler[96663]: DEBUG cotyledon.oslo_config_glue [-] oslo_messaging_rabbit.rabbit_retry_backoff = 2 {{(pid=96663) log_opt_values /opt/stack/data/venv/lib/python3.12/site-packages/oslo_config/cfg.py:3253}}
Jul 29 06:54:01.553450 np0000006065 nova-scheduler[96663]: DEBUG cotyledon.oslo_config_glue [-] oslo_messaging_rabbit.rabbit_retry_interval = 1 {{(pid=96663) log_opt_values /opt/stack/data/venv/lib/python3.12/site-packages/oslo_config/cfg.py:3253}}
Jul 29 06:54:01.553450 np0000006065 nova-scheduler[96663]: DEBUG cotyledon.oslo_config_glue [-] oslo_messaging_rabbit.rabbit_stream_fanout = False {{(pid=96663) log_opt_values /opt/stack/data/venv/lib/python3.12/site-packages/oslo_config/cfg.py:3253}}
Jul 29 06:54:01.553450 np0000006065 nova-scheduler[96663]: DEBUG cotyledon.oslo_config_glue [-] oslo_messaging_rabbit.rabbit_transient_queues_ttl = 1800 {{(pid=96663) log_opt_values /opt/stack/data/venv/lib/python3.12/site-packages/oslo_config/cfg.py:3253}}
Jul 29 06:54:01.553450 np0000006065 nova-scheduler[96663]: DEBUG cotyledon.oslo_config_glue [-] oslo_messaging_rabbit.rabbit_transient_quorum_queue = False {{(pid=96663) log_opt_values /opt/stack/data/venv/lib/python3.12/site-packages/oslo_config/cfg.py:3253}}
Jul 29 06:54:01.553729 np0000006065 nova-scheduler[96663]: DEBUG cotyledon.oslo_config_glue [-] oslo_messaging_rabbit.rpc_conn_pool_size = 30 {{(pid=96663) log_opt_values /opt/stack/data/venv/lib/python3.12/site-packages/oslo_config/cfg.py:3253}}
Jul 29 06:54:01.553729 np0000006065 nova-scheduler[96663]: DEBUG cotyledon.oslo_config_glue [-] oslo_messaging_rabbit.ssl = False {{(pid=96663) log_opt_values /opt/stack/data/venv/lib/python3.12/site-packages/oslo_config/cfg.py:3253}}
Jul 29 06:54:01.553729 np0000006065 nova-scheduler[96663]: DEBUG cotyledon.oslo_config_glue [-] oslo_messaging_rabbit.ssl_ca_file = {{(pid=96663) log_opt_values /opt/stack/data/venv/lib/python3.12/site-packages/oslo_config/cfg.py:3253}}
Jul 29 06:54:01.553729 np0000006065 nova-scheduler[96663]: DEBUG cotyledon.oslo_config_glue [-] oslo_messaging_rabbit.ssl_cert_file = {{(pid=96663) log_opt_values /opt/stack/data/venv/lib/python3.12/site-packages/oslo_config/cfg.py:3253}}
Jul 29 06:54:01.553729 np0000006065 nova-scheduler[96663]: DEBUG cotyledon.oslo_config_glue [-] oslo_messaging_rabbit.ssl_enforce_fips_mode = False {{(pid=96663) log_opt_values /opt/stack/data/venv/lib/python3.12/site-packages/oslo_config/cfg.py:3253}}
Jul 29 06:54:01.553729 np0000006065 nova-scheduler[96663]: DEBUG cotyledon.oslo_config_glue [-] oslo_messaging_rabbit.ssl_enforce_hostname_verification = True {{(pid=96663) log_opt_values /opt/stack/data/venv/lib/python3.12/site-packages/oslo_config/cfg.py:3253}}
Jul 29 06:54:01.553729 np0000006065 nova-scheduler[96663]: DEBUG cotyledon.oslo_config_glue [-] oslo_messaging_rabbit.ssl_key_file = {{(pid=96663) log_opt_values /opt/stack/data/venv/lib/python3.12/site-packages/oslo_config/cfg.py:3253}}
Jul 29 06:54:01.553729 np0000006065 nova-scheduler[96663]: DEBUG cotyledon.oslo_config_glue [-] oslo_messaging_rabbit.ssl_version = {{(pid=96663) log_opt_values /opt/stack/data/venv/lib/python3.12/site-packages/oslo_config/cfg.py:3253}}
Jul 29 06:54:01.553729 np0000006065 nova-scheduler[96663]: DEBUG cotyledon.oslo_config_glue [-] oslo_messaging_rabbit.use_queue_manager = False {{(pid=96663) log_opt_values /opt/stack/data/venv/lib/python3.12/site-packages/oslo_config/cfg.py:3253}}
Jul 29 06:54:01.554013 np0000006065 nova-scheduler[96663]: DEBUG cotyledon.oslo_config_glue [-] oslo_messaging_notifications.driver = ['messagingv2'] {{(pid=96663) log_opt_values /opt/stack/data/venv/lib/python3.12/site-packages/oslo_config/cfg.py:3253}}
Jul 29 06:54:01.554013 np0000006065 nova-scheduler[96663]: DEBUG cotyledon.oslo_config_glue [-] oslo_messaging_notifications.retry = -1 {{(pid=96663) log_opt_values /opt/stack/data/venv/lib/python3.12/site-packages/oslo_config/cfg.py:3253}}
Jul 29 06:54:01.554013 np0000006065 nova-scheduler[96663]: DEBUG cotyledon.oslo_config_glue [-] oslo_messaging_notifications.topics = ['notifications'] {{(pid=96663) log_opt_values /opt/stack/data/venv/lib/python3.12/site-packages/oslo_config/cfg.py:3253}}
Jul 29 06:54:01.554013 np0000006065 nova-scheduler[96663]: DEBUG cotyledon.oslo_config_glue [-] oslo_messaging_notifications.transport_url = **** {{(pid=96663) log_opt_values /opt/stack/data/venv/lib/python3.12/site-packages/oslo_config/cfg.py:3253}}
Jul 29 06:54:01.554013 np0000006065 nova-scheduler[96663]: DEBUG cotyledon.oslo_config_glue [-] oslo_limit.auth_section = None {{(pid=96663) log_opt_values /opt/stack/data/venv/lib/python3.12/site-packages/oslo_config/cfg.py:3253}}
Jul 29 06:54:01.554013 np0000006065 nova-scheduler[96663]: DEBUG cotyledon.oslo_config_glue [-] oslo_limit.auth_type = None {{(pid=96663) log_opt_values /opt/stack/data/venv/lib/python3.12/site-packages/oslo_config/cfg.py:3253}}
Jul 29 06:54:01.554013 np0000006065 nova-scheduler[96663]: DEBUG cotyledon.oslo_config_glue [-] oslo_limit.cafile = None {{(pid=96663) log_opt_values /opt/stack/data/venv/lib/python3.12/site-packages/oslo_config/cfg.py:3253}}
Jul 29 06:54:01.554013 np0000006065 nova-scheduler[96663]: DEBUG cotyledon.oslo_config_glue [-] oslo_limit.certfile = None {{(pid=96663) log_opt_values /opt/stack/data/venv/lib/python3.12/site-packages/oslo_config/cfg.py:3253}}
Jul 29 06:54:01.554013 np0000006065 nova-scheduler[96663]: DEBUG cotyledon.oslo_config_glue [-] oslo_limit.collect_timing = False {{(pid=96663) log_opt_values /opt/stack/data/venv/lib/python3.12/site-packages/oslo_config/cfg.py:3253}}
Jul 29 06:54:01.554261 np0000006065 nova-scheduler[96663]: DEBUG cotyledon.oslo_config_glue [-] oslo_limit.connect_retries = None {{(pid=96663) log_opt_values /opt/stack/data/venv/lib/python3.12/site-packages/oslo_config/cfg.py:3253}}
Jul 29 06:54:01.554261 np0000006065 nova-scheduler[96663]: DEBUG cotyledon.oslo_config_glue [-] oslo_limit.connect_retry_delay = None {{(pid=96663) log_opt_values /opt/stack/data/venv/lib/python3.12/site-packages/oslo_config/cfg.py:3253}}
Jul 29 06:54:01.554261 np0000006065 nova-scheduler[96663]: DEBUG cotyledon.oslo_config_glue [-] oslo_limit.endpoint_id = None {{(pid=96663) log_opt_values /opt/stack/data/venv/lib/python3.12/site-packages/oslo_config/cfg.py:3253}}
Jul 29 06:54:01.554261 np0000006065 nova-scheduler[96663]: DEBUG cotyledon.oslo_config_glue [-] oslo_limit.endpoint_interface = public {{(pid=96663) log_opt_values /opt/stack/data/venv/lib/python3.12/site-packages/oslo_config/cfg.py:3253}}
Jul 29 06:54:01.554261 np0000006065 nova-scheduler[96663]: DEBUG cotyledon.oslo_config_glue [-] oslo_limit.endpoint_override = None {{(pid=96663) log_opt_values /opt/stack/data/venv/lib/python3.12/site-packages/oslo_config/cfg.py:3253}}
Jul 29 06:54:01.554261 np0000006065 nova-scheduler[96663]: DEBUG cotyledon.oslo_config_glue [-] oslo_limit.endpoint_region_name = None {{(pid=96663) log_opt_values /opt/stack/data/venv/lib/python3.12/site-packages/oslo_config/cfg.py:3253}}
Jul 29 06:54:01.554261 np0000006065 nova-scheduler[96663]: DEBUG cotyledon.oslo_config_glue [-] oslo_limit.endpoint_service_name = None {{(pid=96663) log_opt_values /opt/stack/data/venv/lib/python3.12/site-packages/oslo_config/cfg.py:3253}}
Jul 29 06:54:01.554261 np0000006065 nova-scheduler[96663]: DEBUG cotyledon.oslo_config_glue [-] oslo_limit.endpoint_service_type = None {{(pid=96663) log_opt_values /opt/stack/data/venv/lib/python3.12/site-packages/oslo_config/cfg.py:3253}}
Jul 29 06:54:01.554261 np0000006065 nova-scheduler[96663]: DEBUG cotyledon.oslo_config_glue [-] oslo_limit.insecure = False {{(pid=96663) log_opt_values /opt/stack/data/venv/lib/python3.12/site-packages/oslo_config/cfg.py:3253}}
Jul 29 06:54:01.554552 np0000006065 nova-scheduler[96663]: DEBUG cotyledon.oslo_config_glue [-] oslo_limit.keyfile = None {{(pid=96663) log_opt_values /opt/stack/data/venv/lib/python3.12/site-packages/oslo_config/cfg.py:3253}}
Jul 29 06:54:01.554552 np0000006065 nova-scheduler[96663]: DEBUG cotyledon.oslo_config_glue [-] oslo_limit.max_version = None {{(pid=96663) log_opt_values /opt/stack/data/venv/lib/python3.12/site-packages/oslo_config/cfg.py:3253}}
Jul 29 06:54:01.554552 np0000006065 nova-scheduler[96663]: DEBUG cotyledon.oslo_config_glue [-] oslo_limit.min_version = None {{(pid=96663) log_opt_values /opt/stack/data/venv/lib/python3.12/site-packages/oslo_config/cfg.py:3253}}
Jul 29 06:54:01.554552 np0000006065 nova-scheduler[96663]: DEBUG cotyledon.oslo_config_glue [-] oslo_limit.region_name = None {{(pid=96663) log_opt_values /opt/stack/data/venv/lib/python3.12/site-packages/oslo_config/cfg.py:3253}}
Jul 29 06:54:01.554552 np0000006065 nova-scheduler[96663]: DEBUG cotyledon.oslo_config_glue [-] oslo_limit.retriable_status_codes = None {{(pid=96663) log_opt_values /opt/stack/data/venv/lib/python3.12/site-packages/oslo_config/cfg.py:3253}}
Jul 29 06:54:01.554552 np0000006065 nova-scheduler[96663]: DEBUG cotyledon.oslo_config_glue [-] oslo_limit.service_name = None {{(pid=96663) log_opt_values /opt/stack/data/venv/lib/python3.12/site-packages/oslo_config/cfg.py:3253}}
Jul 29 06:54:01.554552 np0000006065 nova-scheduler[96663]: DEBUG cotyledon.oslo_config_glue [-] oslo_limit.service_type = None {{(pid=96663) log_opt_values /opt/stack/data/venv/lib/python3.12/site-packages/oslo_config/cfg.py:3253}}
Jul 29 06:54:01.554552 np0000006065 nova-scheduler[96663]: DEBUG cotyledon.oslo_config_glue [-] oslo_limit.split_loggers = False {{(pid=96663) log_opt_values /opt/stack/data/venv/lib/python3.12/site-packages/oslo_config/cfg.py:3253}}
Jul 29 06:54:01.554552 np0000006065 nova-scheduler[96663]: DEBUG cotyledon.oslo_config_glue [-] oslo_limit.status_code_retries = None {{(pid=96663) log_opt_values /opt/stack/data/venv/lib/python3.12/site-packages/oslo_config/cfg.py:3253}}
Jul 29 06:54:01.554843 np0000006065 nova-scheduler[96663]: DEBUG cotyledon.oslo_config_glue [-] oslo_limit.status_code_retry_delay = None {{(pid=96663) log_opt_values /opt/stack/data/venv/lib/python3.12/site-packages/oslo_config/cfg.py:3253}}
Jul 29 06:54:01.554843 np0000006065 nova-scheduler[96663]: DEBUG cotyledon.oslo_config_glue [-] oslo_limit.timeout = None {{(pid=96663) log_opt_values /opt/stack/data/venv/lib/python3.12/site-packages/oslo_config/cfg.py:3253}}
Jul 29 06:54:01.554843 np0000006065 nova-scheduler[96663]: DEBUG cotyledon.oslo_config_glue [-] oslo_limit.valid_interfaces = None {{(pid=96663) log_opt_values /opt/stack/data/venv/lib/python3.12/site-packages/oslo_config/cfg.py:3253}}
Jul 29 06:54:01.554843 np0000006065 nova-scheduler[96663]: DEBUG cotyledon.oslo_config_glue [-] oslo_limit.version = None {{(pid=96663) log_opt_values /opt/stack/data/venv/lib/python3.12/site-packages/oslo_config/cfg.py:3253}}
Jul 29 06:54:01.554843 np0000006065 nova-scheduler[96663]: DEBUG cotyledon.oslo_config_glue [-] oslo_reports.file_event_handler = None {{(pid=96663) log_opt_values /opt/stack/data/venv/lib/python3.12/site-packages/oslo_config/cfg.py:3253}}
Jul 29 06:54:01.554843 np0000006065 nova-scheduler[96663]: DEBUG cotyledon.oslo_config_glue [-] oslo_reports.file_event_handler_interval = 1 {{(pid=96663) log_opt_values /opt/stack/data/venv/lib/python3.12/site-packages/oslo_config/cfg.py:3253}}
Jul 29 06:54:01.554843 np0000006065 nova-scheduler[96663]: DEBUG cotyledon.oslo_config_glue [-] oslo_reports.log_dir = None {{(pid=96663) log_opt_values /opt/stack/data/venv/lib/python3.12/site-packages/oslo_config/cfg.py:3253}}
Jul 29 06:54:01.554843 np0000006065 nova-scheduler[96663]: DEBUG cotyledon.oslo_config_glue [-] ******************************************************************************** {{(pid=96663) log_opt_values /opt/stack/data/venv/lib/python3.12/site-packages/oslo_config/cfg.py:3260}}
Jul 29 06:54:01.554843 np0000006065 nova-scheduler[96663]: DEBUG cotyledon._service_worker [-] Run service ServiceWrapper(3) [96663] {{(pid=96663) wait_forever /opt/stack/data/venv/lib/python3.12/site-packages/cotyledon/_service_worker.py:218}}
Jul 29 06:54:01.555112 np0000006065 nova-scheduler[96663]: INFO nova.service [-] Starting scheduler node (version 33.1.0)
Jul 29 06:54:01.555144 np0000006065 nova-scheduler[96657]: DEBUG oslo_db.sqlalchemy.engines [None req-23ed52fd-2f49-44ea-933c-e24c4e40e426 None None] MySQL server mode set to STRICT_TRANS_TABLES,STRICT_ALL_TABLES,NO_ZERO_IN_DATE,NO_ZERO_DATE,ERROR_FOR_DIVISION_BY_ZERO,TRADITIONAL,NO_ENGINE_SUBSTITUTION {{(pid=96657) _check_effective_sql_mode /opt/stack/data/venv/lib/python3.12/site-packages/oslo_db/sqlalchemy/engines.py:325}}
Jul 29 06:54:01.555182 np0000006065 nova-scheduler[96663]: INFO dbcounter [None req-9cee9aec-83e5-4b4d-b5fc-a5d3d4697469 None None] Registered counter for database nova_cell0
Jul 29 06:54:01.555216 np0000006065 nova-scheduler[96657]: DEBUG dbcounter [-] [96657] Writer thread running {{(pid=96657) stat_writer /opt/stack/data/venv/lib/python3.12/site-packages/dbcounter.py:102}}
Jul 29 06:54:01.555253 np0000006065 nova-scheduler[96661]: DEBUG oslo_db.sqlalchemy.engines [None req-3a213b2b-7919-43c4-b4bd-5b4cafc917c6 None None] MySQL server mode set to STRICT_TRANS_TABLES,STRICT_ALL_TABLES,NO_ZERO_IN_DATE,NO_ZERO_DATE,ERROR_FOR_DIVISION_BY_ZERO,TRADITIONAL,NO_ENGINE_SUBSTITUTION {{(pid=96661) _check_effective_sql_mode /opt/stack/data/venv/lib/python3.12/site-packages/oslo_db/sqlalchemy/engines.py:325}}
Jul 29 06:54:01.556364 np0000006065 nova-scheduler[96657]: DEBUG nova.service [None req-23ed52fd-2f49-44ea-933c-e24c4e40e426 None None] Creating RPC server for service: nova-scheduler on topic: scheduler {{(pid=96657) start /opt/stack/nova/nova/service.py:196}}
Jul 29 06:54:01.561420 np0000006065 nova-scheduler[96661]: DEBUG dbcounter [-] [96661] Writer thread running {{(pid=96661) stat_writer /opt/stack/data/venv/lib/python3.12/site-packages/dbcounter.py:102}}
Jul 29 06:54:01.562702 np0000006065 nova-scheduler[96659]: DEBUG oslo_db.sqlalchemy.engines [None req-6f861bda-f52d-4486-8b05-03658e3519ca None None] MySQL server mode set to STRICT_TRANS_TABLES,STRICT_ALL_TABLES,NO_ZERO_IN_DATE,NO_ZERO_DATE,ERROR_FOR_DIVISION_BY_ZERO,TRADITIONAL,NO_ENGINE_SUBSTITUTION {{(pid=96659) _check_effective_sql_mode /opt/stack/data/venv/lib/python3.12/site-packages/oslo_db/sqlalchemy/engines.py:325}}
Jul 29 06:54:01.564680 np0000006065 nova-scheduler[96661]: DEBUG nova.service [None req-3a213b2b-7919-43c4-b4bd-5b4cafc917c6 None None] Creating RPC server for service: nova-scheduler on topic: scheduler {{(pid=96661) start /opt/stack/nova/nova/service.py:196}}
Jul 29 06:54:01.574028 np0000006065 nova-scheduler[96659]: DEBUG dbcounter [-] [96659] Writer thread running {{(pid=96659) stat_writer /opt/stack/data/venv/lib/python3.12/site-packages/dbcounter.py:102}}
Jul 29 06:54:01.576292 np0000006065 nova-scheduler[96663]: DEBUG oslo_db.sqlalchemy.engines [None req-9cee9aec-83e5-4b4d-b5fc-a5d3d4697469 None None] MySQL server mode set to STRICT_TRANS_TABLES,STRICT_ALL_TABLES,NO_ZERO_IN_DATE,NO_ZERO_DATE,ERROR_FOR_DIVISION_BY_ZERO,TRADITIONAL,NO_ENGINE_SUBSTITUTION {{(pid=96663) _check_effective_sql_mode /opt/stack/data/venv/lib/python3.12/site-packages/oslo_db/sqlalchemy/engines.py:325}}
Jul 29 06:54:01.577444 np0000006065 nova-scheduler[96659]: DEBUG nova.service [None req-6f861bda-f52d-4486-8b05-03658e3519ca None None] Creating RPC server for service: nova-scheduler on topic: scheduler {{(pid=96659) start /opt/stack/nova/nova/service.py:196}}
Jul 29 06:54:01.586642 np0000006065 nova-scheduler[96661]: DEBUG nova.service [None req-3a213b2b-7919-43c4-b4bd-5b4cafc917c6 None None] Join ServiceGroup membership for this service scheduler {{(pid=96661) start /opt/stack/nova/nova/service.py:222}}
Jul 29 06:54:01.586849 np0000006065 nova-scheduler[96663]: DEBUG dbcounter [-] [96663] Writer thread running {{(pid=96663) stat_writer /opt/stack/data/venv/lib/python3.12/site-packages/dbcounter.py:102}}
Jul 29 06:54:01.586954 np0000006065 nova-scheduler[96661]: DEBUG nova.servicegroup.drivers.db [None req-3a213b2b-7919-43c4-b4bd-5b4cafc917c6 None None] DB_Driver: join new ServiceGroup member np0000006065 to the scheduler group, service = {{(pid=96661) join /opt/stack/nova/nova/servicegroup/drivers/db.py:44}}
Jul 29 06:54:01.590118 np0000006065 nova-scheduler[96663]: DEBUG nova.service [None req-9cee9aec-83e5-4b4d-b5fc-a5d3d4697469 None None] Creating RPC server for service: nova-scheduler on topic: scheduler {{(pid=96663) start /opt/stack/nova/nova/service.py:196}}
Jul 29 06:54:01.592123 np0000006065 nova-scheduler[96657]: DEBUG nova.service [None req-23ed52fd-2f49-44ea-933c-e24c4e40e426 None None] Join ServiceGroup membership for this service scheduler {{(pid=96657) start /opt/stack/nova/nova/service.py:222}}
Jul 29 06:54:01.592362 np0000006065 nova-scheduler[96657]: DEBUG nova.servicegroup.drivers.db [None req-23ed52fd-2f49-44ea-933c-e24c4e40e426 None None] DB_Driver: join new ServiceGroup member np0000006065 to the scheduler group, service = {{(pid=96657) join /opt/stack/nova/nova/servicegroup/drivers/db.py:44}}
Jul 29 06:54:01.598199 np0000006065 nova-scheduler[96659]: DEBUG nova.service [None req-6f861bda-f52d-4486-8b05-03658e3519ca None None] Join ServiceGroup membership for this service scheduler {{(pid=96659) start /opt/stack/nova/nova/service.py:222}}
Jul 29 06:54:01.598413 np0000006065 nova-scheduler[96659]: DEBUG nova.servicegroup.drivers.db [None req-6f861bda-f52d-4486-8b05-03658e3519ca None None] DB_Driver: join new ServiceGroup member np0000006065 to the scheduler group, service = {{(pid=96659) join /opt/stack/nova/nova/servicegroup/drivers/db.py:44}}
Jul 29 06:54:01.608507 np0000006065 nova-scheduler[96663]: DEBUG nova.service [None req-9cee9aec-83e5-4b4d-b5fc-a5d3d4697469 None None] Join ServiceGroup membership for this service scheduler {{(pid=96663) start /opt/stack/nova/nova/service.py:222}}
Jul 29 06:54:01.608807 np0000006065 nova-scheduler[96663]: DEBUG nova.servicegroup.drivers.db [None req-9cee9aec-83e5-4b4d-b5fc-a5d3d4697469 None None] DB_Driver: join new ServiceGroup member np0000006065 to the scheduler group, service = {{(pid=96663) join /opt/stack/nova/nova/servicegroup/drivers/db.py:44}}
Jul 29 06:54:05.611972 np0000006065 nova-scheduler[96663]: DEBUG oslo.service.backend._threading.loopingcall [None req-941bab77-e954-4214-9d0e-5fa9e40bdd83 None None] Dynamic interval looping call 'nova.service.Service.periodic_tasks' sleeping for 60.00 seconds {{(pid=96663) _run_loop /opt/stack/data/venv/lib/python3.12/site-packages/oslo_service/backend/_threading/loopingcall.py:125}}
Jul 29 06:54:06.604890 np0000006065 nova-scheduler[96661]: DEBUG oslo.service.backend._threading.loopingcall [-] Fixed interval looping call 'nova.servicegroup.drivers.db.DbDriver._report_state' sleeping for 119.98 seconds {{(pid=96661) _run_loop /opt/stack/data/venv/lib/python3.12/site-packages/oslo_service/backend/_threading/loopingcall.py:125}}
Jul 29 06:54:06.605907 np0000006065 nova-scheduler[96657]: DEBUG oslo.service.backend._threading.loopingcall [-] Fixed interval looping call 'nova.servicegroup.drivers.db.DbDriver._report_state' sleeping for 119.99 seconds {{(pid=96657) _run_loop /opt/stack/data/venv/lib/python3.12/site-packages/oslo_service/backend/_threading/loopingcall.py:125}}
Jul 29 06:54:06.609388 np0000006065 nova-scheduler[96659]: DEBUG oslo.service.backend._threading.loopingcall [-] Fixed interval looping call 'nova.servicegroup.drivers.db.DbDriver._report_state' sleeping for 119.99 seconds {{(pid=96659) _run_loop /opt/stack/data/venv/lib/python3.12/site-packages/oslo_service/backend/_threading/loopingcall.py:125}}
Jul 29 06:54:06.619459 np0000006065 nova-scheduler[96663]: DEBUG oslo.service.backend._threading.loopingcall [-] Fixed interval looping call 'nova.servicegroup.drivers.db.DbDriver._report_state' sleeping for 119.99 seconds {{(pid=96663) _run_loop /opt/stack/data/venv/lib/python3.12/site-packages/oslo_service/backend/_threading/loopingcall.py:125}}
Jul 29 06:54:10.137342 np0000006065 nova-scheduler[95455]: DEBUG dbcounter [-] [95455] Writing DB stats nova_api:SELECT=3 {{(pid=95455) stat_writer /opt/stack/data/venv/lib/python3.12/site-packages/dbcounter.py:115}}
Jul 29 06:54:10.271744 np0000006065 nova-scheduler[95455]: DEBUG dbcounter [-] [95455] Writing DB stats nova_cell0:SELECT=1 {{(pid=95455) stat_writer /opt/stack/data/venv/lib/python3.12/site-packages/dbcounter.py:115}}
Jul 29 06:54:10.275149 np0000006065 nova-scheduler[95455]: DEBUG dbcounter [-] [95455] Writing DB stats nova_cell1:SELECT=1 {{(pid=95455) stat_writer /opt/stack/data/venv/lib/python3.12/site-packages/dbcounter.py:115}}
Jul 29 06:54:16.600746 np0000006065 nova-scheduler[96661]: DEBUG dbcounter [-] [96661] Writing DB stats nova_cell0:SELECT=3,nova_cell0:UPDATE=1 {{(pid=96661) stat_writer /opt/stack/data/venv/lib/python3.12/site-packages/dbcounter.py:115}}
Jul 29 06:54:16.604513 np0000006065 nova-scheduler[96657]: DEBUG dbcounter [-] [96657] Writing DB stats nova_cell0:SELECT=4,nova_cell0:INSERT=1,nova_cell0:UPDATE=1 {{(pid=96657) stat_writer /opt/stack/data/venv/lib/python3.12/site-packages/dbcounter.py:115}}
Jul 29 06:54:16.607070 np0000006065 nova-scheduler[96659]: DEBUG dbcounter [-] [96659] Writing DB stats nova_cell0:SELECT=3 {{(pid=96659) stat_writer /opt/stack/data/venv/lib/python3.12/site-packages/dbcounter.py:115}}
Jul 29 06:54:16.616968 np0000006065 nova-scheduler[96663]: DEBUG dbcounter [-] [96663] Writing DB stats nova_cell0:SELECT=3 {{(pid=96663) stat_writer /opt/stack/data/venv/lib/python3.12/site-packages/dbcounter.py:115}}
Jul 29 06:54:36.595682 np0000006065 nova-scheduler[96657]: DEBUG oslo.service.backend._threading.loopingcall [None req-0483b46c-2698-42e0-8042-b7f71ee27fc8 None None] Dynamic interval looping call 'nova.service.Service.periodic_tasks' sleeping for 60.00 seconds {{(pid=96657) _run_loop /opt/stack/data/venv/lib/python3.12/site-packages/oslo_service/backend/_threading/loopingcall.py:125}}
Jul 29 06:54:40.589177 np0000006065 nova-scheduler[96661]: DEBUG oslo.service.backend._threading.loopingcall [None req-3eb2a4c0-b81c-4053-84aa-1e88c314645d None None] Dynamic interval looping call 'nova.service.Service.periodic_tasks' sleeping for 60.00 seconds {{(pid=96661) _run_loop /opt/stack/data/venv/lib/python3.12/site-packages/oslo_service/backend/_threading/loopingcall.py:125}}
Jul 29 06:54:40.600721 np0000006065 nova-scheduler[96659]: DEBUG oslo.service.backend._threading.loopingcall [None req-fb569d94-a678-4ca5-ab64-5a9056902b11 None None] Dynamic interval looping call 'nova.service.Service.periodic_tasks' sleeping for 60.00 seconds {{(pid=96659) _run_loop /opt/stack/data/venv/lib/python3.12/site-packages/oslo_service/backend/_threading/loopingcall.py:125}}
Jul 29 06:55:05.612473 np0000006065 nova-scheduler[96663]: DEBUG oslo.service.backend._threading.loopingcall [None req-941bab77-e954-4214-9d0e-5fa9e40bdd83 None None] Dynamic interval looping call 'nova.service.Service.periodic_tasks' sleeping for 60.00 seconds {{(pid=96663) _run_loop /opt/stack/data/venv/lib/python3.12/site-packages/oslo_service/backend/_threading/loopingcall.py:125}}
Jul 29 06:55:36.596313 np0000006065 nova-scheduler[96657]: DEBUG oslo.service.backend._threading.loopingcall [None req-0483b46c-2698-42e0-8042-b7f71ee27fc8 None None] Dynamic interval looping call 'nova.service.Service.periodic_tasks' sleeping for 60.00 seconds {{(pid=96657) _run_loop /opt/stack/data/venv/lib/python3.12/site-packages/oslo_service/backend/_threading/loopingcall.py:125}}
Jul 29 06:55:40.589654 np0000006065 nova-scheduler[96661]: DEBUG oslo.service.backend._threading.loopingcall [None req-3eb2a4c0-b81c-4053-84aa-1e88c314645d None None] Dynamic interval looping call 'nova.service.Service.periodic_tasks' sleeping for 60.00 seconds {{(pid=96661) _run_loop /opt/stack/data/venv/lib/python3.12/site-packages/oslo_service/backend/_threading/loopingcall.py:125}}
Jul 29 06:55:40.601172 np0000006065 nova-scheduler[96659]: DEBUG oslo.service.backend._threading.loopingcall [None req-fb569d94-a678-4ca5-ab64-5a9056902b11 None None] Dynamic interval looping call 'nova.service.Service.periodic_tasks' sleeping for 60.00 seconds {{(pid=96659) _run_loop /opt/stack/data/venv/lib/python3.12/site-packages/oslo_service/backend/_threading/loopingcall.py:125}}
Jul 29 06:56:05.613001 np0000006065 nova-scheduler[96663]: DEBUG oslo.service.backend._threading.loopingcall [None req-941bab77-e954-4214-9d0e-5fa9e40bdd83 None None] Dynamic interval looping call 'nova.service.Service.periodic_tasks' sleeping for 60.00 seconds {{(pid=96663) _run_loop /opt/stack/data/venv/lib/python3.12/site-packages/oslo_service/backend/_threading/loopingcall.py:125}}
Jul 29 06:56:06.594018 np0000006065 nova-scheduler[96661]: DEBUG oslo.service.backend._threading.loopingcall [-] Fixed interval looping call 'nova.servicegroup.drivers.db.DbDriver._report_state' sleeping for 119.99 seconds {{(pid=96661) _run_loop /opt/stack/data/venv/lib/python3.12/site-packages/oslo_service/backend/_threading/loopingcall.py:125}}
Jul 29 06:56:06.599898 np0000006065 nova-scheduler[96657]: DEBUG oslo.service.backend._threading.loopingcall [-] Fixed interval looping call 'nova.servicegroup.drivers.db.DbDriver._report_state' sleeping for 120.00 seconds {{(pid=96657) _run_loop /opt/stack/data/venv/lib/python3.12/site-packages/oslo_service/backend/_threading/loopingcall.py:125}}
Jul 29 06:56:06.603201 np0000006065 nova-scheduler[96659]: DEBUG oslo.service.backend._threading.loopingcall [-] Fixed interval looping call 'nova.servicegroup.drivers.db.DbDriver._report_state' sleeping for 120.00 seconds {{(pid=96659) _run_loop /opt/stack/data/venv/lib/python3.12/site-packages/oslo_service/backend/_threading/loopingcall.py:125}}
Jul 29 06:56:06.613888 np0000006065 nova-scheduler[96663]: DEBUG oslo.service.backend._threading.loopingcall [-] Fixed interval looping call 'nova.servicegroup.drivers.db.DbDriver._report_state' sleeping for 120.00 seconds {{(pid=96663) _run_loop /opt/stack/data/venv/lib/python3.12/site-packages/oslo_service/backend/_threading/loopingcall.py:125}}
Jul 29 06:56:16.589051 np0000006065 nova-scheduler[96661]: DEBUG dbcounter [-] [96661] Writing DB stats nova_cell0:SELECT=1,nova_cell0:UPDATE=1 {{(pid=96661) stat_writer /opt/stack/data/venv/lib/python3.12/site-packages/dbcounter.py:115}}
Jul 29 06:56:16.598039 np0000006065 nova-scheduler[96657]: DEBUG dbcounter [-] [96657] Writing DB stats nova_cell0:SELECT=1 {{(pid=96657) stat_writer /opt/stack/data/venv/lib/python3.12/site-packages/dbcounter.py:115}}
Jul 29 06:56:16.601208 np0000006065 nova-scheduler[96659]: DEBUG dbcounter [-] [96659] Writing DB stats nova_cell0:SELECT=1 {{(pid=96659) stat_writer /opt/stack/data/venv/lib/python3.12/site-packages/dbcounter.py:115}}
Jul 29 06:56:16.613144 np0000006065 nova-scheduler[96663]: DEBUG dbcounter [-] [96663] Writing DB stats nova_cell0:SELECT=1 {{(pid=96663) stat_writer /opt/stack/data/venv/lib/python3.12/site-packages/dbcounter.py:115}}
Jul 29 06:56:35.853034 np0000006065 nova-scheduler[96661]: DEBUG nova.scheduler.manager [None req-0b5d6b88-6411-4663-af82-50498bdbc74d tempest-ServerActionsTestOtherA-5883561 tempest-ServerActionsTestOtherA-5883561-project-member] Starting to schedule for instances: ['0587b230-5f62-4ca3-b6e4-ab17c97ccd9e'] {{(pid=96661) select_destinations /opt/stack/nova/nova/scheduler/manager.py:209}}
Jul 29 06:56:35.853713 np0000006065 nova-scheduler[96661]: DEBUG nova.scheduler.request_filter [None req-0b5d6b88-6411-4663-af82-50498bdbc74d tempest-ServerActionsTestOtherA-5883561 tempest-ServerActionsTestOtherA-5883561-project-member] compute_status_filter request filter added forbidden trait COMPUTE_STATUS_DISABLED {{(pid=96661) compute_status_filter /opt/stack/nova/nova/scheduler/request_filter.py:253}}
Jul 29 06:56:35.853852 np0000006065 nova-scheduler[96661]: DEBUG nova.scheduler.request_filter [None req-0b5d6b88-6411-4663-af82-50498bdbc74d tempest-ServerActionsTestOtherA-5883561 tempest-ServerActionsTestOtherA-5883561-project-member] Request filter 'compute_status_filter' took 0.0 seconds {{(pid=96661) wrapper /opt/stack/nova/nova/scheduler/request_filter.py:46}}
Jul 29 06:56:35.854157 np0000006065 nova-scheduler[96661]: DEBUG nova.scheduler.request_filter [None req-0b5d6b88-6411-4663-af82-50498bdbc74d tempest-ServerActionsTestOtherA-5883561 tempest-ServerActionsTestOtherA-5883561-project-member] Request filter 'accelerators_filter' took 0.0 seconds {{(pid=96661) wrapper /opt/stack/nova/nova/scheduler/request_filter.py:46}}
Jul 29 06:56:35.854544 np0000006065 nova-scheduler[96661]: DEBUG nova.scheduler.request_filter [None req-0b5d6b88-6411-4663-af82-50498bdbc74d tempest-ServerActionsTestOtherA-5883561 tempest-ServerActionsTestOtherA-5883561-project-member] Request filter 'packed_virtqueue_filter' took 0.0 seconds {{(pid=96661) wrapper /opt/stack/nova/nova/scheduler/request_filter.py:46}}
Jul 29 06:56:35.856583 np0000006065 nova-scheduler[96661]: DEBUG nova.scheduler.request_filter [None req-0b5d6b88-6411-4663-af82-50498bdbc74d tempest-ServerActionsTestOtherA-5883561 tempest-ServerActionsTestOtherA-5883561-project-member] Request filter 'remote_managed_ports_filter' took 0.0 seconds {{(pid=96661) wrapper /opt/stack/nova/nova/scheduler/request_filter.py:46}}
Jul 29 06:56:35.856583 np0000006065 nova-scheduler[96661]: DEBUG nova.scheduler.request_filter [None req-0b5d6b88-6411-4663-af82-50498bdbc74d tempest-ServerActionsTestOtherA-5883561 tempest-ServerActionsTestOtherA-5883561-project-member] ephemeral_encryption_filter skipped {{(pid=96661) ephemeral_encryption_filter /opt/stack/nova/nova/scheduler/request_filter.py:426}}
Jul 29 06:56:35.856583 np0000006065 nova-scheduler[96661]: DEBUG nova.scheduler.request_filter [None req-0b5d6b88-6411-4663-af82-50498bdbc74d tempest-ServerActionsTestOtherA-5883561 tempest-ServerActionsTestOtherA-5883561-project-member] virtio_sound_filter skipped {{(pid=96661) virtio_sound_filter /opt/stack/nova/nova/scheduler/request_filter.py:460}}
Jul 29 06:56:35.856583 np0000006065 nova-scheduler[96661]: DEBUG nova.scheduler.request_filter [None req-0b5d6b88-6411-4663-af82-50498bdbc74d tempest-ServerActionsTestOtherA-5883561 tempest-ServerActionsTestOtherA-5883561-project-member] tpm_secret_security_filter skipped {{(pid=96661) tpm_secret_security_filter /opt/stack/nova/nova/scheduler/request_filter.py:477}}
Jul 29 06:56:36.597306 np0000006065 nova-scheduler[96657]: DEBUG oslo.service.backend._threading.loopingcall [None req-0483b46c-2698-42e0-8042-b7f71ee27fc8 None None] Dynamic interval looping call 'nova.service.Service.periodic_tasks' sleeping for 60.00 seconds {{(pid=96657) _run_loop /opt/stack/data/venv/lib/python3.12/site-packages/oslo_service/backend/_threading/loopingcall.py:125}}
Jul 29 06:56:36.747867 np0000006065 nova-scheduler[96657]: DEBUG nova.scheduler.manager [None req-5b5819dc-71ac-4f1f-aeac-1ec710ba8edb tempest-ServerActionsTestOtherB-198524837 tempest-ServerActionsTestOtherB-198524837-project-member] Starting to schedule for instances: ['b8a103b0-9a9b-4ff0-819a-fbfa352fb138'] {{(pid=96657) select_destinations /opt/stack/nova/nova/scheduler/manager.py:209}}
Jul 29 06:56:36.748920 np0000006065 nova-scheduler[96657]: DEBUG nova.scheduler.request_filter [None req-5b5819dc-71ac-4f1f-aeac-1ec710ba8edb tempest-ServerActionsTestOtherB-198524837 tempest-ServerActionsTestOtherB-198524837-project-member] compute_status_filter request filter added forbidden trait COMPUTE_STATUS_DISABLED {{(pid=96657) compute_status_filter /opt/stack/nova/nova/scheduler/request_filter.py:253}}
Jul 29 06:56:36.748920 np0000006065 nova-scheduler[96657]: DEBUG nova.scheduler.request_filter [None req-5b5819dc-71ac-4f1f-aeac-1ec710ba8edb tempest-ServerActionsTestOtherB-198524837 tempest-ServerActionsTestOtherB-198524837-project-member] Request filter 'compute_status_filter' took 0.0 seconds {{(pid=96657) wrapper /opt/stack/nova/nova/scheduler/request_filter.py:46}}
Jul 29 06:56:36.749154 np0000006065 nova-scheduler[96657]: DEBUG nova.scheduler.request_filter [None req-5b5819dc-71ac-4f1f-aeac-1ec710ba8edb tempest-ServerActionsTestOtherB-198524837 tempest-ServerActionsTestOtherB-198524837-project-member] Request filter 'accelerators_filter' took 0.0 seconds {{(pid=96657) wrapper /opt/stack/nova/nova/scheduler/request_filter.py:46}}
Jul 29 06:56:36.749486 np0000006065 nova-scheduler[96657]: DEBUG nova.scheduler.request_filter [None req-5b5819dc-71ac-4f1f-aeac-1ec710ba8edb tempest-ServerActionsTestOtherB-198524837 tempest-ServerActionsTestOtherB-198524837-project-member] Request filter 'packed_virtqueue_filter' took 0.0 seconds {{(pid=96657) wrapper /opt/stack/nova/nova/scheduler/request_filter.py:46}}
Jul 29 06:56:36.749774 np0000006065 nova-scheduler[96657]: DEBUG nova.scheduler.request_filter [None req-5b5819dc-71ac-4f1f-aeac-1ec710ba8edb tempest-ServerActionsTestOtherB-198524837 tempest-ServerActionsTestOtherB-198524837-project-member] Request filter 'remote_managed_ports_filter' took 0.0 seconds {{(pid=96657) wrapper /opt/stack/nova/nova/scheduler/request_filter.py:46}}
Jul 29 06:56:36.750123 np0000006065 nova-scheduler[96657]: DEBUG nova.scheduler.request_filter [None req-5b5819dc-71ac-4f1f-aeac-1ec710ba8edb tempest-ServerActionsTestOtherB-198524837 tempest-ServerActionsTestOtherB-198524837-project-member] ephemeral_encryption_filter skipped {{(pid=96657) ephemeral_encryption_filter /opt/stack/nova/nova/scheduler/request_filter.py:426}}
Jul 29 06:56:36.750202 np0000006065 nova-scheduler[96657]: DEBUG nova.scheduler.request_filter [None req-5b5819dc-71ac-4f1f-aeac-1ec710ba8edb tempest-ServerActionsTestOtherB-198524837 tempest-ServerActionsTestOtherB-198524837-project-member] virtio_sound_filter skipped {{(pid=96657) virtio_sound_filter /opt/stack/nova/nova/scheduler/request_filter.py:460}}
Jul 29 06:56:36.750860 np0000006065 nova-scheduler[96657]: DEBUG nova.scheduler.request_filter [None req-5b5819dc-71ac-4f1f-aeac-1ec710ba8edb tempest-ServerActionsTestOtherB-198524837 tempest-ServerActionsTestOtherB-198524837-project-member] tpm_secret_security_filter skipped {{(pid=96657) tpm_secret_security_filter /opt/stack/nova/nova/scheduler/request_filter.py:477}}
Jul 29 06:56:36.763927 np0000006065 nova-scheduler[96661]: INFO nova.utils [None req-0b5d6b88-6411-4663-af82-50498bdbc74d tempest-ServerActionsTestOtherA-5883561 tempest-ServerActionsTestOtherA-5883561-project-member] The cell worker thread pool ForkProcess-3.cell_worker is initialized
Jul 29 06:56:36.763927 np0000006065 nova-scheduler[96661]: DEBUG oslo_concurrency.lockutils [None req-0b5d6b88-6411-4663-af82-50498bdbc74d tempest-ServerActionsTestOtherA-5883561 tempest-ServerActionsTestOtherA-5883561-project-member] Acquiring lock "e3bae658-1885-4c06-8f1c-9a233f15d622" by "nova.context.set_target_cell..get_or_set_cached_cell_and_set_connections" {{(pid=96661) inner /opt/stack/data/venv/lib/python3.12/site-packages/oslo_concurrency/lockutils.py:512}}
