Jul 23 10:13:33.121497 np0000005750 nova-scheduler[96600]: DEBUG cotyledon.oslo_config_glue [-] workarounds.libvirt_disable_apic = False {{(pid=96600) log_opt_values /opt/stack/data/venv/lib/python3.12/site-packages/oslo_config/cfg.py:3253}}
Jul 23 10:13:33.121497 np0000005750 nova-scheduler[96600]: DEBUG cotyledon.oslo_config_glue [-] workarounds.never_download_image_if_on_rbd = False {{(pid=96600) log_opt_values /opt/stack/data/venv/lib/python3.12/site-packages/oslo_config/cfg.py:3253}}
Jul 23 10:13:33.121686 np0000005750 nova-scheduler[96600]: DEBUG cotyledon.oslo_config_glue [-] workarounds.qemu_monitor_announce_self_count = 3 {{(pid=96600) log_opt_values /opt/stack/data/venv/lib/python3.12/site-packages/oslo_config/cfg.py:3253}}
Jul 23 10:13:33.121686 np0000005750 nova-scheduler[96600]: DEBUG cotyledon.oslo_config_glue [-] workarounds.qemu_monitor_announce_self_interval = 1 {{(pid=96600) log_opt_values /opt/stack/data/venv/lib/python3.12/site-packages/oslo_config/cfg.py:3253}}
Jul 23 10:13:33.121686 np0000005750 nova-scheduler[96600]: DEBUG cotyledon.oslo_config_glue [-] workarounds.reserve_disk_resource_for_image_cache = False {{(pid=96600) log_opt_values /opt/stack/data/venv/lib/python3.12/site-packages/oslo_config/cfg.py:3253}}
Jul 23 10:13:33.121686 np0000005750 nova-scheduler[96600]: DEBUG cotyledon.oslo_config_glue [-] workarounds.skip_cpu_compare_at_startup = False {{(pid=96600) log_opt_values /opt/stack/data/venv/lib/python3.12/site-packages/oslo_config/cfg.py:3253}}
Jul 23 10:13:33.121686 np0000005750 nova-scheduler[96600]: DEBUG cotyledon.oslo_config_glue [-] workarounds.skip_cpu_compare_on_dest = False {{(pid=96600) log_opt_values /opt/stack/data/venv/lib/python3.12/site-packages/oslo_config/cfg.py:3253}}
Jul 23 10:13:33.121686 np0000005750 nova-scheduler[96600]: DEBUG cotyledon.oslo_config_glue [-] workarounds.skip_hypervisor_version_check_on_lm = False {{(pid=96600) log_opt_values /opt/stack/data/venv/lib/python3.12/site-packages/oslo_config/cfg.py:3253}}
Jul 23 10:13:33.121686 np0000005750 nova-scheduler[96600]: DEBUG cotyledon.oslo_config_glue [-] workarounds.skip_reserve_in_use_ironic_nodes = False {{(pid=96600) log_opt_values /opt/stack/data/venv/lib/python3.12/site-packages/oslo_config/cfg.py:3253}}
Jul 23 10:13:33.121686 np0000005750 nova-scheduler[96600]: DEBUG cotyledon.oslo_config_glue [-] workarounds.unified_limits_count_pcpu_as_vcpu = False {{(pid=96600) log_opt_values /opt/stack/data/venv/lib/python3.12/site-packages/oslo_config/cfg.py:3253}}
Jul 23 10:13:33.121854 np0000005750 nova-scheduler[96600]: DEBUG cotyledon.oslo_config_glue [-] workarounds.wait_for_vif_plugged_event_during_hard_reboot = [] {{(pid=96600) log_opt_values /opt/stack/data/venv/lib/python3.12/site-packages/oslo_config/cfg.py:3253}}
Jul 23 10:13:33.121854 np0000005750 nova-scheduler[96600]: DEBUG cotyledon.oslo_config_glue [-] wsgi.api_paste_config = /etc/nova/api-paste.ini {{(pid=96600) log_opt_values /opt/stack/data/venv/lib/python3.12/site-packages/oslo_config/cfg.py:3253}}
Jul 23 10:13:33.121854 np0000005750 nova-scheduler[96600]: DEBUG cotyledon.oslo_config_glue [-] wsgi.secure_proxy_ssl_header = None {{(pid=96600) log_opt_values /opt/stack/data/venv/lib/python3.12/site-packages/oslo_config/cfg.py:3253}}
Jul 23 10:13:33.121854 np0000005750 nova-scheduler[96600]: DEBUG cotyledon.oslo_config_glue [-] zvm.ca_file = None {{(pid=96600) log_opt_values /opt/stack/data/venv/lib/python3.12/site-packages/oslo_config/cfg.py:3253}}
Jul 23 10:13:33.121854 np0000005750 nova-scheduler[96600]: DEBUG cotyledon.oslo_config_glue [-] zvm.cloud_connector_url = None {{(pid=96600) log_opt_values /opt/stack/data/venv/lib/python3.12/site-packages/oslo_config/cfg.py:3253}}
Jul 23 10:13:33.121854 np0000005750 nova-scheduler[96600]: DEBUG cotyledon.oslo_config_glue [-] zvm.image_tmp_path = /opt/stack/data/nova/images {{(pid=96600) log_opt_values /opt/stack/data/venv/lib/python3.12/site-packages/oslo_config/cfg.py:3253}}
Jul 23 10:13:33.121854 np0000005750 nova-scheduler[96600]: DEBUG cotyledon.oslo_config_glue [-] zvm.reachable_timeout = 300 {{(pid=96600) log_opt_values /opt/stack/data/venv/lib/python3.12/site-packages/oslo_config/cfg.py:3253}}
Jul 23 10:13:33.121854 np0000005750 nova-scheduler[96600]: DEBUG cotyledon.oslo_config_glue [-] oslo_versionedobjects.fatal_exception_format_errors = False {{(pid=96600) log_opt_values /opt/stack/data/venv/lib/python3.12/site-packages/oslo_config/cfg.py:3253}}
Jul 23 10:13:33.121854 np0000005750 nova-scheduler[96600]: DEBUG cotyledon.oslo_config_glue [-] oslo_middleware.http_basic_auth_user_file = /etc/htpasswd {{(pid=96600) log_opt_values /opt/stack/data/venv/lib/python3.12/site-packages/oslo_config/cfg.py:3253}}
Jul 23 10:13:33.122162 np0000005750 nova-scheduler[96600]: DEBUG cotyledon.oslo_config_glue [-] oslo_messaging_metrics.metrics_buffer_size = 1000 {{(pid=96600) log_opt_values /opt/stack/data/venv/lib/python3.12/site-packages/oslo_config/cfg.py:3253}}
Jul 23 10:13:33.122162 np0000005750 nova-scheduler[96600]: DEBUG cotyledon.oslo_config_glue [-] oslo_messaging_metrics.metrics_enabled = False {{(pid=96600) log_opt_values /opt/stack/data/venv/lib/python3.12/site-packages/oslo_config/cfg.py:3253}}
Jul 23 10:13:33.122162 np0000005750 nova-scheduler[96600]: DEBUG cotyledon.oslo_config_glue [-] oslo_messaging_metrics.metrics_process_name = {{(pid=96600) log_opt_values /opt/stack/data/venv/lib/python3.12/site-packages/oslo_config/cfg.py:3253}}
Jul 23 10:13:33.122162 np0000005750 nova-scheduler[96600]: DEBUG cotyledon.oslo_config_glue [-] oslo_messaging_metrics.metrics_socket_file = /var/tmp/metrics_collector.sock {{(pid=96600) log_opt_values /opt/stack/data/venv/lib/python3.12/site-packages/oslo_config/cfg.py:3253}}
Jul 23 10:13:33.122162 np0000005750 nova-scheduler[96600]: DEBUG cotyledon.oslo_config_glue [-] oslo_messaging_metrics.metrics_thread_stop_timeout = 10 {{(pid=96600) log_opt_values /opt/stack/data/venv/lib/python3.12/site-packages/oslo_config/cfg.py:3253}}
Jul 23 10:13:33.122162 np0000005750 nova-scheduler[96600]: DEBUG cotyledon.oslo_config_glue [-] profiler.connection_string = messaging:// {{(pid=96600) log_opt_values /opt/stack/data/venv/lib/python3.12/site-packages/oslo_config/cfg.py:3253}}
Jul 23 10:13:33.122162 np0000005750 nova-scheduler[96600]: DEBUG cotyledon.oslo_config_glue [-] profiler.enabled = False {{(pid=96600) log_opt_values /opt/stack/data/venv/lib/python3.12/site-packages/oslo_config/cfg.py:3253}}
Jul 23 10:13:33.122162 np0000005750 nova-scheduler[96600]: DEBUG cotyledon.oslo_config_glue [-] profiler.es_doc_type = notification {{(pid=96600) log_opt_values /opt/stack/data/venv/lib/python3.12/site-packages/oslo_config/cfg.py:3253}}
Jul 23 10:13:33.122162 np0000005750 nova-scheduler[96600]: DEBUG cotyledon.oslo_config_glue [-] profiler.es_scroll_size = 10000 {{(pid=96600) log_opt_values /opt/stack/data/venv/lib/python3.12/site-packages/oslo_config/cfg.py:3253}}
Jul 23 10:13:33.122340 np0000005750 nova-scheduler[96600]: DEBUG cotyledon.oslo_config_glue [-] profiler.es_scroll_time = 2m {{(pid=96600) log_opt_values /opt/stack/data/venv/lib/python3.12/site-packages/oslo_config/cfg.py:3253}}
Jul 23 10:13:33.122340 np0000005750 nova-scheduler[96600]: DEBUG cotyledon.oslo_config_glue [-] profiler.filter_error_trace = False {{(pid=96600) log_opt_values /opt/stack/data/venv/lib/python3.12/site-packages/oslo_config/cfg.py:3253}}
Jul 23 10:13:33.122340 np0000005750 nova-scheduler[96600]: DEBUG cotyledon.oslo_config_glue [-] profiler.hmac_keys = **** {{(pid=96600) log_opt_values /opt/stack/data/venv/lib/python3.12/site-packages/oslo_config/cfg.py:3253}}
Jul 23 10:13:33.122340 np0000005750 nova-scheduler[96600]: DEBUG cotyledon.oslo_config_glue [-] profiler.sentinel_service_name = mymaster {{(pid=96600) log_opt_values /opt/stack/data/venv/lib/python3.12/site-packages/oslo_config/cfg.py:3253}}
Jul 23 10:13:33.122340 np0000005750 nova-scheduler[96600]: DEBUG cotyledon.oslo_config_glue [-] profiler.socket_timeout = 0.1 {{(pid=96600) log_opt_values /opt/stack/data/venv/lib/python3.12/site-packages/oslo_config/cfg.py:3253}}
Jul 23 10:13:33.122340 np0000005750 nova-scheduler[96600]: DEBUG cotyledon.oslo_config_glue [-] profiler.trace_requests = False {{(pid=96600) log_opt_values /opt/stack/data/venv/lib/python3.12/site-packages/oslo_config/cfg.py:3253}}
Jul 23 10:13:33.122340 np0000005750 nova-scheduler[96600]: DEBUG cotyledon.oslo_config_glue [-] profiler.trace_sqlalchemy = False {{(pid=96600) log_opt_values /opt/stack/data/venv/lib/python3.12/site-packages/oslo_config/cfg.py:3253}}
Jul 23 10:13:33.122524 np0000005750 nova-scheduler[96605]: INFO dbcounter [None req-64679633-f400-4520-8d6e-2bb9817440dc None None] Registered counter for database nova_cell0
Jul 23 10:13:33.122555 np0000005750 nova-scheduler[96600]: DEBUG cotyledon.oslo_config_glue [-] profiler_jaeger.process_tags = {} {{(pid=96600) log_opt_values /opt/stack/data/venv/lib/python3.12/site-packages/oslo_config/cfg.py:3253}}
Jul 23 10:13:33.122555 np0000005750 nova-scheduler[96600]: DEBUG cotyledon.oslo_config_glue [-] profiler_jaeger.service_name_prefix = None {{(pid=96600) log_opt_values /opt/stack/data/venv/lib/python3.12/site-packages/oslo_config/cfg.py:3253}}
Jul 23 10:13:33.122555 np0000005750 nova-scheduler[96600]: DEBUG cotyledon.oslo_config_glue [-] profiler_otlp.service_name_prefix = None {{(pid=96600) log_opt_values /opt/stack/data/venv/lib/python3.12/site-packages/oslo_config/cfg.py:3253}}
Jul 23 10:13:33.122555 np0000005750 nova-scheduler[96600]: DEBUG cotyledon.oslo_config_glue [-] oslo_messaging_rabbit.amqp_auto_delete = False {{(pid=96600) log_opt_values /opt/stack/data/venv/lib/python3.12/site-packages/oslo_config/cfg.py:3253}}
Jul 23 10:13:33.122555 np0000005750 nova-scheduler[96600]: DEBUG cotyledon.oslo_config_glue [-] oslo_messaging_rabbit.amqp_durable_queues = False {{(pid=96600) log_opt_values /opt/stack/data/venv/lib/python3.12/site-packages/oslo_config/cfg.py:3253}}
Jul 23 10:13:33.122555 np0000005750 nova-scheduler[96600]: DEBUG cotyledon.oslo_config_glue [-] oslo_messaging_rabbit.conn_pool_min_size = 2 {{(pid=96600) log_opt_values /opt/stack/data/venv/lib/python3.12/site-packages/oslo_config/cfg.py:3253}}
Jul 23 10:13:33.122555 np0000005750 nova-scheduler[96600]: DEBUG cotyledon.oslo_config_glue [-] oslo_messaging_rabbit.conn_pool_ttl = 1200 {{(pid=96600) log_opt_values /opt/stack/data/venv/lib/python3.12/site-packages/oslo_config/cfg.py:3253}}
Jul 23 10:13:33.122555 np0000005750 nova-scheduler[96600]: DEBUG cotyledon.oslo_config_glue [-] oslo_messaging_rabbit.direct_mandatory_flag = True {{(pid=96600) log_opt_values /opt/stack/data/venv/lib/python3.12/site-packages/oslo_config/cfg.py:3253}}
Jul 23 10:13:33.122555 np0000005750 nova-scheduler[96600]: DEBUG cotyledon.oslo_config_glue [-] oslo_messaging_rabbit.enable_cancel_on_failover = False {{(pid=96600) log_opt_values /opt/stack/data/venv/lib/python3.12/site-packages/oslo_config/cfg.py:3253}}
Jul 23 10:13:33.122772 np0000005750 nova-scheduler[96600]: DEBUG cotyledon.oslo_config_glue [-] oslo_messaging_rabbit.heartbeat_rate = 3 {{(pid=96600) log_opt_values /opt/stack/data/venv/lib/python3.12/site-packages/oslo_config/cfg.py:3253}}
Jul 23 10:13:33.122772 np0000005750 nova-scheduler[96600]: DEBUG cotyledon.oslo_config_glue [-] oslo_messaging_rabbit.heartbeat_timeout_threshold = 60 {{(pid=96600) log_opt_values /opt/stack/data/venv/lib/python3.12/site-packages/oslo_config/cfg.py:3253}}
Jul 23 10:13:33.122772 np0000005750 nova-scheduler[96600]: DEBUG cotyledon.oslo_config_glue [-] oslo_messaging_rabbit.hostname = np0000005750 {{(pid=96600) log_opt_values /opt/stack/data/venv/lib/python3.12/site-packages/oslo_config/cfg.py:3253}}
Jul 23 10:13:33.122772 np0000005750 nova-scheduler[96600]: DEBUG cotyledon.oslo_config_glue [-] oslo_messaging_rabbit.kombu_compression = None {{(pid=96600) log_opt_values /opt/stack/data/venv/lib/python3.12/site-packages/oslo_config/cfg.py:3253}}
Jul 23 10:13:33.122772 np0000005750 nova-scheduler[96600]: DEBUG cotyledon.oslo_config_glue [-] oslo_messaging_rabbit.kombu_failover_strategy = round-robin {{(pid=96600) log_opt_values /opt/stack/data/venv/lib/python3.12/site-packages/oslo_config/cfg.py:3253}}
Jul 23 10:13:33.122772 np0000005750 nova-scheduler[96600]: DEBUG cotyledon.oslo_config_glue [-] oslo_messaging_rabbit.kombu_missing_consumer_retry_timeout = 60 {{(pid=96600) log_opt_values /opt/stack/data/venv/lib/python3.12/site-packages/oslo_config/cfg.py:3253}}
Jul 23 10:13:33.122772 np0000005750 nova-scheduler[96600]: DEBUG cotyledon.oslo_config_glue [-] oslo_messaging_rabbit.kombu_reconnect_delay = 1.0 {{(pid=96600) log_opt_values /opt/stack/data/venv/lib/python3.12/site-packages/oslo_config/cfg.py:3253}}
Jul 23 10:13:33.122772 np0000005750 nova-scheduler[96600]: DEBUG cotyledon.oslo_config_glue [-] oslo_messaging_rabbit.kombu_reconnect_splay = 0.0 {{(pid=96600) log_opt_values /opt/stack/data/venv/lib/python3.12/site-packages/oslo_config/cfg.py:3253}}
Jul 23 10:13:33.122772 np0000005750 nova-scheduler[96600]: DEBUG cotyledon.oslo_config_glue [-] oslo_messaging_rabbit.processname = nova-scheduler {{(pid=96600) log_opt_values /opt/stack/data/venv/lib/python3.12/site-packages/oslo_config/cfg.py:3253}}
Jul 23 10:13:33.122985 np0000005750 nova-scheduler[96600]: DEBUG cotyledon.oslo_config_glue [-] oslo_messaging_rabbit.rabbit_ha_queues = False {{(pid=96600) log_opt_values /opt/stack/data/venv/lib/python3.12/site-packages/oslo_config/cfg.py:3253}}
Jul 23 10:13:33.122985 np0000005750 nova-scheduler[96600]: DEBUG cotyledon.oslo_config_glue [-] oslo_messaging_rabbit.rabbit_interval_max = 30 {{(pid=96600) log_opt_values /opt/stack/data/venv/lib/python3.12/site-packages/oslo_config/cfg.py:3253}}
Jul 23 10:13:33.122985 np0000005750 nova-scheduler[96600]: DEBUG cotyledon.oslo_config_glue [-] oslo_messaging_rabbit.rabbit_login_method = AMQPLAIN {{(pid=96600) log_opt_values /opt/stack/data/venv/lib/python3.12/site-packages/oslo_config/cfg.py:3253}}
Jul 23 10:13:33.122985 np0000005750 nova-scheduler[96600]: DEBUG cotyledon.oslo_config_glue [-] oslo_messaging_rabbit.rabbit_qos_prefetch_count = 0 {{(pid=96600) log_opt_values /opt/stack/data/venv/lib/python3.12/site-packages/oslo_config/cfg.py:3253}}
Jul 23 10:13:33.122985 np0000005750 nova-scheduler[96600]: DEBUG cotyledon.oslo_config_glue [-] oslo_messaging_rabbit.rabbit_quorum_delivery_limit = 0 {{(pid=96600) log_opt_values /opt/stack/data/venv/lib/python3.12/site-packages/oslo_config/cfg.py:3253}}
Jul 23 10:13:33.122985 np0000005750 nova-scheduler[96600]: DEBUG cotyledon.oslo_config_glue [-] oslo_messaging_rabbit.rabbit_quorum_max_memory_bytes = 0 {{(pid=96600) log_opt_values /opt/stack/data/venv/lib/python3.12/site-packages/oslo_config/cfg.py:3253}}
Jul 23 10:13:33.122985 np0000005750 nova-scheduler[96600]: DEBUG cotyledon.oslo_config_glue [-] oslo_messaging_rabbit.rabbit_quorum_max_memory_length = 0 {{(pid=96600) log_opt_values /opt/stack/data/venv/lib/python3.12/site-packages/oslo_config/cfg.py:3253}}
Jul 23 10:13:33.122985 np0000005750 nova-scheduler[96600]: DEBUG cotyledon.oslo_config_glue [-] oslo_messaging_rabbit.rabbit_quorum_queue = False {{(pid=96600) log_opt_values /opt/stack/data/venv/lib/python3.12/site-packages/oslo_config/cfg.py:3253}}
Jul 23 10:13:33.122985 np0000005750 nova-scheduler[96600]: DEBUG cotyledon.oslo_config_glue [-] oslo_messaging_rabbit.rabbit_retry_backoff = 2 {{(pid=96600) log_opt_values /opt/stack/data/venv/lib/python3.12/site-packages/oslo_config/cfg.py:3253}}
Jul 23 10:13:33.123188 np0000005750 nova-scheduler[96600]: DEBUG cotyledon.oslo_config_glue [-] oslo_messaging_rabbit.rabbit_retry_interval = 1 {{(pid=96600) log_opt_values /opt/stack/data/venv/lib/python3.12/site-packages/oslo_config/cfg.py:3253}}
Jul 23 10:13:33.123188 np0000005750 nova-scheduler[96600]: DEBUG cotyledon.oslo_config_glue [-] oslo_messaging_rabbit.rabbit_stream_fanout = False {{(pid=96600) log_opt_values /opt/stack/data/venv/lib/python3.12/site-packages/oslo_config/cfg.py:3253}}
Jul 23 10:13:33.123188 np0000005750 nova-scheduler[96600]: DEBUG cotyledon.oslo_config_glue [-] oslo_messaging_rabbit.rabbit_transient_queues_ttl = 1800 {{(pid=96600) log_opt_values /opt/stack/data/venv/lib/python3.12/site-packages/oslo_config/cfg.py:3253}}
Jul 23 10:13:33.123188 np0000005750 nova-scheduler[96600]: DEBUG cotyledon.oslo_config_glue [-] oslo_messaging_rabbit.rabbit_transient_quorum_queue = False {{(pid=96600) log_opt_values /opt/stack/data/venv/lib/python3.12/site-packages/oslo_config/cfg.py:3253}}
Jul 23 10:13:33.123188 np0000005750 nova-scheduler[96600]: DEBUG cotyledon.oslo_config_glue [-] oslo_messaging_rabbit.rpc_conn_pool_size = 30 {{(pid=96600) log_opt_values /opt/stack/data/venv/lib/python3.12/site-packages/oslo_config/cfg.py:3253}}
Jul 23 10:13:33.123188 np0000005750 nova-scheduler[96600]: DEBUG cotyledon.oslo_config_glue [-] oslo_messaging_rabbit.ssl = False {{(pid=96600) log_opt_values /opt/stack/data/venv/lib/python3.12/site-packages/oslo_config/cfg.py:3253}}
Jul 23 10:13:33.123188 np0000005750 nova-scheduler[96600]: DEBUG cotyledon.oslo_config_glue [-] oslo_messaging_rabbit.ssl_ca_file = {{(pid=96600) log_opt_values /opt/stack/data/venv/lib/python3.12/site-packages/oslo_config/cfg.py:3253}}
Jul 23 10:13:33.123188 np0000005750 nova-scheduler[96600]: DEBUG cotyledon.oslo_config_glue [-] oslo_messaging_rabbit.ssl_cert_file = {{(pid=96600) log_opt_values /opt/stack/data/venv/lib/python3.12/site-packages/oslo_config/cfg.py:3253}}
Jul 23 10:13:33.123188 np0000005750 nova-scheduler[96600]: DEBUG cotyledon.oslo_config_glue [-] oslo_messaging_rabbit.ssl_enforce_fips_mode = False {{(pid=96600) log_opt_values /opt/stack/data/venv/lib/python3.12/site-packages/oslo_config/cfg.py:3253}}
Jul 23 10:13:33.123363 np0000005750 nova-scheduler[96600]: DEBUG cotyledon.oslo_config_glue [-] oslo_messaging_rabbit.ssl_enforce_hostname_verification = True {{(pid=96600) log_opt_values /opt/stack/data/venv/lib/python3.12/site-packages/oslo_config/cfg.py:3253}}
Jul 23 10:13:33.123363 np0000005750 nova-scheduler[96600]: DEBUG cotyledon.oslo_config_glue [-] oslo_messaging_rabbit.ssl_key_file = {{(pid=96600) log_opt_values /opt/stack/data/venv/lib/python3.12/site-packages/oslo_config/cfg.py:3253}}
Jul 23 10:13:33.123363 np0000005750 nova-scheduler[96600]: DEBUG cotyledon.oslo_config_glue [-] oslo_messaging_rabbit.ssl_version = {{(pid=96600) log_opt_values /opt/stack/data/venv/lib/python3.12/site-packages/oslo_config/cfg.py:3253}}
Jul 23 10:13:33.123363 np0000005750 nova-scheduler[96600]: DEBUG cotyledon.oslo_config_glue [-] oslo_messaging_rabbit.use_queue_manager = False {{(pid=96600) log_opt_values /opt/stack/data/venv/lib/python3.12/site-packages/oslo_config/cfg.py:3253}}
Jul 23 10:13:33.123363 np0000005750 nova-scheduler[96600]: DEBUG cotyledon.oslo_config_glue [-] oslo_messaging_notifications.driver = ['messagingv2'] {{(pid=96600) log_opt_values /opt/stack/data/venv/lib/python3.12/site-packages/oslo_config/cfg.py:3253}}
Jul 23 10:13:33.123363 np0000005750 nova-scheduler[96600]: DEBUG cotyledon.oslo_config_glue [-] oslo_messaging_notifications.retry = -1 {{(pid=96600) log_opt_values /opt/stack/data/venv/lib/python3.12/site-packages/oslo_config/cfg.py:3253}}
Jul 23 10:13:33.123363 np0000005750 nova-scheduler[96600]: DEBUG cotyledon.oslo_config_glue [-] oslo_messaging_notifications.topics = ['notifications'] {{(pid=96600) log_opt_values /opt/stack/data/venv/lib/python3.12/site-packages/oslo_config/cfg.py:3253}}
Jul 23 10:13:33.123363 np0000005750 nova-scheduler[96600]: DEBUG cotyledon.oslo_config_glue [-] oslo_messaging_notifications.transport_url = **** {{(pid=96600) log_opt_values /opt/stack/data/venv/lib/python3.12/site-packages/oslo_config/cfg.py:3253}}
Jul 23 10:13:33.123363 np0000005750 nova-scheduler[96600]: DEBUG cotyledon.oslo_config_glue [-] oslo_limit.auth_section = None {{(pid=96600) log_opt_values /opt/stack/data/venv/lib/python3.12/site-packages/oslo_config/cfg.py:3253}}
Jul 23 10:13:33.123600 np0000005750 nova-scheduler[96600]: DEBUG cotyledon.oslo_config_glue [-] oslo_limit.auth_type = None {{(pid=96600) log_opt_values /opt/stack/data/venv/lib/python3.12/site-packages/oslo_config/cfg.py:3253}}
Jul 23 10:13:33.123600 np0000005750 nova-scheduler[96600]: DEBUG cotyledon.oslo_config_glue [-] oslo_limit.cafile = None {{(pid=96600) log_opt_values /opt/stack/data/venv/lib/python3.12/site-packages/oslo_config/cfg.py:3253}}
Jul 23 10:13:33.123600 np0000005750 nova-scheduler[96600]: DEBUG cotyledon.oslo_config_glue [-] oslo_limit.certfile = None {{(pid=96600) log_opt_values /opt/stack/data/venv/lib/python3.12/site-packages/oslo_config/cfg.py:3253}}
Jul 23 10:13:33.123600 np0000005750 nova-scheduler[96600]: DEBUG cotyledon.oslo_config_glue [-] oslo_limit.collect_timing = False {{(pid=96600) log_opt_values /opt/stack/data/venv/lib/python3.12/site-packages/oslo_config/cfg.py:3253}}
Jul 23 10:13:33.123600 np0000005750 nova-scheduler[96600]: DEBUG cotyledon.oslo_config_glue [-] oslo_limit.connect_retries = None {{(pid=96600) log_opt_values /opt/stack/data/venv/lib/python3.12/site-packages/oslo_config/cfg.py:3253}}
Jul 23 10:13:33.123600 np0000005750 nova-scheduler[96600]: DEBUG cotyledon.oslo_config_glue [-] oslo_limit.connect_retry_delay = None {{(pid=96600) log_opt_values /opt/stack/data/venv/lib/python3.12/site-packages/oslo_config/cfg.py:3253}}
Jul 23 10:13:33.123600 np0000005750 nova-scheduler[96600]: DEBUG cotyledon.oslo_config_glue [-] oslo_limit.endpoint_id = None {{(pid=96600) log_opt_values /opt/stack/data/venv/lib/python3.12/site-packages/oslo_config/cfg.py:3253}}
Jul 23 10:13:33.123600 np0000005750 nova-scheduler[96600]: DEBUG cotyledon.oslo_config_glue [-] oslo_limit.endpoint_interface = public {{(pid=96600) log_opt_values /opt/stack/data/venv/lib/python3.12/site-packages/oslo_config/cfg.py:3253}}
Jul 23 10:13:33.123600 np0000005750 nova-scheduler[96600]: DEBUG cotyledon.oslo_config_glue [-] oslo_limit.endpoint_override = None {{(pid=96600) log_opt_values /opt/stack/data/venv/lib/python3.12/site-packages/oslo_config/cfg.py:3253}}
Jul 23 10:13:33.124120 np0000005750 nova-scheduler[96600]: DEBUG cotyledon.oslo_config_glue [-] oslo_limit.endpoint_region_name = None {{(pid=96600) log_opt_values /opt/stack/data/venv/lib/python3.12/site-packages/oslo_config/cfg.py:3253}}
Jul 23 10:13:33.124120 np0000005750 nova-scheduler[96600]: DEBUG cotyledon.oslo_config_glue [-] oslo_limit.endpoint_service_name = None {{(pid=96600) log_opt_values /opt/stack/data/venv/lib/python3.12/site-packages/oslo_config/cfg.py:3253}}
Jul 23 10:13:33.124120 np0000005750 nova-scheduler[96600]: DEBUG cotyledon.oslo_config_glue [-] oslo_limit.endpoint_service_type = None {{(pid=96600) log_opt_values /opt/stack/data/venv/lib/python3.12/site-packages/oslo_config/cfg.py:3253}}
Jul 23 10:13:33.124120 np0000005750 nova-scheduler[96600]: DEBUG cotyledon.oslo_config_glue [-] oslo_limit.insecure = False {{(pid=96600) log_opt_values /opt/stack/data/venv/lib/python3.12/site-packages/oslo_config/cfg.py:3253}}
Jul 23 10:13:33.124120 np0000005750 nova-scheduler[96600]: DEBUG cotyledon.oslo_config_glue [-] oslo_limit.keyfile = None {{(pid=96600) log_opt_values /opt/stack/data/venv/lib/python3.12/site-packages/oslo_config/cfg.py:3253}}
Jul 23 10:13:33.124120 np0000005750 nova-scheduler[96600]: DEBUG cotyledon.oslo_config_glue [-] oslo_limit.max_version = None {{(pid=96600) log_opt_values /opt/stack/data/venv/lib/python3.12/site-packages/oslo_config/cfg.py:3253}}
Jul 23 10:13:33.124120 np0000005750 nova-scheduler[96600]: DEBUG cotyledon.oslo_config_glue [-] oslo_limit.min_version = None {{(pid=96600) log_opt_values /opt/stack/data/venv/lib/python3.12/site-packages/oslo_config/cfg.py:3253}}
Jul 23 10:13:33.124120 np0000005750 nova-scheduler[96600]: DEBUG cotyledon.oslo_config_glue [-] oslo_limit.region_name = None {{(pid=96600) log_opt_values /opt/stack/data/venv/lib/python3.12/site-packages/oslo_config/cfg.py:3253}}
Jul 23 10:13:33.124120 np0000005750 nova-scheduler[96600]: DEBUG cotyledon.oslo_config_glue [-] oslo_limit.retriable_status_codes = None {{(pid=96600) log_opt_values /opt/stack/data/venv/lib/python3.12/site-packages/oslo_config/cfg.py:3253}}
Jul 23 10:13:33.124320 np0000005750 nova-scheduler[96600]: DEBUG cotyledon.oslo_config_glue [-] oslo_limit.service_name = None {{(pid=96600) log_opt_values /opt/stack/data/venv/lib/python3.12/site-packages/oslo_config/cfg.py:3253}}
Jul 23 10:13:33.124320 np0000005750 nova-scheduler[96600]: DEBUG cotyledon.oslo_config_glue [-] oslo_limit.service_type = None {{(pid=96600) log_opt_values /opt/stack/data/venv/lib/python3.12/site-packages/oslo_config/cfg.py:3253}}
Jul 23 10:13:33.124320 np0000005750 nova-scheduler[96600]: DEBUG cotyledon.oslo_config_glue [-] oslo_limit.split_loggers = False {{(pid=96600) log_opt_values /opt/stack/data/venv/lib/python3.12/site-packages/oslo_config/cfg.py:3253}}
Jul 23 10:13:33.124320 np0000005750 nova-scheduler[96600]: DEBUG cotyledon.oslo_config_glue [-] oslo_limit.status_code_retries = None {{(pid=96600) log_opt_values /opt/stack/data/venv/lib/python3.12/site-packages/oslo_config/cfg.py:3253}}
Jul 23 10:13:33.124320 np0000005750 nova-scheduler[96600]: DEBUG cotyledon.oslo_config_glue [-] oslo_limit.status_code_retry_delay = None {{(pid=96600) log_opt_values /opt/stack/data/venv/lib/python3.12/site-packages/oslo_config/cfg.py:3253}}
Jul 23 10:13:33.124320 np0000005750 nova-scheduler[96600]: DEBUG cotyledon.oslo_config_glue [-] oslo_limit.timeout = None {{(pid=96600) log_opt_values /opt/stack/data/venv/lib/python3.12/site-packages/oslo_config/cfg.py:3253}}
Jul 23 10:13:33.124320 np0000005750 nova-scheduler[96600]: DEBUG cotyledon.oslo_config_glue [-] oslo_limit.valid_interfaces = None {{(pid=96600) log_opt_values /opt/stack/data/venv/lib/python3.12/site-packages/oslo_config/cfg.py:3253}}
Jul 23 10:13:33.124320 np0000005750 nova-scheduler[96600]: DEBUG cotyledon.oslo_config_glue [-] oslo_limit.version = None {{(pid=96600) log_opt_values /opt/stack/data/venv/lib/python3.12/site-packages/oslo_config/cfg.py:3253}}
Jul 23 10:13:33.124320 np0000005750 nova-scheduler[96600]: DEBUG cotyledon.oslo_config_glue [-] oslo_reports.file_event_handler = None {{(pid=96600) log_opt_values /opt/stack/data/venv/lib/python3.12/site-packages/oslo_config/cfg.py:3253}}
Jul 23 10:13:33.124544 np0000005750 nova-scheduler[96600]: DEBUG cotyledon.oslo_config_glue [-] oslo_reports.file_event_handler_interval = 1 {{(pid=96600) log_opt_values /opt/stack/data/venv/lib/python3.12/site-packages/oslo_config/cfg.py:3253}}
Jul 23 10:13:33.124544 np0000005750 nova-scheduler[96600]: DEBUG cotyledon.oslo_config_glue [-] oslo_reports.log_dir = None {{(pid=96600) log_opt_values /opt/stack/data/venv/lib/python3.12/site-packages/oslo_config/cfg.py:3253}}
Jul 23 10:13:33.124544 np0000005750 nova-scheduler[96600]: DEBUG cotyledon.oslo_config_glue [-] ******************************************************************************** {{(pid=96600) log_opt_values /opt/stack/data/venv/lib/python3.12/site-packages/oslo_config/cfg.py:3260}}
Jul 23 10:13:33.124544 np0000005750 nova-scheduler[96600]: DEBUG cotyledon._service_worker [-] Run service ServiceWrapper(2) [96600] {{(pid=96600) wait_forever /opt/stack/data/venv/lib/python3.12/site-packages/cotyledon/_service_worker.py:218}}
Jul 23 10:13:33.124544 np0000005750 nova-scheduler[96600]: INFO nova.service [-] Starting scheduler node (version 33.1.0)
Jul 23 10:13:33.124662 np0000005750 nova-scheduler[96596]: DEBUG oslo_db.sqlalchemy.engines [None req-0c715c5f-e69a-4348-8607-3087cbf5d48e None None] MySQL server mode set to STRICT_TRANS_TABLES,STRICT_ALL_TABLES,NO_ZERO_IN_DATE,NO_ZERO_DATE,ERROR_FOR_DIVISION_BY_ZERO,TRADITIONAL,NO_ENGINE_SUBSTITUTION {{(pid=96596) _check_effective_sql_mode /opt/stack/data/venv/lib/python3.12/site-packages/oslo_db/sqlalchemy/engines.py:325}}
Jul 23 10:13:33.124698 np0000005750 nova-scheduler[96600]: INFO dbcounter [None req-353a2208-4279-4a9b-9415-bebb9b89bc35 None None] Registered counter for database nova_cell0
Jul 23 10:13:33.124729 np0000005750 nova-scheduler[96598]: DEBUG oslo_db.sqlalchemy.engines [None req-4bfa9a76-57b0-48c2-9f19-0d333dc7058e None None] MySQL server mode set to STRICT_TRANS_TABLES,STRICT_ALL_TABLES,NO_ZERO_IN_DATE,NO_ZERO_DATE,ERROR_FOR_DIVISION_BY_ZERO,TRADITIONAL,NO_ENGINE_SUBSTITUTION {{(pid=96598) _check_effective_sql_mode /opt/stack/data/venv/lib/python3.12/site-packages/oslo_db/sqlalchemy/engines.py:325}}
Jul 23 10:13:33.124761 np0000005750 nova-scheduler[96596]: DEBUG dbcounter [-] [96596] Writer thread running {{(pid=96596) stat_writer /opt/stack/data/venv/lib/python3.12/site-packages/dbcounter.py:102}}
Jul 23 10:13:33.124788 np0000005750 nova-scheduler[96598]: DEBUG dbcounter [-] [96598] Writer thread running {{(pid=96598) stat_writer /opt/stack/data/venv/lib/python3.12/site-packages/dbcounter.py:102}}
Jul 23 10:13:33.131127 np0000005750 nova-scheduler[96596]: DEBUG nova.service [None req-0c715c5f-e69a-4348-8607-3087cbf5d48e None None] Creating RPC server for service: nova-scheduler on topic: scheduler {{(pid=96596) start /opt/stack/nova/nova/service.py:196}}
Jul 23 10:13:33.146780 np0000005750 nova-scheduler[96598]: DEBUG nova.service [None req-4bfa9a76-57b0-48c2-9f19-0d333dc7058e None None] Creating RPC server for service: nova-scheduler on topic: scheduler {{(pid=96598) start /opt/stack/nova/nova/service.py:196}}
Jul 23 10:13:33.150520 np0000005750 nova-scheduler[96600]: DEBUG oslo_db.sqlalchemy.engines [None req-353a2208-4279-4a9b-9415-bebb9b89bc35 None None] MySQL server mode set to STRICT_TRANS_TABLES,STRICT_ALL_TABLES,NO_ZERO_IN_DATE,NO_ZERO_DATE,ERROR_FOR_DIVISION_BY_ZERO,TRADITIONAL,NO_ENGINE_SUBSTITUTION {{(pid=96600) _check_effective_sql_mode /opt/stack/data/venv/lib/python3.12/site-packages/oslo_db/sqlalchemy/engines.py:325}}
Jul 23 10:13:33.153630 np0000005750 nova-scheduler[96605]: DEBUG oslo_db.sqlalchemy.engines [None req-64679633-f400-4520-8d6e-2bb9817440dc None None] MySQL server mode set to STRICT_TRANS_TABLES,STRICT_ALL_TABLES,NO_ZERO_IN_DATE,NO_ZERO_DATE,ERROR_FOR_DIVISION_BY_ZERO,TRADITIONAL,NO_ENGINE_SUBSTITUTION {{(pid=96605) _check_effective_sql_mode /opt/stack/data/venv/lib/python3.12/site-packages/oslo_db/sqlalchemy/engines.py:325}}
Jul 23 10:13:33.159833 np0000005750 nova-scheduler[96596]: DEBUG nova.service [None req-0c715c5f-e69a-4348-8607-3087cbf5d48e None None] Join ServiceGroup membership for this service scheduler {{(pid=96596) start /opt/stack/nova/nova/service.py:222}}
Jul 23 10:13:33.160078 np0000005750 nova-scheduler[96596]: DEBUG nova.servicegroup.drivers.db [None req-0c715c5f-e69a-4348-8607-3087cbf5d48e None None] DB_Driver: join new ServiceGroup member np0000005750 to the scheduler group, service = {{(pid=96596) join /opt/stack/nova/nova/servicegroup/drivers/db.py:44}}
Jul 23 10:13:33.161608 np0000005750 nova-scheduler[96600]: DEBUG dbcounter [-] [96600] Writer thread running {{(pid=96600) stat_writer /opt/stack/data/venv/lib/python3.12/site-packages/dbcounter.py:102}}
Jul 23 10:13:33.164612 np0000005750 nova-scheduler[96600]: DEBUG nova.service [None req-353a2208-4279-4a9b-9415-bebb9b89bc35 None None] Creating RPC server for service: nova-scheduler on topic: scheduler {{(pid=96600) start /opt/stack/nova/nova/service.py:196}}
Jul 23 10:13:33.165595 np0000005750 nova-scheduler[96605]: DEBUG dbcounter [-] [96605] Writer thread running {{(pid=96605) stat_writer /opt/stack/data/venv/lib/python3.12/site-packages/dbcounter.py:102}}
Jul 23 10:13:33.166539 np0000005750 nova-scheduler[96598]: DEBUG nova.service [None req-4bfa9a76-57b0-48c2-9f19-0d333dc7058e None None] Join ServiceGroup membership for this service scheduler {{(pid=96598) start /opt/stack/nova/nova/service.py:222}}
Jul 23 10:13:33.166747 np0000005750 nova-scheduler[96598]: DEBUG nova.servicegroup.drivers.db [None req-4bfa9a76-57b0-48c2-9f19-0d333dc7058e None None] DB_Driver: join new ServiceGroup member np0000005750 to the scheduler group, service = {{(pid=96598) join /opt/stack/nova/nova/servicegroup/drivers/db.py:44}}
Jul 23 10:13:33.169581 np0000005750 nova-scheduler[96605]: DEBUG nova.service [None req-64679633-f400-4520-8d6e-2bb9817440dc None None] Creating RPC server for service: nova-scheduler on topic: scheduler {{(pid=96605) start /opt/stack/nova/nova/service.py:196}}
Jul 23 10:13:33.186814 np0000005750 nova-scheduler[96600]: DEBUG nova.service [None req-353a2208-4279-4a9b-9415-bebb9b89bc35 None None] Join ServiceGroup membership for this service scheduler {{(pid=96600) start /opt/stack/nova/nova/service.py:222}}
Jul 23 10:13:33.187306 np0000005750 nova-scheduler[96600]: DEBUG nova.servicegroup.drivers.db [None req-353a2208-4279-4a9b-9415-bebb9b89bc35 None None] DB_Driver: join new ServiceGroup member np0000005750 to the scheduler group, service = {{(pid=96600) join /opt/stack/nova/nova/servicegroup/drivers/db.py:44}}
Jul 23 10:13:33.189217 np0000005750 nova-scheduler[96605]: DEBUG nova.service [None req-64679633-f400-4520-8d6e-2bb9817440dc None None] Join ServiceGroup membership for this service scheduler {{(pid=96605) start /opt/stack/nova/nova/service.py:222}}
Jul 23 10:13:33.189478 np0000005750 nova-scheduler[96605]: DEBUG nova.servicegroup.drivers.db [None req-64679633-f400-4520-8d6e-2bb9817440dc None None] DB_Driver: join new ServiceGroup member np0000005750 to the scheduler group, service = {{(pid=96605) join /opt/stack/nova/nova/servicegroup/drivers/db.py:44}}
Jul 23 10:13:34.191777 np0000005750 nova-scheduler[96605]: DEBUG oslo.service.backend._threading.loopingcall [None req-ac374305-74ef-4f5c-b6eb-9523beb4c4f2 None None] Dynamic interval looping call 'nova.service.Service.periodic_tasks' sleeping for 60.00 seconds {{(pid=96605) _run_loop /opt/stack/data/venv/lib/python3.12/site-packages/oslo_service/backend/_threading/loopingcall.py:125}}
Jul 23 10:13:38.175878 np0000005750 nova-scheduler[96596]: DEBUG oslo.service.backend._threading.loopingcall [-] Fixed interval looping call 'nova.servicegroup.drivers.db.DbDriver._report_state' sleeping for 119.99 seconds {{(pid=96596) _run_loop /opt/stack/data/venv/lib/python3.12/site-packages/oslo_service/backend/_threading/loopingcall.py:125}}
Jul 23 10:13:38.177397 np0000005750 nova-scheduler[96598]: DEBUG oslo.service.backend._threading.loopingcall [-] Fixed interval looping call 'nova.servicegroup.drivers.db.DbDriver._report_state' sleeping for 119.99 seconds {{(pid=96598) _run_loop /opt/stack/data/venv/lib/python3.12/site-packages/oslo_service/backend/_threading/loopingcall.py:125}}
Jul 23 10:13:38.199467 np0000005750 nova-scheduler[96605]: DEBUG oslo.service.backend._threading.loopingcall [-] Fixed interval looping call 'nova.servicegroup.drivers.db.DbDriver._report_state' sleeping for 119.99 seconds {{(pid=96605) _run_loop /opt/stack/data/venv/lib/python3.12/site-packages/oslo_service/backend/_threading/loopingcall.py:125}}
Jul 23 10:13:38.203037 np0000005750 nova-scheduler[96600]: DEBUG oslo.service.backend._threading.loopingcall [-] Fixed interval looping call 'nova.servicegroup.drivers.db.DbDriver._report_state' sleeping for 119.99 seconds {{(pid=96600) _run_loop /opt/stack/data/venv/lib/python3.12/site-packages/oslo_service/backend/_threading/loopingcall.py:125}}
Jul 23 10:13:41.699624 np0000005750 nova-scheduler[95404]: DEBUG dbcounter [-] [95404] Writing DB stats nova_api:SELECT=3 {{(pid=95404) stat_writer /opt/stack/data/venv/lib/python3.12/site-packages/dbcounter.py:115}}
Jul 23 10:13:41.834988 np0000005750 nova-scheduler[95404]: DEBUG dbcounter [-] [95404] Writing DB stats nova_cell0:SELECT=1 {{(pid=95404) stat_writer /opt/stack/data/venv/lib/python3.12/site-packages/dbcounter.py:115}}
Jul 23 10:13:41.840345 np0000005750 nova-scheduler[95404]: DEBUG dbcounter [-] [95404] Writing DB stats nova_cell1:SELECT=1 {{(pid=95404) stat_writer /opt/stack/data/venv/lib/python3.12/site-packages/dbcounter.py:115}}
Jul 23 10:13:44.189805 np0000005750 nova-scheduler[96600]: DEBUG oslo.service.backend._threading.loopingcall [None req-90180b96-9346-498f-9351-4d3f26ece28d None None] Dynamic interval looping call 'nova.service.Service.periodic_tasks' sleeping for 60.00 seconds {{(pid=96600) _run_loop /opt/stack/data/venv/lib/python3.12/site-packages/oslo_service/backend/_threading/loopingcall.py:125}}
Jul 23 10:13:48.171015 np0000005750 nova-scheduler[96596]: DEBUG dbcounter [-] [96596] Writing DB stats nova_cell0:SELECT=4,nova_cell0:INSERT=1,nova_cell0:UPDATE=1 {{(pid=96596) stat_writer /opt/stack/data/venv/lib/python3.12/site-packages/dbcounter.py:115}}
Jul 23 10:13:48.177451 np0000005750 nova-scheduler[96598]: DEBUG dbcounter [-] [96598] Writing DB stats nova_cell0:SELECT=5,nova_cell0:INSERT=1 {{(pid=96598) stat_writer /opt/stack/data/venv/lib/python3.12/site-packages/dbcounter.py:115}}
Jul 23 10:13:48.200020 np0000005750 nova-scheduler[96605]: DEBUG dbcounter [-] [96605] Writing DB stats nova_cell0:SELECT=3 {{(pid=96605) stat_writer /opt/stack/data/venv/lib/python3.12/site-packages/dbcounter.py:115}}
Jul 23 10:13:48.200382 np0000005750 nova-scheduler[96600]: DEBUG dbcounter [-] [96600] Writing DB stats nova_cell0:SELECT=3 {{(pid=96600) stat_writer /opt/stack/data/venv/lib/python3.12/site-packages/dbcounter.py:115}}
Jul 23 10:13:54.168407 np0000005750 nova-scheduler[96598]: DEBUG oslo.service.backend._threading.loopingcall [None req-d0cf9999-07bb-4359-af47-e7484115d87d None None] Dynamic interval looping call 'nova.service.Service.periodic_tasks' sleeping for 60.00 seconds {{(pid=96598) _run_loop /opt/stack/data/venv/lib/python3.12/site-packages/oslo_service/backend/_threading/loopingcall.py:125}}
Jul 23 10:13:55.162362 np0000005750 nova-scheduler[96596]: DEBUG oslo.service.backend._threading.loopingcall [None req-9cd7ecb6-9b01-43a4-aaa8-908e994aed06 None None] Dynamic interval looping call 'nova.service.Service.periodic_tasks' sleeping for 60.00 seconds {{(pid=96596) _run_loop /opt/stack/data/venv/lib/python3.12/site-packages/oslo_service/backend/_threading/loopingcall.py:125}}
Jul 23 10:14:34.192326 np0000005750 nova-scheduler[96605]: DEBUG oslo.service.backend._threading.loopingcall [None req-ac374305-74ef-4f5c-b6eb-9523beb4c4f2 None None] Dynamic interval looping call 'nova.service.Service.periodic_tasks' sleeping for 60.00 seconds {{(pid=96605) _run_loop /opt/stack/data/venv/lib/python3.12/site-packages/oslo_service/backend/_threading/loopingcall.py:125}}
Jul 23 10:14:44.190415 np0000005750 nova-scheduler[96600]: DEBUG oslo.service.backend._threading.loopingcall [None req-90180b96-9346-498f-9351-4d3f26ece28d None None] Dynamic interval looping call 'nova.service.Service.periodic_tasks' sleeping for 60.00 seconds {{(pid=96600) _run_loop /opt/stack/data/venv/lib/python3.12/site-packages/oslo_service/backend/_threading/loopingcall.py:125}}
Jul 23 10:14:54.168915 np0000005750 nova-scheduler[96598]: DEBUG oslo.service.backend._threading.loopingcall [None req-d0cf9999-07bb-4359-af47-e7484115d87d None None] Dynamic interval looping call 'nova.service.Service.periodic_tasks' sleeping for 60.00 seconds {{(pid=96598) _run_loop /opt/stack/data/venv/lib/python3.12/site-packages/oslo_service/backend/_threading/loopingcall.py:125}}
Jul 23 10:14:55.162946 np0000005750 nova-scheduler[96596]: DEBUG oslo.service.backend._threading.loopingcall [None req-9cd7ecb6-9b01-43a4-aaa8-908e994aed06 None None] Dynamic interval looping call 'nova.service.Service.periodic_tasks' sleeping for 60.00 seconds {{(pid=96596) _run_loop /opt/stack/data/venv/lib/python3.12/site-packages/oslo_service/backend/_threading/loopingcall.py:125}}
Jul 23 10:15:34.192937 np0000005750 nova-scheduler[96605]: DEBUG oslo.service.backend._threading.loopingcall [None req-ac374305-74ef-4f5c-b6eb-9523beb4c4f2 None None] Dynamic interval looping call 'nova.service.Service.periodic_tasks' sleeping for 60.00 seconds {{(pid=96605) _run_loop /opt/stack/data/venv/lib/python3.12/site-packages/oslo_service/backend/_threading/loopingcall.py:125}}
Jul 23 10:15:38.179592 np0000005750 nova-scheduler[96596]: DEBUG oslo.service.backend._threading.loopingcall [-] Fixed interval looping call 'nova.servicegroup.drivers.db.DbDriver._report_state' sleeping for 119.99 seconds {{(pid=96596) _run_loop /opt/stack/data/venv/lib/python3.12/site-packages/oslo_service/backend/_threading/loopingcall.py:125}}
Jul 23 10:15:38.180460 np0000005750 nova-scheduler[96598]: DEBUG oslo.service.backend._threading.loopingcall [-] Fixed interval looping call 'nova.servicegroup.drivers.db.DbDriver._report_state' sleeping for 119.99 seconds {{(pid=96598) _run_loop /opt/stack/data/venv/lib/python3.12/site-packages/oslo_service/backend/_threading/loopingcall.py:125}}
Jul 23 10:15:38.192727 np0000005750 nova-scheduler[96605]: DEBUG oslo.service.backend._threading.loopingcall [-] Fixed interval looping call 'nova.servicegroup.drivers.db.DbDriver._report_state' sleeping for 120.00 seconds {{(pid=96605) _run_loop /opt/stack/data/venv/lib/python3.12/site-packages/oslo_service/backend/_threading/loopingcall.py:125}}
Jul 23 10:15:38.196208 np0000005750 nova-scheduler[96600]: DEBUG oslo.service.backend._threading.loopingcall [-] Fixed interval looping call 'nova.servicegroup.drivers.db.DbDriver._report_state' sleeping for 120.00 seconds {{(pid=96600) _run_loop /opt/stack/data/venv/lib/python3.12/site-packages/oslo_service/backend/_threading/loopingcall.py:125}}
Jul 23 10:15:44.191696 np0000005750 nova-scheduler[96600]: DEBUG oslo.service.backend._threading.loopingcall [None req-90180b96-9346-498f-9351-4d3f26ece28d None None] Dynamic interval looping call 'nova.service.Service.periodic_tasks' sleeping for 60.00 seconds {{(pid=96600) _run_loop /opt/stack/data/venv/lib/python3.12/site-packages/oslo_service/backend/_threading/loopingcall.py:125}}
Jul 23 10:15:48.170752 np0000005750 nova-scheduler[96596]: DEBUG dbcounter [-] [96596] Writing DB stats nova_cell0:SELECT=1,nova_cell0:UPDATE=1 {{(pid=96596) stat_writer /opt/stack/data/venv/lib/python3.12/site-packages/dbcounter.py:115}}
Jul 23 10:15:48.189771 np0000005750 nova-scheduler[96598]: DEBUG dbcounter [-] [96598] Writing DB stats nova_cell0:SELECT=1,nova_cell0:UPDATE=1 {{(pid=96598) stat_writer /opt/stack/data/venv/lib/python3.12/site-packages/dbcounter.py:115}}
Jul 23 10:15:48.608553 np0000005750 nova-scheduler[96605]: DEBUG dbcounter [-] [96605] Writing DB stats nova_cell0:SELECT=1 {{(pid=96605) stat_writer /opt/stack/data/venv/lib/python3.12/site-packages/dbcounter.py:115}}
Jul 23 10:15:48.609643 np0000005750 nova-scheduler[96600]: DEBUG dbcounter [-] [96600] Writing DB stats nova_cell0:SELECT=1 {{(pid=96600) stat_writer /opt/stack/data/venv/lib/python3.12/site-packages/dbcounter.py:115}}
Jul 23 10:15:54.169453 np0000005750 nova-scheduler[96598]: DEBUG oslo.service.backend._threading.loopingcall [None req-d0cf9999-07bb-4359-af47-e7484115d87d None None] Dynamic interval looping call 'nova.service.Service.periodic_tasks' sleeping for 60.00 seconds {{(pid=96598) _run_loop /opt/stack/data/venv/lib/python3.12/site-packages/oslo_service/backend/_threading/loopingcall.py:125}}
Jul 23 10:15:55.163525 np0000005750 nova-scheduler[96596]: DEBUG oslo.service.backend._threading.loopingcall [None req-9cd7ecb6-9b01-43a4-aaa8-908e994aed06 None None] Dynamic interval looping call 'nova.service.Service.periodic_tasks' sleeping for 60.00 seconds {{(pid=96596) _run_loop /opt/stack/data/venv/lib/python3.12/site-packages/oslo_service/backend/_threading/loopingcall.py:125}}
Jul 23 10:15:55.935866 np0000005750 nova-scheduler[96596]: DEBUG nova.scheduler.manager [None req-a4bbae92-0907-4851-8d9c-3985d95fd9e8 tempest-ServerRescueNegativeTestJSON-1867157895 tempest-ServerRescueNegativeTestJSON-1867157895-project-member] Starting to schedule for instances: ['4e39fb16-8bb0-4dcc-8f1f-1982bc41f42a'] {{(pid=96596) select_destinations /opt/stack/nova/nova/scheduler/manager.py:209}}
Jul 23 10:15:55.936827 np0000005750 nova-scheduler[96596]: DEBUG nova.scheduler.request_filter [None req-a4bbae92-0907-4851-8d9c-3985d95fd9e8 tempest-ServerRescueNegativeTestJSON-1867157895 tempest-ServerRescueNegativeTestJSON-1867157895-project-member] compute_status_filter request filter added forbidden trait COMPUTE_STATUS_DISABLED {{(pid=96596) compute_status_filter /opt/stack/nova/nova/scheduler/request_filter.py:253}}
Jul 23 10:15:55.936827 np0000005750 nova-scheduler[96596]: DEBUG nova.scheduler.request_filter [None req-a4bbae92-0907-4851-8d9c-3985d95fd9e8 tempest-ServerRescueNegativeTestJSON-1867157895 tempest-ServerRescueNegativeTestJSON-1867157895-project-member] Request filter 'compute_status_filter' took 0.0 seconds {{(pid=96596) wrapper /opt/stack/nova/nova/scheduler/request_filter.py:46}}
Jul 23 10:15:55.936827 np0000005750 nova-scheduler[96596]: DEBUG nova.scheduler.request_filter [None req-a4bbae92-0907-4851-8d9c-3985d95fd9e8 tempest-ServerRescueNegativeTestJSON-1867157895 tempest-ServerRescueNegativeTestJSON-1867157895-project-member] Request filter 'accelerators_filter' took 0.0 seconds {{(pid=96596) wrapper /opt/stack/nova/nova/scheduler/request_filter.py:46}}
Jul 23 10:15:55.936980 np0000005750 nova-scheduler[96596]: DEBUG nova.scheduler.request_filter [None req-a4bbae92-0907-4851-8d9c-3985d95fd9e8 tempest-ServerRescueNegativeTestJSON-1867157895 tempest-ServerRescueNegativeTestJSON-1867157895-project-member] Request filter 'packed_virtqueue_filter' took 0.0 seconds {{(pid=96596) wrapper /opt/stack/nova/nova/scheduler/request_filter.py:46}}
Jul 23 10:15:55.937220 np0000005750 nova-scheduler[96596]: DEBUG nova.scheduler.request_filter [None req-a4bbae92-0907-4851-8d9c-3985d95fd9e8 tempest-ServerRescueNegativeTestJSON-1867157895 tempest-ServerRescueNegativeTestJSON-1867157895-project-member] Request filter 'remote_managed_ports_filter' took 0.0 seconds {{(pid=96596) wrapper /opt/stack/nova/nova/scheduler/request_filter.py:46}}
Jul 23 10:15:55.937364 np0000005750 nova-scheduler[96596]: DEBUG nova.scheduler.request_filter [None req-a4bbae92-0907-4851-8d9c-3985d95fd9e8 tempest-ServerRescueNegativeTestJSON-1867157895 tempest-ServerRescueNegativeTestJSON-1867157895-project-member] ephemeral_encryption_filter skipped {{(pid=96596) ephemeral_encryption_filter /opt/stack/nova/nova/scheduler/request_filter.py:426}}
Jul 23 10:15:55.937516 np0000005750 nova-scheduler[96596]: DEBUG nova.scheduler.request_filter [None req-a4bbae92-0907-4851-8d9c-3985d95fd9e8 tempest-ServerRescueNegativeTestJSON-1867157895 tempest-ServerRescueNegativeTestJSON-1867157895-project-member] virtio_sound_filter skipped {{(pid=96596) virtio_sound_filter /opt/stack/nova/nova/scheduler/request_filter.py:460}}
Jul 23 10:15:55.937638 np0000005750 nova-scheduler[96596]: DEBUG nova.scheduler.request_filter [None req-a4bbae92-0907-4851-8d9c-3985d95fd9e8 tempest-ServerRescueNegativeTestJSON-1867157895 tempest-ServerRescueNegativeTestJSON-1867157895-project-member] tpm_secret_security_filter skipped {{(pid=96596) tpm_secret_security_filter /opt/stack/nova/nova/scheduler/request_filter.py:477}}
Jul 23 10:15:56.427129 np0000005750 nova-scheduler[96596]: INFO nova.utils [None req-a4bbae92-0907-4851-8d9c-3985d95fd9e8 tempest-ServerRescueNegativeTestJSON-1867157895 tempest-ServerRescueNegativeTestJSON-1867157895-project-member] The cell worker thread pool ForkProcess-1.cell_worker is initialized
Jul 23 10:15:56.427129 np0000005750 nova-scheduler[96596]: DEBUG oslo_concurrency.lockutils [None req-a4bbae92-0907-4851-8d9c-3985d95fd9e8 tempest-ServerRescueNegativeTestJSON-1867157895 tempest-ServerRescueNegativeTestJSON-1867157895-project-member] Acquiring lock "8bb8c0af-6e24-498c-808e-0f0958d3a82e" by "nova.context.set_target_cell..get_or_set_cached_cell_and_set_connections" {{(pid=96596) inner /opt/stack/data/venv/lib/python3.12/site-packages/oslo_concurrency/lockutils.py:512}}
Jul 23 10:15:56.427129 np0000005750 nova-scheduler[96596]: DEBUG oslo_concurrency.lockutils [None req-a4bbae92-0907-4851-8d9c-3985d95fd9e8 tempest-ServerRescueNegativeTestJSON-1867157895 tempest-ServerRescueNegativeTestJSON-1867157895-project-member] Lock "8bb8c0af-6e24-498c-808e-0f0958d3a82e" acquired by "nova.context.set_target_cell..get_or_set_cached_cell_and_set_connections" :: waited 0.000s {{(pid=96596) inner /opt/stack/data/venv/lib/python3.12/site-packages/oslo_concurrency/lockutils.py:525}}
Jul 23 10:15:56.428545 np0000005750 nova-scheduler[96596]: DEBUG oslo_concurrency.lockutils [None req-a4bbae92-0907-4851-8d9c-3985d95fd9e8 tempest-ServerRescueNegativeTestJSON-1867157895 tempest-ServerRescueNegativeTestJSON-1867157895-project-member] Lock "8bb8c0af-6e24-498c-808e-0f0958d3a82e" "released" by "nova.context.set_target_cell..get_or_set_cached_cell_and_set_connections" :: held 0.001s {{(pid=96596) inner /opt/stack/data/venv/lib/python3.12/site-packages/oslo_concurrency/lockutils.py:544}}
Jul 23 10:15:56.430762 np0000005750 nova-scheduler[96596]: INFO dbcounter [None req-a4bbae92-0907-4851-8d9c-3985d95fd9e8 tempest-ServerRescueNegativeTestJSON-1867157895 tempest-ServerRescueNegativeTestJSON-1867157895-project-member] Registered counter for database nova_cell1
Jul 23 10:15:56.475085 np0000005750 nova-scheduler[96596]: DEBUG oslo_db.sqlalchemy.engines [None req-a4bbae92-0907-4851-8d9c-3985d95fd9e8 tempest-ServerRescueNegativeTestJSON-1867157895 tempest-ServerRescueNegativeTestJSON-1867157895-project-member] MySQL server mode set to STRICT_TRANS_TABLES,STRICT_ALL_TABLES,NO_ZERO_IN_DATE,NO_ZERO_DATE,ERROR_FOR_DIVISION_BY_ZERO,TRADITIONAL,NO_ENGINE_SUBSTITUTION {{(pid=96596) _check_effective_sql_mode /opt/stack/data/venv/lib/python3.12/site-packages/oslo_db/sqlalchemy/engines.py:325}}
Jul 23 10:15:56.485327 np0000005750 nova-scheduler[96596]: DEBUG dbcounter [-] [96596] Writer thread running {{(pid=96596) stat_writer /opt/stack/data/venv/lib/python3.12/site-packages/dbcounter.py:102}}
