Jun 16 06:42:34.114175 np0000002921 devstack@g-api.service[101964]: DEBUG glance.api.middleware.version_negotiation [None req-9477d59a-61fa-4402-b35f-e04e742cabc4 tempest-VolumesActionsTest-590049805 tempest-VolumesActionsTest-590049805-project-member] new path /v2/schemas/image {{(pid=101964) process_request /opt/stack/glance/glance/api/middleware/version_negotiation.py:70}}
Jun 16 06:42:34.117044 np0000002921 devstack@g-api.service[101964]: [pid: 101964|app: 0|req: 153/449] 127.0.0.1 () {44 vars in 1055 bytes} [Tue Jun 16 06:42:34 2026] GET /v2/schemas/image => generated 6083 bytes in 3 msecs (HTTP/1.1 200) 4 headers in 158 bytes (1 switches on core 0)
Jun 16 06:42:34.131290 np0000002921 devstack@g-api.service[101965]: DEBUG glance.api.middleware.version_negotiation [None req-29ece920-3012-4234-a3b2-fcd36b0f3e3d tempest-VolumesActionsTest-590049805 tempest-VolumesActionsTest-590049805-project-member] Determining version of request: GET /v2/images/964985a9-fa99-4654-aad4-25ebac7a26bc Accept: application/json {{(pid=101965) process_request /opt/stack/glance/glance/api/middleware/version_negotiation.py:44}}
Jun 16 06:42:34.131369 np0000002921 devstack@g-api.service[101965]: DEBUG glance.api.middleware.version_negotiation [None req-29ece920-3012-4234-a3b2-fcd36b0f3e3d tempest-VolumesActionsTest-590049805 tempest-VolumesActionsTest-590049805-project-member] Using url versioning {{(pid=101965) process_request /opt/stack/glance/glance/api/middleware/version_negotiation.py:57}}
Jun 16 06:42:34.131485 np0000002921 devstack@g-api.service[101965]: DEBUG glance.api.middleware.version_negotiation [None req-29ece920-3012-4234-a3b2-fcd36b0f3e3d tempest-VolumesActionsTest-590049805 tempest-VolumesActionsTest-590049805-project-member] Matched version: v2 {{(pid=101965) process_request /opt/stack/glance/glance/api/middleware/version_negotiation.py:69}}
Jun 16 06:42:34.131649 np0000002921 devstack@g-api.service[101965]: DEBUG glance.api.middleware.version_negotiation [None req-29ece920-3012-4234-a3b2-fcd36b0f3e3d tempest-VolumesActionsTest-590049805 tempest-VolumesActionsTest-590049805-project-member] new path /v2/images/964985a9-fa99-4654-aad4-25ebac7a26bc {{(pid=101965) process_request /opt/stack/glance/glance/api/middleware/version_negotiation.py:70}}
Jun 16 06:42:34.142793 np0000002921 devstack@g-api.service[101965]: [pid: 101965|app: 0|req: 146/450] 127.0.0.1 () {40 vars in 838 bytes} [Tue Jun 16 06:42:34 2026] GET /v2/images/964985a9-fa99-4654-aad4-25ebac7a26bc => generated 650 bytes in 11 msecs (HTTP/1.1 200) 4 headers in 157 bytes (1 switches on core 0)
Jun 16 06:42:35.138406 np0000002921 devstack@g-api.service[101966]: DEBUG glance.api.middleware.version_negotiation [None req-29ece920-3012-4234-a3b2-fcd36b0f3e3d tempest-VolumesActionsTest-590049805 tempest-VolumesActionsTest-590049805-project-member] Determining version of request: GET /v2/images/ea07ab32-8df0-46c7-96bc-6c4c5992927e Accept: */* {{(pid=101966) process_request /opt/stack/glance/glance/api/middleware/version_negotiation.py:44}}
Jun 16 06:42:35.138761 np0000002921 devstack@g-api.service[101966]: DEBUG glance.api.middleware.version_negotiation [None req-29ece920-3012-4234-a3b2-fcd36b0f3e3d tempest-VolumesActionsTest-590049805 tempest-VolumesActionsTest-590049805-project-member] Using url versioning {{(pid=101966) process_request /opt/stack/glance/glance/api/middleware/version_negotiation.py:57}}
Jun 16 06:42:35.138761 np0000002921 devstack@g-api.service[101966]: DEBUG glance.api.middleware.version_negotiation [None req-29ece920-3012-4234-a3b2-fcd36b0f3e3d tempest-VolumesActionsTest-590049805 tempest-VolumesActionsTest-590049805-project-member] Matched version: v2 {{(pid=101966) process_request /opt/stack/glance/glance/api/middleware/version_negotiation.py:69}}
Jun 16 06:42:35.138847 np0000002921 devstack@g-api.service[101966]: DEBUG glance.api.middleware.version_negotiation [None req-29ece920-3012-4234-a3b2-fcd36b0f3e3d tempest-VolumesActionsTest-590049805 tempest-VolumesActionsTest-590049805-project-member] new path /v2/images/ea07ab32-8df0-46c7-96bc-6c4c5992927e {{(pid=101966) process_request /opt/stack/glance/glance/api/middleware/version_negotiation.py:70}}
Jun 16 06:42:35.147891 np0000002921 devstack@g-api.service[101966]: [pid: 101966|app: 0|req: 152/451] 127.0.0.1 () {44 vars in 1115 bytes} [Tue Jun 16 06:42:35 2026] GET /v2/images/ea07ab32-8df0-46c7-96bc-6c4c5992927e => generated 1044 bytes in 9 msecs (HTTP/1.1 200) 4 headers in 158 bytes (1 switches on core 0)
Jun 16 06:42:35.151689 np0000002921 devstack@g-api.service[101964]: DEBUG glance.api.middleware.version_negotiation [None req-29ece920-3012-4234-a3b2-fcd36b0f3e3d tempest-VolumesActionsTest-590049805 tempest-VolumesActionsTest-590049805-project-member] Determining version of request: GET /v2/images/964985a9-fa99-4654-aad4-25ebac7a26bc Accept: application/json {{(pid=101964) process_request /opt/stack/glance/glance/api/middleware/version_negotiation.py:44}}
Jun 16 06:42:35.152085 np0000002921 devstack@g-api.service[101964]: DEBUG glance.api.middleware.version_negotiation [None req-29ece920-3012-4234-a3b2-fcd36b0f3e3d tempest-VolumesActionsTest-590049805 tempest-VolumesActionsTest-590049805-project-member] Using url versioning {{(pid=101964) process_request /opt/stack/glance/glance/api/middleware/version_negotiation.py:57}}
Jun 16 06:42:35.152085 np0000002921 devstack@g-api.service[101964]: DEBUG glance.api.middleware.version_negotiation [None req-29ece920-3012-4234-a3b2-fcd36b0f3e3d tempest-VolumesActionsTest-590049805 tempest-VolumesActionsTest-590049805-project-member] Matched version: v2 {{(pid=101964) process_request /opt/stack/glance/glance/api/middleware/version_negotiation.py:69}}
Jun 16 06:42:35.152085 np0000002921 devstack@g-api.service[101964]: DEBUG glance.api.middleware.version_negotiation [None req-29ece920-3012-4234-a3b2-fcd36b0f3e3d tempest-VolumesActionsTest-590049805 tempest-VolumesActionsTest-590049805-project-member] new path /v2/images/964985a9-fa99-4654-aad4-25ebac7a26bc {{(pid=101964) process_request /opt/stack/glance/glance/api/middleware/version_negotiation.py:70}}
Jun 16 06:42:35.165460 np0000002921 devstack@g-api.service[101964]: [pid: 101964|app: 0|req: 154/452] 127.0.0.1 () {40 vars in 838 bytes} [Tue Jun 16 06:42:35 2026] GET /v2/images/964985a9-fa99-4654-aad4-25ebac7a26bc => generated 650 bytes in 14 msecs (HTTP/1.1 200) 4 headers in 157 bytes (1 switches on core 0)
Jun 16 06:42:35.189941 np0000002921 devstack@g-api.service[101965]: DEBUG glance.api.middleware.version_negotiation [None req-1b8798bf-77b7-4047-b897-5185c377115a tempest-VolumesActionsTest-590049805 tempest-VolumesActionsTest-590049805-project-member] Determining version of request: GET /v2/schemas/image Accept: */* {{(pid=101965) process_request /opt/stack/glance/glance/api/middleware/version_negotiation.py:44}}
Jun 16 06:42:35.191236 np0000002921 devstack@g-api.service[101965]: DEBUG glance.api.middleware.version_negotiation [None req-1b8798bf-77b7-4047-b897-5185c377115a tempest-VolumesActionsTest-590049805 tempest-VolumesActionsTest-590049805-project-member] Using url versioning {{(pid=101965) process_request /opt/stack/glance/glance/api/middleware/version_negotiation.py:57}}
Jun 16 06:42:35.191236 np0000002921 devstack@g-api.service[101965]: DEBUG glance.api.middleware.version_negotiation [None req-1b8798bf-77b7-4047-b897-5185c377115a tempest-VolumesActionsTest-590049805 tempest-VolumesActionsTest-590049805-project-member] Matched version: v2 {{(pid=101965) process_request /opt/stack/glance/glance/api/middleware/version_negotiation.py:69}}
Jun 16 06:42:35.191236 np0000002921 devstack@g-api.service[101965]: DEBUG glance.api.middleware.version_negotiation [None req-1b8798bf-77b7-4047-b897-5185c377115a tempest-VolumesActionsTest-590049805 tempest-VolumesActionsTest-590049805-project-member] new path /v2/schemas/image {{(pid=101965) process_request /opt/stack/glance/glance/api/middleware/version_negotiation.py:70}}
Jun 16 06:42:35.193740 np0000002921 devstack@g-api.service[101965]: [pid: 101965|app: 0|req: 147/453] 127.0.0.1 () {44 vars in 1055 bytes} [Tue Jun 16 06:42:35 2026] GET /v2/schemas/image => generated 6083 bytes in 4 msecs (HTTP/1.1 200) 4 headers in 158 bytes (1 switches on core 0)
Jun 16 06:42:36.175154 np0000002921 devstack@g-api.service[101966]: DEBUG glance.api.middleware.version_negotiation [None req-48ca8f88-b9c3-4658-8adc-77aa7caf8799 tempest-VolumesExtendAttachedTest-42364087 tempest-VolumesExtendAttachedTest-42364087-project-member] Determining version of request: GET /v2/images/964985a9-fa99-4654-aad4-25ebac7a26bc Accept: application/json {{(pid=101966) process_request /opt/stack/glance/glance/api/middleware/version_negotiation.py:44}}
Jun 16 06:42:36.175412 np0000002921 devstack@g-api.service[101966]: DEBUG glance.api.middleware.version_negotiation [None req-48ca8f88-b9c3-4658-8adc-77aa7caf8799 tempest-VolumesExtendAttachedTest-42364087 tempest-VolumesExtendAttachedTest-42364087-project-member] Using url versioning {{(pid=101966) process_request /opt/stack/glance/glance/api/middleware/version_negotiation.py:57}}
Jun 16 06:42:36.175412 np0000002921 devstack@g-api.service[101966]: DEBUG glance.api.middleware.version_negotiation [None req-48ca8f88-b9c3-4658-8adc-77aa7caf8799 tempest-VolumesExtendAttachedTest-42364087 tempest-VolumesExtendAttachedTest-42364087-project-member] Matched version: v2 {{(pid=101966) process_request /opt/stack/glance/glance/api/middleware/version_negotiation.py:69}}
Jun 16 06:42:36.175503 np0000002921 devstack@g-api.service[101966]: DEBUG glance.api.middleware.version_negotiation [None req-48ca8f88-b9c3-4658-8adc-77aa7caf8799 tempest-VolumesExtendAttachedTest-42364087 tempest-VolumesExtendAttachedTest-42364087-project-member] new path /v2/images/964985a9-fa99-4654-aad4-25ebac7a26bc {{(pid=101966) process_request /opt/stack/glance/glance/api/middleware/version_negotiation.py:70}}
Jun 16 06:42:36.185502 np0000002921 devstack@g-api.service[101966]: [pid: 101966|app: 0|req: 153/454] 127.0.0.1 () {40 vars in 838 bytes} [Tue Jun 16 06:42:36 2026] GET /v2/images/964985a9-fa99-4654-aad4-25ebac7a26bc => generated 650 bytes in 10 msecs (HTTP/1.1 200) 4 headers in 157 bytes (1 switches on core 0)
Jun 16 06:42:37.195749 np0000002921 devstack@g-api.service[101964]: DEBUG glance.api.middleware.version_negotiation [None req-dd93a7ed-6192-4980-94a2-50482b54aac0 tempest-VolumesActionsTest-590049805 tempest-VolumesActionsTest-590049805-project-member] Determining version of request: GET /v2/images/964985a9-fa99-4654-aad4-25ebac7a26bc Accept: application/json {{(pid=101964) process_request /opt/stack/glance/glance/api/middleware/version_negotiation.py:44}}
Jun 16 06:42:37.196124 np0000002921 devstack@g-api.service[101964]: DEBUG glance.api.middleware.version_negotiation [None req-dd93a7ed-6192-4980-94a2-50482b54aac0 tempest-VolumesActionsTest-590049805 tempest-VolumesActionsTest-590049805-project-member] Using url versioning {{(pid=101964) process_request /opt/stack/glance/glance/api/middleware/version_negotiation.py:57}}
Jun 16 06:42:37.196124 np0000002921 devstack@g-api.service[101964]: DEBUG glance.api.middleware.version_negotiation [None req-dd93a7ed-6192-4980-94a2-50482b54aac0 tempest-VolumesActionsTest-590049805 tempest-VolumesActionsTest-590049805-project-member] Matched version: v2 {{(pid=101964) process_request /opt/stack/glance/glance/api/middleware/version_negotiation.py:69}}
Jun 16 06:42:37.196124 np0000002921 devstack@g-api.service[101964]: DEBUG glance.api.middleware.version_negotiation [None req-dd93a7ed-6192-4980-94a2-50482b54aac0 tempest-VolumesActionsTest-590049805 tempest-VolumesActionsTest-590049805-project-member] new path /v2/images/964985a9-fa99-4654-aad4-25ebac7a26bc {{(pid=101964) process_request /opt/stack/glance/glance/api/middleware/version_negotiation.py:70}}
Jun 16 06:42:37.204442 np0000002921 devstack@g-api.service[101964]: [pid: 101964|app: 0|req: 155/455] 127.0.0.1 () {40 vars in 838 bytes} [Tue Jun 16 06:42:37 2026] GET /v2/images/964985a9-fa99-4654-aad4-25ebac7a26bc => generated 650 bytes in 9 msecs (HTTP/1.1 200) 4 headers in 157 bytes (1 switches on core 0)
Jun 16 06:42:37.722465 np0000002921 devstack@g-api.service[101965]: DEBUG glance.api.middleware.version_negotiation [None req-48ca8f88-b9c3-4658-8adc-77aa7caf8799 tempest-VolumesExtendAttachedTest-42364087 tempest-VolumesExtendAttachedTest-42364087-project-member] Determining version of request: PUT /v2/images/964985a9-fa99-4654-aad4-25ebac7a26bc/file Accept: */* {{(pid=101965) process_request /opt/stack/glance/glance/api/middleware/version_negotiation.py:44}}
Jun 16 06:42:37.722935 np0000002921 devstack@g-api.service[101965]: DEBUG glance.api.middleware.version_negotiation [None req-48ca8f88-b9c3-4658-8adc-77aa7caf8799 tempest-VolumesExtendAttachedTest-42364087 tempest-VolumesExtendAttachedTest-42364087-project-member] Using url versioning {{(pid=101965) process_request /opt/stack/glance/glance/api/middleware/version_negotiation.py:57}}
Jun 16 06:42:37.722935 np0000002921 devstack@g-api.service[101965]: DEBUG glance.api.middleware.version_negotiation [None req-48ca8f88-b9c3-4658-8adc-77aa7caf8799 tempest-VolumesExtendAttachedTest-42364087 tempest-VolumesExtendAttachedTest-42364087-project-member] Matched version: v2 {{(pid=101965) process_request /opt/stack/glance/glance/api/middleware/version_negotiation.py:69}}
Jun 16 06:42:37.723098 np0000002921 devstack@g-api.service[101965]: DEBUG glance.api.middleware.version_negotiation [None req-48ca8f88-b9c3-4658-8adc-77aa7caf8799 tempest-VolumesExtendAttachedTest-42364087 tempest-VolumesExtendAttachedTest-42364087-project-member] new path /v2/images/964985a9-fa99-4654-aad4-25ebac7a26bc/file {{(pid=101965) process_request /opt/stack/glance/glance/api/middleware/version_negotiation.py:70}}
Jun 16 06:42:38.208653 np0000002921 devstack@g-api.service[101965]: INFO glance.api.v2.image_data [None req-29ece920-3012-4234-a3b2-fcd36b0f3e3d tempest-VolumesActionsTest-590049805 tempest-VolumesActionsTest-590049805-project-member] Unable to create trust: no such option collect_timing in group [keystone_authtoken] Use the existing user token.
Jun 16 06:42:38.212989 np0000002921 devstack@g-api.service[101966]: DEBUG glance.api.middleware.version_negotiation [None req-ffaee14c-314c-4955-a7ff-42a0ae818872 tempest-VolumesActionsTest-590049805 tempest-VolumesActionsTest-590049805-project-member] Determining version of request: GET /v2/images/964985a9-fa99-4654-aad4-25ebac7a26bc Accept: application/json {{(pid=101966) process_request /opt/stack/glance/glance/api/middleware/version_negotiation.py:44}}
Jun 16 06:42:38.213412 np0000002921 devstack@g-api.service[101966]: DEBUG glance.api.middleware.version_negotiation [None req-ffaee14c-314c-4955-a7ff-42a0ae818872 tempest-VolumesActionsTest-590049805 tempest-VolumesActionsTest-590049805-project-member] Using url versioning {{(pid=101966) process_request /opt/stack/glance/glance/api/middleware/version_negotiation.py:57}}
Jun 16 06:42:38.213412 np0000002921 devstack@g-api.service[101966]: DEBUG glance.api.middleware.version_negotiation [None req-ffaee14c-314c-4955-a7ff-42a0ae818872 tempest-VolumesActionsTest-590049805 tempest-VolumesActionsTest-590049805-project-member] Matched version: v2 {{(pid=101966) process_request /opt/stack/glance/glance/api/middleware/version_negotiation.py:69}}
Jun 16 06:42:38.213412 np0000002921 devstack@g-api.service[101966]: DEBUG glance.api.middleware.version_negotiation [None req-ffaee14c-314c-4955-a7ff-42a0ae818872 tempest-VolumesActionsTest-590049805 tempest-VolumesActionsTest-590049805-project-member] new path /v2/images/964985a9-fa99-4654-aad4-25ebac7a26bc {{(pid=101966) process_request /opt/stack/glance/glance/api/middleware/version_negotiation.py:70}}
Jun 16 06:42:38.220793 np0000002921 devstack@g-api.service[101966]: [pid: 101966|app: 0|req: 154/456] 127.0.0.1 () {40 vars in 838 bytes} [Tue Jun 16 06:42:38 2026] GET /v2/images/964985a9-fa99-4654-aad4-25ebac7a26bc => generated 650 bytes in 8 msecs (HTTP/1.1 200) 4 headers in 157 bytes (1 switches on core 0)
Jun 16 06:42:38.650471 np0000002921 devstack@g-api.service[101965]: DEBUG glance.location [None req-29ece920-3012-4234-a3b2-fcd36b0f3e3d tempest-VolumesActionsTest-590049805 tempest-VolumesActionsTest-590049805-project-member] Enabling in-flight format inspection for raw {{(pid=101965) set_data /opt/stack/glance/glance/location.py:616}}
Jun 16 06:42:38.650597 np0000002921 devstack@g-api.service[101965]: DEBUG glance_store.backend [None req-29ece920-3012-4234-a3b2-fcd36b0f3e3d tempest-VolumesActionsTest-590049805 tempest-VolumesActionsTest-590049805-project-member] Attempting to import store swift {{(pid=101965) _load_store /opt/stack/data/venv/lib/python3.12/site-packages/glance_store/backend.py:215}}
Jun 16 06:42:38.652109 np0000002921 devstack@g-api.service[101965]: DEBUG glance_store.capabilities [None req-29ece920-3012-4234-a3b2-fcd36b0f3e3d tempest-VolumesActionsTest-590049805 tempest-VolumesActionsTest-590049805-project-member] Store glance_store._drivers.swift.store.SingleTenantStore doesn't support updating dynamic storage capabilities. Please overwrite 'update_capabilities' method of the store to implement updating logics if needed. {{(pid=101965) update_capabilities /opt/stack/data/venv/lib/python3.12/site-packages/glance_store/capabilities.py:91}}
Jun 16 06:42:38.652511 np0000002921 devstack@g-api.service[101965]: DEBUG glance_store.driver [None req-29ece920-3012-4234-a3b2-fcd36b0f3e3d tempest-VolumesActionsTest-590049805 tempest-VolumesActionsTest-590049805-project-member] Late loading location class glance_store._drivers.swift.store.StoreLocation {{(pid=101965) get_store_location_class /opt/stack/data/venv/lib/python3.12/site-packages/glance_store/driver.py:134}}
Jun 16 06:42:38.652511 np0000002921 devstack@g-api.service[101965]: DEBUG glance_store.location [None req-29ece920-3012-4234-a3b2-fcd36b0f3e3d tempest-VolumesActionsTest-590049805 tempest-VolumesActionsTest-590049805-project-member] Registering scheme swift+https with {'store': , 'location_class': , 'store_entry': 'swift'} {{(pid=101965) register_scheme_map /opt/stack/data/venv/lib/python3.12/site-packages/glance_store/location.py:146}}
Jun 16 06:42:38.652511 np0000002921 devstack@g-api.service[101965]: DEBUG glance_store.location [None req-29ece920-3012-4234-a3b2-fcd36b0f3e3d tempest-VolumesActionsTest-590049805 tempest-VolumesActionsTest-590049805-project-member] Registering scheme swift+https with {'store': , 'location_class': , 'store_entry': 'swift'} {{(pid=101965) register_scheme_map /opt/stack/data/venv/lib/python3.12/site-packages/glance_store/location.py:146}}
Jun 16 06:42:38.652511 np0000002921 devstack@g-api.service[101965]: DEBUG glance_store.location [None req-29ece920-3012-4234-a3b2-fcd36b0f3e3d tempest-VolumesActionsTest-590049805 tempest-VolumesActionsTest-590049805-project-member] Registering scheme swift with {'store': , 'location_class': , 'store_entry': 'swift'} {{(pid=101965) register_scheme_map /opt/stack/data/venv/lib/python3.12/site-packages/glance_store/location.py:146}}
Jun 16 06:42:38.652842 np0000002921 devstack@g-api.service[101965]: DEBUG glance_store.location [None req-29ece920-3012-4234-a3b2-fcd36b0f3e3d tempest-VolumesActionsTest-590049805 tempest-VolumesActionsTest-590049805-project-member] Registering scheme swift+https with {'store': , 'location_class': , 'store_entry': 'swift'} {{(pid=101965) register_scheme_map /opt/stack/data/venv/lib/python3.12/site-packages/glance_store/location.py:146}}
Jun 16 06:42:38.652842 np0000002921 devstack@g-api.service[101965]: DEBUG glance_store.location [None req-29ece920-3012-4234-a3b2-fcd36b0f3e3d tempest-VolumesActionsTest-590049805 tempest-VolumesActionsTest-590049805-project-member] Registering scheme swift with {'store': , 'location_class': , 'store_entry': 'swift'} {{(pid=101965) register_scheme_map /opt/stack/data/venv/lib/python3.12/site-packages/glance_store/location.py:146}}
Jun 16 06:42:38.652842 np0000002921 devstack@g-api.service[101965]: DEBUG glance_store.location [None req-29ece920-3012-4234-a3b2-fcd36b0f3e3d tempest-VolumesActionsTest-590049805 tempest-VolumesActionsTest-590049805-project-member] Registering scheme swift+http with {'store': , 'location_class': , 'store_entry': 'swift'} {{(pid=101965) register_scheme_map /opt/stack/data/venv/lib/python3.12/site-packages/glance_store/location.py:146}}
Jun 16 06:42:38.652948 np0000002921 devstack@g-api.service[101965]: DEBUG glance_store.location [None req-29ece920-3012-4234-a3b2-fcd36b0f3e3d tempest-VolumesActionsTest-590049805 tempest-VolumesActionsTest-590049805-project-member] Registering scheme swift+https with {'store': , 'location_class': , 'store_entry': 'swift'} {{(pid=101965) register_scheme_map /opt/stack/data/venv/lib/python3.12/site-packages/glance_store/location.py:146}}
Jun 16 06:42:38.653822 np0000002921 devstack@g-api.service[101965]: DEBUG glance_store.location [None req-29ece920-3012-4234-a3b2-fcd36b0f3e3d tempest-VolumesActionsTest-590049805 tempest-VolumesActionsTest-590049805-project-member] Registering scheme swift with {'store': , 'location_class': , 'store_entry': 'swift'} {{(pid=101965) register_scheme_map /opt/stack/data/venv/lib/python3.12/site-packages/glance_store/location.py:146}}
Jun 16 06:42:38.653822 np0000002921 devstack@g-api.service[101965]: DEBUG glance_store.location [None req-29ece920-3012-4234-a3b2-fcd36b0f3e3d tempest-VolumesActionsTest-590049805 tempest-VolumesActionsTest-590049805-project-member] Registering scheme swift+http with {'store': , 'location_class': , 'store_entry': 'swift'} {{(pid=101965) register_scheme_map /opt/stack/data/venv/lib/python3.12/site-packages/glance_store/location.py:146}}
Jun 16 06:42:38.653822 np0000002921 devstack@g-api.service[101965]: DEBUG glance_store.location [None req-29ece920-3012-4234-a3b2-fcd36b0f3e3d tempest-VolumesActionsTest-590049805 tempest-VolumesActionsTest-590049805-project-member] Registering scheme swift+config with {'store': , 'location_class': , 'store_entry': 'swift'} {{(pid=101965) register_scheme_map /opt/stack/data/venv/lib/python3.12/site-packages/glance_store/location.py:146}}
Jun 16 06:42:38.828158 np0000002921 devstack@g-api.service[101965]: DEBUG swiftclient [None req-29ece920-3012-4234-a3b2-fcd36b0f3e3d tempest-VolumesActionsTest-590049805 tempest-VolumesActionsTest-590049805-project-member] REQ: curl -i https://10.4.3.136:8080/v1/AUTH_706af2d6afa649b6965331cf78587d3f/glance -I -H "X-Auth-Token: gAAAAABqMPBeWmKv..." {{(pid=101965) http_log /opt/stack/data/venv/lib/python3.12/site-packages/swiftclient/client.py:160}}
Jun 16 06:42:38.828588 np0000002921 devstack@g-api.service[101965]: DEBUG swiftclient [None req-29ece920-3012-4234-a3b2-fcd36b0f3e3d tempest-VolumesActionsTest-590049805 tempest-VolumesActionsTest-590049805-project-member] RESP STATUS: 204 No Content {{(pid=101965) http_log /opt/stack/data/venv/lib/python3.12/site-packages/swiftclient/client.py:161}}
Jun 16 06:42:38.828588 np0000002921 devstack@g-api.service[101965]: DEBUG swiftclient [None req-29ece920-3012-4234-a3b2-fcd36b0f3e3d tempest-VolumesActionsTest-590049805 tempest-VolumesActionsTest-590049805-project-member] RESP HEADERS: {'Date': 'Tue, 16 Jun 2026 06:42:38 GMT', 'Server': 'Apache/2.4.58 (Ubuntu)', 'Content-Type': 'text/plain; charset=utf-8', 'X-Container-Object-Count': '3', 'X-Container-Bytes-Used': '64356352', 'X-Timestamp': '1781591494.79028', 'Last-Modified': 'Tue, 16 Jun 2026 06:31:35 GMT', 'Accept-Ranges': 'bytes', 'X-Storage-Policy': 'Policy-0', 'X-Container-Sharding': 'False', 'Vary': 'Accept', 'X-Trans-Id': 'tx02bcd881184f4151a61bd-006a30f05e', 'X-Openstack-Request-Id': 'tx02bcd881184f4151a61bd-006a30f05e', 'Connection': 'close'} {{(pid=101965) http_log /opt/stack/data/venv/lib/python3.12/site-packages/swiftclient/client.py:162}}
Jun 16 06:42:38.828588 np0000002921 devstack@g-api.service[101965]: DEBUG glance_store._drivers.swift.store [None req-29ece920-3012-4234-a3b2-fcd36b0f3e3d tempest-VolumesActionsTest-590049805 tempest-VolumesActionsTest-590049805-project-member] Adding image object '964985a9-fa99-4654-aad4-25ebac7a26bc' to Swift {{(pid=101965) add /opt/stack/data/venv/lib/python3.12/site-packages/glance_store/_drivers/swift/store.py:970}}
Jun 16 06:42:38.828807 np0000002921 devstack@g-api.service[101965]: DEBUG glance_store._drivers.swift.store [None req-29ece920-3012-4234-a3b2-fcd36b0f3e3d tempest-VolumesActionsTest-590049805 tempest-VolumesActionsTest-590049805-project-member] Cannot determine image size because it is either not provided in the request or chunked-transfer encoding is used. Adding image as a segmented object to Swift. {{(pid=101965) add /opt/stack/data/venv/lib/python3.12/site-packages/glance_store/_drivers/swift/store.py:994}}
Jun 16 06:42:38.835053 np0000002921 devstack@g-api.service[101965]: DEBUG oslo_utils.imageutils.format_inspector [None req-29ece920-3012-4234-a3b2-fcd36b0f3e3d tempest-VolumesActionsTest-590049805 tempest-VolumesActionsTest-590049805-project-member] Format inspector for vmdk does not match, excluding from consideration (Signature KDMV not found: b'\x00\x00\x00\x00') {{(pid=101965) _process_chunk /opt/stack/data/venv/lib/python3.12/site-packages/oslo_utils/imageutils/format_inspector.py:1758}}
Jun 16 06:42:38.838962 np0000002921 devstack@g-api.service[101965]: DEBUG oslo_utils.imageutils.format_inspector [None req-29ece920-3012-4234-a3b2-fcd36b0f3e3d tempest-VolumesActionsTest-590049805 tempest-VolumesActionsTest-590049805-project-member] Format inspector for vhdx does not match, excluding from consideration (Region signature not found at 30000) {{(pid=101965) _process_chunk /opt/stack/data/venv/lib/python3.12/site-packages/oslo_utils/imageutils/format_inspector.py:1758}}
Jun 16 06:42:39.232809 np0000002921 devstack@g-api.service[101964]: DEBUG glance.api.middleware.version_negotiation [None req-1769134c-539c-442f-9e30-1c964c7a4070 tempest-VolumesActionsTest-590049805 tempest-VolumesActionsTest-590049805-project-member] Determining version of request: GET /v2/images/964985a9-fa99-4654-aad4-25ebac7a26bc Accept: application/json {{(pid=101964) process_request /opt/stack/glance/glance/api/middleware/version_negotiation.py:44}}
Jun 16 06:42:39.233285 np0000002921 devstack@g-api.service[101964]: DEBUG glance.api.middleware.version_negotiation [None req-1769134c-539c-442f-9e30-1c964c7a4070 tempest-VolumesActionsTest-590049805 tempest-VolumesActionsTest-590049805-project-member] Using url versioning {{(pid=101964) process_request /opt/stack/glance/glance/api/middleware/version_negotiation.py:57}}
Jun 16 06:42:39.233285 np0000002921 devstack@g-api.service[101964]: DEBUG glance.api.middleware.version_negotiation [None req-1769134c-539c-442f-9e30-1c964c7a4070 tempest-VolumesActionsTest-590049805 tempest-VolumesActionsTest-590049805-project-member] Matched version: v2 {{(pid=101964) process_request /opt/stack/glance/glance/api/middleware/version_negotiation.py:69}}
Jun 16 06:42:39.233285 np0000002921 devstack@g-api.service[101964]: DEBUG glance.api.middleware.version_negotiation [None req-1769134c-539c-442f-9e30-1c964c7a4070 tempest-VolumesActionsTest-590049805 tempest-VolumesActionsTest-590049805-project-member] new path /v2/images/964985a9-fa99-4654-aad4-25ebac7a26bc {{(pid=101964) process_request /opt/stack/glance/glance/api/middleware/version_negotiation.py:70}}
Jun 16 06:42:39.250465 np0000002921 devstack@g-api.service[101964]: [pid: 101964|app: 0|req: 156/457] 127.0.0.1 () {40 vars in 838 bytes} [Tue Jun 16 06:42:39 2026] GET /v2/images/964985a9-fa99-4654-aad4-25ebac7a26bc => generated 650 bytes in 18 msecs (HTTP/1.1 200) 4 headers in 157 bytes (1 switches on core 0)
Jun 16 06:42:40.262487 np0000002921 devstack@g-api.service[101966]: DEBUG glance.api.middleware.version_negotiation [None req-2967d3ec-f8f8-494a-bd9c-93334cda78d3 tempest-VolumesActionsTest-590049805 tempest-VolumesActionsTest-590049805-project-member] Determining version of request: GET /v2/images/964985a9-fa99-4654-aad4-25ebac7a26bc Accept: application/json {{(pid=101966) process_request /opt/stack/glance/glance/api/middleware/version_negotiation.py:44}}
Jun 16 06:42:40.262487 np0000002921 devstack@g-api.service[101966]: DEBUG glance.api.middleware.version_negotiation [None req-2967d3ec-f8f8-494a-bd9c-93334cda78d3 tempest-VolumesActionsTest-590049805 tempest-VolumesActionsTest-590049805-project-member] Using url versioning {{(pid=101966) process_request /opt/stack/glance/glance/api/middleware/version_negotiation.py:57}}
Jun 16 06:42:40.262487 np0000002921 devstack@g-api.service[101966]: DEBUG glance.api.middleware.version_negotiation [None req-2967d3ec-f8f8-494a-bd9c-93334cda78d3 tempest-VolumesActionsTest-590049805 tempest-VolumesActionsTest-590049805-project-member] Matched version: v2 {{(pid=101966) process_request /opt/stack/glance/glance/api/middleware/version_negotiation.py:69}}
Jun 16 06:42:40.262487 np0000002921 devstack@g-api.service[101966]: DEBUG glance.api.middleware.version_negotiation [None req-2967d3ec-f8f8-494a-bd9c-93334cda78d3 tempest-VolumesActionsTest-590049805 tempest-VolumesActionsTest-590049805-project-member] new path /v2/images/964985a9-fa99-4654-aad4-25ebac7a26bc {{(pid=101966) process_request /opt/stack/glance/glance/api/middleware/version_negotiation.py:70}}
Jun 16 06:42:40.280302 np0000002921 devstack@g-api.service[101966]: [pid: 101966|app: 0|req: 155/458] 127.0.0.1 () {40 vars in 838 bytes} [Tue Jun 16 06:42:40 2026] GET /v2/images/964985a9-fa99-4654-aad4-25ebac7a26bc => generated 650 bytes in 20 msecs (HTTP/1.1 200) 4 headers in 157 bytes (1 switches on core 0)
Jun 16 06:42:40.925063 np0000002921 devstack@g-api.service[101965]: DEBUG swiftclient [None req-29ece920-3012-4234-a3b2-fcd36b0f3e3d tempest-VolumesActionsTest-590049805 tempest-VolumesActionsTest-590049805-project-member] REQ: curl -i https://10.4.3.136:8080/v1/AUTH_706af2d6afa649b6965331cf78587d3f/glance/964985a9-fa99-4654-aad4-25ebac7a26bc-00001 -X PUT -H "X-Auth-Token: gAAAAABqMPBeWmKv..." {{(pid=101965) http_log /opt/stack/data/venv/lib/python3.12/site-packages/swiftclient/client.py:160}}
Jun 16 06:42:40.925585 np0000002921 devstack@g-api.service[101965]: DEBUG swiftclient [None req-29ece920-3012-4234-a3b2-fcd36b0f3e3d tempest-VolumesActionsTest-590049805 tempest-VolumesActionsTest-590049805-project-member] RESP STATUS: 201 Created {{(pid=101965) http_log /opt/stack/data/venv/lib/python3.12/site-packages/swiftclient/client.py:161}}
Jun 16 06:42:40.925585 np0000002921 devstack@g-api.service[101965]: DEBUG swiftclient [None req-29ece920-3012-4234-a3b2-fcd36b0f3e3d tempest-VolumesActionsTest-590049805 tempest-VolumesActionsTest-590049805-project-member] RESP HEADERS: {'Date': 'Tue, 16 Jun 2026 06:42:40 GMT', 'Server': 'Apache/2.4.58 (Ubuntu)', 'Content-Type': 'text/html; charset=UTF-8', 'Content-Length': '0', 'Etag': 'eda9a9889837ac4bc81d6387d92c1bec', 'Last-Modified': 'Tue, 16 Jun 2026 06:42:39 GMT', 'X-Trans-Id': 'txdb5a38bf9fc548ec9b0f1-006a30f05e', 'X-Openstack-Request-Id': 'txdb5a38bf9fc548ec9b0f1-006a30f05e', 'Connection': 'close'} {{(pid=101965) http_log /opt/stack/data/venv/lib/python3.12/site-packages/swiftclient/client.py:162}}
Jun 16 06:42:40.925585 np0000002921 devstack@g-api.service[101965]: DEBUG glance_store._drivers.swift.store [None req-29ece920-3012-4234-a3b2-fcd36b0f3e3d tempest-VolumesActionsTest-590049805 tempest-VolumesActionsTest-590049805-project-member] Wrote chunk 964985a9-fa99-4654-aad4-25ebac7a26bc-00001 (1/?) of length 204800000 to Swift returning MD5 of content: eda9a9889837ac4bc81d6387d92c1bec {{(pid=101965) add /opt/stack/data/venv/lib/python3.12/site-packages/glance_store/_drivers/swift/store.py:1059}}
Jun 16 06:42:41.296515 np0000002921 devstack@g-api.service[101964]: DEBUG glance.api.middleware.version_negotiation [None req-9966208a-e01b-4345-9fcf-261f50ba3e3d tempest-VolumesActionsTest-590049805 tempest-VolumesActionsTest-590049805-project-member] Determining version of request: GET /v2/images/964985a9-fa99-4654-aad4-25ebac7a26bc Accept: application/json {{(pid=101964) process_request /opt/stack/glance/glance/api/middleware/version_negotiation.py:44}}
Jun 16 06:42:41.296515 np0000002921 devstack@g-api.service[101964]: DEBUG glance.api.middleware.version_negotiation [None req-9966208a-e01b-4345-9fcf-261f50ba3e3d tempest-VolumesActionsTest-590049805 tempest-VolumesActionsTest-590049805-project-member] Using url versioning {{(pid=101964) process_request /opt/stack/glance/glance/api/middleware/version_negotiation.py:57}}
Jun 16 06:42:41.296515 np0000002921 devstack@g-api.service[101964]: DEBUG glance.api.middleware.version_negotiation [None req-9966208a-e01b-4345-9fcf-261f50ba3e3d tempest-VolumesActionsTest-590049805 tempest-VolumesActionsTest-590049805-project-member] Matched version: v2 {{(pid=101964) process_request /opt/stack/glance/glance/api/middleware/version_negotiation.py:69}}
Jun 16 06:42:41.296515 np0000002921 devstack@g-api.service[101964]: DEBUG glance.api.middleware.version_negotiation [None req-9966208a-e01b-4345-9fcf-261f50ba3e3d tempest-VolumesActionsTest-590049805 tempest-VolumesActionsTest-590049805-project-member] new path /v2/images/964985a9-fa99-4654-aad4-25ebac7a26bc {{(pid=101964) process_request /opt/stack/glance/glance/api/middleware/version_negotiation.py:70}}
Jun 16 06:42:41.309806 np0000002921 devstack@g-api.service[101964]: [pid: 101964|app: 0|req: 157/459] 127.0.0.1 () {40 vars in 838 bytes} [Tue Jun 16 06:42:41 2026] GET /v2/images/964985a9-fa99-4654-aad4-25ebac7a26bc => generated 650 bytes in 15 msecs (HTTP/1.1 200) 4 headers in 157 bytes (1 switches on core 0)
Jun 16 06:42:42.322303 np0000002921 devstack@g-api.service[101966]: DEBUG glance.api.middleware.version_negotiation [None req-2f36ab72-7d8b-4018-9cfe-9d97548a145c tempest-VolumesActionsTest-590049805 tempest-VolumesActionsTest-590049805-project-member] Determining version of request: GET /v2/images/964985a9-fa99-4654-aad4-25ebac7a26bc Accept: application/json {{(pid=101966) process_request /opt/stack/glance/glance/api/middleware/version_negotiation.py:44}}
Jun 16 06:42:42.323205 np0000002921 devstack@g-api.service[101966]: DEBUG glance.api.middleware.version_negotiation [None req-2f36ab72-7d8b-4018-9cfe-9d97548a145c tempest-VolumesActionsTest-590049805 tempest-VolumesActionsTest-590049805-project-member] Using url versioning {{(pid=101966) process_request /opt/stack/glance/glance/api/middleware/version_negotiation.py:57}}
Jun 16 06:42:42.323366 np0000002921 devstack@g-api.service[101966]: DEBUG glance.api.middleware.version_negotiation [None req-2f36ab72-7d8b-4018-9cfe-9d97548a145c tempest-VolumesActionsTest-590049805 tempest-VolumesActionsTest-590049805-project-member] Matched version: v2 {{(pid=101966) process_request /opt/stack/glance/glance/api/middleware/version_negotiation.py:69}}
Jun 16 06:42:42.323510 np0000002921 devstack@g-api.service[101966]: DEBUG glance.api.middleware.version_negotiation [None req-2f36ab72-7d8b-4018-9cfe-9d97548a145c tempest-VolumesActionsTest-590049805 tempest-VolumesActionsTest-590049805-project-member] new path /v2/images/964985a9-fa99-4654-aad4-25ebac7a26bc {{(pid=101966) process_request /opt/stack/glance/glance/api/middleware/version_negotiation.py:70}}
Jun 16 06:42:42.340455 np0000002921 devstack@g-api.service[101966]: [pid: 101966|app: 0|req: 156/460] 127.0.0.1 () {40 vars in 838 bytes} [Tue Jun 16 06:42:42 2026] GET /v2/images/964985a9-fa99-4654-aad4-25ebac7a26bc => generated 650 bytes in 18 msecs (HTTP/1.1 200) 4 headers in 157 bytes (1 switches on core 0)
Jun 16 06:42:43.149530 np0000002921 devstack@g-api.service[101965]: DEBUG swiftclient [None req-29ece920-3012-4234-a3b2-fcd36b0f3e3d tempest-VolumesActionsTest-590049805 tempest-VolumesActionsTest-590049805-project-member] REQ: curl -i https://10.4.3.136:8080/v1/AUTH_706af2d6afa649b6965331cf78587d3f/glance/964985a9-fa99-4654-aad4-25ebac7a26bc-00002 -X PUT -H "X-Auth-Token: gAAAAABqMPBeWmKv..." {{(pid=101965) http_log /opt/stack/data/venv/lib/python3.12/site-packages/swiftclient/client.py:160}}
Jun 16 06:42:43.149889 np0000002921 devstack@g-api.service[101965]: DEBUG swiftclient [None req-29ece920-3012-4234-a3b2-fcd36b0f3e3d tempest-VolumesActionsTest-590049805 tempest-VolumesActionsTest-590049805-project-member] RESP STATUS: 201 Created {{(pid=101965) http_log /opt/stack/data/venv/lib/python3.12/site-packages/swiftclient/client.py:161}}
Jun 16 06:42:43.149889 np0000002921 devstack@g-api.service[101965]: DEBUG swiftclient [None req-29ece920-3012-4234-a3b2-fcd36b0f3e3d tempest-VolumesActionsTest-590049805 tempest-VolumesActionsTest-590049805-project-member] RESP HEADERS: {'Date': 'Tue, 16 Jun 2026 06:42:43 GMT', 'Server': 'Apache/2.4.58 (Ubuntu)', 'Content-Type': 'text/html; charset=UTF-8', 'Content-Length': '0', 'Etag': 'eda9a9889837ac4bc81d6387d92c1bec', 'Last-Modified': 'Tue, 16 Jun 2026 06:42:41 GMT', 'X-Trans-Id': 'tx468111c51ab344c785289-006a30f060', 'X-Openstack-Request-Id': 'tx468111c51ab344c785289-006a30f060', 'Connection': 'close'} {{(pid=101965) http_log /opt/stack/data/venv/lib/python3.12/site-packages/swiftclient/client.py:162}}
Jun 16 06:42:43.149980 np0000002921 devstack@g-api.service[101965]: DEBUG glance_store._drivers.swift.store [None req-29ece920-3012-4234-a3b2-fcd36b0f3e3d tempest-VolumesActionsTest-590049805 tempest-VolumesActionsTest-590049805-project-member] Wrote chunk 964985a9-fa99-4654-aad4-25ebac7a26bc-00002 (2/?) of length 204800000 to Swift returning MD5 of content: eda9a9889837ac4bc81d6387d92c1bec {{(pid=101965) add /opt/stack/data/venv/lib/python3.12/site-packages/glance_store/_drivers/swift/store.py:1059}}
Jun 16 06:42:43.352462 np0000002921 devstack@g-api.service[101964]: DEBUG glance.api.middleware.version_negotiation [None req-9d31220a-02e9-4162-bf88-8ce44906a587 tempest-VolumesActionsTest-590049805 tempest-VolumesActionsTest-590049805-project-member] Determining version of request: GET /v2/images/964985a9-fa99-4654-aad4-25ebac7a26bc Accept: application/json {{(pid=101964) process_request /opt/stack/glance/glance/api/middleware/version_negotiation.py:44}}
Jun 16 06:42:43.353022 np0000002921 devstack@g-api.service[101964]: DEBUG glance.api.middleware.version_negotiation [None req-9d31220a-02e9-4162-bf88-8ce44906a587 tempest-VolumesActionsTest-590049805 tempest-VolumesActionsTest-590049805-project-member] Using url versioning {{(pid=101964) process_request /opt/stack/glance/glance/api/middleware/version_negotiation.py:57}}
Jun 16 06:42:43.353022 np0000002921 devstack@g-api.service[101964]: DEBUG glance.api.middleware.version_negotiation [None req-9d31220a-02e9-4162-bf88-8ce44906a587 tempest-VolumesActionsTest-590049805 tempest-VolumesActionsTest-590049805-project-member] Matched version: v2 {{(pid=101964) process_request /opt/stack/glance/glance/api/middleware/version_negotiation.py:69}}
Jun 16 06:42:43.353022 np0000002921 devstack@g-api.service[101964]: DEBUG glance.api.middleware.version_negotiation [None req-9d31220a-02e9-4162-bf88-8ce44906a587 tempest-VolumesActionsTest-590049805 tempest-VolumesActionsTest-590049805-project-member] new path /v2/images/964985a9-fa99-4654-aad4-25ebac7a26bc {{(pid=101964) process_request /opt/stack/glance/glance/api/middleware/version_negotiation.py:70}}
Jun 16 06:42:43.369493 np0000002921 devstack@g-api.service[101964]: [pid: 101964|app: 0|req: 158/461] 127.0.0.1 () {40 vars in 838 bytes} [Tue Jun 16 06:42:43 2026] GET /v2/images/964985a9-fa99-4654-aad4-25ebac7a26bc => generated 650 bytes in 17 msecs (HTTP/1.1 200) 4 headers in 157 bytes (1 switches on core 0)
Jun 16 06:42:44.380104 np0000002921 devstack@g-api.service[101966]: DEBUG glance.api.middleware.version_negotiation [None req-0476422a-24d1-4e5c-9509-b93e9bee0b40 tempest-VolumesActionsTest-590049805 tempest-VolumesActionsTest-590049805-project-member] Determining version of request: GET /v2/images/964985a9-fa99-4654-aad4-25ebac7a26bc Accept: application/json {{(pid=101966) process_request /opt/stack/glance/glance/api/middleware/version_negotiation.py:44}}
Jun 16 06:42:44.380477 np0000002921 devstack@g-api.service[101966]: DEBUG glance.api.middleware.version_negotiation [None req-0476422a-24d1-4e5c-9509-b93e9bee0b40 tempest-VolumesActionsTest-590049805 tempest-VolumesActionsTest-590049805-project-member] Using url versioning {{(pid=101966) process_request /opt/stack/glance/glance/api/middleware/version_negotiation.py:57}}
Jun 16 06:42:44.380477 np0000002921 devstack@g-api.service[101966]: DEBUG glance.api.middleware.version_negotiation [None req-0476422a-24d1-4e5c-9509-b93e9bee0b40 tempest-VolumesActionsTest-590049805 tempest-VolumesActionsTest-590049805-project-member] Matched version: v2 {{(pid=101966) process_request /opt/stack/glance/glance/api/middleware/version_negotiation.py:69}}
Jun 16 06:42:44.380575 np0000002921 devstack@g-api.service[101966]: DEBUG glance.api.middleware.version_negotiation [None req-0476422a-24d1-4e5c-9509-b93e9bee0b40 tempest-VolumesActionsTest-590049805 tempest-VolumesActionsTest-590049805-project-member] new path /v2/images/964985a9-fa99-4654-aad4-25ebac7a26bc {{(pid=101966) process_request /opt/stack/glance/glance/api/middleware/version_negotiation.py:70}}
Jun 16 06:42:44.395867 np0000002921 devstack@g-api.service[101966]: [pid: 101966|app: 0|req: 157/462] 127.0.0.1 () {40 vars in 838 bytes} [Tue Jun 16 06:42:44 2026] GET /v2/images/964985a9-fa99-4654-aad4-25ebac7a26bc => generated 650 bytes in 16 msecs (HTTP/1.1 200) 4 headers in 157 bytes (1 switches on core 0)
Jun 16 06:42:45.408715 np0000002921 devstack@g-api.service[101964]: DEBUG glance.api.middleware.version_negotiation [None req-5a78cab9-5f23-4e96-bfce-db12655ec5fc tempest-VolumesActionsTest-590049805 tempest-VolumesActionsTest-590049805-project-member] Determining version of request: GET /v2/images/964985a9-fa99-4654-aad4-25ebac7a26bc Accept: application/json {{(pid=101964) process_request /opt/stack/glance/glance/api/middleware/version_negotiation.py:44}}
Jun 16 06:42:45.408715 np0000002921 devstack@g-api.service[101964]: DEBUG glance.api.middleware.version_negotiation [None req-5a78cab9-5f23-4e96-bfce-db12655ec5fc tempest-VolumesActionsTest-590049805 tempest-VolumesActionsTest-590049805-project-member] Using url versioning {{(pid=101964) process_request /opt/stack/glance/glance/api/middleware/version_negotiation.py:57}}
Jun 16 06:42:45.408715 np0000002921 devstack@g-api.service[101964]: DEBUG glance.api.middleware.version_negotiation [None req-5a78cab9-5f23-4e96-bfce-db12655ec5fc tempest-VolumesActionsTest-590049805 tempest-VolumesActionsTest-590049805-project-member] Matched version: v2 {{(pid=101964) process_request /opt/stack/glance/glance/api/middleware/version_negotiation.py:69}}
Jun 16 06:42:45.408715 np0000002921 devstack@g-api.service[101964]: DEBUG glance.api.middleware.version_negotiation [None req-5a78cab9-5f23-4e96-bfce-db12655ec5fc tempest-VolumesActionsTest-590049805 tempest-VolumesActionsTest-590049805-project-member] new path /v2/images/964985a9-fa99-4654-aad4-25ebac7a26bc {{(pid=101964) process_request /opt/stack/glance/glance/api/middleware/version_negotiation.py:70}}
Jun 16 06:42:45.427170 np0000002921 devstack@g-api.service[101964]: [pid: 101964|app: 0|req: 159/463] 127.0.0.1 () {40 vars in 838 bytes} [Tue Jun 16 06:42:45 2026] GET /v2/images/964985a9-fa99-4654-aad4-25ebac7a26bc => generated 650 bytes in 14 msecs (HTTP/1.1 200) 4 headers in 157 bytes (1 switches on core 0)
Jun 16 06:42:45.471928 np0000002921 devstack@g-api.service[101965]: DEBUG swiftclient [None req-29ece920-3012-4234-a3b2-fcd36b0f3e3d tempest-VolumesActionsTest-590049805 tempest-VolumesActionsTest-590049805-project-member] REQ: curl -i https://10.4.3.136:8080/v1/AUTH_706af2d6afa649b6965331cf78587d3f/glance/964985a9-fa99-4654-aad4-25ebac7a26bc-00003 -X PUT -H "X-Auth-Token: gAAAAABqMPBeWmKv..." {{(pid=101965) http_log /opt/stack/data/venv/lib/python3.12/site-packages/swiftclient/client.py:160}}
Jun 16 06:42:45.472287 np0000002921 devstack@g-api.service[101965]: DEBUG swiftclient [None req-29ece920-3012-4234-a3b2-fcd36b0f3e3d tempest-VolumesActionsTest-590049805 tempest-VolumesActionsTest-590049805-project-member] RESP STATUS: 201 Created {{(pid=101965) http_log /opt/stack/data/venv/lib/python3.12/site-packages/swiftclient/client.py:161}}
Jun 16 06:42:45.472287 np0000002921 devstack@g-api.service[101965]: DEBUG swiftclient [None req-29ece920-3012-4234-a3b2-fcd36b0f3e3d tempest-VolumesActionsTest-590049805 tempest-VolumesActionsTest-590049805-project-member] RESP HEADERS: {'Date': 'Tue, 16 Jun 2026 06:42:45 GMT', 'Server': 'Apache/2.4.58 (Ubuntu)', 'Content-Type': 'text/html; charset=UTF-8', 'Content-Length': '0', 'Etag': 'eda9a9889837ac4bc81d6387d92c1bec', 'Last-Modified': 'Tue, 16 Jun 2026 06:42:44 GMT', 'X-Trans-Id': 'txfaee8b6c4dee483882456-006a30f063', 'X-Openstack-Request-Id': 'txfaee8b6c4dee483882456-006a30f063', 'Connection': 'close'} {{(pid=101965) http_log /opt/stack/data/venv/lib/python3.12/site-packages/swiftclient/client.py:162}}
Jun 16 06:42:45.472416 np0000002921 devstack@g-api.service[101965]: DEBUG glance_store._drivers.swift.store [None req-29ece920-3012-4234-a3b2-fcd36b0f3e3d tempest-VolumesActionsTest-590049805 tempest-VolumesActionsTest-590049805-project-member] Wrote chunk 964985a9-fa99-4654-aad4-25ebac7a26bc-00003 (3/?) of length 204800000 to Swift returning MD5 of content: eda9a9889837ac4bc81d6387d92c1bec {{(pid=101965) add /opt/stack/data/venv/lib/python3.12/site-packages/glance_store/_drivers/swift/store.py:1059}}
Jun 16 06:42:46.434763 np0000002921 devstack@g-api.service[101966]: DEBUG glance.api.middleware.version_negotiation [None req-cbd0f6e4-6127-4ef2-9f8c-bdcd2d081cd6 tempest-VolumesActionsTest-590049805 tempest-VolumesActionsTest-590049805-project-member] Determining version of request: GET /v2/images/964985a9-fa99-4654-aad4-25ebac7a26bc Accept: application/json {{(pid=101966) process_request /opt/stack/glance/glance/api/middleware/version_negotiation.py:44}}
Jun 16 06:42:46.434763 np0000002921 devstack@g-api.service[101966]: DEBUG glance.api.middleware.version_negotiation [None req-cbd0f6e4-6127-4ef2-9f8c-bdcd2d081cd6 tempest-VolumesActionsTest-590049805 tempest-VolumesActionsTest-590049805-project-member] Using url versioning {{(pid=101966) process_request /opt/stack/glance/glance/api/middleware/version_negotiation.py:57}}
Jun 16 06:42:46.434763 np0000002921 devstack@g-api.service[101966]: DEBUG glance.api.middleware.version_negotiation [None req-cbd0f6e4-6127-4ef2-9f8c-bdcd2d081cd6 tempest-VolumesActionsTest-590049805 tempest-VolumesActionsTest-590049805-project-member] Matched version: v2 {{(pid=101966) process_request /opt/stack/glance/glance/api/middleware/version_negotiation.py:69}}
Jun 16 06:42:46.434763 np0000002921 devstack@g-api.service[101966]: DEBUG glance.api.middleware.version_negotiation [None req-cbd0f6e4-6127-4ef2-9f8c-bdcd2d081cd6 tempest-VolumesActionsTest-590049805 tempest-VolumesActionsTest-590049805-project-member] new path /v2/images/964985a9-fa99-4654-aad4-25ebac7a26bc {{(pid=101966) process_request /opt/stack/glance/glance/api/middleware/version_negotiation.py:70}}
Jun 16 06:42:46.456809 np0000002921 devstack@g-api.service[101966]: [pid: 101966|app: 0|req: 158/464] 127.0.0.1 () {40 vars in 838 bytes} [Tue Jun 16 06:42:46 2026] GET /v2/images/964985a9-fa99-4654-aad4-25ebac7a26bc => generated 650 bytes in 23 msecs (HTTP/1.1 200) 4 headers in 157 bytes (1 switches on core 0)
Jun 16 06:42:47.470393 np0000002921 devstack@g-api.service[101964]: DEBUG glance.api.middleware.version_negotiation [None req-983a74cf-98f4-4321-8d81-196d5d015cb1 tempest-VolumesActionsTest-590049805 tempest-VolumesActionsTest-590049805-project-member] Determining version of request: GET /v2/images/964985a9-fa99-4654-aad4-25ebac7a26bc Accept: application/json {{(pid=101964) process_request /opt/stack/glance/glance/api/middleware/version_negotiation.py:44}}
Jun 16 06:42:47.470871 np0000002921 devstack@g-api.service[101964]: DEBUG glance.api.middleware.version_negotiation [None req-983a74cf-98f4-4321-8d81-196d5d015cb1 tempest-VolumesActionsTest-590049805 tempest-VolumesActionsTest-590049805-project-member] Using url versioning {{(pid=101964) process_request /opt/stack/glance/glance/api/middleware/version_negotiation.py:57}}
Jun 16 06:42:47.470871 np0000002921 devstack@g-api.service[101964]: DEBUG glance.api.middleware.version_negotiation [None req-983a74cf-98f4-4321-8d81-196d5d015cb1 tempest-VolumesActionsTest-590049805 tempest-VolumesActionsTest-590049805-project-member] Matched version: v2 {{(pid=101964) process_request /opt/stack/glance/glance/api/middleware/version_negotiation.py:69}}
Jun 16 06:42:47.470871 np0000002921 devstack@g-api.service[101964]: DEBUG glance.api.middleware.version_negotiation [None req-983a74cf-98f4-4321-8d81-196d5d015cb1 tempest-VolumesActionsTest-590049805 tempest-VolumesActionsTest-590049805-project-member] new path /v2/images/964985a9-fa99-4654-aad4-25ebac7a26bc {{(pid=101964) process_request /opt/stack/glance/glance/api/middleware/version_negotiation.py:70}}
Jun 16 06:42:47.483212 np0000002921 devstack@g-api.service[101964]: [pid: 101964|app: 0|req: 160/465] 127.0.0.1 () {40 vars in 838 bytes} [Tue Jun 16 06:42:47 2026] GET /v2/images/964985a9-fa99-4654-aad4-25ebac7a26bc => generated 650 bytes in 12 msecs (HTTP/1.1 200) 4 headers in 157 bytes (1 switches on core 0)
Jun 16 06:42:47.752941 np0000002921 devstack@g-api.service[101965]: DEBUG swiftclient [None req-29ece920-3012-4234-a3b2-fcd36b0f3e3d tempest-VolumesActionsTest-590049805 tempest-VolumesActionsTest-590049805-project-member] REQ: curl -i https://10.4.3.136:8080/v1/AUTH_706af2d6afa649b6965331cf78587d3f/glance/964985a9-fa99-4654-aad4-25ebac7a26bc-00004 -X PUT -H "X-Auth-Token: gAAAAABqMPBeWmKv..." {{(pid=101965) http_log /opt/stack/data/venv/lib/python3.12/site-packages/swiftclient/client.py:160}}
