Jun 16 06:31:06.741528 np0000002921 nova-scheduler[95646]: DEBUG cotyledon.oslo_config_glue [-] oslo_limit.cafile = None {{(pid=95646) log_opt_values /opt/stack/data/venv/lib/python3.12/site-packages/oslo_config/cfg.py:3253}}
Jun 16 06:31:06.741528 np0000002921 nova-scheduler[95646]: DEBUG cotyledon.oslo_config_glue [-] oslo_limit.certfile = None {{(pid=95646) log_opt_values /opt/stack/data/venv/lib/python3.12/site-packages/oslo_config/cfg.py:3253}}
Jun 16 06:31:06.741528 np0000002921 nova-scheduler[95646]: DEBUG cotyledon.oslo_config_glue [-] oslo_limit.collect_timing = False {{(pid=95646) log_opt_values /opt/stack/data/venv/lib/python3.12/site-packages/oslo_config/cfg.py:3253}}
Jun 16 06:31:06.741734 np0000002921 nova-scheduler[95646]: DEBUG cotyledon.oslo_config_glue [-] oslo_limit.connect_retries = None {{(pid=95646) log_opt_values /opt/stack/data/venv/lib/python3.12/site-packages/oslo_config/cfg.py:3253}}
Jun 16 06:31:06.741734 np0000002921 nova-scheduler[95646]: DEBUG cotyledon.oslo_config_glue [-] oslo_limit.connect_retry_delay = None {{(pid=95646) log_opt_values /opt/stack/data/venv/lib/python3.12/site-packages/oslo_config/cfg.py:3253}}
Jun 16 06:31:06.741734 np0000002921 nova-scheduler[95646]: DEBUG cotyledon.oslo_config_glue [-] oslo_limit.endpoint_id = None {{(pid=95646) log_opt_values /opt/stack/data/venv/lib/python3.12/site-packages/oslo_config/cfg.py:3253}}
Jun 16 06:31:06.741734 np0000002921 nova-scheduler[95646]: DEBUG cotyledon.oslo_config_glue [-] oslo_limit.endpoint_interface = public {{(pid=95646) log_opt_values /opt/stack/data/venv/lib/python3.12/site-packages/oslo_config/cfg.py:3253}}
Jun 16 06:31:06.741734 np0000002921 nova-scheduler[95646]: DEBUG cotyledon.oslo_config_glue [-] oslo_limit.endpoint_override = None {{(pid=95646) log_opt_values /opt/stack/data/venv/lib/python3.12/site-packages/oslo_config/cfg.py:3253}}
Jun 16 06:31:06.741734 np0000002921 nova-scheduler[95646]: DEBUG cotyledon.oslo_config_glue [-] oslo_limit.endpoint_region_name = None {{(pid=95646) log_opt_values /opt/stack/data/venv/lib/python3.12/site-packages/oslo_config/cfg.py:3253}}
Jun 16 06:31:06.741734 np0000002921 nova-scheduler[95646]: DEBUG cotyledon.oslo_config_glue [-] oslo_limit.endpoint_service_name = None {{(pid=95646) log_opt_values /opt/stack/data/venv/lib/python3.12/site-packages/oslo_config/cfg.py:3253}}
Jun 16 06:31:06.741734 np0000002921 nova-scheduler[95646]: DEBUG cotyledon.oslo_config_glue [-] oslo_limit.endpoint_service_type = None {{(pid=95646) log_opt_values /opt/stack/data/venv/lib/python3.12/site-packages/oslo_config/cfg.py:3253}}
Jun 16 06:31:06.741734 np0000002921 nova-scheduler[95646]: DEBUG cotyledon.oslo_config_glue [-] oslo_limit.insecure = False {{(pid=95646) log_opt_values /opt/stack/data/venv/lib/python3.12/site-packages/oslo_config/cfg.py:3253}}
Jun 16 06:31:06.741914 np0000002921 nova-scheduler[95646]: DEBUG cotyledon.oslo_config_glue [-] oslo_limit.keyfile = None {{(pid=95646) log_opt_values /opt/stack/data/venv/lib/python3.12/site-packages/oslo_config/cfg.py:3253}}
Jun 16 06:31:06.741914 np0000002921 nova-scheduler[95646]: DEBUG cotyledon.oslo_config_glue [-] oslo_limit.max_version = None {{(pid=95646) log_opt_values /opt/stack/data/venv/lib/python3.12/site-packages/oslo_config/cfg.py:3253}}
Jun 16 06:31:06.741914 np0000002921 nova-scheduler[95646]: DEBUG cotyledon.oslo_config_glue [-] oslo_limit.min_version = None {{(pid=95646) log_opt_values /opt/stack/data/venv/lib/python3.12/site-packages/oslo_config/cfg.py:3253}}
Jun 16 06:31:06.741914 np0000002921 nova-scheduler[95646]: DEBUG cotyledon.oslo_config_glue [-] oslo_limit.region_name = None {{(pid=95646) log_opt_values /opt/stack/data/venv/lib/python3.12/site-packages/oslo_config/cfg.py:3253}}
Jun 16 06:31:06.741914 np0000002921 nova-scheduler[95646]: DEBUG cotyledon.oslo_config_glue [-] oslo_limit.retriable_status_codes = None {{(pid=95646) log_opt_values /opt/stack/data/venv/lib/python3.12/site-packages/oslo_config/cfg.py:3253}}
Jun 16 06:31:06.741914 np0000002921 nova-scheduler[95646]: DEBUG cotyledon.oslo_config_glue [-] oslo_limit.service_name = None {{(pid=95646) log_opt_values /opt/stack/data/venv/lib/python3.12/site-packages/oslo_config/cfg.py:3253}}
Jun 16 06:31:06.741914 np0000002921 nova-scheduler[95646]: DEBUG cotyledon.oslo_config_glue [-] oslo_limit.service_type = None {{(pid=95646) log_opt_values /opt/stack/data/venv/lib/python3.12/site-packages/oslo_config/cfg.py:3253}}
Jun 16 06:31:06.741914 np0000002921 nova-scheduler[95646]: DEBUG cotyledon.oslo_config_glue [-] oslo_limit.split_loggers = False {{(pid=95646) log_opt_values /opt/stack/data/venv/lib/python3.12/site-packages/oslo_config/cfg.py:3253}}
Jun 16 06:31:06.741914 np0000002921 nova-scheduler[95646]: DEBUG cotyledon.oslo_config_glue [-] oslo_limit.status_code_retries = None {{(pid=95646) log_opt_values /opt/stack/data/venv/lib/python3.12/site-packages/oslo_config/cfg.py:3253}}
Jun 16 06:31:06.742111 np0000002921 nova-scheduler[95646]: DEBUG cotyledon.oslo_config_glue [-] oslo_limit.status_code_retry_delay = None {{(pid=95646) log_opt_values /opt/stack/data/venv/lib/python3.12/site-packages/oslo_config/cfg.py:3253}}
Jun 16 06:31:06.742111 np0000002921 nova-scheduler[95646]: DEBUG cotyledon.oslo_config_glue [-] oslo_limit.timeout = None {{(pid=95646) log_opt_values /opt/stack/data/venv/lib/python3.12/site-packages/oslo_config/cfg.py:3253}}
Jun 16 06:31:06.742111 np0000002921 nova-scheduler[95646]: DEBUG cotyledon.oslo_config_glue [-] oslo_limit.valid_interfaces = None {{(pid=95646) log_opt_values /opt/stack/data/venv/lib/python3.12/site-packages/oslo_config/cfg.py:3253}}
Jun 16 06:31:06.742111 np0000002921 nova-scheduler[95646]: DEBUG cotyledon.oslo_config_glue [-] oslo_limit.version = None {{(pid=95646) log_opt_values /opt/stack/data/venv/lib/python3.12/site-packages/oslo_config/cfg.py:3253}}
Jun 16 06:31:06.742111 np0000002921 nova-scheduler[95646]: DEBUG cotyledon.oslo_config_glue [-] oslo_reports.file_event_handler = None {{(pid=95646) log_opt_values /opt/stack/data/venv/lib/python3.12/site-packages/oslo_config/cfg.py:3253}}
Jun 16 06:31:06.742111 np0000002921 nova-scheduler[95646]: DEBUG cotyledon.oslo_config_glue [-] oslo_reports.file_event_handler_interval = 1 {{(pid=95646) log_opt_values /opt/stack/data/venv/lib/python3.12/site-packages/oslo_config/cfg.py:3253}}
Jun 16 06:31:06.742111 np0000002921 nova-scheduler[95646]: DEBUG cotyledon.oslo_config_glue [-] oslo_reports.log_dir = None {{(pid=95646) log_opt_values /opt/stack/data/venv/lib/python3.12/site-packages/oslo_config/cfg.py:3253}}
Jun 16 06:31:06.742111 np0000002921 nova-scheduler[95646]: DEBUG cotyledon.oslo_config_glue [-] ******************************************************************************** {{(pid=95646) log_opt_values /opt/stack/data/venv/lib/python3.12/site-packages/oslo_config/cfg.py:3260}}
Jun 16 06:31:06.742111 np0000002921 nova-scheduler[95646]: DEBUG cotyledon._service_worker [-] Run service ServiceWrapper(1) [95646] {{(pid=95646) wait_forever /opt/stack/data/venv/lib/python3.12/site-packages/cotyledon/_service_worker.py:218}}
Jun 16 06:31:06.742313 np0000002921 nova-scheduler[95646]: INFO nova.service [-] Starting scheduler node (version 33.1.0)
Jun 16 06:31:06.744169 np0000002921 nova-scheduler[95646]: INFO dbcounter [None req-a3a7f1b5-2071-42d1-89ae-f7e2d3b50ae7 None None] Registered counter for database nova_cell0
Jun 16 06:31:06.746630 np0000002921 nova-scheduler[95612]: DEBUG oslo_db.sqlalchemy.engines [None req-6f550ee9-9ade-4af5-a7d3-1e905c913f97 None None] MySQL server mode set to STRICT_TRANS_TABLES,STRICT_ALL_TABLES,NO_ZERO_IN_DATE,NO_ZERO_DATE,ERROR_FOR_DIVISION_BY_ZERO,TRADITIONAL,NO_ENGINE_SUBSTITUTION {{(pid=95612) _check_effective_sql_mode /opt/stack/data/venv/lib/python3.12/site-packages/oslo_db/sqlalchemy/engines.py:325}}
Jun 16 06:31:06.755632 np0000002921 nova-scheduler[95612]: DEBUG dbcounter [-] [95612] Writer thread running {{(pid=95612) stat_writer /opt/stack/data/venv/lib/python3.12/site-packages/dbcounter.py:102}}
Jun 16 06:31:06.770106 np0000002921 nova-scheduler[95612]: DEBUG nova.service [None req-6f550ee9-9ade-4af5-a7d3-1e905c913f97 None None] Creating RPC server for service: nova-scheduler on topic: scheduler {{(pid=95612) start /opt/stack/nova/nova/service.py:196}}
Jun 16 06:31:06.788377 np0000002921 nova-scheduler[95646]: DEBUG oslo_db.sqlalchemy.engines [None req-a3a7f1b5-2071-42d1-89ae-f7e2d3b50ae7 None None] MySQL server mode set to STRICT_TRANS_TABLES,STRICT_ALL_TABLES,NO_ZERO_IN_DATE,NO_ZERO_DATE,ERROR_FOR_DIVISION_BY_ZERO,TRADITIONAL,NO_ENGINE_SUBSTITUTION {{(pid=95646) _check_effective_sql_mode /opt/stack/data/venv/lib/python3.12/site-packages/oslo_db/sqlalchemy/engines.py:325}}
Jun 16 06:31:06.794909 np0000002921 nova-scheduler[95652]: DEBUG oslo_db.sqlalchemy.engines [None req-be9f2341-c74f-4a6a-a8a5-76926d415aef None None] MySQL server mode set to STRICT_TRANS_TABLES,STRICT_ALL_TABLES,NO_ZERO_IN_DATE,NO_ZERO_DATE,ERROR_FOR_DIVISION_BY_ZERO,TRADITIONAL,NO_ENGINE_SUBSTITUTION {{(pid=95652) _check_effective_sql_mode /opt/stack/data/venv/lib/python3.12/site-packages/oslo_db/sqlalchemy/engines.py:325}}
Jun 16 06:31:06.802334 np0000002921 nova-scheduler[95646]: DEBUG dbcounter [-] [95646] Writer thread running {{(pid=95646) stat_writer /opt/stack/data/venv/lib/python3.12/site-packages/dbcounter.py:102}}
Jun 16 06:31:06.802918 np0000002921 nova-scheduler[95652]: DEBUG dbcounter [-] [95652] Writer thread running {{(pid=95652) stat_writer /opt/stack/data/venv/lib/python3.12/site-packages/dbcounter.py:102}}
Jun 16 06:31:06.805334 np0000002921 nova-scheduler[95646]: DEBUG nova.service [None req-a3a7f1b5-2071-42d1-89ae-f7e2d3b50ae7 None None] Creating RPC server for service: nova-scheduler on topic: scheduler {{(pid=95646) start /opt/stack/nova/nova/service.py:196}}
Jun 16 06:31:06.805898 np0000002921 nova-scheduler[95652]: DEBUG nova.service [None req-be9f2341-c74f-4a6a-a8a5-76926d415aef None None] Creating RPC server for service: nova-scheduler on topic: scheduler {{(pid=95652) start /opt/stack/nova/nova/service.py:196}}
Jun 16 06:31:06.830553 np0000002921 nova-scheduler[95612]: DEBUG nova.service [None req-6f550ee9-9ade-4af5-a7d3-1e905c913f97 None None] Join ServiceGroup membership for this service scheduler {{(pid=95612) start /opt/stack/nova/nova/service.py:222}}
Jun 16 06:31:06.830713 np0000002921 nova-scheduler[95646]: DEBUG nova.service [None req-a3a7f1b5-2071-42d1-89ae-f7e2d3b50ae7 None None] Join ServiceGroup membership for this service scheduler {{(pid=95646) start /opt/stack/nova/nova/service.py:222}}
Jun 16 06:31:06.830761 np0000002921 nova-scheduler[95612]: DEBUG nova.servicegroup.drivers.db [None req-6f550ee9-9ade-4af5-a7d3-1e905c913f97 None None] DB_Driver: join new ServiceGroup member np0000002921 to the scheduler group, service = {{(pid=95612) join /opt/stack/nova/nova/servicegroup/drivers/db.py:44}}
Jun 16 06:31:06.830803 np0000002921 nova-scheduler[95652]: DEBUG nova.service [None req-be9f2341-c74f-4a6a-a8a5-76926d415aef None None] Join ServiceGroup membership for this service scheduler {{(pid=95652) start /opt/stack/nova/nova/service.py:222}}
Jun 16 06:31:06.830839 np0000002921 nova-scheduler[95646]: DEBUG nova.servicegroup.drivers.db [None req-a3a7f1b5-2071-42d1-89ae-f7e2d3b50ae7 None None] DB_Driver: join new ServiceGroup member np0000002921 to the scheduler group, service = {{(pid=95646) join /opt/stack/nova/nova/servicegroup/drivers/db.py:44}}
Jun 16 06:31:06.831003 np0000002921 nova-scheduler[95652]: DEBUG nova.servicegroup.drivers.db [None req-be9f2341-c74f-4a6a-a8a5-76926d415aef None None] DB_Driver: join new ServiceGroup member np0000002921 to the scheduler group, service = {{(pid=95652) join /opt/stack/nova/nova/servicegroup/drivers/db.py:44}}
Jun 16 06:31:11.855780 np0000002921 nova-scheduler[95652]: DEBUG oslo.service.backend._threading.loopingcall [-] Fixed interval looping call 'nova.servicegroup.drivers.db.DbDriver._report_state' sleeping for 119.98 seconds {{(pid=95652) _run_loop /opt/stack/data/venv/lib/python3.12/site-packages/oslo_service/backend/_threading/loopingcall.py:125}}
Jun 16 06:31:11.859443 np0000002921 nova-scheduler[95646]: DEBUG oslo.service.backend._threading.loopingcall [-] Fixed interval looping call 'nova.servicegroup.drivers.db.DbDriver._report_state' sleeping for 119.97 seconds {{(pid=95646) _run_loop /opt/stack/data/venv/lib/python3.12/site-packages/oslo_service/backend/_threading/loopingcall.py:125}}
Jun 16 06:31:11.859737 np0000002921 nova-scheduler[95612]: DEBUG oslo.service.backend._threading.loopingcall [-] Fixed interval looping call 'nova.servicegroup.drivers.db.DbDriver._report_state' sleeping for 119.97 seconds {{(pid=95612) _run_loop /opt/stack/data/venv/lib/python3.12/site-packages/oslo_service/backend/_threading/loopingcall.py:125}}
Jun 16 06:31:15.356438 np0000002921 nova-scheduler[94399]: DEBUG dbcounter [-] [94399] Writing DB stats nova_api:SELECT=3 {{(pid=94399) stat_writer /opt/stack/data/venv/lib/python3.12/site-packages/dbcounter.py:115}}
Jun 16 06:31:15.480398 np0000002921 nova-scheduler[94399]: DEBUG dbcounter [-] [94399] Writing DB stats nova_cell1:SELECT=1 {{(pid=94399) stat_writer /opt/stack/data/venv/lib/python3.12/site-packages/dbcounter.py:115}}
Jun 16 06:31:15.484818 np0000002921 nova-scheduler[94399]: DEBUG dbcounter [-] [94399] Writing DB stats nova_cell0:SELECT=1 {{(pid=94399) stat_writer /opt/stack/data/venv/lib/python3.12/site-packages/dbcounter.py:115}}
Jun 16 06:31:21.849108 np0000002921 nova-scheduler[95646]: DEBUG dbcounter [-] [95646] Writing DB stats nova_cell0:SELECT=3,nova_cell0:UPDATE=1 {{(pid=95646) stat_writer /opt/stack/data/venv/lib/python3.12/site-packages/dbcounter.py:115}}
Jun 16 06:31:21.850481 np0000002921 nova-scheduler[95652]: DEBUG dbcounter [-] [95652] Writing DB stats nova_cell0:SELECT=3,nova_cell0:UPDATE=1 {{(pid=95652) stat_writer /opt/stack/data/venv/lib/python3.12/site-packages/dbcounter.py:115}}
Jun 16 06:31:21.851346 np0000002921 nova-scheduler[95612]: DEBUG dbcounter [-] [95612] Writing DB stats nova_cell0:SELECT=4,nova_cell0:INSERT=1,nova_cell0:UPDATE=1 {{(pid=95612) stat_writer /opt/stack/data/venv/lib/python3.12/site-packages/dbcounter.py:115}}
Jun 16 06:31:36.833360 np0000002921 nova-scheduler[95652]: DEBUG oslo.service.backend._threading.loopingcall [None req-8df056b1-f711-499b-91b9-ecbdb59ba9a7 None None] Dynamic interval looping call 'nova.service.Service.periodic_tasks' sleeping for 60.00 seconds {{(pid=95652) _run_loop /opt/stack/data/venv/lib/python3.12/site-packages/oslo_service/backend/_threading/loopingcall.py:125}}
Jun 16 06:31:54.833177 np0000002921 nova-scheduler[95646]: DEBUG oslo.service.backend._threading.loopingcall [None req-79c862ea-5f90-4293-b746-5cd0c909028a None None] Dynamic interval looping call 'nova.service.Service.periodic_tasks' sleeping for 60.00 seconds {{(pid=95646) _run_loop /opt/stack/data/venv/lib/python3.12/site-packages/oslo_service/backend/_threading/loopingcall.py:125}}
Jun 16 06:32:04.832986 np0000002921 nova-scheduler[95612]: DEBUG oslo.service.backend._threading.loopingcall [None req-b8dc10b0-7d64-49c0-b457-cd56179f53d2 None None] Dynamic interval looping call 'nova.service.Service.periodic_tasks' sleeping for 60.00 seconds {{(pid=95612) _run_loop /opt/stack/data/venv/lib/python3.12/site-packages/oslo_service/backend/_threading/loopingcall.py:125}}
Jun 16 06:32:36.833979 np0000002921 nova-scheduler[95652]: DEBUG oslo.service.backend._threading.loopingcall [None req-8df056b1-f711-499b-91b9-ecbdb59ba9a7 None None] Dynamic interval looping call 'nova.service.Service.periodic_tasks' sleeping for 60.00 seconds {{(pid=95652) _run_loop /opt/stack/data/venv/lib/python3.12/site-packages/oslo_service/backend/_threading/loopingcall.py:125}}
Jun 16 06:32:54.833634 np0000002921 nova-scheduler[95646]: DEBUG oslo.service.backend._threading.loopingcall [None req-79c862ea-5f90-4293-b746-5cd0c909028a None None] Dynamic interval looping call 'nova.service.Service.periodic_tasks' sleeping for 60.00 seconds {{(pid=95646) _run_loop /opt/stack/data/venv/lib/python3.12/site-packages/oslo_service/backend/_threading/loopingcall.py:125}}
Jun 16 06:33:04.833607 np0000002921 nova-scheduler[95612]: DEBUG oslo.service.backend._threading.loopingcall [None req-b8dc10b0-7d64-49c0-b457-cd56179f53d2 None None] Dynamic interval looping call 'nova.service.Service.periodic_tasks' sleeping for 60.00 seconds {{(pid=95612) _run_loop /opt/stack/data/venv/lib/python3.12/site-packages/oslo_service/backend/_threading/loopingcall.py:125}}
Jun 16 06:33:11.835706 np0000002921 nova-scheduler[95646]: DEBUG oslo.service.backend._threading.loopingcall [-] Fixed interval looping call 'nova.servicegroup.drivers.db.DbDriver._report_state' sleeping for 119.99 seconds {{(pid=95646) _run_loop /opt/stack/data/venv/lib/python3.12/site-packages/oslo_service/backend/_threading/loopingcall.py:125}}
Jun 16 06:33:11.836244 np0000002921 nova-scheduler[95612]: DEBUG oslo.service.backend._threading.loopingcall [-] Fixed interval looping call 'nova.servicegroup.drivers.db.DbDriver._report_state' sleeping for 119.99 seconds {{(pid=95612) _run_loop /opt/stack/data/venv/lib/python3.12/site-packages/oslo_service/backend/_threading/loopingcall.py:125}}
Jun 16 06:33:11.839270 np0000002921 nova-scheduler[95652]: DEBUG oslo.service.backend._threading.loopingcall [-] Fixed interval looping call 'nova.servicegroup.drivers.db.DbDriver._report_state' sleeping for 120.00 seconds {{(pid=95652) _run_loop /opt/stack/data/venv/lib/python3.12/site-packages/oslo_service/backend/_threading/loopingcall.py:125}}
Jun 16 06:33:21.832724 np0000002921 nova-scheduler[95646]: DEBUG dbcounter [-] [95646] Writing DB stats nova_cell0:SELECT=1,nova_cell0:UPDATE=1 {{(pid=95646) stat_writer /opt/stack/data/venv/lib/python3.12/site-packages/dbcounter.py:115}}
Jun 16 06:33:21.833143 np0000002921 nova-scheduler[95612]: DEBUG dbcounter [-] [95612] Writing DB stats nova_cell0:SELECT=1,nova_cell0:UPDATE=1 {{(pid=95612) stat_writer /opt/stack/data/venv/lib/python3.12/site-packages/dbcounter.py:115}}
Jun 16 06:33:21.837568 np0000002921 nova-scheduler[95652]: DEBUG dbcounter [-] [95652] Writing DB stats nova_cell0:SELECT=1 {{(pid=95652) stat_writer /opt/stack/data/venv/lib/python3.12/site-packages/dbcounter.py:115}}
Jun 16 06:33:36.834585 np0000002921 nova-scheduler[95652]: DEBUG oslo.service.backend._threading.loopingcall [None req-8df056b1-f711-499b-91b9-ecbdb59ba9a7 None None] Dynamic interval looping call 'nova.service.Service.periodic_tasks' sleeping for 60.00 seconds {{(pid=95652) _run_loop /opt/stack/data/venv/lib/python3.12/site-packages/oslo_service/backend/_threading/loopingcall.py:125}}
Jun 16 06:33:44.584969 np0000002921 nova-scheduler[95612]: DEBUG nova.scheduler.manager [None req-c48c33d8-0dd7-48d8-88a4-1f362402a390 tempest-ServerActionsTestOtherB-740743217 tempest-ServerActionsTestOtherB-740743217-project-member] Starting to schedule for instances: ['f0dbda71-8c06-4af6-99c3-8cb69fa43147'] {{(pid=95612) select_destinations /opt/stack/nova/nova/scheduler/manager.py:210}}
Jun 16 06:33:44.585413 np0000002921 nova-scheduler[95612]: DEBUG nova.scheduler.request_filter [None req-c48c33d8-0dd7-48d8-88a4-1f362402a390 tempest-ServerActionsTestOtherB-740743217 tempest-ServerActionsTestOtherB-740743217-project-member] compute_status_filter request filter added forbidden trait COMPUTE_STATUS_DISABLED {{(pid=95612) compute_status_filter /opt/stack/nova/nova/scheduler/request_filter.py:253}}
Jun 16 06:33:44.585413 np0000002921 nova-scheduler[95612]: DEBUG nova.scheduler.request_filter [None req-c48c33d8-0dd7-48d8-88a4-1f362402a390 tempest-ServerActionsTestOtherB-740743217 tempest-ServerActionsTestOtherB-740743217-project-member] Request filter 'compute_status_filter' took 0.0 seconds {{(pid=95612) wrapper /opt/stack/nova/nova/scheduler/request_filter.py:46}}
Jun 16 06:33:44.585538 np0000002921 nova-scheduler[95612]: DEBUG nova.scheduler.request_filter [None req-c48c33d8-0dd7-48d8-88a4-1f362402a390 tempest-ServerActionsTestOtherB-740743217 tempest-ServerActionsTestOtherB-740743217-project-member] Request filter 'accelerators_filter' took 0.0 seconds {{(pid=95612) wrapper /opt/stack/nova/nova/scheduler/request_filter.py:46}}
Jun 16 06:33:44.585813 np0000002921 nova-scheduler[95612]: DEBUG nova.scheduler.request_filter [None req-c48c33d8-0dd7-48d8-88a4-1f362402a390 tempest-ServerActionsTestOtherB-740743217 tempest-ServerActionsTestOtherB-740743217-project-member] Request filter 'packed_virtqueue_filter' took 0.0 seconds {{(pid=95612) wrapper /opt/stack/nova/nova/scheduler/request_filter.py:46}}
Jun 16 06:33:44.586172 np0000002921 nova-scheduler[95612]: DEBUG nova.scheduler.request_filter [None req-c48c33d8-0dd7-48d8-88a4-1f362402a390 tempest-ServerActionsTestOtherB-740743217 tempest-ServerActionsTestOtherB-740743217-project-member] Request filter 'remote_managed_ports_filter' took 0.0 seconds {{(pid=95612) wrapper /opt/stack/nova/nova/scheduler/request_filter.py:46}}
Jun 16 06:33:44.586365 np0000002921 nova-scheduler[95612]: DEBUG nova.scheduler.request_filter [None req-c48c33d8-0dd7-48d8-88a4-1f362402a390 tempest-ServerActionsTestOtherB-740743217 tempest-ServerActionsTestOtherB-740743217-project-member] ephemeral_encryption_filter skipped {{(pid=95612) ephemeral_encryption_filter /opt/stack/nova/nova/scheduler/request_filter.py:426}}
Jun 16 06:33:44.586544 np0000002921 nova-scheduler[95612]: DEBUG nova.scheduler.request_filter [None req-c48c33d8-0dd7-48d8-88a4-1f362402a390 tempest-ServerActionsTestOtherB-740743217 tempest-ServerActionsTestOtherB-740743217-project-member] virtio_sound_filter skipped {{(pid=95612) virtio_sound_filter /opt/stack/nova/nova/scheduler/request_filter.py:460}}
Jun 16 06:33:44.586723 np0000002921 nova-scheduler[95612]: DEBUG nova.scheduler.request_filter [None req-c48c33d8-0dd7-48d8-88a4-1f362402a390 tempest-ServerActionsTestOtherB-740743217 tempest-ServerActionsTestOtherB-740743217-project-member] tpm_secret_security_filter skipped {{(pid=95612) tpm_secret_security_filter /opt/stack/nova/nova/scheduler/request_filter.py:477}}
Jun 16 06:33:45.137557 np0000002921 nova-scheduler[95612]: INFO nova.utils [None req-c48c33d8-0dd7-48d8-88a4-1f362402a390 tempest-ServerActionsTestOtherB-740743217 tempest-ServerActionsTestOtherB-740743217-project-member] The cell worker thread pool ForkProcess-1.cell_worker is initialized
Jun 16 06:33:45.138090 np0000002921 nova-scheduler[95612]: DEBUG oslo_concurrency.lockutils [None req-c48c33d8-0dd7-48d8-88a4-1f362402a390 tempest-ServerActionsTestOtherB-740743217 tempest-ServerActionsTestOtherB-740743217-project-member] Acquiring lock "c1972209-367c-4700-8b0b-f6e696f2a64c" by "nova.context.set_target_cell..get_or_set_cached_cell_and_set_connections" {{(pid=95612) inner /opt/stack/data/venv/lib/python3.12/site-packages/oslo_concurrency/lockutils.py:511}}
Jun 16 06:33:45.138459 np0000002921 nova-scheduler[95612]: DEBUG oslo_concurrency.lockutils [None req-c48c33d8-0dd7-48d8-88a4-1f362402a390 tempest-ServerActionsTestOtherB-740743217 tempest-ServerActionsTestOtherB-740743217-project-member] Lock "c1972209-367c-4700-8b0b-f6e696f2a64c" acquired by "nova.context.set_target_cell..get_or_set_cached_cell_and_set_connections" :: waited 0.000s {{(pid=95612) inner /opt/stack/data/venv/lib/python3.12/site-packages/oslo_concurrency/lockutils.py:524}}
Jun 16 06:33:45.140271 np0000002921 nova-scheduler[95612]: DEBUG oslo_concurrency.lockutils [None req-c48c33d8-0dd7-48d8-88a4-1f362402a390 tempest-ServerActionsTestOtherB-740743217 tempest-ServerActionsTestOtherB-740743217-project-member] Lock "c1972209-367c-4700-8b0b-f6e696f2a64c" "released" by "nova.context.set_target_cell..get_or_set_cached_cell_and_set_connections" :: held 0.002s {{(pid=95612) inner /opt/stack/data/venv/lib/python3.12/site-packages/oslo_concurrency/lockutils.py:543}}
Jun 16 06:33:45.143003 np0000002921 nova-scheduler[95612]: INFO dbcounter [None req-c48c33d8-0dd7-48d8-88a4-1f362402a390 tempest-ServerActionsTestOtherB-740743217 tempest-ServerActionsTestOtherB-740743217-project-member] Registered counter for database nova_cell1
Jun 16 06:33:45.195073 np0000002921 nova-scheduler[95612]: DEBUG oslo_db.sqlalchemy.engines [None req-c48c33d8-0dd7-48d8-88a4-1f362402a390 tempest-ServerActionsTestOtherB-740743217 tempest-ServerActionsTestOtherB-740743217-project-member] MySQL server mode set to STRICT_TRANS_TABLES,STRICT_ALL_TABLES,NO_ZERO_IN_DATE,NO_ZERO_DATE,ERROR_FOR_DIVISION_BY_ZERO,TRADITIONAL,NO_ENGINE_SUBSTITUTION {{(pid=95612) _check_effective_sql_mode /opt/stack/data/venv/lib/python3.12/site-packages/oslo_db/sqlalchemy/engines.py:325}}
Jun 16 06:33:45.208165 np0000002921 nova-scheduler[95612]: DEBUG dbcounter [-] [95612] Writer thread running {{(pid=95612) stat_writer /opt/stack/data/venv/lib/python3.12/site-packages/dbcounter.py:102}}
Jun 16 06:33:45.225306 np0000002921 nova-scheduler[95612]: DEBUG oslo_db.sqlalchemy.engines [None req-c48c33d8-0dd7-48d8-88a4-1f362402a390 tempest-ServerActionsTestOtherB-740743217 tempest-ServerActionsTestOtherB-740743217-project-member] Parent process 94399 forked (95612) with an open database connection, which is being discarded and recreated. {{(pid=95612) checkout /opt/stack/data/venv/lib/python3.12/site-packages/oslo_db/sqlalchemy/engines.py:402}}
Jun 16 06:33:45.269278 np0000002921 nova-scheduler[95612]: DEBUG dbcounter [-] [95612] Writer thread running {{(pid=95612) stat_writer /opt/stack/data/venv/lib/python3.12/site-packages/dbcounter.py:102}}
Jun 16 06:33:45.274534 np0000002921 nova-scheduler[95612]: DEBUG oslo_concurrency.lockutils [None req-c48c33d8-0dd7-48d8-88a4-1f362402a390 tempest-ServerActionsTestOtherB-740743217 tempest-ServerActionsTestOtherB-740743217-project-member] Acquiring lock "c1972209-367c-4700-8b0b-f6e696f2a64c" by "nova.context.set_target_cell..get_or_set_cached_cell_and_set_connections" {{(pid=95612) inner /opt/stack/data/venv/lib/python3.12/site-packages/oslo_concurrency/lockutils.py:511}}
Jun 16 06:33:45.274829 np0000002921 nova-scheduler[95612]: DEBUG oslo_concurrency.lockutils [None req-c48c33d8-0dd7-48d8-88a4-1f362402a390 tempest-ServerActionsTestOtherB-740743217 tempest-ServerActionsTestOtherB-740743217-project-member] Lock "c1972209-367c-4700-8b0b-f6e696f2a64c" acquired by "nova.context.set_target_cell..get_or_set_cached_cell_and_set_connections" :: waited 0.000s {{(pid=95612) inner /opt/stack/data/venv/lib/python3.12/site-packages/oslo_concurrency/lockutils.py:524}}
Jun 16 06:33:45.274968 np0000002921 nova-scheduler[95612]: DEBUG oslo_concurrency.lockutils [None req-c48c33d8-0dd7-48d8-88a4-1f362402a390 tempest-ServerActionsTestOtherB-740743217 tempest-ServerActionsTestOtherB-740743217-project-member] Lock "c1972209-367c-4700-8b0b-f6e696f2a64c" "released" by "nova.context.set_target_cell..get_or_set_cached_cell_and_set_connections" :: held 0.000s {{(pid=95612) inner /opt/stack/data/venv/lib/python3.12/site-packages/oslo_concurrency/lockutils.py:543}}
Jun 16 06:33:45.278815 np0000002921 nova-scheduler[95612]: DEBUG oslo_concurrency.lockutils [None req-c48c33d8-0dd7-48d8-88a4-1f362402a390 tempest-ServerActionsTestOtherB-740743217 tempest-ServerActionsTestOtherB-740743217-project-member] Acquiring lock "('np0000002921', 'np0000002921')" by "nova.scheduler.host_manager.HostState.update.._locked_update" {{(pid=95612) inner /opt/stack/data/venv/lib/python3.12/site-packages/oslo_concurrency/lockutils.py:511}}
Jun 16 06:33:45.278986 np0000002921 nova-scheduler[95612]: DEBUG oslo_concurrency.lockutils [None req-c48c33d8-0dd7-48d8-88a4-1f362402a390 tempest-ServerActionsTestOtherB-740743217 tempest-ServerActionsTestOtherB-740743217-project-member] Lock "('np0000002921', 'np0000002921')" acquired by "nova.scheduler.host_manager.HostState.update.._locked_update" :: waited 0.000s {{(pid=95612) inner /opt/stack/data/venv/lib/python3.12/site-packages/oslo_concurrency/lockutils.py:524}}
Jun 16 06:33:45.280346 np0000002921 nova-scheduler[95612]: DEBUG nova.scheduler.host_manager [None req-c48c33d8-0dd7-48d8-88a4-1f362402a390 tempest-ServerActionsTestOtherB-740743217 tempest-ServerActionsTestOtherB-740743217-project-member] Update host state from compute node: ComputeNode(cpu_allocation_ratio=4.0,cpu_info='{"arch": "x86_64", "model": "EPYC-Milan", "vendor": "AMD", "topology": {"cells": 1, "sockets": 12, "cores": 1, "threads": 1}, "maxphysaddr": {"mode": "emulate", "bits": 40}, "features": ["pdpe1gb", "pge", "aes", "nx", "mtrr", "wbnoinvd", "pclmuldq", "ssse3", "xsave", "avx2", "adx", "flushbyasid", "amd-psfd", "osvw", "pause-filter", "svm", "stibp-always-on", "topoext", "pcid", "sse4.1", "cmp_legacy", "gds-no", "sha-ni", "spec-ctrl", "xsavec", "nrip-save", "3dnowprefetch", "cr8legacy", "smap", "skip-l1dfl-vmentry", "npt", "amd-ssbd", "pae", "xsaves", "sse4a", "cx8", "sep", "pfthreshold", "umip", "stibp", "misalignsse", "no-nested-data-bp", "ibpb", "perfctr_core", "f16c", "sse2", "mmxext", "vgif", "sse4.2", "pat", "fma", "clwb", "mca", "fpu", "ibrs", "tsc-scale", "vme", "vmcb-clean", "tsc-deadline", "popcnt", "pse", "arch-capabilities", "sse", "vpclmulqdq", "rdrand", "tsc_adjust", "pschange-mc-no", "de", "xgetbv1", "cmov", "rdseed", "clzero", "fsgsbase", "erms", "pse36", "apic", "lahf_lm", "arat", "lbrv", "pku", "virt-ssbd", "xsaveerptr", "null-sel-clr-base", "cx16", "smep", "mce", "svme-addr-chk", "clflush", "mmx", "hypervisor", "bmi2", "x2apic", "mds-no", "fsrm", "lfence-always-serializing", "msr", "fxsr", "rdpid", "fxsr_opt", "pni", "syscall", "movbe", "rdtscp", "ssbd", "clflushopt", "xsaveopt", "vaes", "tsc", "bmi1", "lm", "amd-stibp", "rdctl-no", "invpcid", "avx", "v-vmsave-vmload", "abm"]}',created_at=2026-06-16T06:31:31Z,current_workload=0,deleted=False,deleted_at=None,disk_allocation_ratio=1.0,disk_available_least=74,free_disk_gb=95,free_ram_mb=23518,host='np0000002921',host_ip=10.4.3.136,hypervisor_hostname='np0000002921',hypervisor_type='QEMU',hypervisor_version=8002002,id=1,local_gb=95,local_gb_used=0,mapped=1,memory_mb=24030,memory_mb_used=512,metrics='[]',numa_topology='{"nova_object.name": "NUMATopology", "nova_object.namespace": "nova", "nova_object.version": "1.2", "nova_object.data": {"cells": [{"nova_object.name": "NUMACell", "nova_object.namespace": "nova", "nova_object.version": "1.5", "nova_object.data": {"id": 0, "cpuset": [0, 1, 2, 3, 4, 5, 6, 7, 8, 9, 10, 11], "pcpuset": [0, 1, 2, 3, 4, 5, 6, 7, 8, 9, 10, 11], "memory": 24030, "cpu_usage": 0, "memory_usage": 0, "pinned_cpus": [], "siblings": [[6], [2], [5], [11], [8], [4], [1], [7], [10], [0], [3], [9]], "mempages": [{"nova_object.name": "NUMAPagesTopology", "nova_object.namespace": "nova", "nova_object.version": "1.1", "nova_object.data": {"size_kb": 4, "total": 6151797, "used": 0, "reserved": 0}, "nova_object.changes": ["total", "reserved", "used", "size_kb"]}, {"nova_object.name": "NUMAPagesTopology", "nova_object.namespace": "nova", "nova_object.version": "1.1", "nova_object.data": {"size_kb": 2048, "total": 0, "used": 0, "reserved": 0}, "nova_object.changes": ["total", "reserved", "used", "size_kb"]}, {"nova_object.name": "NUMAPagesTopology", "nova_object.namespace": "nova", "nova_object.version": "1.1", "nova_object.data": {"size_kb": 1048576, "total": 0, "used": 0, "reserved": 0}, "nova_object.changes": ["total", "reserved", "used", "size_kb"]}], "network_metadata": {"nova_object.name": "NetworkMetadata", "nova_object.namespace": "nova", "nova_object.version": "1.0", "nova_object.data": {"physnets": [], "tunneled": false}, "nova_object.changes": ["physnets", "tunneled"]}, "socket": null}, "nova_object.changes": ["cpu_usage", "mempages", "cpuset", "memory_usage", "network_metadata", "pcpuset", "pinned_cpus", "id", "memory", "socket", "siblings"]}]}, "nova_object.changes": ["cells"]}',pci_device_pools=PciDevicePoolList,ram_allocation_ratio=1.0,running_vms=0,service_id=3,stats={failed_builds='0',uptime=' 06:33:17 up 25 min, 2 users, load average: 1.90, 1.53, 0.85
Jun 16 06:33:45.280346 np0000002921 nova-scheduler[95612]: '},supported_hv_specs=[HVSpec,HVSpec,HVSpec,HVSpec,HVSpec,HVSpec,HVSpec,HVSpec,HVSpec,HVSpec,HVSpec,HVSpec,HVSpec,HVSpec,HVSpec,HVSpec,HVSpec,HVSpec,HVSpec,HVSpec,HVSpec,HVSpec,HVSpec,HVSpec,HVSpec],updated_at=2026-06-16T06:33:19Z,uuid=d196d084-74b2-4f6f-b7e4-32b5e253d20d,vcpus=12,vcpus_used=0) {{(pid=95612) _locked_update /opt/stack/nova/nova/scheduler/host_manager.py:168}}
Jun 16 06:33:45.281309 np0000002921 nova-scheduler[95612]: DEBUG nova.scheduler.host_manager [None req-c48c33d8-0dd7-48d8-88a4-1f362402a390 tempest-ServerActionsTestOtherB-740743217 tempest-ServerActionsTestOtherB-740743217-project-member] Update host state with aggregates: [] {{(pid=95612) _locked_update /opt/stack/nova/nova/scheduler/host_manager.py:171}}
Jun 16 06:33:45.281472 np0000002921 nova-scheduler[95612]: DEBUG nova.scheduler.host_manager [None req-c48c33d8-0dd7-48d8-88a4-1f362402a390 tempest-ServerActionsTestOtherB-740743217 tempest-ServerActionsTestOtherB-740743217-project-member] Update host state with service dict: {'id': 3, 'uuid': 'ef7ed788-c994-4403-ac30-e0002fc65f49', 'host': 'np0000002921', 'binary': 'nova-compute', 'topic': 'compute', 'report_count': 2, 'disabled': False, 'disabled_reason': None, 'last_seen_up': datetime.datetime(2026, 6, 16, 6, 33, 40, tzinfo=datetime.timezone.utc), 'forced_down': False, 'version': 72, 'created_at': datetime.datetime(2026, 6, 16, 6, 31, 30, tzinfo=datetime.timezone.utc), 'updated_at': datetime.datetime(2026, 6, 16, 6, 33, 40, tzinfo=datetime.timezone.utc), 'deleted_at': None, 'deleted': False} {{(pid=95612) _locked_update /opt/stack/nova/nova/scheduler/host_manager.py:174}}
Jun 16 06:33:45.281565 np0000002921 nova-scheduler[95612]: DEBUG nova.scheduler.host_manager [None req-c48c33d8-0dd7-48d8-88a4-1f362402a390 tempest-ServerActionsTestOtherB-740743217 tempest-ServerActionsTestOtherB-740743217-project-member] Update host state with instances: [] {{(pid=95612) _locked_update /opt/stack/nova/nova/scheduler/host_manager.py:177}}
Jun 16 06:33:45.281990 np0000002921 nova-scheduler[95612]: DEBUG oslo_concurrency.lockutils [None req-c48c33d8-0dd7-48d8-88a4-1f362402a390 tempest-ServerActionsTestOtherB-740743217 tempest-ServerActionsTestOtherB-740743217-project-member] Lock "('np0000002921', 'np0000002921')" "released" by "nova.scheduler.host_manager.HostState.update.._locked_update" :: held 0.003s {{(pid=95612) inner /opt/stack/data/venv/lib/python3.12/site-packages/oslo_concurrency/lockutils.py:543}}
Jun 16 06:33:45.282197 np0000002921 nova-scheduler[95612]: DEBUG nova.filters [None req-c48c33d8-0dd7-48d8-88a4-1f362402a390 tempest-ServerActionsTestOtherB-740743217 tempest-ServerActionsTestOtherB-740743217-project-member] Starting with 1 host(s) {{(pid=95612) get_filtered_objects /opt/stack/nova/nova/filters.py:70}}
Jun 16 06:33:45.282427 np0000002921 nova-scheduler[95612]: DEBUG nova.filters [None req-c48c33d8-0dd7-48d8-88a4-1f362402a390 tempest-ServerActionsTestOtherB-740743217 tempest-ServerActionsTestOtherB-740743217-project-member] Filter ComputeFilter returned 1 host(s) {{(pid=95612) get_filtered_objects /opt/stack/nova/nova/filters.py:102}}
Jun 16 06:33:45.282574 np0000002921 nova-scheduler[95612]: DEBUG nova.filters [None req-c48c33d8-0dd7-48d8-88a4-1f362402a390 tempest-ServerActionsTestOtherB-740743217 tempest-ServerActionsTestOtherB-740743217-project-member] Filter ComputeCapabilitiesFilter returned 1 host(s) {{(pid=95612) get_filtered_objects /opt/stack/nova/nova/filters.py:102}}
Jun 16 06:33:45.282811 np0000002921 nova-scheduler[95612]: DEBUG nova.filters [None req-c48c33d8-0dd7-48d8-88a4-1f362402a390 tempest-ServerActionsTestOtherB-740743217 tempest-ServerActionsTestOtherB-740743217-project-member] Filter ImagePropertiesFilter returned 1 host(s) {{(pid=95612) get_filtered_objects /opt/stack/nova/nova/filters.py:102}}
Jun 16 06:33:45.282923 np0000002921 nova-scheduler[95612]: DEBUG nova.filters [None req-c48c33d8-0dd7-48d8-88a4-1f362402a390 tempest-ServerActionsTestOtherB-740743217 tempest-ServerActionsTestOtherB-740743217-project-member] Filter ServerGroupAntiAffinityFilter returned 1 host(s) {{(pid=95612) get_filtered_objects /opt/stack/nova/nova/filters.py:102}}
Jun 16 06:33:45.283040 np0000002921 nova-scheduler[95612]: DEBUG nova.filters [None req-c48c33d8-0dd7-48d8-88a4-1f362402a390 tempest-ServerActionsTestOtherB-740743217 tempest-ServerActionsTestOtherB-740743217-project-member] Filter ServerGroupAffinityFilter returned 1 host(s) {{(pid=95612) get_filtered_objects /opt/stack/nova/nova/filters.py:102}}
Jun 16 06:33:45.283157 np0000002921 nova-scheduler[95612]: DEBUG nova.filters [None req-c48c33d8-0dd7-48d8-88a4-1f362402a390 tempest-ServerActionsTestOtherB-740743217 tempest-ServerActionsTestOtherB-740743217-project-member] Filter SameHostFilter returned 1 host(s) {{(pid=95612) get_filtered_objects /opt/stack/nova/nova/filters.py:102}}
Jun 16 06:33:45.283518 np0000002921 nova-scheduler[95612]: DEBUG nova.filters [None req-c48c33d8-0dd7-48d8-88a4-1f362402a390 tempest-ServerActionsTestOtherB-740743217 tempest-ServerActionsTestOtherB-740743217-project-member] Filter DifferentHostFilter returned 1 host(s) {{(pid=95612) get_filtered_objects /opt/stack/nova/nova/filters.py:102}}
Jun 16 06:33:45.283518 np0000002921 nova-scheduler[95612]: DEBUG nova.scheduler.manager [None req-c48c33d8-0dd7-48d8-88a4-1f362402a390 tempest-ServerActionsTestOtherB-740743217 tempest-ServerActionsTestOtherB-740743217-project-member] Filtered [(np0000002921, np0000002921) ram: 23518MB disk: 75776MB io_ops: 0 instances: 0, allocation_candidates: 1] {{(pid=95612) _get_sorted_hosts /opt/stack/nova/nova/scheduler/manager.py:743}}
Jun 16 06:33:45.283809 np0000002921 nova-scheduler[95612]: DEBUG nova.scheduler.manager [None req-c48c33d8-0dd7-48d8-88a4-1f362402a390 tempest-ServerActionsTestOtherB-740743217 tempest-ServerActionsTestOtherB-740743217-project-member] Weighed [WeighedHost [host: (np0000002921, np0000002921) ram: 23518MB disk: 75776MB io_ops: 0 instances: 0, allocation_candidates: 1, weight: 0.0]] {{(pid=95612) _get_sorted_hosts /opt/stack/nova/nova/scheduler/manager.py:765}}
Jun 16 06:33:45.283809 np0000002921 nova-scheduler[95612]: DEBUG nova.scheduler.utils [None req-c48c33d8-0dd7-48d8-88a4-1f362402a390 tempest-ServerActionsTestOtherB-740743217 tempest-ServerActionsTestOtherB-740743217-project-member] Attempting to claim resources in the placement API for instance f0dbda71-8c06-4af6-99c3-8cb69fa43147 {{(pid=95612) claim_resources /opt/stack/nova/nova/scheduler/utils.py:1345}}
Jun 16 06:33:45.439980 np0000002921 nova-scheduler[95612]: DEBUG nova.scheduler.manager [None req-c48c33d8-0dd7-48d8-88a4-1f362402a390 tempest-ServerActionsTestOtherB-740743217 tempest-ServerActionsTestOtherB-740743217-project-member] [instance: f0dbda71-8c06-4af6-99c3-8cb69fa43147] Selected host: (np0000002921, np0000002921) ram: 23518MB disk: 75776MB io_ops: 0 instances: 0, allocation_candidates: 1 {{(pid=95612) _consume_selected_host /opt/stack/nova/nova/scheduler/manager.py:625}}
Jun 16 06:33:45.440423 np0000002921 nova-scheduler[95612]: DEBUG oslo_concurrency.lockutils [None req-c48c33d8-0dd7-48d8-88a4-1f362402a390 tempest-ServerActionsTestOtherB-740743217 tempest-ServerActionsTestOtherB-740743217-project-member] Acquiring lock "('np0000002921', 'np0000002921')" by "nova.scheduler.host_manager.HostState.consume_from_request.._locked" {{(pid=95612) inner /opt/stack/data/venv/lib/python3.12/site-packages/oslo_concurrency/lockutils.py:511}}
Jun 16 06:33:45.440500 np0000002921 nova-scheduler[95612]: DEBUG oslo_concurrency.lockutils [None req-c48c33d8-0dd7-48d8-88a4-1f362402a390 tempest-ServerActionsTestOtherB-740743217 tempest-ServerActionsTestOtherB-740743217-project-member] Lock "('np0000002921', 'np0000002921')" acquired by "nova.scheduler.host_manager.HostState.consume_from_request.._locked" :: waited 0.000s {{(pid=95612) inner /opt/stack/data/venv/lib/python3.12/site-packages/oslo_concurrency/lockutils.py:524}}
Jun 16 06:33:45.440845 np0000002921 nova-scheduler[95612]: DEBUG oslo_concurrency.lockutils [None req-c48c33d8-0dd7-48d8-88a4-1f362402a390 tempest-ServerActionsTestOtherB-740743217 tempest-ServerActionsTestOtherB-740743217-project-member] Lock "('np0000002921', 'np0000002921')" "released" by "nova.scheduler.host_manager.HostState.consume_from_request.._locked" :: held 0.000s {{(pid=95612) inner /opt/stack/data/venv/lib/python3.12/site-packages/oslo_concurrency/lockutils.py:543}}
Jun 16 06:33:52.533240 np0000002921 nova-scheduler[95652]: DEBUG nova.scheduler.manager [None req-33019124-8ae2-48bb-974c-8cce903030eb tempest-AttachSCSIVolumeTestJSON-157717663 tempest-AttachSCSIVolumeTestJSON-157717663-project-member] Starting to schedule for instances: ['7a5686b8-2f2c-4846-bdfe-e82e22ad2f46'] {{(pid=95652) select_destinations /opt/stack/nova/nova/scheduler/manager.py:210}}
Jun 16 06:33:52.533834 np0000002921 nova-scheduler[95652]: DEBUG nova.scheduler.request_filter [None req-33019124-8ae2-48bb-974c-8cce903030eb tempest-AttachSCSIVolumeTestJSON-157717663 tempest-AttachSCSIVolumeTestJSON-157717663-project-member] compute_status_filter request filter added forbidden trait COMPUTE_STATUS_DISABLED {{(pid=95652) compute_status_filter /opt/stack/nova/nova/scheduler/request_filter.py:253}}
Jun 16 06:33:52.534561 np0000002921 nova-scheduler[95652]: DEBUG nova.scheduler.request_filter [None req-33019124-8ae2-48bb-974c-8cce903030eb tempest-AttachSCSIVolumeTestJSON-157717663 tempest-AttachSCSIVolumeTestJSON-157717663-project-member] Request filter 'compute_status_filter' took 0.0 seconds {{(pid=95652) wrapper /opt/stack/nova/nova/scheduler/request_filter.py:46}}
Jun 16 06:33:52.535382 np0000002921 nova-scheduler[95652]: DEBUG nova.scheduler.request_filter [None req-33019124-8ae2-48bb-974c-8cce903030eb tempest-AttachSCSIVolumeTestJSON-157717663 tempest-AttachSCSIVolumeTestJSON-157717663-project-member] Request filter 'accelerators_filter' took 0.0 seconds {{(pid=95652) wrapper /opt/stack/nova/nova/scheduler/request_filter.py:46}}
Jun 16 06:33:52.535520 np0000002921 nova-scheduler[95652]: DEBUG nova.scheduler.request_filter [None req-33019124-8ae2-48bb-974c-8cce903030eb tempest-AttachSCSIVolumeTestJSON-157717663 tempest-AttachSCSIVolumeTestJSON-157717663-project-member] Request filter 'packed_virtqueue_filter' took 0.0 seconds {{(pid=95652) wrapper /opt/stack/nova/nova/scheduler/request_filter.py:46}}
Jun 16 06:33:52.536137 np0000002921 nova-scheduler[95652]: DEBUG nova.scheduler.request_filter [None req-33019124-8ae2-48bb-974c-8cce903030eb tempest-AttachSCSIVolumeTestJSON-157717663 tempest-AttachSCSIVolumeTestJSON-157717663-project-member] Request filter 'remote_managed_ports_filter' took 0.0 seconds {{(pid=95652) wrapper /opt/stack/nova/nova/scheduler/request_filter.py:46}}
Jun 16 06:33:52.536315 np0000002921 nova-scheduler[95652]: DEBUG nova.scheduler.request_filter [None req-33019124-8ae2-48bb-974c-8cce903030eb tempest-AttachSCSIVolumeTestJSON-157717663 tempest-AttachSCSIVolumeTestJSON-157717663-project-member] ephemeral_encryption_filter skipped {{(pid=95652) ephemeral_encryption_filter /opt/stack/nova/nova/scheduler/request_filter.py:426}}
Jun 16 06:33:52.536461 np0000002921 nova-scheduler[95652]: DEBUG nova.scheduler.request_filter [None req-33019124-8ae2-48bb-974c-8cce903030eb tempest-AttachSCSIVolumeTestJSON-157717663 tempest-AttachSCSIVolumeTestJSON-157717663-project-member] virtio_sound_filter skipped {{(pid=95652) virtio_sound_filter /opt/stack/nova/nova/scheduler/request_filter.py:460}}
Jun 16 06:33:52.536583 np0000002921 nova-scheduler[95652]: DEBUG nova.scheduler.request_filter [None req-33019124-8ae2-48bb-974c-8cce903030eb tempest-AttachSCSIVolumeTestJSON-157717663 tempest-AttachSCSIVolumeTestJSON-157717663-project-member] tpm_secret_security_filter skipped {{(pid=95652) tpm_secret_security_filter /opt/stack/nova/nova/scheduler/request_filter.py:477}}
Jun 16 06:33:52.665650 np0000002921 nova-scheduler[95652]: INFO nova.utils [None req-33019124-8ae2-48bb-974c-8cce903030eb tempest-AttachSCSIVolumeTestJSON-157717663 tempest-AttachSCSIVolumeTestJSON-157717663-project-member] The cell worker thread pool ForkProcess-3.cell_worker is initialized
Jun 16 06:33:52.666182 np0000002921 nova-scheduler[95652]: DEBUG oslo_concurrency.lockutils [None req-33019124-8ae2-48bb-974c-8cce903030eb tempest-AttachSCSIVolumeTestJSON-157717663 tempest-AttachSCSIVolumeTestJSON-157717663-project-member] Acquiring lock "c1972209-367c-4700-8b0b-f6e696f2a64c" by "nova.context.set_target_cell..get_or_set_cached_cell_and_set_connections" {{(pid=95652) inner /opt/stack/data/venv/lib/python3.12/site-packages/oslo_concurrency/lockutils.py:511}}
Jun 16 06:33:52.666182 np0000002921 nova-scheduler[95652]: DEBUG oslo_concurrency.lockutils [None req-33019124-8ae2-48bb-974c-8cce903030eb tempest-AttachSCSIVolumeTestJSON-157717663 tempest-AttachSCSIVolumeTestJSON-157717663-project-member] Lock "c1972209-367c-4700-8b0b-f6e696f2a64c" acquired by "nova.context.set_target_cell..get_or_set_cached_cell_and_set_connections" :: waited 0.000s {{(pid=95652) inner /opt/stack/data/venv/lib/python3.12/site-packages/oslo_concurrency/lockutils.py:524}}
Jun 16 06:33:52.668141 np0000002921 nova-scheduler[95652]: DEBUG oslo_concurrency.lockutils [None req-33019124-8ae2-48bb-974c-8cce903030eb tempest-AttachSCSIVolumeTestJSON-157717663 tempest-AttachSCSIVolumeTestJSON-157717663-project-member] Lock "c1972209-367c-4700-8b0b-f6e696f2a64c" "released" by "nova.context.set_target_cell..get_or_set_cached_cell_and_set_connections" :: held 0.002s {{(pid=95652) inner /opt/stack/data/venv/lib/python3.12/site-packages/oslo_concurrency/lockutils.py:543}}
Jun 16 06:33:52.670339 np0000002921 nova-scheduler[95652]: INFO dbcounter [None req-33019124-8ae2-48bb-974c-8cce903030eb tempest-AttachSCSIVolumeTestJSON-157717663 tempest-AttachSCSIVolumeTestJSON-157717663-project-member] Registered counter for database nova_cell1
Jun 16 06:33:52.731928 np0000002921 nova-scheduler[95652]: DEBUG oslo_db.sqlalchemy.engines [None req-33019124-8ae2-48bb-974c-8cce903030eb tempest-AttachSCSIVolumeTestJSON-157717663 tempest-AttachSCSIVolumeTestJSON-157717663-project-member] MySQL server mode set to STRICT_TRANS_TABLES,STRICT_ALL_TABLES,NO_ZERO_IN_DATE,NO_ZERO_DATE,ERROR_FOR_DIVISION_BY_ZERO,TRADITIONAL,NO_ENGINE_SUBSTITUTION {{(pid=95652) _check_effective_sql_mode /opt/stack/data/venv/lib/python3.12/site-packages/oslo_db/sqlalchemy/engines.py:325}}
Jun 16 06:33:52.742665 np0000002921 nova-scheduler[95652]: DEBUG dbcounter [-] [95652] Writer thread running {{(pid=95652) stat_writer /opt/stack/data/venv/lib/python3.12/site-packages/dbcounter.py:102}}
Jun 16 06:33:52.826747 np0000002921 nova-scheduler[95652]: DEBUG dbcounter [-] [95652] Writer thread running {{(pid=95652) stat_writer /opt/stack/data/venv/lib/python3.12/site-packages/dbcounter.py:102}}
Jun 16 06:33:52.830936 np0000002921 nova-scheduler[95652]: DEBUG oslo_concurrency.lockutils [None req-33019124-8ae2-48bb-974c-8cce903030eb tempest-AttachSCSIVolumeTestJSON-157717663 tempest-AttachSCSIVolumeTestJSON-157717663-project-member] Acquiring lock "c1972209-367c-4700-8b0b-f6e696f2a64c" by "nova.context.set_target_cell..get_or_set_cached_cell_and_set_connections" {{(pid=95652) inner /opt/stack/data/venv/lib/python3.12/site-packages/oslo_concurrency/lockutils.py:511}}
Jun 16 06:33:52.831127 np0000002921 nova-scheduler[95652]: DEBUG oslo_concurrency.lockutils [None req-33019124-8ae2-48bb-974c-8cce903030eb tempest-AttachSCSIVolumeTestJSON-157717663 tempest-AttachSCSIVolumeTestJSON-157717663-project-member] Lock "c1972209-367c-4700-8b0b-f6e696f2a64c" acquired by "nova.context.set_target_cell..get_or_set_cached_cell_and_set_connections" :: waited 0.000s {{(pid=95652) inner /opt/stack/data/venv/lib/python3.12/site-packages/oslo_concurrency/lockutils.py:524}}
Jun 16 06:33:52.831292 np0000002921 nova-scheduler[95652]: DEBUG oslo_concurrency.lockutils [None req-33019124-8ae2-48bb-974c-8cce903030eb tempest-AttachSCSIVolumeTestJSON-157717663 tempest-AttachSCSIVolumeTestJSON-157717663-project-member] Lock "c1972209-367c-4700-8b0b-f6e696f2a64c" "released" by "nova.context.set_target_cell..get_or_set_cached_cell_and_set_connections" :: held 0.000s {{(pid=95652) inner /opt/stack/data/venv/lib/python3.12/site-packages/oslo_concurrency/lockutils.py:543}}
Jun 16 06:33:52.835588 np0000002921 nova-scheduler[95652]: DEBUG oslo_concurrency.lockutils [None req-33019124-8ae2-48bb-974c-8cce903030eb tempest-AttachSCSIVolumeTestJSON-157717663 tempest-AttachSCSIVolumeTestJSON-157717663-project-member] Acquiring lock "('np0000002921', 'np0000002921')" by "nova.scheduler.host_manager.HostState.update.._locked_update" {{(pid=95652) inner /opt/stack/data/venv/lib/python3.12/site-packages/oslo_concurrency/lockutils.py:511}}
Jun 16 06:33:52.835783 np0000002921 nova-scheduler[95652]: DEBUG oslo_concurrency.lockutils [None req-33019124-8ae2-48bb-974c-8cce903030eb tempest-AttachSCSIVolumeTestJSON-157717663 tempest-AttachSCSIVolumeTestJSON-157717663-project-member] Lock "('np0000002921', 'np0000002921')" acquired by "nova.scheduler.host_manager.HostState.update.._locked_update" :: waited 0.000s {{(pid=95652) inner /opt/stack/data/venv/lib/python3.12/site-packages/oslo_concurrency/lockutils.py:524}}
