Jul 30 10:44:21.770331 np0000006116 devstack@g-api.service[99793]: DEBUG glance.api.middleware.version_negotiation [None req-958c488e-9029-4305-9dfa-e09a0df5f2c9 tempest-ServerRescueNegativeTestJSON-742148862 tempest-ServerRescueNegativeTestJSON-742148862-project-member] new path /v2/schemas/image {{(pid=99793) process_request /opt/stack/glance/glance/api/middleware/version_negotiation.py:70}}
Jul 30 10:44:21.772474 np0000006116 devstack@g-api.service[99793]: [pid: 99793|app: 0|req: 29/91] 127.0.0.1 () {44 vars in 1055 bytes} [Thu Jul 30 10:44:21 2026] GET /v2/schemas/image => generated 6083 bytes in 3 msecs (HTTP/1.1 200) 4 headers in 158 bytes (1 switches on core 0)
Jul 30 10:44:25.294722 np0000006116 devstack@g-api.service[99793]: DEBUG dbcounter [-] [99793] Writing DB stats glance:SELECT=2 {{(pid=99793) stat_writer /opt/stack/data/venv/lib/python3.12/site-packages/dbcounter.py:115}}
Jul 30 10:44:30.627444 np0000006116 devstack@g-api.service[99794]: DEBUG glance.api.middleware.version_negotiation [None req-958c488e-9029-4305-9dfa-e09a0df5f2c9 tempest-ServerRescueNegativeTestJSON-742148862 tempest-ServerRescueNegativeTestJSON-742148862-project-member] Determining version of request: GET /v2/images/870e954f-63d4-418c-9caa-84d83d62344c Accept: */* {{(pid=99794) process_request /opt/stack/glance/glance/api/middleware/version_negotiation.py:44}}
Jul 30 10:44:30.628268 np0000006116 devstack@g-api.service[99794]: DEBUG glance.api.middleware.version_negotiation [None req-958c488e-9029-4305-9dfa-e09a0df5f2c9 tempest-ServerRescueNegativeTestJSON-742148862 tempest-ServerRescueNegativeTestJSON-742148862-project-member] Using url versioning {{(pid=99794) process_request /opt/stack/glance/glance/api/middleware/version_negotiation.py:57}}
Jul 30 10:44:30.628607 np0000006116 devstack@g-api.service[99794]: DEBUG glance.api.middleware.version_negotiation [None req-958c488e-9029-4305-9dfa-e09a0df5f2c9 tempest-ServerRescueNegativeTestJSON-742148862 tempest-ServerRescueNegativeTestJSON-742148862-project-member] Matched version: v2 {{(pid=99794) process_request /opt/stack/glance/glance/api/middleware/version_negotiation.py:69}}
Jul 30 10:44:30.628852 np0000006116 devstack@g-api.service[99794]: DEBUG glance.api.middleware.version_negotiation [None req-958c488e-9029-4305-9dfa-e09a0df5f2c9 tempest-ServerRescueNegativeTestJSON-742148862 tempest-ServerRescueNegativeTestJSON-742148862-project-member] new path /v2/images/870e954f-63d4-418c-9caa-84d83d62344c {{(pid=99794) process_request /opt/stack/glance/glance/api/middleware/version_negotiation.py:70}}
Jul 30 10:44:30.672972 np0000006116 devstack@g-api.service[99794]: [pid: 99794|app: 0|req: 31/92] 127.0.0.1 () {44 vars in 1115 bytes} [Thu Jul 30 10:44:30 2026] GET /v2/images/870e954f-63d4-418c-9caa-84d83d62344c => generated 1044 bytes in 45 msecs (HTTP/1.1 200) 4 headers in 158 bytes (1 switches on core 0)
Jul 30 10:44:30.716712 np0000006116 devstack@g-api.service[99792]: DEBUG glance.api.middleware.version_negotiation [None req-08aa4f2c-57d5-4c42-a080-38edc15cd51f tempest-ServerBootFromVolumeStableRescueTest-197452791 tempest-ServerBootFromVolumeStableRescueTest-197452791-project-member] Determining version of request: GET /v2/schemas/image Accept: */* {{(pid=99792) process_request /opt/stack/glance/glance/api/middleware/version_negotiation.py:44}}
Jul 30 10:44:30.717164 np0000006116 devstack@g-api.service[99792]: DEBUG glance.api.middleware.version_negotiation [None req-08aa4f2c-57d5-4c42-a080-38edc15cd51f tempest-ServerBootFromVolumeStableRescueTest-197452791 tempest-ServerBootFromVolumeStableRescueTest-197452791-project-member] Using url versioning {{(pid=99792) process_request /opt/stack/glance/glance/api/middleware/version_negotiation.py:57}}
Jul 30 10:44:30.717164 np0000006116 devstack@g-api.service[99792]: DEBUG glance.api.middleware.version_negotiation [None req-08aa4f2c-57d5-4c42-a080-38edc15cd51f tempest-ServerBootFromVolumeStableRescueTest-197452791 tempest-ServerBootFromVolumeStableRescueTest-197452791-project-member] Matched version: v2 {{(pid=99792) process_request /opt/stack/glance/glance/api/middleware/version_negotiation.py:69}}
Jul 30 10:44:30.717279 np0000006116 devstack@g-api.service[99792]: DEBUG glance.api.middleware.version_negotiation [None req-08aa4f2c-57d5-4c42-a080-38edc15cd51f tempest-ServerBootFromVolumeStableRescueTest-197452791 tempest-ServerBootFromVolumeStableRescueTest-197452791-project-member] new path /v2/schemas/image {{(pid=99792) process_request /opt/stack/glance/glance/api/middleware/version_negotiation.py:70}}
Jul 30 10:44:30.720888 np0000006116 devstack@g-api.service[99792]: [pid: 99792|app: 0|req: 33/93] 127.0.0.1 () {44 vars in 1055 bytes} [Thu Jul 30 10:44:30 2026] GET /v2/schemas/image => generated 6083 bytes in 4 msecs (HTTP/1.1 200) 4 headers in 158 bytes (1 switches on core 0)
Jul 30 10:44:30.847937 np0000006116 devstack@g-api.service[99793]: DEBUG glance.api.middleware.version_negotiation [None req-08aa4f2c-57d5-4c42-a080-38edc15cd51f tempest-ServerBootFromVolumeStableRescueTest-197452791 tempest-ServerBootFromVolumeStableRescueTest-197452791-project-member] Determining version of request: GET /v2/schemas/image Accept: */* {{(pid=99793) process_request /opt/stack/glance/glance/api/middleware/version_negotiation.py:44}}
Jul 30 10:44:30.848238 np0000006116 devstack@g-api.service[99793]: DEBUG glance.api.middleware.version_negotiation [None req-08aa4f2c-57d5-4c42-a080-38edc15cd51f tempest-ServerBootFromVolumeStableRescueTest-197452791 tempest-ServerBootFromVolumeStableRescueTest-197452791-project-member] Using url versioning {{(pid=99793) process_request /opt/stack/glance/glance/api/middleware/version_negotiation.py:57}}
Jul 30 10:44:30.848238 np0000006116 devstack@g-api.service[99793]: DEBUG glance.api.middleware.version_negotiation [None req-08aa4f2c-57d5-4c42-a080-38edc15cd51f tempest-ServerBootFromVolumeStableRescueTest-197452791 tempest-ServerBootFromVolumeStableRescueTest-197452791-project-member] Matched version: v2 {{(pid=99793) process_request /opt/stack/glance/glance/api/middleware/version_negotiation.py:69}}
Jul 30 10:44:30.848354 np0000006116 devstack@g-api.service[99793]: DEBUG glance.api.middleware.version_negotiation [None req-08aa4f2c-57d5-4c42-a080-38edc15cd51f tempest-ServerBootFromVolumeStableRescueTest-197452791 tempest-ServerBootFromVolumeStableRescueTest-197452791-project-member] new path /v2/schemas/image {{(pid=99793) process_request /opt/stack/glance/glance/api/middleware/version_negotiation.py:70}}
Jul 30 10:44:30.853300 np0000006116 devstack@g-api.service[99793]: [pid: 99793|app: 0|req: 30/94] 127.0.0.1 () {44 vars in 1055 bytes} [Thu Jul 30 10:44:30 2026] GET /v2/schemas/image => generated 6083 bytes in 5 msecs (HTTP/1.1 200) 4 headers in 158 bytes (1 switches on core 0)
Jul 30 10:44:30.903229 np0000006116 devstack@g-api.service[99794]: DEBUG glance.api.middleware.version_negotiation [None req-8e56e931-e358-43b4-87c6-da0a6e9129b3 tempest-ServerRescueNegativeTestJSON-742148862 tempest-ServerRescueNegativeTestJSON-742148862-project-member] Determining version of request: POST /v2/images Accept: */* {{(pid=99794) process_request /opt/stack/glance/glance/api/middleware/version_negotiation.py:44}}
Jul 30 10:44:30.903368 np0000006116 devstack@g-api.service[99794]: DEBUG glance.api.middleware.version_negotiation [None req-8e56e931-e358-43b4-87c6-da0a6e9129b3 tempest-ServerRescueNegativeTestJSON-742148862 tempest-ServerRescueNegativeTestJSON-742148862-project-member] Using url versioning {{(pid=99794) process_request /opt/stack/glance/glance/api/middleware/version_negotiation.py:57}}
Jul 30 10:44:30.903499 np0000006116 devstack@g-api.service[99794]: DEBUG glance.api.middleware.version_negotiation [None req-8e56e931-e358-43b4-87c6-da0a6e9129b3 tempest-ServerRescueNegativeTestJSON-742148862 tempest-ServerRescueNegativeTestJSON-742148862-project-member] Matched version: v2 {{(pid=99794) process_request /opt/stack/glance/glance/api/middleware/version_negotiation.py:69}}
Jul 30 10:44:30.903584 np0000006116 devstack@g-api.service[99794]: DEBUG glance.api.middleware.version_negotiation [None req-8e56e931-e358-43b4-87c6-da0a6e9129b3 tempest-ServerRescueNegativeTestJSON-742148862 tempest-ServerRescueNegativeTestJSON-742148862-project-member] new path /v2/images {{(pid=99794) process_request /opt/stack/glance/glance/api/middleware/version_negotiation.py:70}}
Jul 30 10:44:31.603344 np0000006116 devstack@g-api.service[99794]: [pid: 99794|app: 0|req: 32/95] 127.0.0.1 () {46 vars in 1055 bytes} [Thu Jul 30 10:44:30 2026] POST /v2/images => generated 1357 bytes in 700 msecs (HTTP/1.1 201) 6 headers in 316 bytes (1 switches on core 0)
Jul 30 10:44:31.683874 np0000006116 devstack@g-api.service[99792]: DEBUG glance.api.middleware.version_negotiation [None req-8e56e931-e358-43b4-87c6-da0a6e9129b3 tempest-ServerRescueNegativeTestJSON-742148862 tempest-ServerRescueNegativeTestJSON-742148862-project-member] Determining version of request: GET /v2/images/e4258c38-0175-4f91-b9e8-ef189adea76a Accept: application/json {{(pid=99792) process_request /opt/stack/glance/glance/api/middleware/version_negotiation.py:44}}
Jul 30 10:44:31.684077 np0000006116 devstack@g-api.service[99792]: DEBUG glance.api.middleware.version_negotiation [None req-8e56e931-e358-43b4-87c6-da0a6e9129b3 tempest-ServerRescueNegativeTestJSON-742148862 tempest-ServerRescueNegativeTestJSON-742148862-project-member] Using url versioning {{(pid=99792) process_request /opt/stack/glance/glance/api/middleware/version_negotiation.py:57}}
Jul 30 10:44:31.684254 np0000006116 devstack@g-api.service[99792]: DEBUG glance.api.middleware.version_negotiation [None req-8e56e931-e358-43b4-87c6-da0a6e9129b3 tempest-ServerRescueNegativeTestJSON-742148862 tempest-ServerRescueNegativeTestJSON-742148862-project-member] Matched version: v2 {{(pid=99792) process_request /opt/stack/glance/glance/api/middleware/version_negotiation.py:69}}
Jul 30 10:44:31.684404 np0000006116 devstack@g-api.service[99792]: DEBUG glance.api.middleware.version_negotiation [None req-8e56e931-e358-43b4-87c6-da0a6e9129b3 tempest-ServerRescueNegativeTestJSON-742148862 tempest-ServerRescueNegativeTestJSON-742148862-project-member] new path /v2/images/e4258c38-0175-4f91-b9e8-ef189adea76a {{(pid=99792) process_request /opt/stack/glance/glance/api/middleware/version_negotiation.py:70}}
Jul 30 10:44:31.700169 np0000006116 devstack@g-api.service[99792]: [pid: 99792|app: 0|req: 34/96] 127.0.0.1 () {40 vars in 838 bytes} [Thu Jul 30 10:44:31 2026] GET /v2/images/e4258c38-0175-4f91-b9e8-ef189adea76a => generated 1357 bytes in 16 msecs (HTTP/1.1 200) 4 headers in 158 bytes (1 switches on core 0)
Jul 30 10:44:31.865375 np0000006116 devstack@g-api.service[99793]: DEBUG glance.api.middleware.version_negotiation [None req-d5a82bc2-45c2-4d89-ab00-d551ec6a9038 tempest-ServerBootFromVolumeStableRescueTest-197452791 tempest-ServerBootFromVolumeStableRescueTest-197452791-project-member] Determining version of request: GET /v2/images/e4258c38-0175-4f91-b9e8-ef189adea76a Accept: */* {{(pid=99793) process_request /opt/stack/glance/glance/api/middleware/version_negotiation.py:44}}
Jul 30 10:44:31.865375 np0000006116 devstack@g-api.service[99793]: DEBUG glance.api.middleware.version_negotiation [None req-d5a82bc2-45c2-4d89-ab00-d551ec6a9038 tempest-ServerBootFromVolumeStableRescueTest-197452791 tempest-ServerBootFromVolumeStableRescueTest-197452791-project-member] Using url versioning {{(pid=99793) process_request /opt/stack/glance/glance/api/middleware/version_negotiation.py:57}}
Jul 30 10:44:31.865375 np0000006116 devstack@g-api.service[99793]: DEBUG glance.api.middleware.version_negotiation [None req-d5a82bc2-45c2-4d89-ab00-d551ec6a9038 tempest-ServerBootFromVolumeStableRescueTest-197452791 tempest-ServerBootFromVolumeStableRescueTest-197452791-project-member] Matched version: v2 {{(pid=99793) process_request /opt/stack/glance/glance/api/middleware/version_negotiation.py:69}}
Jul 30 10:44:31.865375 np0000006116 devstack@g-api.service[99793]: DEBUG glance.api.middleware.version_negotiation [None req-d5a82bc2-45c2-4d89-ab00-d551ec6a9038 tempest-ServerBootFromVolumeStableRescueTest-197452791 tempest-ServerBootFromVolumeStableRescueTest-197452791-project-member] new path /v2/images/e4258c38-0175-4f91-b9e8-ef189adea76a {{(pid=99793) process_request /opt/stack/glance/glance/api/middleware/version_negotiation.py:70}}
Jul 30 10:44:31.895989 np0000006116 devstack@g-api.service[99793]: [pid: 99793|app: 0|req: 31/97] 127.0.0.1 () {44 vars in 1115 bytes} [Thu Jul 30 10:44:31 2026] GET /v2/images/e4258c38-0175-4f91-b9e8-ef189adea76a => generated 1357 bytes in 31 msecs (HTTP/1.1 200) 4 headers in 158 bytes (1 switches on core 0)
Jul 30 10:44:31.933604 np0000006116 devstack@g-api.service[99794]: DEBUG glance.api.middleware.version_negotiation [None req-d5a82bc2-45c2-4d89-ab00-d551ec6a9038 tempest-ServerBootFromVolumeStableRescueTest-197452791 tempest-ServerBootFromVolumeStableRescueTest-197452791-project-member] Determining version of request: GET /v2/schemas/image Accept: */* {{(pid=99794) process_request /opt/stack/glance/glance/api/middleware/version_negotiation.py:44}}
Jul 30 10:44:31.933604 np0000006116 devstack@g-api.service[99794]: DEBUG glance.api.middleware.version_negotiation [None req-d5a82bc2-45c2-4d89-ab00-d551ec6a9038 tempest-ServerBootFromVolumeStableRescueTest-197452791 tempest-ServerBootFromVolumeStableRescueTest-197452791-project-member] Using url versioning {{(pid=99794) process_request /opt/stack/glance/glance/api/middleware/version_negotiation.py:57}}
Jul 30 10:44:31.933604 np0000006116 devstack@g-api.service[99794]: DEBUG glance.api.middleware.version_negotiation [None req-d5a82bc2-45c2-4d89-ab00-d551ec6a9038 tempest-ServerBootFromVolumeStableRescueTest-197452791 tempest-ServerBootFromVolumeStableRescueTest-197452791-project-member] Matched version: v2 {{(pid=99794) process_request /opt/stack/glance/glance/api/middleware/version_negotiation.py:69}}
Jul 30 10:44:31.933604 np0000006116 devstack@g-api.service[99794]: DEBUG glance.api.middleware.version_negotiation [None req-d5a82bc2-45c2-4d89-ab00-d551ec6a9038 tempest-ServerBootFromVolumeStableRescueTest-197452791 tempest-ServerBootFromVolumeStableRescueTest-197452791-project-member] new path /v2/schemas/image {{(pid=99794) process_request /opt/stack/glance/glance/api/middleware/version_negotiation.py:70}}
Jul 30 10:44:31.937859 np0000006116 devstack@g-api.service[99794]: [pid: 99794|app: 0|req: 33/98] 127.0.0.1 () {44 vars in 1055 bytes} [Thu Jul 30 10:44:31 2026] GET /v2/schemas/image => generated 6083 bytes in 5 msecs (HTTP/1.1 200) 4 headers in 158 bytes (1 switches on core 0)
Jul 30 10:44:32.718102 np0000006116 devstack@g-api.service[99792]: DEBUG glance.api.middleware.version_negotiation [None req-fcc65cd2-163c-4efc-9008-8490ded262d5 tempest-ServerBootFromVolumeStableRescueTest-197452791 tempest-ServerBootFromVolumeStableRescueTest-197452791-project-member] Determining version of request: GET /v2/images/e4258c38-0175-4f91-b9e8-ef189adea76a Accept: application/json {{(pid=99792) process_request /opt/stack/glance/glance/api/middleware/version_negotiation.py:44}}
Jul 30 10:44:32.718595 np0000006116 devstack@g-api.service[99792]: DEBUG glance.api.middleware.version_negotiation [None req-fcc65cd2-163c-4efc-9008-8490ded262d5 tempest-ServerBootFromVolumeStableRescueTest-197452791 tempest-ServerBootFromVolumeStableRescueTest-197452791-project-member] Using url versioning {{(pid=99792) process_request /opt/stack/glance/glance/api/middleware/version_negotiation.py:57}}
Jul 30 10:44:32.718595 np0000006116 devstack@g-api.service[99792]: DEBUG glance.api.middleware.version_negotiation [None req-fcc65cd2-163c-4efc-9008-8490ded262d5 tempest-ServerBootFromVolumeStableRescueTest-197452791 tempest-ServerBootFromVolumeStableRescueTest-197452791-project-member] Matched version: v2 {{(pid=99792) process_request /opt/stack/glance/glance/api/middleware/version_negotiation.py:69}}
Jul 30 10:44:32.718595 np0000006116 devstack@g-api.service[99792]: DEBUG glance.api.middleware.version_negotiation [None req-fcc65cd2-163c-4efc-9008-8490ded262d5 tempest-ServerBootFromVolumeStableRescueTest-197452791 tempest-ServerBootFromVolumeStableRescueTest-197452791-project-member] new path /v2/images/e4258c38-0175-4f91-b9e8-ef189adea76a {{(pid=99792) process_request /opt/stack/glance/glance/api/middleware/version_negotiation.py:70}}
Jul 30 10:44:32.731481 np0000006116 devstack@g-api.service[99792]: [pid: 99792|app: 0|req: 35/99] 127.0.0.1 () {40 vars in 838 bytes} [Thu Jul 30 10:44:32 2026] GET /v2/images/e4258c38-0175-4f91-b9e8-ef189adea76a => generated 1357 bytes in 12 msecs (HTTP/1.1 200) 4 headers in 158 bytes (1 switches on core 0)
Jul 30 10:44:33.061709 np0000006116 devstack@g-api.service[99793]: DEBUG glance.api.middleware.version_negotiation [None req-d5a82bc2-45c2-4d89-ab00-d551ec6a9038 tempest-ServerBootFromVolumeStableRescueTest-197452791 tempest-ServerBootFromVolumeStableRescueTest-197452791-project-member] Determining version of request: GET /v2/images/e4258c38-0175-4f91-b9e8-ef189adea76a Accept: */* {{(pid=99793) process_request /opt/stack/glance/glance/api/middleware/version_negotiation.py:44}}
Jul 30 10:44:33.063426 np0000006116 devstack@g-api.service[99793]: DEBUG glance.api.middleware.version_negotiation [None req-d5a82bc2-45c2-4d89-ab00-d551ec6a9038 tempest-ServerBootFromVolumeStableRescueTest-197452791 tempest-ServerBootFromVolumeStableRescueTest-197452791-project-member] Using url versioning {{(pid=99793) process_request /opt/stack/glance/glance/api/middleware/version_negotiation.py:57}}
Jul 30 10:44:33.064797 np0000006116 devstack@g-api.service[99793]: DEBUG glance.api.middleware.version_negotiation [None req-d5a82bc2-45c2-4d89-ab00-d551ec6a9038 tempest-ServerBootFromVolumeStableRescueTest-197452791 tempest-ServerBootFromVolumeStableRescueTest-197452791-project-member] Matched version: v2 {{(pid=99793) process_request /opt/stack/glance/glance/api/middleware/version_negotiation.py:69}}
Jul 30 10:44:33.065609 np0000006116 devstack@g-api.service[99793]: DEBUG glance.api.middleware.version_negotiation [None req-d5a82bc2-45c2-4d89-ab00-d551ec6a9038 tempest-ServerBootFromVolumeStableRescueTest-197452791 tempest-ServerBootFromVolumeStableRescueTest-197452791-project-member] new path /v2/images/e4258c38-0175-4f91-b9e8-ef189adea76a {{(pid=99793) process_request /opt/stack/glance/glance/api/middleware/version_negotiation.py:70}}
Jul 30 10:44:33.091867 np0000006116 devstack@g-api.service[99793]: [pid: 99793|app: 0|req: 32/100] 127.0.0.1 () {44 vars in 1115 bytes} [Thu Jul 30 10:44:33 2026] GET /v2/images/e4258c38-0175-4f91-b9e8-ef189adea76a => generated 1357 bytes in 31 msecs (HTTP/1.1 200) 4 headers in 158 bytes (1 switches on core 0)
Jul 30 10:44:33.124915 np0000006116 devstack@g-api.service[99794]: DEBUG glance.api.middleware.version_negotiation [None req-d5a82bc2-45c2-4d89-ab00-d551ec6a9038 tempest-ServerBootFromVolumeStableRescueTest-197452791 tempest-ServerBootFromVolumeStableRescueTest-197452791-project-member] Determining version of request: GET /v2/schemas/image Accept: */* {{(pid=99794) process_request /opt/stack/glance/glance/api/middleware/version_negotiation.py:44}}
Jul 30 10:44:33.125383 np0000006116 devstack@g-api.service[99794]: DEBUG glance.api.middleware.version_negotiation [None req-d5a82bc2-45c2-4d89-ab00-d551ec6a9038 tempest-ServerBootFromVolumeStableRescueTest-197452791 tempest-ServerBootFromVolumeStableRescueTest-197452791-project-member] Using url versioning {{(pid=99794) process_request /opt/stack/glance/glance/api/middleware/version_negotiation.py:57}}
Jul 30 10:44:33.125383 np0000006116 devstack@g-api.service[99794]: DEBUG glance.api.middleware.version_negotiation [None req-d5a82bc2-45c2-4d89-ab00-d551ec6a9038 tempest-ServerBootFromVolumeStableRescueTest-197452791 tempest-ServerBootFromVolumeStableRescueTest-197452791-project-member] Matched version: v2 {{(pid=99794) process_request /opt/stack/glance/glance/api/middleware/version_negotiation.py:69}}
Jul 30 10:44:33.125383 np0000006116 devstack@g-api.service[99794]: DEBUG glance.api.middleware.version_negotiation [None req-d5a82bc2-45c2-4d89-ab00-d551ec6a9038 tempest-ServerBootFromVolumeStableRescueTest-197452791 tempest-ServerBootFromVolumeStableRescueTest-197452791-project-member] new path /v2/schemas/image {{(pid=99794) process_request /opt/stack/glance/glance/api/middleware/version_negotiation.py:70}}
Jul 30 10:44:33.127768 np0000006116 devstack@g-api.service[99794]: [pid: 99794|app: 0|req: 34/101] 127.0.0.1 () {44 vars in 1055 bytes} [Thu Jul 30 10:44:33 2026] GET /v2/schemas/image => generated 6083 bytes in 3 msecs (HTTP/1.1 200) 4 headers in 158 bytes (1 switches on core 0)
Jul 30 10:44:33.163831 np0000006116 devstack@g-api.service[99792]: DEBUG glance.api.middleware.version_negotiation [None req-b6f9a17d-0839-4bf9-b595-abf9df606680 tempest-ServerBootFromVolumeStableRescueTest-197452791 tempest-ServerBootFromVolumeStableRescueTest-197452791-project-member] Determining version of request: GET /v2/schemas/image Accept: */* {{(pid=99792) process_request /opt/stack/glance/glance/api/middleware/version_negotiation.py:44}}
Jul 30 10:44:33.164125 np0000006116 devstack@g-api.service[99792]: DEBUG glance.api.middleware.version_negotiation [None req-b6f9a17d-0839-4bf9-b595-abf9df606680 tempest-ServerBootFromVolumeStableRescueTest-197452791 tempest-ServerBootFromVolumeStableRescueTest-197452791-project-member] Using url versioning {{(pid=99792) process_request /opt/stack/glance/glance/api/middleware/version_negotiation.py:57}}
Jul 30 10:44:33.164200 np0000006116 devstack@g-api.service[99792]: DEBUG glance.api.middleware.version_negotiation [None req-b6f9a17d-0839-4bf9-b595-abf9df606680 tempest-ServerBootFromVolumeStableRescueTest-197452791 tempest-ServerBootFromVolumeStableRescueTest-197452791-project-member] Matched version: v2 {{(pid=99792) process_request /opt/stack/glance/glance/api/middleware/version_negotiation.py:69}}
Jul 30 10:44:33.164538 np0000006116 devstack@g-api.service[99792]: DEBUG glance.api.middleware.version_negotiation [None req-b6f9a17d-0839-4bf9-b595-abf9df606680 tempest-ServerBootFromVolumeStableRescueTest-197452791 tempest-ServerBootFromVolumeStableRescueTest-197452791-project-member] new path /v2/schemas/image {{(pid=99792) process_request /opt/stack/glance/glance/api/middleware/version_negotiation.py:70}}
Jul 30 10:44:33.168500 np0000006116 devstack@g-api.service[99792]: [pid: 99792|app: 0|req: 36/102] 127.0.0.1 () {44 vars in 1055 bytes} [Thu Jul 30 10:44:33 2026] GET /v2/schemas/image => generated 6083 bytes in 5 msecs (HTTP/1.1 200) 4 headers in 158 bytes (1 switches on core 0)
Jul 30 10:44:33.212994 np0000006116 devstack@g-api.service[99793]: DEBUG glance.api.middleware.version_negotiation [None req-d5a82bc2-45c2-4d89-ab00-d551ec6a9038 tempest-ServerBootFromVolumeStableRescueTest-197452791 tempest-ServerBootFromVolumeStableRescueTest-197452791-project-member] Determining version of request: PATCH /v2/images/e4258c38-0175-4f91-b9e8-ef189adea76a Accept: */* {{(pid=99793) process_request /opt/stack/glance/glance/api/middleware/version_negotiation.py:44}}
Jul 30 10:44:33.214065 np0000006116 devstack@g-api.service[99793]: DEBUG glance.api.middleware.version_negotiation [None req-d5a82bc2-45c2-4d89-ab00-d551ec6a9038 tempest-ServerBootFromVolumeStableRescueTest-197452791 tempest-ServerBootFromVolumeStableRescueTest-197452791-project-member] Using url versioning {{(pid=99793) process_request /opt/stack/glance/glance/api/middleware/version_negotiation.py:57}}
Jul 30 10:44:33.214065 np0000006116 devstack@g-api.service[99793]: DEBUG glance.api.middleware.version_negotiation [None req-d5a82bc2-45c2-4d89-ab00-d551ec6a9038 tempest-ServerBootFromVolumeStableRescueTest-197452791 tempest-ServerBootFromVolumeStableRescueTest-197452791-project-member] Matched version: v2 {{(pid=99793) process_request /opt/stack/glance/glance/api/middleware/version_negotiation.py:69}}
Jul 30 10:44:33.214065 np0000006116 devstack@g-api.service[99793]: DEBUG glance.api.middleware.version_negotiation [None req-d5a82bc2-45c2-4d89-ab00-d551ec6a9038 tempest-ServerBootFromVolumeStableRescueTest-197452791 tempest-ServerBootFromVolumeStableRescueTest-197452791-project-member] new path /v2/images/e4258c38-0175-4f91-b9e8-ef189adea76a {{(pid=99793) process_request /opt/stack/glance/glance/api/middleware/version_negotiation.py:70}}
Jul 30 10:44:33.400142 np0000006116 devstack@g-api.service[99793]: [pid: 99793|app: 0|req: 33/103] 127.0.0.1 () {46 vars in 1158 bytes} [Thu Jul 30 10:44:33 2026] PATCH /v2/images/e4258c38-0175-4f91-b9e8-ef189adea76a => generated 1468 bytes in 187 msecs (HTTP/1.1 200) 4 headers in 158 bytes (1 switches on core 0)
Jul 30 10:44:33.458540 np0000006116 devstack@g-api.service[99794]: DEBUG glance.api.middleware.version_negotiation [None req-d5a82bc2-45c2-4d89-ab00-d551ec6a9038 tempest-ServerBootFromVolumeStableRescueTest-197452791 tempest-ServerBootFromVolumeStableRescueTest-197452791-project-member] Determining version of request: GET /v2/images/e4258c38-0175-4f91-b9e8-ef189adea76a Accept: */* {{(pid=99794) process_request /opt/stack/glance/glance/api/middleware/version_negotiation.py:44}}
Jul 30 10:44:33.458540 np0000006116 devstack@g-api.service[99794]: DEBUG glance.api.middleware.version_negotiation [None req-d5a82bc2-45c2-4d89-ab00-d551ec6a9038 tempest-ServerBootFromVolumeStableRescueTest-197452791 tempest-ServerBootFromVolumeStableRescueTest-197452791-project-member] Using url versioning {{(pid=99794) process_request /opt/stack/glance/glance/api/middleware/version_negotiation.py:57}}
Jul 30 10:44:33.458540 np0000006116 devstack@g-api.service[99794]: DEBUG glance.api.middleware.version_negotiation [None req-d5a82bc2-45c2-4d89-ab00-d551ec6a9038 tempest-ServerBootFromVolumeStableRescueTest-197452791 tempest-ServerBootFromVolumeStableRescueTest-197452791-project-member] Matched version: v2 {{(pid=99794) process_request /opt/stack/glance/glance/api/middleware/version_negotiation.py:69}}
Jul 30 10:44:33.458540 np0000006116 devstack@g-api.service[99794]: DEBUG glance.api.middleware.version_negotiation [None req-d5a82bc2-45c2-4d89-ab00-d551ec6a9038 tempest-ServerBootFromVolumeStableRescueTest-197452791 tempest-ServerBootFromVolumeStableRescueTest-197452791-project-member] new path /v2/images/e4258c38-0175-4f91-b9e8-ef189adea76a {{(pid=99794) process_request /opt/stack/glance/glance/api/middleware/version_negotiation.py:70}}
Jul 30 10:44:33.475531 np0000006116 devstack@g-api.service[99794]: [pid: 99794|app: 0|req: 35/104] 127.0.0.1 () {44 vars in 1115 bytes} [Thu Jul 30 10:44:33 2026] GET /v2/images/e4258c38-0175-4f91-b9e8-ef189adea76a => generated 1468 bytes in 18 msecs (HTTP/1.1 200) 4 headers in 158 bytes (1 switches on core 0)
Jul 30 10:44:33.537778 np0000006116 devstack@g-api.service[99792]: DEBUG glance.api.middleware.version_negotiation [None req-d5a82bc2-45c2-4d89-ab00-d551ec6a9038 tempest-ServerBootFromVolumeStableRescueTest-197452791 tempest-ServerBootFromVolumeStableRescueTest-197452791-project-member] Determining version of request: PUT /v2/images/e4258c38-0175-4f91-b9e8-ef189adea76a/file Accept: */* {{(pid=99792) process_request /opt/stack/glance/glance/api/middleware/version_negotiation.py:44}}
Jul 30 10:44:33.537778 np0000006116 devstack@g-api.service[99792]: DEBUG glance.api.middleware.version_negotiation [None req-d5a82bc2-45c2-4d89-ab00-d551ec6a9038 tempest-ServerBootFromVolumeStableRescueTest-197452791 tempest-ServerBootFromVolumeStableRescueTest-197452791-project-member] Using url versioning {{(pid=99792) process_request /opt/stack/glance/glance/api/middleware/version_negotiation.py:57}}
Jul 30 10:44:33.537778 np0000006116 devstack@g-api.service[99792]: DEBUG glance.api.middleware.version_negotiation [None req-d5a82bc2-45c2-4d89-ab00-d551ec6a9038 tempest-ServerBootFromVolumeStableRescueTest-197452791 tempest-ServerBootFromVolumeStableRescueTest-197452791-project-member] Matched version: v2 {{(pid=99792) process_request /opt/stack/glance/glance/api/middleware/version_negotiation.py:69}}
Jul 30 10:44:33.537778 np0000006116 devstack@g-api.service[99792]: DEBUG glance.api.middleware.version_negotiation [None req-d5a82bc2-45c2-4d89-ab00-d551ec6a9038 tempest-ServerBootFromVolumeStableRescueTest-197452791 tempest-ServerBootFromVolumeStableRescueTest-197452791-project-member] new path /v2/images/e4258c38-0175-4f91-b9e8-ef189adea76a/file {{(pid=99792) process_request /opt/stack/glance/glance/api/middleware/version_negotiation.py:70}}
Jul 30 10:44:33.740882 np0000006116 devstack@g-api.service[99793]: DEBUG glance.api.middleware.version_negotiation [None req-d5a82bc2-45c2-4d89-ab00-d551ec6a9038 tempest-ServerBootFromVolumeStableRescueTest-197452791 tempest-ServerBootFromVolumeStableRescueTest-197452791-project-member] Determining version of request: GET /v2/images/e4258c38-0175-4f91-b9e8-ef189adea76a Accept: application/json {{(pid=99793) process_request /opt/stack/glance/glance/api/middleware/version_negotiation.py:44}}
Jul 30 10:44:33.741056 np0000006116 devstack@g-api.service[99793]: DEBUG glance.api.middleware.version_negotiation [None req-d5a82bc2-45c2-4d89-ab00-d551ec6a9038 tempest-ServerBootFromVolumeStableRescueTest-197452791 tempest-ServerBootFromVolumeStableRescueTest-197452791-project-member] Using url versioning {{(pid=99793) process_request /opt/stack/glance/glance/api/middleware/version_negotiation.py:57}}
Jul 30 10:44:33.741190 np0000006116 devstack@g-api.service[99793]: DEBUG glance.api.middleware.version_negotiation [None req-d5a82bc2-45c2-4d89-ab00-d551ec6a9038 tempest-ServerBootFromVolumeStableRescueTest-197452791 tempest-ServerBootFromVolumeStableRescueTest-197452791-project-member] Matched version: v2 {{(pid=99793) process_request /opt/stack/glance/glance/api/middleware/version_negotiation.py:69}}
Jul 30 10:44:33.741343 np0000006116 devstack@g-api.service[99793]: DEBUG glance.api.middleware.version_negotiation [None req-d5a82bc2-45c2-4d89-ab00-d551ec6a9038 tempest-ServerBootFromVolumeStableRescueTest-197452791 tempest-ServerBootFromVolumeStableRescueTest-197452791-project-member] new path /v2/images/e4258c38-0175-4f91-b9e8-ef189adea76a {{(pid=99793) process_request /opt/stack/glance/glance/api/middleware/version_negotiation.py:70}}
Jul 30 10:44:33.751973 np0000006116 devstack@g-api.service[99793]: [pid: 99793|app: 0|req: 34/105] 127.0.0.1 () {40 vars in 838 bytes} [Thu Jul 30 10:44:33 2026] GET /v2/images/e4258c38-0175-4f91-b9e8-ef189adea76a => generated 1468 bytes in 11 msecs (HTTP/1.1 200) 4 headers in 158 bytes (1 switches on core 0)
Jul 30 10:44:34.296982 np0000006116 devstack@g-api.service[99792]: INFO glance.api.v2.image_data [None req-d5a82bc2-45c2-4d89-ab00-d551ec6a9038 tempest-ServerBootFromVolumeStableRescueTest-197452791 tempest-ServerBootFromVolumeStableRescueTest-197452791-project-member] Unable to create trust: no such option collect_timing in group [keystone_authtoken] Use the existing user token.
Jul 30 10:44:34.761520 np0000006116 devstack@g-api.service[99794]: DEBUG glance.api.middleware.version_negotiation [None req-d5a82bc2-45c2-4d89-ab00-d551ec6a9038 tempest-ServerBootFromVolumeStableRescueTest-197452791 tempest-ServerBootFromVolumeStableRescueTest-197452791-project-member] Determining version of request: GET /v2/images/e4258c38-0175-4f91-b9e8-ef189adea76a Accept: application/json {{(pid=99794) process_request /opt/stack/glance/glance/api/middleware/version_negotiation.py:44}}
Jul 30 10:44:34.762556 np0000006116 devstack@g-api.service[99794]: DEBUG glance.api.middleware.version_negotiation [None req-d5a82bc2-45c2-4d89-ab00-d551ec6a9038 tempest-ServerBootFromVolumeStableRescueTest-197452791 tempest-ServerBootFromVolumeStableRescueTest-197452791-project-member] Using url versioning {{(pid=99794) process_request /opt/stack/glance/glance/api/middleware/version_negotiation.py:57}}
Jul 30 10:44:34.762714 np0000006116 devstack@g-api.service[99794]: DEBUG glance.api.middleware.version_negotiation [None req-d5a82bc2-45c2-4d89-ab00-d551ec6a9038 tempest-ServerBootFromVolumeStableRescueTest-197452791 tempest-ServerBootFromVolumeStableRescueTest-197452791-project-member] Matched version: v2 {{(pid=99794) process_request /opt/stack/glance/glance/api/middleware/version_negotiation.py:69}}
Jul 30 10:44:34.762817 np0000006116 devstack@g-api.service[99794]: DEBUG glance.api.middleware.version_negotiation [None req-d5a82bc2-45c2-4d89-ab00-d551ec6a9038 tempest-ServerBootFromVolumeStableRescueTest-197452791 tempest-ServerBootFromVolumeStableRescueTest-197452791-project-member] new path /v2/images/e4258c38-0175-4f91-b9e8-ef189adea76a {{(pid=99794) process_request /opt/stack/glance/glance/api/middleware/version_negotiation.py:70}}
Jul 30 10:44:34.776247 np0000006116 devstack@g-api.service[99794]: [pid: 99794|app: 0|req: 36/106] 127.0.0.1 () {40 vars in 838 bytes} [Thu Jul 30 10:44:34 2026] GET /v2/images/e4258c38-0175-4f91-b9e8-ef189adea76a => generated 1468 bytes in 15 msecs (HTTP/1.1 200) 4 headers in 158 bytes (1 switches on core 0)
Jul 30 10:44:35.047956 np0000006116 devstack@g-api.service[99792]: DEBUG glance.location [None req-d5a82bc2-45c2-4d89-ab00-d551ec6a9038 tempest-ServerBootFromVolumeStableRescueTest-197452791 tempest-ServerBootFromVolumeStableRescueTest-197452791-project-member] Enabling in-flight format inspection for qcow2 {{(pid=99792) set_data /opt/stack/glance/glance/location.py:596}}
Jul 30 10:44:35.048540 np0000006116 devstack@g-api.service[99792]: DEBUG glance_store.backend [None req-d5a82bc2-45c2-4d89-ab00-d551ec6a9038 tempest-ServerBootFromVolumeStableRescueTest-197452791 tempest-ServerBootFromVolumeStableRescueTest-197452791-project-member] Attempting to import store swift {{(pid=99792) _load_store /opt/stack/data/venv/lib/python3.12/site-packages/glance_store/backend.py:215}}
Jul 30 10:44:35.050253 np0000006116 devstack@g-api.service[99792]: DEBUG glance_store.capabilities [None req-d5a82bc2-45c2-4d89-ab00-d551ec6a9038 tempest-ServerBootFromVolumeStableRescueTest-197452791 tempest-ServerBootFromVolumeStableRescueTest-197452791-project-member] Store glance_store._drivers.swift.store.SingleTenantStore doesn't support updating dynamic storage capabilities. Please overwrite 'update_capabilities' method of the store to implement updating logics if needed. {{(pid=99792) update_capabilities /opt/stack/data/venv/lib/python3.12/site-packages/glance_store/capabilities.py:91}}
Jul 30 10:44:35.050503 np0000006116 devstack@g-api.service[99792]: DEBUG glance_store.driver [None req-d5a82bc2-45c2-4d89-ab00-d551ec6a9038 tempest-ServerBootFromVolumeStableRescueTest-197452791 tempest-ServerBootFromVolumeStableRescueTest-197452791-project-member] Late loading location class glance_store._drivers.swift.store.StoreLocation {{(pid=99792) get_store_location_class /opt/stack/data/venv/lib/python3.12/site-packages/glance_store/driver.py:134}}
Jul 30 10:44:35.050701 np0000006116 devstack@g-api.service[99792]: DEBUG glance_store.location [None req-d5a82bc2-45c2-4d89-ab00-d551ec6a9038 tempest-ServerBootFromVolumeStableRescueTest-197452791 tempest-ServerBootFromVolumeStableRescueTest-197452791-project-member] Registering scheme swift+https with {'store': , 'location_class': , 'store_entry': 'swift'} {{(pid=99792) register_scheme_map /opt/stack/data/venv/lib/python3.12/site-packages/glance_store/location.py:146}}
Jul 30 10:44:35.050898 np0000006116 devstack@g-api.service[99792]: DEBUG glance_store.location [None req-d5a82bc2-45c2-4d89-ab00-d551ec6a9038 tempest-ServerBootFromVolumeStableRescueTest-197452791 tempest-ServerBootFromVolumeStableRescueTest-197452791-project-member] Registering scheme swift+https with {'store': , 'location_class': , 'store_entry': 'swift'} {{(pid=99792) register_scheme_map /opt/stack/data/venv/lib/python3.12/site-packages/glance_store/location.py:146}}
Jul 30 10:44:35.051086 np0000006116 devstack@g-api.service[99792]: DEBUG glance_store.location [None req-d5a82bc2-45c2-4d89-ab00-d551ec6a9038 tempest-ServerBootFromVolumeStableRescueTest-197452791 tempest-ServerBootFromVolumeStableRescueTest-197452791-project-member] Registering scheme swift with {'store': , 'location_class': , 'store_entry': 'swift'} {{(pid=99792) register_scheme_map /opt/stack/data/venv/lib/python3.12/site-packages/glance_store/location.py:146}}
Jul 30 10:44:35.051303 np0000006116 devstack@g-api.service[99792]: DEBUG glance_store.location [None req-d5a82bc2-45c2-4d89-ab00-d551ec6a9038 tempest-ServerBootFromVolumeStableRescueTest-197452791 tempest-ServerBootFromVolumeStableRescueTest-197452791-project-member] Registering scheme swift+https with {'store': , 'location_class': , 'store_entry': 'swift'} {{(pid=99792) register_scheme_map /opt/stack/data/venv/lib/python3.12/site-packages/glance_store/location.py:146}}
Jul 30 10:44:35.051484 np0000006116 devstack@g-api.service[99792]: DEBUG glance_store.location [None req-d5a82bc2-45c2-4d89-ab00-d551ec6a9038 tempest-ServerBootFromVolumeStableRescueTest-197452791 tempest-ServerBootFromVolumeStableRescueTest-197452791-project-member] Registering scheme swift with {'store': , 'location_class': , 'store_entry': 'swift'} {{(pid=99792) register_scheme_map /opt/stack/data/venv/lib/python3.12/site-packages/glance_store/location.py:146}}
Jul 30 10:44:35.051656 np0000006116 devstack@g-api.service[99792]: DEBUG glance_store.location [None req-d5a82bc2-45c2-4d89-ab00-d551ec6a9038 tempest-ServerBootFromVolumeStableRescueTest-197452791 tempest-ServerBootFromVolumeStableRescueTest-197452791-project-member] Registering scheme swift+http with {'store': , 'location_class': , 'store_entry': 'swift'} {{(pid=99792) register_scheme_map /opt/stack/data/venv/lib/python3.12/site-packages/glance_store/location.py:146}}
Jul 30 10:44:35.051870 np0000006116 devstack@g-api.service[99792]: DEBUG glance_store.location [None req-d5a82bc2-45c2-4d89-ab00-d551ec6a9038 tempest-ServerBootFromVolumeStableRescueTest-197452791 tempest-ServerBootFromVolumeStableRescueTest-197452791-project-member] Registering scheme swift+https with {'store': , 'location_class': , 'store_entry': 'swift'} {{(pid=99792) register_scheme_map /opt/stack/data/venv/lib/python3.12/site-packages/glance_store/location.py:146}}
Jul 30 10:44:35.052042 np0000006116 devstack@g-api.service[99792]: DEBUG glance_store.location [None req-d5a82bc2-45c2-4d89-ab00-d551ec6a9038 tempest-ServerBootFromVolumeStableRescueTest-197452791 tempest-ServerBootFromVolumeStableRescueTest-197452791-project-member] Registering scheme swift with {'store': , 'location_class': , 'store_entry': 'swift'} {{(pid=99792) register_scheme_map /opt/stack/data/venv/lib/python3.12/site-packages/glance_store/location.py:146}}
Jul 30 10:44:35.055307 np0000006116 devstack@g-api.service[99792]: DEBUG glance_store.location [None req-d5a82bc2-45c2-4d89-ab00-d551ec6a9038 tempest-ServerBootFromVolumeStableRescueTest-197452791 tempest-ServerBootFromVolumeStableRescueTest-197452791-project-member] Registering scheme swift+http with {'store': , 'location_class': , 'store_entry': 'swift'} {{(pid=99792) register_scheme_map /opt/stack/data/venv/lib/python3.12/site-packages/glance_store/location.py:146}}
Jul 30 10:44:35.055307 np0000006116 devstack@g-api.service[99792]: DEBUG glance_store.location [None req-d5a82bc2-45c2-4d89-ab00-d551ec6a9038 tempest-ServerBootFromVolumeStableRescueTest-197452791 tempest-ServerBootFromVolumeStableRescueTest-197452791-project-member] Registering scheme swift+config with {'store': , 'location_class': , 'store_entry': 'swift'} {{(pid=99792) register_scheme_map /opt/stack/data/venv/lib/python3.12/site-packages/glance_store/location.py:146}}
Jul 30 10:44:35.533761 np0000006116 devstack@g-api.service[99792]: DEBUG swiftclient [None req-d5a82bc2-45c2-4d89-ab00-d551ec6a9038 tempest-ServerBootFromVolumeStableRescueTest-197452791 tempest-ServerBootFromVolumeStableRescueTest-197452791-project-member] REQ: curl -i https://10.4.3.246:8080/v1/AUTH_3fd663a180d74e758eb0a8961c783ed9/glance -I -H "X-Auth-Token: gAAAAABqaysTl77v..." {{(pid=99792) http_log /opt/stack/data/venv/lib/python3.12/site-packages/swiftclient/client.py:160}}
Jul 30 10:44:35.535077 np0000006116 devstack@g-api.service[99792]: DEBUG swiftclient [None req-d5a82bc2-45c2-4d89-ab00-d551ec6a9038 tempest-ServerBootFromVolumeStableRescueTest-197452791 tempest-ServerBootFromVolumeStableRescueTest-197452791-project-member] RESP STATUS: 204 No Content {{(pid=99792) http_log /opt/stack/data/venv/lib/python3.12/site-packages/swiftclient/client.py:161}}
Jul 30 10:44:35.535077 np0000006116 devstack@g-api.service[99792]: DEBUG swiftclient [None req-d5a82bc2-45c2-4d89-ab00-d551ec6a9038 tempest-ServerBootFromVolumeStableRescueTest-197452791 tempest-ServerBootFromVolumeStableRescueTest-197452791-project-member] RESP HEADERS: {'Date': 'Thu, 30 Jul 2026 10:44:35 GMT', 'Server': 'Apache/2.4.58 (Ubuntu)', 'Content-Type': 'text/plain; charset=utf-8', 'X-Container-Object-Count': '5', 'X-Container-Bytes-Used': '86048768', 'X-Timestamp': '1785408112.71090', 'Last-Modified': 'Thu, 30 Jul 2026 10:41:53 GMT', 'Accept-Ranges': 'bytes', 'X-Storage-Policy': 'Policy-0', 'X-Container-Sharding': 'False', 'Vary': 'Accept', 'X-Trans-Id': 'tx7e6861398ffa456db0e59-006a6b2b13', 'X-Openstack-Request-Id': 'tx7e6861398ffa456db0e59-006a6b2b13', 'Connection': 'close'} {{(pid=99792) http_log /opt/stack/data/venv/lib/python3.12/site-packages/swiftclient/client.py:162}}
Jul 30 10:44:35.535077 np0000006116 devstack@g-api.service[99792]: DEBUG glance_store._drivers.swift.store [None req-d5a82bc2-45c2-4d89-ab00-d551ec6a9038 tempest-ServerBootFromVolumeStableRescueTest-197452791 tempest-ServerBootFromVolumeStableRescueTest-197452791-project-member] Adding image object 'e4258c38-0175-4f91-b9e8-ef189adea76a' to Swift {{(pid=99792) add /opt/stack/data/venv/lib/python3.12/site-packages/glance_store/_drivers/swift/store.py:970}}
Jul 30 10:44:35.535230 np0000006116 devstack@g-api.service[99792]: DEBUG glance_store._drivers.swift.store [None req-d5a82bc2-45c2-4d89-ab00-d551ec6a9038 tempest-ServerBootFromVolumeStableRescueTest-197452791 tempest-ServerBootFromVolumeStableRescueTest-197452791-project-member] Cannot determine image size because it is either not provided in the request or chunked-transfer encoding is used. Adding image as a segmented object to Swift. {{(pid=99792) add /opt/stack/data/venv/lib/python3.12/site-packages/glance_store/_drivers/swift/store.py:994}}
Jul 30 10:44:35.541658 np0000006116 devstack@g-api.service[99792]: DEBUG oslo_utils.imageutils.format_inspector [None req-d5a82bc2-45c2-4d89-ab00-d551ec6a9038 tempest-ServerBootFromVolumeStableRescueTest-197452791 tempest-ServerBootFromVolumeStableRescueTest-197452791-project-member] Format inspector for vmdk does not match, excluding from consideration (Signature KDMV not found: b'QFI\xfb') {{(pid=99792) _process_chunk /opt/stack/data/venv/lib/python3.12/site-packages/oslo_utils/imageutils/format_inspector.py:1758}}
Jul 30 10:44:35.544536 np0000006116 devstack@g-api.service[99792]: DEBUG oslo_utils.imageutils.format_inspector [None req-d5a82bc2-45c2-4d89-ab00-d551ec6a9038 tempest-ServerBootFromVolumeStableRescueTest-197452791 tempest-ServerBootFromVolumeStableRescueTest-197452791-project-member] Format inspector for vhdx does not match, excluding from consideration (Region signature not found at 30000) {{(pid=99792) _process_chunk /opt/stack/data/venv/lib/python3.12/site-packages/oslo_utils/imageutils/format_inspector.py:1758}}
Jul 30 10:44:35.786299 np0000006116 devstack@g-api.service[99793]: DEBUG glance.api.middleware.version_negotiation [None req-4ba76427-112b-44d1-831a-ee4b13afd0ef tempest-ServerBootFromVolumeStableRescueTest-197452791 tempest-ServerBootFromVolumeStableRescueTest-197452791-project-member] Determining version of request: GET /v2/images/e4258c38-0175-4f91-b9e8-ef189adea76a Accept: application/json {{(pid=99793) process_request /opt/stack/glance/glance/api/middleware/version_negotiation.py:44}}
Jul 30 10:44:35.786565 np0000006116 devstack@g-api.service[99793]: DEBUG glance.api.middleware.version_negotiation [None req-4ba76427-112b-44d1-831a-ee4b13afd0ef tempest-ServerBootFromVolumeStableRescueTest-197452791 tempest-ServerBootFromVolumeStableRescueTest-197452791-project-member] Using url versioning {{(pid=99793) process_request /opt/stack/glance/glance/api/middleware/version_negotiation.py:57}}
Jul 30 10:44:35.786603 np0000006116 devstack@g-api.service[99793]: DEBUG glance.api.middleware.version_negotiation [None req-4ba76427-112b-44d1-831a-ee4b13afd0ef tempest-ServerBootFromVolumeStableRescueTest-197452791 tempest-ServerBootFromVolumeStableRescueTest-197452791-project-member] Matched version: v2 {{(pid=99793) process_request /opt/stack/glance/glance/api/middleware/version_negotiation.py:69}}
Jul 30 10:44:35.786963 np0000006116 devstack@g-api.service[99793]: DEBUG glance.api.middleware.version_negotiation [None req-4ba76427-112b-44d1-831a-ee4b13afd0ef tempest-ServerBootFromVolumeStableRescueTest-197452791 tempest-ServerBootFromVolumeStableRescueTest-197452791-project-member] new path /v2/images/e4258c38-0175-4f91-b9e8-ef189adea76a {{(pid=99793) process_request /opt/stack/glance/glance/api/middleware/version_negotiation.py:70}}
Jul 30 10:44:35.792579 np0000006116 devstack@g-api.service[99792]: DEBUG swiftclient [None req-d5a82bc2-45c2-4d89-ab00-d551ec6a9038 tempest-ServerBootFromVolumeStableRescueTest-197452791 tempest-ServerBootFromVolumeStableRescueTest-197452791-project-member] REQ: curl -i https://10.4.3.246:8080/v1/AUTH_3fd663a180d74e758eb0a8961c783ed9/glance/e4258c38-0175-4f91-b9e8-ef189adea76a-00001 -X PUT -H "X-Auth-Token: gAAAAABqaysTl77v..." {{(pid=99792) http_log /opt/stack/data/venv/lib/python3.12/site-packages/swiftclient/client.py:160}}
Jul 30 10:44:35.795462 np0000006116 devstack@g-api.service[99792]: DEBUG swiftclient [None req-d5a82bc2-45c2-4d89-ab00-d551ec6a9038 tempest-ServerBootFromVolumeStableRescueTest-197452791 tempest-ServerBootFromVolumeStableRescueTest-197452791-project-member] RESP STATUS: 201 Created {{(pid=99792) http_log /opt/stack/data/venv/lib/python3.12/site-packages/swiftclient/client.py:161}}
Jul 30 10:44:35.795703 np0000006116 devstack@g-api.service[99792]: DEBUG swiftclient [None req-d5a82bc2-45c2-4d89-ab00-d551ec6a9038 tempest-ServerBootFromVolumeStableRescueTest-197452791 tempest-ServerBootFromVolumeStableRescueTest-197452791-project-member] RESP HEADERS: {'Date': 'Thu, 30 Jul 2026 10:44:35 GMT', 'Server': 'Apache/2.4.58 (Ubuntu)', 'Content-Type': 'text/html; charset=UTF-8', 'Content-Length': '0', 'Etag': '4fa343ee581d8d2e78533191fd1ac3e1', 'Last-Modified': 'Thu, 30 Jul 2026 10:44:36 GMT', 'X-Trans-Id': 'txe34ef28cbbce42968ce17-006a6b2b13', 'X-Openstack-Request-Id': 'txe34ef28cbbce42968ce17-006a6b2b13', 'Connection': 'close'} {{(pid=99792) http_log /opt/stack/data/venv/lib/python3.12/site-packages/swiftclient/client.py:162}}
Jul 30 10:44:35.795846 np0000006116 devstack@g-api.service[99792]: DEBUG glance_store._drivers.swift.store [None req-d5a82bc2-45c2-4d89-ab00-d551ec6a9038 tempest-ServerBootFromVolumeStableRescueTest-197452791 tempest-ServerBootFromVolumeStableRescueTest-197452791-project-member] Wrote chunk e4258c38-0175-4f91-b9e8-ef189adea76a-00001 (1/?) of length 23527424 to Swift returning MD5 of content: 4fa343ee581d8d2e78533191fd1ac3e1 {{(pid=99792) add /opt/stack/data/venv/lib/python3.12/site-packages/glance_store/_drivers/swift/store.py:1059}}
Jul 30 10:44:35.796205 np0000006116 devstack@g-api.service[99792]: DEBUG glance_store._drivers.swift.store [None req-d5a82bc2-45c2-4d89-ab00-d551ec6a9038 tempest-ServerBootFromVolumeStableRescueTest-197452791 tempest-ServerBootFromVolumeStableRescueTest-197452791-project-member] Not writing zero-length chunk. {{(pid=99792) add /opt/stack/data/venv/lib/python3.12/site-packages/glance_store/_drivers/swift/store.py:1028}}
Jul 30 10:44:35.803916 np0000006116 devstack@g-api.service[99793]: [pid: 99793|app: 0|req: 35/107] 127.0.0.1 () {40 vars in 838 bytes} [Thu Jul 30 10:44:35 2026] GET /v2/images/e4258c38-0175-4f91-b9e8-ef189adea76a => generated 1468 bytes in 18 msecs (HTTP/1.1 200) 4 headers in 158 bytes (1 switches on core 0)
Jul 30 10:44:35.830786 np0000006116 devstack@g-api.service[99792]: DEBUG swiftclient [None req-d5a82bc2-45c2-4d89-ab00-d551ec6a9038 tempest-ServerBootFromVolumeStableRescueTest-197452791 tempest-ServerBootFromVolumeStableRescueTest-197452791-project-member] REQ: curl -i https://10.4.3.246:8080/v1/AUTH_3fd663a180d74e758eb0a8961c783ed9/glance/e4258c38-0175-4f91-b9e8-ef189adea76a -X PUT -H "X-Object-Manifest: glance/e4258c38-0175-4f91-b9e8-ef189adea76a-" -H "X-Auth-Token: gAAAAABqaysTl77v..." -H "Content-Length: 0" {{(pid=99792) http_log /opt/stack/data/venv/lib/python3.12/site-packages/swiftclient/client.py:160}}
Jul 30 10:44:35.831852 np0000006116 devstack@g-api.service[99792]: DEBUG swiftclient [None req-d5a82bc2-45c2-4d89-ab00-d551ec6a9038 tempest-ServerBootFromVolumeStableRescueTest-197452791 tempest-ServerBootFromVolumeStableRescueTest-197452791-project-member] RESP STATUS: 201 Created {{(pid=99792) http_log /opt/stack/data/venv/lib/python3.12/site-packages/swiftclient/client.py:161}}
Jul 30 10:44:35.832192 np0000006116 devstack@g-api.service[99792]: DEBUG swiftclient [None req-d5a82bc2-45c2-4d89-ab00-d551ec6a9038 tempest-ServerBootFromVolumeStableRescueTest-197452791 tempest-ServerBootFromVolumeStableRescueTest-197452791-project-member] RESP HEADERS: {'Date': 'Thu, 30 Jul 2026 10:44:35 GMT', 'Server': 'Apache/2.4.58 (Ubuntu)', 'Content-Type': 'text/html; charset=UTF-8', 'Content-Length': '0', 'Etag': 'd41d8cd98f00b204e9800998ecf8427e', 'Last-Modified': 'Thu, 30 Jul 2026 10:44:36 GMT', 'X-Trans-Id': 'tx17acffcec3a5481d8e71d-006a6b2b13', 'X-Openstack-Request-Id': 'tx17acffcec3a5481d8e71d-006a6b2b13', 'Connection': 'close'} {{(pid=99792) http_log /opt/stack/data/venv/lib/python3.12/site-packages/swiftclient/client.py:162}}
