Jul 30 10:41:28.653056 np0000006116 nova-conductor[95903]: DEBUG cotyledon.oslo_config_glue [-] oslo_messaging_rabbit.rabbit_qos_prefetch_count = 0 {{(pid=95903) log_opt_values /opt/stack/data/venv/lib/python3.12/site-packages/oslo_config/cfg.py:3253}}
Jul 30 10:41:28.653056 np0000006116 nova-conductor[95903]: DEBUG cotyledon.oslo_config_glue [-] oslo_messaging_rabbit.rabbit_quorum_delivery_limit = 0 {{(pid=95903) log_opt_values /opt/stack/data/venv/lib/python3.12/site-packages/oslo_config/cfg.py:3253}}
Jul 30 10:41:28.653056 np0000006116 nova-conductor[95903]: DEBUG cotyledon.oslo_config_glue [-] oslo_messaging_rabbit.rabbit_quorum_max_memory_bytes = 0 {{(pid=95903) log_opt_values /opt/stack/data/venv/lib/python3.12/site-packages/oslo_config/cfg.py:3253}}
Jul 30 10:41:28.653056 np0000006116 nova-conductor[95903]: DEBUG cotyledon.oslo_config_glue [-] oslo_messaging_rabbit.rabbit_quorum_max_memory_length = 0 {{(pid=95903) log_opt_values /opt/stack/data/venv/lib/python3.12/site-packages/oslo_config/cfg.py:3253}}
Jul 30 10:41:28.653242 np0000006116 nova-conductor[95903]: DEBUG cotyledon.oslo_config_glue [-] oslo_messaging_rabbit.rabbit_quorum_queue = False {{(pid=95903) log_opt_values /opt/stack/data/venv/lib/python3.12/site-packages/oslo_config/cfg.py:3253}}
Jul 30 10:41:28.653242 np0000006116 nova-conductor[95903]: DEBUG cotyledon.oslo_config_glue [-] oslo_messaging_rabbit.rabbit_retry_backoff = 2 {{(pid=95903) log_opt_values /opt/stack/data/venv/lib/python3.12/site-packages/oslo_config/cfg.py:3253}}
Jul 30 10:41:28.653242 np0000006116 nova-conductor[95903]: DEBUG cotyledon.oslo_config_glue [-] oslo_messaging_rabbit.rabbit_retry_interval = 1 {{(pid=95903) log_opt_values /opt/stack/data/venv/lib/python3.12/site-packages/oslo_config/cfg.py:3253}}
Jul 30 10:41:28.653242 np0000006116 nova-conductor[95903]: DEBUG cotyledon.oslo_config_glue [-] oslo_messaging_rabbit.rabbit_stream_fanout = False {{(pid=95903) log_opt_values /opt/stack/data/venv/lib/python3.12/site-packages/oslo_config/cfg.py:3253}}
Jul 30 10:41:28.653242 np0000006116 nova-conductor[95903]: DEBUG cotyledon.oslo_config_glue [-] oslo_messaging_rabbit.rabbit_transient_queues_ttl = 1800 {{(pid=95903) log_opt_values /opt/stack/data/venv/lib/python3.12/site-packages/oslo_config/cfg.py:3253}}
Jul 30 10:41:28.653242 np0000006116 nova-conductor[95903]: DEBUG cotyledon.oslo_config_glue [-] oslo_messaging_rabbit.rabbit_transient_quorum_queue = False {{(pid=95903) log_opt_values /opt/stack/data/venv/lib/python3.12/site-packages/oslo_config/cfg.py:3253}}
Jul 30 10:41:28.653242 np0000006116 nova-conductor[95903]: DEBUG cotyledon.oslo_config_glue [-] oslo_messaging_rabbit.rpc_conn_pool_size = 30 {{(pid=95903) log_opt_values /opt/stack/data/venv/lib/python3.12/site-packages/oslo_config/cfg.py:3253}}
Jul 30 10:41:28.653431 np0000006116 nova-conductor[95898]: INFO dbcounter [None req-e4592bdb-eff2-4c35-a496-d0256dad7f23 None None] Registered counter for database nova_cell0
Jul 30 10:41:28.653466 np0000006116 nova-conductor[95903]: DEBUG cotyledon.oslo_config_glue [-] oslo_messaging_rabbit.ssl = False {{(pid=95903) log_opt_values /opt/stack/data/venv/lib/python3.12/site-packages/oslo_config/cfg.py:3253}}
Jul 30 10:41:28.653466 np0000006116 nova-conductor[95903]: DEBUG cotyledon.oslo_config_glue [-] oslo_messaging_rabbit.ssl_ca_file = {{(pid=95903) log_opt_values /opt/stack/data/venv/lib/python3.12/site-packages/oslo_config/cfg.py:3253}}
Jul 30 10:41:28.653466 np0000006116 nova-conductor[95903]: DEBUG cotyledon.oslo_config_glue [-] oslo_messaging_rabbit.ssl_cert_file = {{(pid=95903) log_opt_values /opt/stack/data/venv/lib/python3.12/site-packages/oslo_config/cfg.py:3253}}
Jul 30 10:41:28.653466 np0000006116 nova-conductor[95903]: DEBUG cotyledon.oslo_config_glue [-] oslo_messaging_rabbit.ssl_enforce_fips_mode = False {{(pid=95903) log_opt_values /opt/stack/data/venv/lib/python3.12/site-packages/oslo_config/cfg.py:3253}}
Jul 30 10:41:28.653466 np0000006116 nova-conductor[95903]: DEBUG cotyledon.oslo_config_glue [-] oslo_messaging_rabbit.ssl_enforce_hostname_verification = True {{(pid=95903) log_opt_values /opt/stack/data/venv/lib/python3.12/site-packages/oslo_config/cfg.py:3253}}
Jul 30 10:41:28.653466 np0000006116 nova-conductor[95903]: DEBUG cotyledon.oslo_config_glue [-] oslo_messaging_rabbit.ssl_key_file = {{(pid=95903) log_opt_values /opt/stack/data/venv/lib/python3.12/site-packages/oslo_config/cfg.py:3253}}
Jul 30 10:41:28.653466 np0000006116 nova-conductor[95903]: DEBUG cotyledon.oslo_config_glue [-] oslo_messaging_rabbit.ssl_version = {{(pid=95903) log_opt_values /opt/stack/data/venv/lib/python3.12/site-packages/oslo_config/cfg.py:3253}}
Jul 30 10:41:28.653466 np0000006116 nova-conductor[95903]: DEBUG cotyledon.oslo_config_glue [-] oslo_messaging_rabbit.use_queue_manager = False {{(pid=95903) log_opt_values /opt/stack/data/venv/lib/python3.12/site-packages/oslo_config/cfg.py:3253}}
Jul 30 10:41:28.653466 np0000006116 nova-conductor[95903]: DEBUG cotyledon.oslo_config_glue [-] oslo_messaging_notifications.driver = ['messagingv2'] {{(pid=95903) log_opt_values /opt/stack/data/venv/lib/python3.12/site-packages/oslo_config/cfg.py:3253}}
Jul 30 10:41:28.653705 np0000006116 nova-conductor[95903]: DEBUG cotyledon.oslo_config_glue [-] oslo_messaging_notifications.retry = -1 {{(pid=95903) log_opt_values /opt/stack/data/venv/lib/python3.12/site-packages/oslo_config/cfg.py:3253}}
Jul 30 10:41:28.653705 np0000006116 nova-conductor[95903]: DEBUG cotyledon.oslo_config_glue [-] oslo_messaging_notifications.topics = ['notifications'] {{(pid=95903) log_opt_values /opt/stack/data/venv/lib/python3.12/site-packages/oslo_config/cfg.py:3253}}
Jul 30 10:41:28.653705 np0000006116 nova-conductor[95903]: DEBUG cotyledon.oslo_config_glue [-] oslo_messaging_notifications.transport_url = **** {{(pid=95903) log_opt_values /opt/stack/data/venv/lib/python3.12/site-packages/oslo_config/cfg.py:3253}}
Jul 30 10:41:28.653705 np0000006116 nova-conductor[95903]: DEBUG cotyledon.oslo_config_glue [-] oslo_limit.auth_section = None {{(pid=95903) log_opt_values /opt/stack/data/venv/lib/python3.12/site-packages/oslo_config/cfg.py:3253}}
Jul 30 10:41:28.653705 np0000006116 nova-conductor[95903]: DEBUG cotyledon.oslo_config_glue [-] oslo_limit.auth_type = None {{(pid=95903) log_opt_values /opt/stack/data/venv/lib/python3.12/site-packages/oslo_config/cfg.py:3253}}
Jul 30 10:41:28.653705 np0000006116 nova-conductor[95903]: DEBUG cotyledon.oslo_config_glue [-] oslo_limit.cafile = None {{(pid=95903) log_opt_values /opt/stack/data/venv/lib/python3.12/site-packages/oslo_config/cfg.py:3253}}
Jul 30 10:41:28.653705 np0000006116 nova-conductor[95903]: DEBUG cotyledon.oslo_config_glue [-] oslo_limit.certfile = None {{(pid=95903) log_opt_values /opt/stack/data/venv/lib/python3.12/site-packages/oslo_config/cfg.py:3253}}
Jul 30 10:41:28.653705 np0000006116 nova-conductor[95903]: DEBUG cotyledon.oslo_config_glue [-] oslo_limit.collect_timing = False {{(pid=95903) log_opt_values /opt/stack/data/venv/lib/python3.12/site-packages/oslo_config/cfg.py:3253}}
Jul 30 10:41:28.653705 np0000006116 nova-conductor[95903]: DEBUG cotyledon.oslo_config_glue [-] oslo_limit.connect_retries = None {{(pid=95903) log_opt_values /opt/stack/data/venv/lib/python3.12/site-packages/oslo_config/cfg.py:3253}}
Jul 30 10:41:28.653891 np0000006116 nova-conductor[95903]: DEBUG cotyledon.oslo_config_glue [-] oslo_limit.connect_retry_delay = None {{(pid=95903) log_opt_values /opt/stack/data/venv/lib/python3.12/site-packages/oslo_config/cfg.py:3253}}
Jul 30 10:41:28.653891 np0000006116 nova-conductor[95903]: DEBUG cotyledon.oslo_config_glue [-] oslo_limit.endpoint_id = None {{(pid=95903) log_opt_values /opt/stack/data/venv/lib/python3.12/site-packages/oslo_config/cfg.py:3253}}
Jul 30 10:41:28.653891 np0000006116 nova-conductor[95903]: DEBUG cotyledon.oslo_config_glue [-] oslo_limit.endpoint_interface = public {{(pid=95903) log_opt_values /opt/stack/data/venv/lib/python3.12/site-packages/oslo_config/cfg.py:3253}}
Jul 30 10:41:28.653891 np0000006116 nova-conductor[95903]: DEBUG cotyledon.oslo_config_glue [-] oslo_limit.endpoint_override = None {{(pid=95903) log_opt_values /opt/stack/data/venv/lib/python3.12/site-packages/oslo_config/cfg.py:3253}}
Jul 30 10:41:28.653891 np0000006116 nova-conductor[95903]: DEBUG cotyledon.oslo_config_glue [-] oslo_limit.endpoint_region_name = None {{(pid=95903) log_opt_values /opt/stack/data/venv/lib/python3.12/site-packages/oslo_config/cfg.py:3253}}
Jul 30 10:41:28.653891 np0000006116 nova-conductor[95903]: DEBUG cotyledon.oslo_config_glue [-] oslo_limit.endpoint_service_name = None {{(pid=95903) log_opt_values /opt/stack/data/venv/lib/python3.12/site-packages/oslo_config/cfg.py:3253}}
Jul 30 10:41:28.653891 np0000006116 nova-conductor[95903]: DEBUG cotyledon.oslo_config_glue [-] oslo_limit.endpoint_service_type = None {{(pid=95903) log_opt_values /opt/stack/data/venv/lib/python3.12/site-packages/oslo_config/cfg.py:3253}}
Jul 30 10:41:28.653891 np0000006116 nova-conductor[95903]: DEBUG cotyledon.oslo_config_glue [-] oslo_limit.insecure = False {{(pid=95903) log_opt_values /opt/stack/data/venv/lib/python3.12/site-packages/oslo_config/cfg.py:3253}}
Jul 30 10:41:28.653891 np0000006116 nova-conductor[95903]: DEBUG cotyledon.oslo_config_glue [-] oslo_limit.keyfile = None {{(pid=95903) log_opt_values /opt/stack/data/venv/lib/python3.12/site-packages/oslo_config/cfg.py:3253}}
Jul 30 10:41:28.654084 np0000006116 nova-conductor[95903]: DEBUG cotyledon.oslo_config_glue [-] oslo_limit.max_version = None {{(pid=95903) log_opt_values /opt/stack/data/venv/lib/python3.12/site-packages/oslo_config/cfg.py:3253}}
Jul 30 10:41:28.654084 np0000006116 nova-conductor[95903]: DEBUG cotyledon.oslo_config_glue [-] oslo_limit.min_version = None {{(pid=95903) log_opt_values /opt/stack/data/venv/lib/python3.12/site-packages/oslo_config/cfg.py:3253}}
Jul 30 10:41:28.654084 np0000006116 nova-conductor[95903]: DEBUG cotyledon.oslo_config_glue [-] oslo_limit.region_name = None {{(pid=95903) log_opt_values /opt/stack/data/venv/lib/python3.12/site-packages/oslo_config/cfg.py:3253}}
Jul 30 10:41:28.654084 np0000006116 nova-conductor[95903]: DEBUG cotyledon.oslo_config_glue [-] oslo_limit.retriable_status_codes = None {{(pid=95903) log_opt_values /opt/stack/data/venv/lib/python3.12/site-packages/oslo_config/cfg.py:3253}}
Jul 30 10:41:28.654084 np0000006116 nova-conductor[95903]: DEBUG cotyledon.oslo_config_glue [-] oslo_limit.service_name = None {{(pid=95903) log_opt_values /opt/stack/data/venv/lib/python3.12/site-packages/oslo_config/cfg.py:3253}}
Jul 30 10:41:28.654084 np0000006116 nova-conductor[95903]: DEBUG cotyledon.oslo_config_glue [-] oslo_limit.service_type = None {{(pid=95903) log_opt_values /opt/stack/data/venv/lib/python3.12/site-packages/oslo_config/cfg.py:3253}}
Jul 30 10:41:28.654084 np0000006116 nova-conductor[95903]: DEBUG cotyledon.oslo_config_glue [-] oslo_limit.split_loggers = False {{(pid=95903) log_opt_values /opt/stack/data/venv/lib/python3.12/site-packages/oslo_config/cfg.py:3253}}
Jul 30 10:41:28.654084 np0000006116 nova-conductor[95903]: DEBUG cotyledon.oslo_config_glue [-] oslo_limit.status_code_retries = None {{(pid=95903) log_opt_values /opt/stack/data/venv/lib/python3.12/site-packages/oslo_config/cfg.py:3253}}
Jul 30 10:41:28.654084 np0000006116 nova-conductor[95903]: DEBUG cotyledon.oslo_config_glue [-] oslo_limit.status_code_retry_delay = None {{(pid=95903) log_opt_values /opt/stack/data/venv/lib/python3.12/site-packages/oslo_config/cfg.py:3253}}
Jul 30 10:41:28.654260 np0000006116 nova-conductor[95903]: DEBUG cotyledon.oslo_config_glue [-] oslo_limit.timeout = None {{(pid=95903) log_opt_values /opt/stack/data/venv/lib/python3.12/site-packages/oslo_config/cfg.py:3253}}
Jul 30 10:41:28.654260 np0000006116 nova-conductor[95903]: DEBUG cotyledon.oslo_config_glue [-] oslo_limit.valid_interfaces = None {{(pid=95903) log_opt_values /opt/stack/data/venv/lib/python3.12/site-packages/oslo_config/cfg.py:3253}}
Jul 30 10:41:28.654260 np0000006116 nova-conductor[95903]: DEBUG cotyledon.oslo_config_glue [-] oslo_limit.version = None {{(pid=95903) log_opt_values /opt/stack/data/venv/lib/python3.12/site-packages/oslo_config/cfg.py:3253}}
Jul 30 10:41:28.654260 np0000006116 nova-conductor[95903]: DEBUG cotyledon.oslo_config_glue [-] oslo_reports.file_event_handler = None {{(pid=95903) log_opt_values /opt/stack/data/venv/lib/python3.12/site-packages/oslo_config/cfg.py:3253}}
Jul 30 10:41:28.654260 np0000006116 nova-conductor[95903]: DEBUG cotyledon.oslo_config_glue [-] oslo_reports.file_event_handler_interval = 1 {{(pid=95903) log_opt_values /opt/stack/data/venv/lib/python3.12/site-packages/oslo_config/cfg.py:3253}}
Jul 30 10:41:28.654260 np0000006116 nova-conductor[95903]: DEBUG cotyledon.oslo_config_glue [-] oslo_reports.log_dir = None {{(pid=95903) log_opt_values /opt/stack/data/venv/lib/python3.12/site-packages/oslo_config/cfg.py:3253}}
Jul 30 10:41:28.654260 np0000006116 nova-conductor[95903]: DEBUG cotyledon.oslo_config_glue [-] ******************************************************************************** {{(pid=95903) log_opt_values /opt/stack/data/venv/lib/python3.12/site-packages/oslo_config/cfg.py:3260}}
Jul 30 10:41:28.654260 np0000006116 nova-conductor[95903]: DEBUG cotyledon._service_worker [-] Run service ServiceWrapper(2) [95903] {{(pid=95903) wait_forever /opt/stack/data/venv/lib/python3.12/site-packages/cotyledon/_service_worker.py:218}}
Jul 30 10:41:28.654260 np0000006116 nova-conductor[95903]: INFO nova.service [-] Starting conductor node (version 33.1.0)
Jul 30 10:41:28.654260 np0000006116 nova-conductor[95903]: INFO dbcounter [None req-8a1feabf-1c64-44d2-8a47-fc50ff95472a None None] Registered counter for database nova_cell0
Jul 30 10:41:28.655925 np0000006116 nova-conductor[95888]: DEBUG oslo_db.sqlalchemy.engines [None req-37d52e0a-8dd7-4231-8597-2af8b7c8f00b None None] MySQL server mode set to STRICT_TRANS_TABLES,STRICT_ALL_TABLES,NO_ZERO_IN_DATE,NO_ZERO_DATE,ERROR_FOR_DIVISION_BY_ZERO,TRADITIONAL,NO_ENGINE_SUBSTITUTION {{(pid=95888) _check_effective_sql_mode /opt/stack/data/venv/lib/python3.12/site-packages/oslo_db/sqlalchemy/engines.py:325}}
Jul 30 10:41:28.665930 np0000006116 nova-conductor[95888]: DEBUG dbcounter [-] [95888] Writer thread running {{(pid=95888) stat_writer /opt/stack/data/venv/lib/python3.12/site-packages/dbcounter.py:102}}
Jul 30 10:41:28.667154 np0000006116 nova-conductor[95898]: DEBUG oslo_db.sqlalchemy.engines [None req-e4592bdb-eff2-4c35-a496-d0256dad7f23 None None] MySQL server mode set to STRICT_TRANS_TABLES,STRICT_ALL_TABLES,NO_ZERO_IN_DATE,NO_ZERO_DATE,ERROR_FOR_DIVISION_BY_ZERO,TRADITIONAL,NO_ENGINE_SUBSTITUTION {{(pid=95898) _check_effective_sql_mode /opt/stack/data/venv/lib/python3.12/site-packages/oslo_db/sqlalchemy/engines.py:325}}
Jul 30 10:41:28.675467 np0000006116 nova-conductor[95903]: DEBUG oslo_db.sqlalchemy.engines [None req-8a1feabf-1c64-44d2-8a47-fc50ff95472a None None] MySQL server mode set to STRICT_TRANS_TABLES,STRICT_ALL_TABLES,NO_ZERO_IN_DATE,NO_ZERO_DATE,ERROR_FOR_DIVISION_BY_ZERO,TRADITIONAL,NO_ENGINE_SUBSTITUTION {{(pid=95903) _check_effective_sql_mode /opt/stack/data/venv/lib/python3.12/site-packages/oslo_db/sqlalchemy/engines.py:325}}
Jul 30 10:41:28.676252 np0000006116 nova-conductor[95898]: DEBUG dbcounter [-] [95898] Writer thread running {{(pid=95898) stat_writer /opt/stack/data/venv/lib/python3.12/site-packages/dbcounter.py:102}}
Jul 30 10:41:28.685342 np0000006116 nova-conductor[95903]: DEBUG dbcounter [-] [95903] Writer thread running {{(pid=95903) stat_writer /opt/stack/data/venv/lib/python3.12/site-packages/dbcounter.py:102}}
Jul 30 10:41:28.686083 np0000006116 nova-conductor[95888]: DEBUG nova.service [None req-37d52e0a-8dd7-4231-8597-2af8b7c8f00b None None] Creating RPC server for service: nova-conductor on topic: conductor {{(pid=95888) start /opt/stack/nova/nova/service.py:196}}
Jul 30 10:41:28.688458 np0000006116 nova-conductor[95903]: DEBUG nova.service [None req-8a1feabf-1c64-44d2-8a47-fc50ff95472a None None] Creating RPC server for service: nova-conductor on topic: conductor {{(pid=95903) start /opt/stack/nova/nova/service.py:196}}
Jul 30 10:41:28.697510 np0000006116 nova-conductor[95898]: DEBUG nova.service [None req-e4592bdb-eff2-4c35-a496-d0256dad7f23 None None] Creating RPC server for service: nova-conductor on topic: conductor {{(pid=95898) start /opt/stack/nova/nova/service.py:196}}
Jul 30 10:41:28.714806 np0000006116 nova-conductor[95903]: DEBUG nova.service [None req-8a1feabf-1c64-44d2-8a47-fc50ff95472a None None] Join ServiceGroup membership for this service conductor {{(pid=95903) start /opt/stack/nova/nova/service.py:222}}
Jul 30 10:41:28.715387 np0000006116 nova-conductor[95903]: DEBUG nova.servicegroup.drivers.db [None req-8a1feabf-1c64-44d2-8a47-fc50ff95472a None None] DB_Driver: join new ServiceGroup member np0000006116 to the conductor group, service = {{(pid=95903) join /opt/stack/nova/nova/servicegroup/drivers/db.py:44}}
Jul 30 10:41:28.716677 np0000006116 nova-conductor[95888]: DEBUG nova.service [None req-37d52e0a-8dd7-4231-8597-2af8b7c8f00b None None] Join ServiceGroup membership for this service conductor {{(pid=95888) start /opt/stack/nova/nova/service.py:222}}
Jul 30 10:41:28.716861 np0000006116 nova-conductor[95888]: DEBUG nova.servicegroup.drivers.db [None req-37d52e0a-8dd7-4231-8597-2af8b7c8f00b None None] DB_Driver: join new ServiceGroup member np0000006116 to the conductor group, service = {{(pid=95888) join /opt/stack/nova/nova/servicegroup/drivers/db.py:44}}
Jul 30 10:41:28.718523 np0000006116 nova-conductor[95898]: DEBUG nova.service [None req-e4592bdb-eff2-4c35-a496-d0256dad7f23 None None] Join ServiceGroup membership for this service conductor {{(pid=95898) start /opt/stack/nova/nova/service.py:222}}
Jul 30 10:41:28.719677 np0000006116 nova-conductor[95898]: DEBUG nova.servicegroup.drivers.db [None req-e4592bdb-eff2-4c35-a496-d0256dad7f23 None None] DB_Driver: join new ServiceGroup member np0000006116 to the conductor group, service = {{(pid=95898) join /opt/stack/nova/nova/servicegroup/drivers/db.py:44}}
Jul 30 10:41:33.734896 np0000006116 nova-conductor[95898]: DEBUG oslo.service.backend._threading.loopingcall [-] Fixed interval looping call 'nova.servicegroup.drivers.db.DbDriver._report_state' sleeping for 119.99 seconds {{(pid=95898) _run_loop /opt/stack/data/venv/lib/python3.12/site-packages/oslo_service/backend/_threading/loopingcall.py:125}}
Jul 30 10:41:33.735829 np0000006116 nova-conductor[95888]: DEBUG oslo.service.backend._threading.loopingcall [-] Fixed interval looping call 'nova.servicegroup.drivers.db.DbDriver._report_state' sleeping for 119.98 seconds {{(pid=95888) _run_loop /opt/stack/data/venv/lib/python3.12/site-packages/oslo_service/backend/_threading/loopingcall.py:125}}
Jul 30 10:41:33.736869 np0000006116 nova-conductor[95903]: DEBUG oslo.service.backend._threading.loopingcall [-] Fixed interval looping call 'nova.servicegroup.drivers.db.DbDriver._report_state' sleeping for 119.98 seconds {{(pid=95903) _run_loop /opt/stack/data/venv/lib/python3.12/site-packages/oslo_service/backend/_threading/loopingcall.py:125}}
Jul 30 10:41:37.296541 np0000006116 nova-conductor[94365]: DEBUG dbcounter [-] [94365] Writing DB stats nova_api:SELECT=1 {{(pid=94365) stat_writer /opt/stack/data/venv/lib/python3.12/site-packages/dbcounter.py:115}}
Jul 30 10:41:37.421592 np0000006116 nova-conductor[94365]: DEBUG dbcounter [-] [94365] Writing DB stats nova_cell1:SELECT=1 {{(pid=94365) stat_writer /opt/stack/data/venv/lib/python3.12/site-packages/dbcounter.py:115}}
Jul 30 10:41:37.426864 np0000006116 nova-conductor[94365]: DEBUG dbcounter [-] [94365] Writing DB stats nova_cell0:SELECT=1 {{(pid=94365) stat_writer /opt/stack/data/venv/lib/python3.12/site-packages/dbcounter.py:115}}
Jul 30 10:41:43.729716 np0000006116 nova-conductor[95898]: DEBUG dbcounter [-] [95898] Writing DB stats nova_cell0:SELECT=5,nova_cell0:INSERT=1,nova_cell0:UPDATE=1 {{(pid=95898) stat_writer /opt/stack/data/venv/lib/python3.12/site-packages/dbcounter.py:115}}
Jul 30 10:41:43.735464 np0000006116 nova-conductor[95888]: DEBUG dbcounter [-] [95888] Writing DB stats nova_cell0:SELECT=4,nova_cell0:INSERT=1,nova_cell0:UPDATE=1 {{(pid=95888) stat_writer /opt/stack/data/venv/lib/python3.12/site-packages/dbcounter.py:115}}
Jul 30 10:41:43.740575 np0000006116 nova-conductor[95903]: DEBUG dbcounter [-] [95903] Writing DB stats nova_cell0:SELECT=3,nova_cell0:UPDATE=1 {{(pid=95903) stat_writer /opt/stack/data/venv/lib/python3.12/site-packages/dbcounter.py:115}}
Jul 30 10:41:52.718805 np0000006116 nova-conductor[95888]: DEBUG oslo.service.backend._threading.loopingcall [None req-01bd0395-588e-4096-bab6-18bce97ed2fb None None] Dynamic interval looping call 'nova.service.Service.periodic_tasks' sleeping for 60.00 seconds {{(pid=95888) _run_loop /opt/stack/data/venv/lib/python3.12/site-packages/oslo_service/backend/_threading/loopingcall.py:125}}
Jul 30 10:42:11.717737 np0000006116 nova-conductor[95903]: DEBUG oslo.service.backend._threading.loopingcall [None req-80a6aa7b-0380-41cf-83a7-c09a8d21a9a0 None None] Dynamic interval looping call 'nova.service.Service.periodic_tasks' sleeping for 60.00 seconds {{(pid=95903) _run_loop /opt/stack/data/venv/lib/python3.12/site-packages/oslo_service/backend/_threading/loopingcall.py:125}}
Jul 30 10:42:22.721980 np0000006116 nova-conductor[95898]: DEBUG oslo.service.backend._threading.loopingcall [None req-2fe8dfd8-758c-4a34-ac24-7c41e37b0bfb None None] Dynamic interval looping call 'nova.service.Service.periodic_tasks' sleeping for 60.00 seconds {{(pid=95898) _run_loop /opt/stack/data/venv/lib/python3.12/site-packages/oslo_service/backend/_threading/loopingcall.py:125}}
Jul 30 10:42:52.719361 np0000006116 nova-conductor[95888]: DEBUG oslo.service.backend._threading.loopingcall [None req-01bd0395-588e-4096-bab6-18bce97ed2fb None None] Dynamic interval looping call 'nova.service.Service.periodic_tasks' sleeping for 60.00 seconds {{(pid=95888) _run_loop /opt/stack/data/venv/lib/python3.12/site-packages/oslo_service/backend/_threading/loopingcall.py:125}}
Jul 30 10:43:11.718003 np0000006116 nova-conductor[95903]: DEBUG oslo.service.backend._threading.loopingcall [None req-80a6aa7b-0380-41cf-83a7-c09a8d21a9a0 None None] Dynamic interval looping call 'nova.service.Service.periodic_tasks' sleeping for 60.00 seconds {{(pid=95903) _run_loop /opt/stack/data/venv/lib/python3.12/site-packages/oslo_service/backend/_threading/loopingcall.py:125}}
Jul 30 10:43:22.722437 np0000006116 nova-conductor[95898]: DEBUG oslo.service.backend._threading.loopingcall [None req-2fe8dfd8-758c-4a34-ac24-7c41e37b0bfb None None] Dynamic interval looping call 'nova.service.Service.periodic_tasks' sleeping for 60.00 seconds {{(pid=95898) _run_loop /opt/stack/data/venv/lib/python3.12/site-packages/oslo_service/backend/_threading/loopingcall.py:125}}
Jul 30 10:43:33.723630 np0000006116 nova-conductor[95888]: DEBUG oslo.service.backend._threading.loopingcall [-] Fixed interval looping call 'nova.servicegroup.drivers.db.DbDriver._report_state' sleeping for 119.99 seconds {{(pid=95888) _run_loop /opt/stack/data/venv/lib/python3.12/site-packages/oslo_service/backend/_threading/loopingcall.py:125}}
Jul 30 10:43:33.724522 np0000006116 nova-conductor[95903]: DEBUG oslo.service.backend._threading.loopingcall [-] Fixed interval looping call 'nova.servicegroup.drivers.db.DbDriver._report_state' sleeping for 119.99 seconds {{(pid=95903) _run_loop /opt/stack/data/venv/lib/python3.12/site-packages/oslo_service/backend/_threading/loopingcall.py:125}}
Jul 30 10:43:33.729715 np0000006116 nova-conductor[95898]: DEBUG oslo.service.backend._threading.loopingcall [-] Fixed interval looping call 'nova.servicegroup.drivers.db.DbDriver._report_state' sleeping for 120.00 seconds {{(pid=95898) _run_loop /opt/stack/data/venv/lib/python3.12/site-packages/oslo_service/backend/_threading/loopingcall.py:125}}
Jul 30 10:43:43.719362 np0000006116 nova-conductor[95888]: DEBUG dbcounter [-] [95888] Writing DB stats nova_cell0:SELECT=1,nova_cell0:UPDATE=1 {{(pid=95888) stat_writer /opt/stack/data/venv/lib/python3.12/site-packages/dbcounter.py:115}}
Jul 30 10:43:43.722073 np0000006116 nova-conductor[95903]: DEBUG dbcounter [-] [95903] Writing DB stats nova_cell0:SELECT=1,nova_cell0:UPDATE=1 {{(pid=95903) stat_writer /opt/stack/data/venv/lib/python3.12/site-packages/dbcounter.py:115}}
Jul 30 10:43:43.727945 np0000006116 nova-conductor[95898]: DEBUG dbcounter [-] [95898] Writing DB stats nova_cell0:SELECT=1 {{(pid=95898) stat_writer /opt/stack/data/venv/lib/python3.12/site-packages/dbcounter.py:115}}
Jul 30 10:43:47.249224 np0000006116 nova-conductor[95903]: DEBUG oslo_db.sqlalchemy.engines [None req-0e358eac-edf9-4d08-bcba-53a2c7b2b84d tempest-ServerRescueNegativeTestJSON-742148862 tempest-ServerRescueNegativeTestJSON-742148862-project-member] Parent process 94365 forked (95903) with an open database connection, which is being discarded and recreated. {{(pid=95903) checkout /opt/stack/data/venv/lib/python3.12/site-packages/oslo_db/sqlalchemy/engines.py:402}}
Jul 30 10:43:47.287320 np0000006116 nova-conductor[95903]: DEBUG dbcounter [-] [95903] Writer thread running {{(pid=95903) stat_writer /opt/stack/data/venv/lib/python3.12/site-packages/dbcounter.py:102}}
Jul 30 10:43:48.200145 np0000006116 nova-conductor[95903]: DEBUG nova.conductor.manager [None req-0e358eac-edf9-4d08-bcba-53a2c7b2b84d tempest-ServerRescueNegativeTestJSON-742148862 tempest-ServerRescueNegativeTestJSON-742148862-project-member] Took 0.91 seconds to select destinations for 1 instance(s). {{(pid=95903) _schedule_instances /opt/stack/nova/nova/conductor/manager.py:968}}
Jul 30 10:43:48.230033 np0000006116 nova-conductor[95903]: DEBUG oslo_concurrency.lockutils [None req-0e358eac-edf9-4d08-bcba-53a2c7b2b84d tempest-ServerRescueNegativeTestJSON-742148862 tempest-ServerRescueNegativeTestJSON-742148862-project-member] Acquiring lock "3accad0d-9040-46e3-a107-888880c4ca56" by "nova.context.set_target_cell..get_or_set_cached_cell_and_set_connections" {{(pid=95903) inner /opt/stack/data/venv/lib/python3.12/site-packages/oslo_concurrency/lockutils.py:512}}
Jul 30 10:43:48.230244 np0000006116 nova-conductor[95903]: DEBUG oslo_concurrency.lockutils [None req-0e358eac-edf9-4d08-bcba-53a2c7b2b84d tempest-ServerRescueNegativeTestJSON-742148862 tempest-ServerRescueNegativeTestJSON-742148862-project-member] Lock "3accad0d-9040-46e3-a107-888880c4ca56" acquired by "nova.context.set_target_cell..get_or_set_cached_cell_and_set_connections" :: waited 0.000s {{(pid=95903) inner /opt/stack/data/venv/lib/python3.12/site-packages/oslo_concurrency/lockutils.py:525}}
Jul 30 10:43:48.231442 np0000006116 nova-conductor[95903]: DEBUG oslo_concurrency.lockutils [None req-0e358eac-edf9-4d08-bcba-53a2c7b2b84d tempest-ServerRescueNegativeTestJSON-742148862 tempest-ServerRescueNegativeTestJSON-742148862-project-member] Lock "3accad0d-9040-46e3-a107-888880c4ca56" "released" by "nova.context.set_target_cell..get_or_set_cached_cell_and_set_connections" :: held 0.001s {{(pid=95903) inner /opt/stack/data/venv/lib/python3.12/site-packages/oslo_concurrency/lockutils.py:544}}
Jul 30 10:43:48.232951 np0000006116 nova-conductor[95903]: INFO dbcounter [None req-0e358eac-edf9-4d08-bcba-53a2c7b2b84d tempest-ServerRescueNegativeTestJSON-742148862 tempest-ServerRescueNegativeTestJSON-742148862-project-member] Registered counter for database nova_cell1
Jul 30 10:43:48.263326 np0000006116 nova-conductor[95903]: DEBUG oslo_db.sqlalchemy.engines [None req-0e358eac-edf9-4d08-bcba-53a2c7b2b84d tempest-ServerRescueNegativeTestJSON-742148862 tempest-ServerRescueNegativeTestJSON-742148862-project-member] MySQL server mode set to STRICT_TRANS_TABLES,STRICT_ALL_TABLES,NO_ZERO_IN_DATE,NO_ZERO_DATE,ERROR_FOR_DIVISION_BY_ZERO,TRADITIONAL,NO_ENGINE_SUBSTITUTION {{(pid=95903) _check_effective_sql_mode /opt/stack/data/venv/lib/python3.12/site-packages/oslo_db/sqlalchemy/engines.py:325}}
Jul 30 10:43:48.270999 np0000006116 nova-conductor[95903]: DEBUG dbcounter [-] [95903] Writer thread running {{(pid=95903) stat_writer /opt/stack/data/venv/lib/python3.12/site-packages/dbcounter.py:102}}
Jul 30 10:43:48.336803 np0000006116 nova-conductor[95903]: INFO nova.utils [None req-0e358eac-edf9-4d08-bcba-53a2c7b2b84d tempest-ServerRescueNegativeTestJSON-742148862 tempest-ServerRescueNegativeTestJSON-742148862-project-member] The cell worker thread pool ForkProcess-3.cell_worker is initialized
Jul 30 10:43:48.337125 np0000006116 nova-conductor[95903]: DEBUG oslo_concurrency.lockutils [None req-0e358eac-edf9-4d08-bcba-53a2c7b2b84d tempest-ServerRescueNegativeTestJSON-742148862 tempest-ServerRescueNegativeTestJSON-742148862-project-member] Acquiring lock "00000000-0000-0000-0000-000000000000" by "nova.context.set_target_cell..get_or_set_cached_cell_and_set_connections" {{(pid=95903) inner /opt/stack/data/venv/lib/python3.12/site-packages/oslo_concurrency/lockutils.py:512}}
Jul 30 10:43:48.337306 np0000006116 nova-conductor[95903]: DEBUG oslo_concurrency.lockutils [None req-0e358eac-edf9-4d08-bcba-53a2c7b2b84d tempest-ServerRescueNegativeTestJSON-742148862 tempest-ServerRescueNegativeTestJSON-742148862-project-member] Lock "00000000-0000-0000-0000-000000000000" acquired by "nova.context.set_target_cell..get_or_set_cached_cell_and_set_connections" :: waited 0.000s {{(pid=95903) inner /opt/stack/data/venv/lib/python3.12/site-packages/oslo_concurrency/lockutils.py:525}}
Jul 30 10:43:48.337719 np0000006116 nova-conductor[95903]: DEBUG oslo_concurrency.lockutils [None req-0e358eac-edf9-4d08-bcba-53a2c7b2b84d tempest-ServerRescueNegativeTestJSON-742148862 tempest-ServerRescueNegativeTestJSON-742148862-project-member] Lock "00000000-0000-0000-0000-000000000000" "released" by "nova.context.set_target_cell..get_or_set_cached_cell_and_set_connections" :: held 0.000s {{(pid=95903) inner /opt/stack/data/venv/lib/python3.12/site-packages/oslo_concurrency/lockutils.py:544}}
Jul 30 10:43:48.338494 np0000006116 nova-conductor[95903]: DEBUG oslo_concurrency.lockutils [None req-0e358eac-edf9-4d08-bcba-53a2c7b2b84d tempest-ServerRescueNegativeTestJSON-742148862 tempest-ServerRescueNegativeTestJSON-742148862-project-member] Acquiring lock "3accad0d-9040-46e3-a107-888880c4ca56" by "nova.context.set_target_cell..get_or_set_cached_cell_and_set_connections" {{(pid=95903) inner /opt/stack/data/venv/lib/python3.12/site-packages/oslo_concurrency/lockutils.py:512}}
Jul 30 10:43:48.339596 np0000006116 nova-conductor[95903]: DEBUG oslo_concurrency.lockutils [None req-0e358eac-edf9-4d08-bcba-53a2c7b2b84d tempest-ServerRescueNegativeTestJSON-742148862 tempest-ServerRescueNegativeTestJSON-742148862-project-member] Lock "3accad0d-9040-46e3-a107-888880c4ca56" acquired by "nova.context.set_target_cell..get_or_set_cached_cell_and_set_connections" :: waited 0.000s {{(pid=95903) inner /opt/stack/data/venv/lib/python3.12/site-packages/oslo_concurrency/lockutils.py:525}}
Jul 30 10:43:48.340025 np0000006116 nova-conductor[95903]: INFO dbcounter [None req-0e358eac-edf9-4d08-bcba-53a2c7b2b84d tempest-ServerRescueNegativeTestJSON-742148862 tempest-ServerRescueNegativeTestJSON-742148862-project-member] Registered counter for database nova_cell0
Jul 30 10:43:48.341156 np0000006116 nova-conductor[95903]: DEBUG oslo_concurrency.lockutils [None req-0e358eac-edf9-4d08-bcba-53a2c7b2b84d tempest-ServerRescueNegativeTestJSON-742148862 tempest-ServerRescueNegativeTestJSON-742148862-project-member] Lock "3accad0d-9040-46e3-a107-888880c4ca56" "released" by "nova.context.set_target_cell..get_or_set_cached_cell_and_set_connections" :: held 0.001s {{(pid=95903) inner /opt/stack/data/venv/lib/python3.12/site-packages/oslo_concurrency/lockutils.py:544}}
Jul 30 10:43:48.380769 np0000006116 nova-conductor[95903]: DEBUG oslo_db.sqlalchemy.engines [None req-0e358eac-edf9-4d08-bcba-53a2c7b2b84d tempest-ServerRescueNegativeTestJSON-742148862 tempest-ServerRescueNegativeTestJSON-742148862-project-member] MySQL server mode set to STRICT_TRANS_TABLES,STRICT_ALL_TABLES,NO_ZERO_IN_DATE,NO_ZERO_DATE,ERROR_FOR_DIVISION_BY_ZERO,TRADITIONAL,NO_ENGINE_SUBSTITUTION {{(pid=95903) _check_effective_sql_mode /opt/stack/data/venv/lib/python3.12/site-packages/oslo_db/sqlalchemy/engines.py:325}}
Jul 30 10:43:48.385742 np0000006116 nova-conductor[95903]: DEBUG dbcounter [-] [95903] Writer thread running {{(pid=95903) stat_writer /opt/stack/data/venv/lib/python3.12/site-packages/dbcounter.py:102}}
Jul 30 10:43:48.405369 np0000006116 nova-conductor[95903]: DEBUG nova.quota [None req-0e358eac-edf9-4d08-bcba-53a2c7b2b84d tempest-ServerRescueNegativeTestJSON-742148862 tempest-ServerRescueNegativeTestJSON-742148862-project-member] Getting quotas for project ffa3ef8f7495430c9483b62f574844f7. Resources: {'cores', 'instances', 'ram'} {{(pid=95903) _get_quotas /opt/stack/nova/nova/quota.py:389}}
Jul 30 10:43:48.410581 np0000006116 nova-conductor[95903]: DEBUG nova.quota [None req-0e358eac-edf9-4d08-bcba-53a2c7b2b84d tempest-ServerRescueNegativeTestJSON-742148862 tempest-ServerRescueNegativeTestJSON-742148862-project-member] Getting quotas for user 2da603e5df7147adae963f1b06c8ff6f and project ffa3ef8f7495430c9483b62f574844f7. Resources: {'cores', 'instances', 'ram'} {{(pid=95903) _get_quotas /opt/stack/nova/nova/quota.py:379}}
Jul 30 10:43:48.424892 np0000006116 nova-conductor[95903]: DEBUG nova.conductor.manager [None req-0e358eac-edf9-4d08-bcba-53a2c7b2b84d tempest-ServerRescueNegativeTestJSON-742148862 tempest-ServerRescueNegativeTestJSON-742148862-project-member] [instance: 84fb5753-9f60-4e04-8be1-3e50b2f3984e] Selected host: np0000006116; Selected node: np0000006116; Alternates: [] {{(pid=95903) schedule_and_build_instances /opt/stack/nova/nova/conductor/manager.py:1784}}
Jul 30 10:43:48.425963 np0000006116 nova-conductor[95903]: DEBUG oslo_concurrency.lockutils [None req-0e358eac-edf9-4d08-bcba-53a2c7b2b84d tempest-ServerRescueNegativeTestJSON-742148862 tempest-ServerRescueNegativeTestJSON-742148862-project-member] Acquiring lock "3accad0d-9040-46e3-a107-888880c4ca56" by "nova.context.set_target_cell..get_or_set_cached_cell_and_set_connections" {{(pid=95903) inner /opt/stack/data/venv/lib/python3.12/site-packages/oslo_concurrency/lockutils.py:512}}
Jul 30 10:43:48.426361 np0000006116 nova-conductor[95903]: DEBUG oslo_concurrency.lockutils [None req-0e358eac-edf9-4d08-bcba-53a2c7b2b84d tempest-ServerRescueNegativeTestJSON-742148862 tempest-ServerRescueNegativeTestJSON-742148862-project-member] Lock "3accad0d-9040-46e3-a107-888880c4ca56" acquired by "nova.context.set_target_cell..get_or_set_cached_cell_and_set_connections" :: waited 0.000s {{(pid=95903) inner /opt/stack/data/venv/lib/python3.12/site-packages/oslo_concurrency/lockutils.py:525}}
Jul 30 10:43:48.426361 np0000006116 nova-conductor[95903]: DEBUG oslo_concurrency.lockutils [None req-0e358eac-edf9-4d08-bcba-53a2c7b2b84d tempest-ServerRescueNegativeTestJSON-742148862 tempest-ServerRescueNegativeTestJSON-742148862-project-member] Lock "3accad0d-9040-46e3-a107-888880c4ca56" "released" by "nova.context.set_target_cell..get_or_set_cached_cell_and_set_connections" :: held 0.000s {{(pid=95903) inner /opt/stack/data/venv/lib/python3.12/site-packages/oslo_concurrency/lockutils.py:544}}
Jul 30 10:43:48.439258 np0000006116 nova-conductor[95903]: DEBUG nova.conductor.manager [None req-0e358eac-edf9-4d08-bcba-53a2c7b2b84d tempest-ServerRescueNegativeTestJSON-742148862 tempest-ServerRescueNegativeTestJSON-742148862-project-member] [instance: 84fb5753-9f60-4e04-8be1-3e50b2f3984e] block_device_mapping [BlockDeviceMapping(attachment_id=,boot_index=0,connection_info=None,created_at=,delete_on_termination=True,deleted=,deleted_at=,destination_type='local',device_name=None,device_type='disk',disk_bus=None,encrypted=False,encryption_format=None,encryption_options=None,encryption_secret_uuid=None,guest_format=None,id=,image_id='870e954f-63d4-418c-9caa-84d83d62344c',instance=,instance_uuid=,no_device=False,snapshot_id=None,source_type='image',tag=None,updated_at=,uuid=,volume_id=None,volume_size=None,volume_type=None)] {{(pid=95903) _create_block_device_mapping /opt/stack/nova/nova/conductor/manager.py:1529}}
Jul 30 10:43:48.443031 np0000006116 nova-conductor[95903]: DEBUG oslo_concurrency.lockutils [None req-0e358eac-edf9-4d08-bcba-53a2c7b2b84d tempest-ServerRescueNegativeTestJSON-742148862 tempest-ServerRescueNegativeTestJSON-742148862-project-member] Acquiring lock "3accad0d-9040-46e3-a107-888880c4ca56" by "nova.context.set_target_cell..get_or_set_cached_cell_and_set_connections" {{(pid=95903) inner /opt/stack/data/venv/lib/python3.12/site-packages/oslo_concurrency/lockutils.py:512}}
Jul 30 10:43:48.443031 np0000006116 nova-conductor[95903]: DEBUG oslo_concurrency.lockutils [None req-0e358eac-edf9-4d08-bcba-53a2c7b2b84d tempest-ServerRescueNegativeTestJSON-742148862 tempest-ServerRescueNegativeTestJSON-742148862-project-member] Lock "3accad0d-9040-46e3-a107-888880c4ca56" acquired by "nova.context.set_target_cell..get_or_set_cached_cell_and_set_connections" :: waited 0.000s {{(pid=95903) inner /opt/stack/data/venv/lib/python3.12/site-packages/oslo_concurrency/lockutils.py:525}}
Jul 30 10:43:48.443031 np0000006116 nova-conductor[95903]: DEBUG oslo_concurrency.lockutils [None req-0e358eac-edf9-4d08-bcba-53a2c7b2b84d tempest-ServerRescueNegativeTestJSON-742148862 tempest-ServerRescueNegativeTestJSON-742148862-project-member] Lock "3accad0d-9040-46e3-a107-888880c4ca56" "released" by "nova.context.set_target_cell..get_or_set_cached_cell_and_set_connections" :: held 0.000s {{(pid=95903) inner /opt/stack/data/venv/lib/python3.12/site-packages/oslo_concurrency/lockutils.py:544}}
Jul 30 10:43:48.485502 np0000006116 nova-conductor[95903]: DEBUG oslo_concurrency.lockutils [None req-0e358eac-edf9-4d08-bcba-53a2c7b2b84d tempest-ServerRescueNegativeTestJSON-742148862 tempest-ServerRescueNegativeTestJSON-742148862-project-member] Acquiring lock "3accad0d-9040-46e3-a107-888880c4ca56" by "nova.context.set_target_cell..get_or_set_cached_cell_and_set_connections" {{(pid=95903) inner /opt/stack/data/venv/lib/python3.12/site-packages/oslo_concurrency/lockutils.py:512}}
Jul 30 10:43:48.485663 np0000006116 nova-conductor[95903]: DEBUG oslo_concurrency.lockutils [None req-0e358eac-edf9-4d08-bcba-53a2c7b2b84d tempest-ServerRescueNegativeTestJSON-742148862 tempest-ServerRescueNegativeTestJSON-742148862-project-member] Lock "3accad0d-9040-46e3-a107-888880c4ca56" acquired by "nova.context.set_target_cell..get_or_set_cached_cell_and_set_connections" :: waited 0.000s {{(pid=95903) inner /opt/stack/data/venv/lib/python3.12/site-packages/oslo_concurrency/lockutils.py:525}}
Jul 30 10:43:48.485928 np0000006116 nova-conductor[95903]: DEBUG oslo_concurrency.lockutils [None req-0e358eac-edf9-4d08-bcba-53a2c7b2b84d tempest-ServerRescueNegativeTestJSON-742148862 tempest-ServerRescueNegativeTestJSON-742148862-project-member] Lock "3accad0d-9040-46e3-a107-888880c4ca56" "released" by "nova.context.set_target_cell..get_or_set_cached_cell_and_set_connections" :: held 0.000s {{(pid=95903) inner /opt/stack/data/venv/lib/python3.12/site-packages/oslo_concurrency/lockutils.py:544}}
Jul 30 10:43:48.486132 np0000006116 nova-conductor[95903]: DEBUG oslo_concurrency.lockutils [None req-0e358eac-edf9-4d08-bcba-53a2c7b2b84d tempest-ServerRescueNegativeTestJSON-742148862 tempest-ServerRescueNegativeTestJSON-742148862-project-member] Acquiring lock "compute-rpcapi-router" {{(pid=95903) lock /opt/stack/data/venv/lib/python3.12/site-packages/oslo_concurrency/lockutils.py:396}}
Jul 30 10:43:48.486233 np0000006116 nova-conductor[95903]: DEBUG oslo_concurrency.lockutils [None req-0e358eac-edf9-4d08-bcba-53a2c7b2b84d tempest-ServerRescueNegativeTestJSON-742148862 tempest-ServerRescueNegativeTestJSON-742148862-project-member] Acquired lock "compute-rpcapi-router" {{(pid=95903) lock /opt/stack/data/venv/lib/python3.12/site-packages/oslo_concurrency/lockutils.py:399}}
Jul 30 10:43:48.486698 np0000006116 nova-conductor[95903]: DEBUG oslo_concurrency.lockutils [None req-5def769c-1094-4172-a3b7-4edaa8093999 None None] Acquiring lock "00000000-0000-0000-0000-000000000000" by "nova.context.set_target_cell..get_or_set_cached_cell_and_set_connections" {{(pid=95903) inner /opt/stack/data/venv/lib/python3.12/site-packages/oslo_concurrency/lockutils.py:512}}
Jul 30 10:43:48.486850 np0000006116 nova-conductor[95903]: DEBUG oslo_concurrency.lockutils [None req-5def769c-1094-4172-a3b7-4edaa8093999 None None] Lock "00000000-0000-0000-0000-000000000000" acquired by "nova.context.set_target_cell..get_or_set_cached_cell_and_set_connections" :: waited 0.000s {{(pid=95903) inner /opt/stack/data/venv/lib/python3.12/site-packages/oslo_concurrency/lockutils.py:525}}
Jul 30 10:43:48.487002 np0000006116 nova-conductor[95903]: DEBUG oslo_concurrency.lockutils [None req-5def769c-1094-4172-a3b7-4edaa8093999 None None] Lock "00000000-0000-0000-0000-000000000000" "released" by "nova.context.set_target_cell..get_or_set_cached_cell_and_set_connections" :: held 0.000s {{(pid=95903) inner /opt/stack/data/venv/lib/python3.12/site-packages/oslo_concurrency/lockutils.py:544}}
Jul 30 10:43:48.487819 np0000006116 nova-conductor[95903]: DEBUG oslo_concurrency.lockutils [None req-5def769c-1094-4172-a3b7-4edaa8093999 None None] Acquiring lock "3accad0d-9040-46e3-a107-888880c4ca56" by "nova.context.set_target_cell..get_or_set_cached_cell_and_set_connections" {{(pid=95903) inner /opt/stack/data/venv/lib/python3.12/site-packages/oslo_concurrency/lockutils.py:512}}
Jul 30 10:43:48.488002 np0000006116 nova-conductor[95903]: DEBUG oslo_concurrency.lockutils [None req-5def769c-1094-4172-a3b7-4edaa8093999 None None] Lock "3accad0d-9040-46e3-a107-888880c4ca56" acquired by "nova.context.set_target_cell..get_or_set_cached_cell_and_set_connections" :: waited 0.000s {{(pid=95903) inner /opt/stack/data/venv/lib/python3.12/site-packages/oslo_concurrency/lockutils.py:525}}
Jul 30 10:43:48.488118 np0000006116 nova-conductor[95903]: DEBUG oslo_concurrency.lockutils [None req-5def769c-1094-4172-a3b7-4edaa8093999 None None] Lock "3accad0d-9040-46e3-a107-888880c4ca56" "released" by "nova.context.set_target_cell..get_or_set_cached_cell_and_set_connections" :: held 0.000s {{(pid=95903) inner /opt/stack/data/venv/lib/python3.12/site-packages/oslo_concurrency/lockutils.py:544}}
Jul 30 10:43:48.500578 np0000006116 nova-conductor[95903]: INFO nova.compute.rpcapi [None req-5def769c-1094-4172-a3b7-4edaa8093999 None None] Automatically selected compute RPC version 6.5 from minimum service version 72
Jul 30 10:43:48.500993 np0000006116 nova-conductor[95903]: DEBUG oslo_concurrency.lockutils [None req-5def769c-1094-4172-a3b7-4edaa8093999 None None] Releasing lock "compute-rpcapi-router" {{(pid=95903) lock /opt/stack/data/venv/lib/python3.12/site-packages/oslo_concurrency/lockutils.py:419}}
Jul 30 10:43:51.571645 np0000006116 nova-conductor[95888]: DEBUG dbcounter [-] [95888] Writer thread running {{(pid=95888) stat_writer /opt/stack/data/venv/lib/python3.12/site-packages/dbcounter.py:102}}
Jul 30 10:43:51.962392 np0000006116 nova-conductor[95888]: DEBUG nova.conductor.manager [None req-72bbd981-f48c-4904-8378-60a05398f6e1 tempest-AttachVolumeTestJSON-1769126664 tempest-AttachVolumeTestJSON-1769126664-project-member] Took 0.39 seconds to select destinations for 1 instance(s). {{(pid=95888) _schedule_instances /opt/stack/nova/nova/conductor/manager.py:968}}
Jul 30 10:43:51.991218 np0000006116 nova-conductor[95888]: DEBUG oslo_concurrency.lockutils [None req-72bbd981-f48c-4904-8378-60a05398f6e1 tempest-AttachVolumeTestJSON-1769126664 tempest-AttachVolumeTestJSON-1769126664-project-member] Acquiring lock "3accad0d-9040-46e3-a107-888880c4ca56" by "nova.context.set_target_cell..get_or_set_cached_cell_and_set_connections" {{(pid=95888) inner /opt/stack/data/venv/lib/python3.12/site-packages/oslo_concurrency/lockutils.py:512}}
Jul 30 10:43:51.991218 np0000006116 nova-conductor[95888]: DEBUG oslo_concurrency.lockutils [None req-72bbd981-f48c-4904-8378-60a05398f6e1 tempest-AttachVolumeTestJSON-1769126664 tempest-AttachVolumeTestJSON-1769126664-project-member] Lock "3accad0d-9040-46e3-a107-888880c4ca56" acquired by "nova.context.set_target_cell..get_or_set_cached_cell_and_set_connections" :: waited 0.000s {{(pid=95888) inner /opt/stack/data/venv/lib/python3.12/site-packages/oslo_concurrency/lockutils.py:525}}
Jul 30 10:43:51.992433 np0000006116 nova-conductor[95888]: DEBUG oslo_concurrency.lockutils [None req-72bbd981-f48c-4904-8378-60a05398f6e1 tempest-AttachVolumeTestJSON-1769126664 tempest-AttachVolumeTestJSON-1769126664-project-member] Lock "3accad0d-9040-46e3-a107-888880c4ca56" "released" by "nova.context.set_target_cell..get_or_set_cached_cell_and_set_connections" :: held 0.001s {{(pid=95888) inner /opt/stack/data/venv/lib/python3.12/site-packages/oslo_concurrency/lockutils.py:544}}
Jul 30 10:43:51.994388 np0000006116 nova-conductor[95888]: INFO dbcounter [None req-72bbd981-f48c-4904-8378-60a05398f6e1 tempest-AttachVolumeTestJSON-1769126664 tempest-AttachVolumeTestJSON-1769126664-project-member] Registered counter for database nova_cell1
Jul 30 10:43:52.021611 np0000006116 nova-conductor[95888]: DEBUG oslo_db.sqlalchemy.engines [None req-72bbd981-f48c-4904-8378-60a05398f6e1 tempest-AttachVolumeTestJSON-1769126664 tempest-AttachVolumeTestJSON-1769126664-project-member] MySQL server mode set to STRICT_TRANS_TABLES,STRICT_ALL_TABLES,NO_ZERO_IN_DATE,NO_ZERO_DATE,ERROR_FOR_DIVISION_BY_ZERO,TRADITIONAL,NO_ENGINE_SUBSTITUTION {{(pid=95888) _check_effective_sql_mode /opt/stack/data/venv/lib/python3.12/site-packages/oslo_db/sqlalchemy/engines.py:325}}
Jul 30 10:43:52.027209 np0000006116 nova-conductor[95888]: DEBUG dbcounter [-] [95888] Writer thread running {{(pid=95888) stat_writer /opt/stack/data/venv/lib/python3.12/site-packages/dbcounter.py:102}}
Jul 30 10:43:52.101625 np0000006116 nova-conductor[95888]: INFO nova.utils [None req-72bbd981-f48c-4904-8378-60a05398f6e1 tempest-AttachVolumeTestJSON-1769126664 tempest-AttachVolumeTestJSON-1769126664-project-member] The cell worker thread pool ForkProcess-1.cell_worker is initialized
Jul 30 10:43:52.101856 np0000006116 nova-conductor[95888]: DEBUG oslo_concurrency.lockutils [None req-72bbd981-f48c-4904-8378-60a05398f6e1 tempest-AttachVolumeTestJSON-1769126664 tempest-AttachVolumeTestJSON-1769126664-project-member] Acquiring lock "00000000-0000-0000-0000-000000000000" by "nova.context.set_target_cell..get_or_set_cached_cell_and_set_connections" {{(pid=95888) inner /opt/stack/data/venv/lib/python3.12/site-packages/oslo_concurrency/lockutils.py:512}}
Jul 30 10:43:52.102212 np0000006116 nova-conductor[95888]: DEBUG oslo_concurrency.lockutils [None req-72bbd981-f48c-4904-8378-60a05398f6e1 tempest-AttachVolumeTestJSON-1769126664 tempest-AttachVolumeTestJSON-1769126664-project-member] Lock "00000000-0000-0000-0000-000000000000" acquired by "nova.context.set_target_cell..get_or_set_cached_cell_and_set_connections" :: waited 0.000s {{(pid=95888) inner /opt/stack/data/venv/lib/python3.12/site-packages/oslo_concurrency/lockutils.py:525}}
Jul 30 10:43:52.102481 np0000006116 nova-conductor[95888]: DEBUG oslo_concurrency.lockutils [None req-72bbd981-f48c-4904-8378-60a05398f6e1 tempest-AttachVolumeTestJSON-1769126664 tempest-AttachVolumeTestJSON-1769126664-project-member] Lock "00000000-0000-0000-0000-000000000000" "released" by "nova.context.set_target_cell..get_or_set_cached_cell_and_set_connections" :: held 0.000s {{(pid=95888) inner /opt/stack/data/venv/lib/python3.12/site-packages/oslo_concurrency/lockutils.py:544}}
Jul 30 10:43:52.103089 np0000006116 nova-conductor[95888]: DEBUG oslo_concurrency.lockutils [None req-72bbd981-f48c-4904-8378-60a05398f6e1 tempest-AttachVolumeTestJSON-1769126664 tempest-AttachVolumeTestJSON-1769126664-project-member] Acquiring lock "3accad0d-9040-46e3-a107-888880c4ca56" by "nova.context.set_target_cell..get_or_set_cached_cell_and_set_connections" {{(pid=95888) inner /opt/stack/data/venv/lib/python3.12/site-packages/oslo_concurrency/lockutils.py:512}}
Jul 30 10:43:52.103255 np0000006116 nova-conductor[95888]: DEBUG oslo_concurrency.lockutils [None req-72bbd981-f48c-4904-8378-60a05398f6e1 tempest-AttachVolumeTestJSON-1769126664 tempest-AttachVolumeTestJSON-1769126664-project-member] Lock "3accad0d-9040-46e3-a107-888880c4ca56" acquired by "nova.context.set_target_cell..get_or_set_cached_cell_and_set_connections" :: waited 0.000s {{(pid=95888) inner /opt/stack/data/venv/lib/python3.12/site-packages/oslo_concurrency/lockutils.py:525}}
Jul 30 10:43:52.103470 np0000006116 nova-conductor[95888]: DEBUG oslo_concurrency.lockutils [None req-72bbd981-f48c-4904-8378-60a05398f6e1 tempest-AttachVolumeTestJSON-1769126664 tempest-AttachVolumeTestJSON-1769126664-project-member] Lock "3accad0d-9040-46e3-a107-888880c4ca56" "released" by "nova.context.set_target_cell..get_or_set_cached_cell_and_set_connections" :: held 0.000s {{(pid=95888) inner /opt/stack/data/venv/lib/python3.12/site-packages/oslo_concurrency/lockutils.py:544}}
Jul 30 10:43:52.104970 np0000006116 nova-conductor[95888]: INFO dbcounter [None req-72bbd981-f48c-4904-8378-60a05398f6e1 tempest-AttachVolumeTestJSON-1769126664 tempest-AttachVolumeTestJSON-1769126664-project-member] Registered counter for database nova_cell0
Jul 30 10:43:52.147182 np0000006116 nova-conductor[95888]: DEBUG oslo_db.sqlalchemy.engines [None req-72bbd981-f48c-4904-8378-60a05398f6e1 tempest-AttachVolumeTestJSON-1769126664 tempest-AttachVolumeTestJSON-1769126664-project-member] MySQL server mode set to STRICT_TRANS_TABLES,STRICT_ALL_TABLES,NO_ZERO_IN_DATE,NO_ZERO_DATE,ERROR_FOR_DIVISION_BY_ZERO,TRADITIONAL,NO_ENGINE_SUBSTITUTION {{(pid=95888) _check_effective_sql_mode /opt/stack/data/venv/lib/python3.12/site-packages/oslo_db/sqlalchemy/engines.py:325}}
