Jun 10 13:20:58.975143 np0000002501 devstack@g-api.service[102015]: DEBUG glance.api.middleware.version_negotiation [None req-18009c2c-07d7-4550-807d-0e865c3aad84 tempest-ServerBootFromVolumeStableRescueTest-2063697584 tempest-ServerBootFromVolumeStableRescueTest-2063697584-project-member] Determining version of request: GET /v2/images/f82e6c87-e699-48b4-8790-65e18a780b71 Accept: */* {{(pid=102015) process_request /opt/stack/glance/glance/api/middleware/version_negotiation.py:44}}
Jun 10 13:20:58.975670 np0000002501 devstack@g-api.service[102015]: DEBUG glance.api.middleware.version_negotiation [None req-18009c2c-07d7-4550-807d-0e865c3aad84 tempest-ServerBootFromVolumeStableRescueTest-2063697584 tempest-ServerBootFromVolumeStableRescueTest-2063697584-project-member] Using url versioning {{(pid=102015) process_request /opt/stack/glance/glance/api/middleware/version_negotiation.py:57}}
Jun 10 13:20:58.975670 np0000002501 devstack@g-api.service[102015]: DEBUG glance.api.middleware.version_negotiation [None req-18009c2c-07d7-4550-807d-0e865c3aad84 tempest-ServerBootFromVolumeStableRescueTest-2063697584 tempest-ServerBootFromVolumeStableRescueTest-2063697584-project-member] Matched version: v2 {{(pid=102015) process_request /opt/stack/glance/glance/api/middleware/version_negotiation.py:69}}
Jun 10 13:20:58.975822 np0000002501 devstack@g-api.service[102015]: DEBUG glance.api.middleware.version_negotiation [None req-18009c2c-07d7-4550-807d-0e865c3aad84 tempest-ServerBootFromVolumeStableRescueTest-2063697584 tempest-ServerBootFromVolumeStableRescueTest-2063697584-project-member] new path /v2/images/f82e6c87-e699-48b4-8790-65e18a780b71 {{(pid=102015) process_request /opt/stack/glance/glance/api/middleware/version_negotiation.py:70}}
Jun 10 13:20:58.991230 np0000002501 devstack@g-api.service[102015]: [pid: 102015|app: 0|req: 54/151] 127.0.0.1 () {44 vars in 1111 bytes} [Wed Jun 10 13:20:58 2026] GET /v2/images/f82e6c87-e699-48b4-8790-65e18a780b71 => generated 1470 bytes in 16 msecs (HTTP/1.1 200) 4 headers in 158 bytes (1 switches on core 0)
Jun 10 13:20:59.054393 np0000002501 devstack@g-api.service[102016]: DEBUG glance.api.middleware.version_negotiation [None req-07543a5a-b0bb-46f4-81f3-cba993dac2a8 tempest-ServerBootFromVolumeStableRescueTest-2063697584 tempest-ServerBootFromVolumeStableRescueTest-2063697584-project-member] Determining version of request: PUT /v2/images/f82e6c87-e699-48b4-8790-65e18a780b71/file Accept: */* {{(pid=102016) process_request /opt/stack/glance/glance/api/middleware/version_negotiation.py:44}}
Jun 10 13:20:59.054393 np0000002501 devstack@g-api.service[102016]: DEBUG glance.api.middleware.version_negotiation [None req-07543a5a-b0bb-46f4-81f3-cba993dac2a8 tempest-ServerBootFromVolumeStableRescueTest-2063697584 tempest-ServerBootFromVolumeStableRescueTest-2063697584-project-member] Using url versioning {{(pid=102016) process_request /opt/stack/glance/glance/api/middleware/version_negotiation.py:57}}
Jun 10 13:20:59.054393 np0000002501 devstack@g-api.service[102016]: DEBUG glance.api.middleware.version_negotiation [None req-07543a5a-b0bb-46f4-81f3-cba993dac2a8 tempest-ServerBootFromVolumeStableRescueTest-2063697584 tempest-ServerBootFromVolumeStableRescueTest-2063697584-project-member] Matched version: v2 {{(pid=102016) process_request /opt/stack/glance/glance/api/middleware/version_negotiation.py:69}}
Jun 10 13:20:59.054393 np0000002501 devstack@g-api.service[102016]: DEBUG glance.api.middleware.version_negotiation [None req-07543a5a-b0bb-46f4-81f3-cba993dac2a8 tempest-ServerBootFromVolumeStableRescueTest-2063697584 tempest-ServerBootFromVolumeStableRescueTest-2063697584-project-member] new path /v2/images/f82e6c87-e699-48b4-8790-65e18a780b71/file {{(pid=102016) process_request /opt/stack/glance/glance/api/middleware/version_negotiation.py:70}}
Jun 10 13:20:59.485886 np0000002501 devstack@g-api.service[102017]: DEBUG glance.api.middleware.version_negotiation [None req-18009c2c-07d7-4550-807d-0e865c3aad84 tempest-ServerBootFromVolumeStableRescueTest-2063697584 tempest-ServerBootFromVolumeStableRescueTest-2063697584-project-member] Determining version of request: GET /v2/images/352fed79-4b74-4e40-bcad-89ace508c00d Accept: */* {{(pid=102017) process_request /opt/stack/glance/glance/api/middleware/version_negotiation.py:44}}
Jun 10 13:20:59.486076 np0000002501 devstack@g-api.service[102017]: DEBUG glance.api.middleware.version_negotiation [None req-18009c2c-07d7-4550-807d-0e865c3aad84 tempest-ServerBootFromVolumeStableRescueTest-2063697584 tempest-ServerBootFromVolumeStableRescueTest-2063697584-project-member] Using url versioning {{(pid=102017) process_request /opt/stack/glance/glance/api/middleware/version_negotiation.py:57}}
Jun 10 13:20:59.486244 np0000002501 devstack@g-api.service[102017]: DEBUG glance.api.middleware.version_negotiation [None req-18009c2c-07d7-4550-807d-0e865c3aad84 tempest-ServerBootFromVolumeStableRescueTest-2063697584 tempest-ServerBootFromVolumeStableRescueTest-2063697584-project-member] Matched version: v2 {{(pid=102017) process_request /opt/stack/glance/glance/api/middleware/version_negotiation.py:69}}
Jun 10 13:20:59.486388 np0000002501 devstack@g-api.service[102017]: DEBUG glance.api.middleware.version_negotiation [None req-18009c2c-07d7-4550-807d-0e865c3aad84 tempest-ServerBootFromVolumeStableRescueTest-2063697584 tempest-ServerBootFromVolumeStableRescueTest-2063697584-project-member] new path /v2/images/352fed79-4b74-4e40-bcad-89ace508c00d {{(pid=102017) process_request /opt/stack/glance/glance/api/middleware/version_negotiation.py:70}}
Jun 10 13:20:59.505616 np0000002501 devstack@g-api.service[102017]: [pid: 102017|app: 0|req: 51/152] 127.0.0.1 () {44 vars in 1111 bytes} [Wed Jun 10 13:20:59 2026] GET /v2/images/352fed79-4b74-4e40-bcad-89ace508c00d => generated 1044 bytes in 20 msecs (HTTP/1.1 200) 4 headers in 158 bytes (1 switches on core 0)
Jun 10 13:20:59.559977 np0000002501 devstack@g-api.service[102015]: DEBUG glance.api.middleware.version_negotiation [None req-18009c2c-07d7-4550-807d-0e865c3aad84 tempest-ServerBootFromVolumeStableRescueTest-2063697584 tempest-ServerBootFromVolumeStableRescueTest-2063697584-project-member] Determining version of request: GET /v2/schemas/image Accept: */* {{(pid=102015) process_request /opt/stack/glance/glance/api/middleware/version_negotiation.py:44}}
Jun 10 13:20:59.560140 np0000002501 devstack@g-api.service[102015]: DEBUG glance.api.middleware.version_negotiation [None req-18009c2c-07d7-4550-807d-0e865c3aad84 tempest-ServerBootFromVolumeStableRescueTest-2063697584 tempest-ServerBootFromVolumeStableRescueTest-2063697584-project-member] Using url versioning {{(pid=102015) process_request /opt/stack/glance/glance/api/middleware/version_negotiation.py:57}}
Jun 10 13:20:59.560316 np0000002501 devstack@g-api.service[102015]: DEBUG glance.api.middleware.version_negotiation [None req-18009c2c-07d7-4550-807d-0e865c3aad84 tempest-ServerBootFromVolumeStableRescueTest-2063697584 tempest-ServerBootFromVolumeStableRescueTest-2063697584-project-member] Matched version: v2 {{(pid=102015) process_request /opt/stack/glance/glance/api/middleware/version_negotiation.py:69}}
Jun 10 13:20:59.560445 np0000002501 devstack@g-api.service[102015]: DEBUG glance.api.middleware.version_negotiation [None req-18009c2c-07d7-4550-807d-0e865c3aad84 tempest-ServerBootFromVolumeStableRescueTest-2063697584 tempest-ServerBootFromVolumeStableRescueTest-2063697584-project-member] new path /v2/schemas/image {{(pid=102015) process_request /opt/stack/glance/glance/api/middleware/version_negotiation.py:70}}
Jun 10 13:20:59.564960 np0000002501 devstack@g-api.service[102015]: [pid: 102015|app: 0|req: 55/153] 127.0.0.1 () {44 vars in 1051 bytes} [Wed Jun 10 13:20:59 2026] GET /v2/schemas/image => generated 6083 bytes in 5 msecs (HTTP/1.1 200) 4 headers in 158 bytes (1 switches on core 0)
Jun 10 13:20:59.637110 np0000002501 devstack@g-api.service[102017]: DEBUG glance.api.middleware.version_negotiation [None req-28854430-4b2d-4605-b541-e8810ec83060 tempest-ServerActionsV293TestJSON-2066470852 tempest-ServerActionsV293TestJSON-2066470852-project-member] Determining version of request: GET /v2/images/352fed79-4b74-4e40-bcad-89ace508c00d Accept: */* {{(pid=102017) process_request /opt/stack/glance/glance/api/middleware/version_negotiation.py:44}}
Jun 10 13:20:59.637385 np0000002501 devstack@g-api.service[102017]: DEBUG glance.api.middleware.version_negotiation [None req-28854430-4b2d-4605-b541-e8810ec83060 tempest-ServerActionsV293TestJSON-2066470852 tempest-ServerActionsV293TestJSON-2066470852-project-member] Using url versioning {{(pid=102017) process_request /opt/stack/glance/glance/api/middleware/version_negotiation.py:57}}
Jun 10 13:20:59.637385 np0000002501 devstack@g-api.service[102017]: DEBUG glance.api.middleware.version_negotiation [None req-28854430-4b2d-4605-b541-e8810ec83060 tempest-ServerActionsV293TestJSON-2066470852 tempest-ServerActionsV293TestJSON-2066470852-project-member] Matched version: v2 {{(pid=102017) process_request /opt/stack/glance/glance/api/middleware/version_negotiation.py:69}}
Jun 10 13:20:59.637583 np0000002501 devstack@g-api.service[102017]: DEBUG glance.api.middleware.version_negotiation [None req-28854430-4b2d-4605-b541-e8810ec83060 tempest-ServerActionsV293TestJSON-2066470852 tempest-ServerActionsV293TestJSON-2066470852-project-member] new path /v2/images/352fed79-4b74-4e40-bcad-89ace508c00d {{(pid=102017) process_request /opt/stack/glance/glance/api/middleware/version_negotiation.py:70}}
Jun 10 13:20:59.649496 np0000002501 devstack@g-api.service[102017]: [pid: 102017|app: 0|req: 52/154] 127.0.0.1 () {44 vars in 1111 bytes} [Wed Jun 10 13:20:59 2026] GET /v2/images/352fed79-4b74-4e40-bcad-89ace508c00d => generated 1044 bytes in 12 msecs (HTTP/1.1 200) 4 headers in 158 bytes (1 switches on core 0)
Jun 10 13:20:59.660171 np0000002501 devstack@g-api.service[102015]: DEBUG glance.api.middleware.version_negotiation [None req-28854430-4b2d-4605-b541-e8810ec83060 tempest-ServerActionsV293TestJSON-2066470852 tempest-ServerActionsV293TestJSON-2066470852-project-member] Determining version of request: GET /v2/schemas/image Accept: */* {{(pid=102015) process_request /opt/stack/glance/glance/api/middleware/version_negotiation.py:44}}
Jun 10 13:20:59.660422 np0000002501 devstack@g-api.service[102015]: DEBUG glance.api.middleware.version_negotiation [None req-28854430-4b2d-4605-b541-e8810ec83060 tempest-ServerActionsV293TestJSON-2066470852 tempest-ServerActionsV293TestJSON-2066470852-project-member] Using url versioning {{(pid=102015) process_request /opt/stack/glance/glance/api/middleware/version_negotiation.py:57}}
Jun 10 13:20:59.660649 np0000002501 devstack@g-api.service[102015]: DEBUG glance.api.middleware.version_negotiation [None req-28854430-4b2d-4605-b541-e8810ec83060 tempest-ServerActionsV293TestJSON-2066470852 tempest-ServerActionsV293TestJSON-2066470852-project-member] Matched version: v2 {{(pid=102015) process_request /opt/stack/glance/glance/api/middleware/version_negotiation.py:69}}
Jun 10 13:20:59.660796 np0000002501 devstack@g-api.service[102015]: DEBUG glance.api.middleware.version_negotiation [None req-28854430-4b2d-4605-b541-e8810ec83060 tempest-ServerActionsV293TestJSON-2066470852 tempest-ServerActionsV293TestJSON-2066470852-project-member] new path /v2/schemas/image {{(pid=102015) process_request /opt/stack/glance/glance/api/middleware/version_negotiation.py:70}}
Jun 10 13:20:59.666669 np0000002501 devstack@g-api.service[102015]: [pid: 102015|app: 0|req: 56/155] 127.0.0.1 () {44 vars in 1051 bytes} [Wed Jun 10 13:20:59 2026] GET /v2/schemas/image => generated 6083 bytes in 6 msecs (HTTP/1.1 200) 4 headers in 158 bytes (1 switches on core 0)
Jun 10 13:20:59.682288 np0000002501 devstack@g-api.service[102017]: DEBUG glance.api.middleware.version_negotiation [None req-28854430-4b2d-4605-b541-e8810ec83060 tempest-ServerActionsV293TestJSON-2066470852 tempest-ServerActionsV293TestJSON-2066470852-project-member] Determining version of request: GET /v2/schemas/image Accept: */* {{(pid=102017) process_request /opt/stack/glance/glance/api/middleware/version_negotiation.py:44}}
Jun 10 13:20:59.682494 np0000002501 devstack@g-api.service[102017]: DEBUG glance.api.middleware.version_negotiation [None req-28854430-4b2d-4605-b541-e8810ec83060 tempest-ServerActionsV293TestJSON-2066470852 tempest-ServerActionsV293TestJSON-2066470852-project-member] Using url versioning {{(pid=102017) process_request /opt/stack/glance/glance/api/middleware/version_negotiation.py:57}}
Jun 10 13:20:59.682610 np0000002501 devstack@g-api.service[102017]: DEBUG glance.api.middleware.version_negotiation [None req-28854430-4b2d-4605-b541-e8810ec83060 tempest-ServerActionsV293TestJSON-2066470852 tempest-ServerActionsV293TestJSON-2066470852-project-member] Matched version: v2 {{(pid=102017) process_request /opt/stack/glance/glance/api/middleware/version_negotiation.py:69}}
Jun 10 13:20:59.682966 np0000002501 devstack@g-api.service[102017]: DEBUG glance.api.middleware.version_negotiation [None req-28854430-4b2d-4605-b541-e8810ec83060 tempest-ServerActionsV293TestJSON-2066470852 tempest-ServerActionsV293TestJSON-2066470852-project-member] new path /v2/schemas/image {{(pid=102017) process_request /opt/stack/glance/glance/api/middleware/version_negotiation.py:70}}
Jun 10 13:20:59.685636 np0000002501 devstack@g-api.service[102017]: [pid: 102017|app: 0|req: 53/156] 127.0.0.1 () {44 vars in 1051 bytes} [Wed Jun 10 13:20:59 2026] GET /v2/schemas/image => generated 6083 bytes in 3 msecs (HTTP/1.1 200) 4 headers in 158 bytes (1 switches on core 0)
Jun 10 13:20:59.718676 np0000002501 devstack@g-api.service[102015]: DEBUG glance.api.middleware.version_negotiation [None req-28854430-4b2d-4605-b541-e8810ec83060 tempest-ServerActionsV293TestJSON-2066470852 tempest-ServerActionsV293TestJSON-2066470852-project-member] Determining version of request: GET /v2/images/352fed79-4b74-4e40-bcad-89ace508c00d Accept: */* {{(pid=102015) process_request /opt/stack/glance/glance/api/middleware/version_negotiation.py:44}}
Jun 10 13:20:59.718831 np0000002501 devstack@g-api.service[102015]: DEBUG glance.api.middleware.version_negotiation [None req-28854430-4b2d-4605-b541-e8810ec83060 tempest-ServerActionsV293TestJSON-2066470852 tempest-ServerActionsV293TestJSON-2066470852-project-member] Using url versioning {{(pid=102015) process_request /opt/stack/glance/glance/api/middleware/version_negotiation.py:57}}
Jun 10 13:20:59.719029 np0000002501 devstack@g-api.service[102015]: DEBUG glance.api.middleware.version_negotiation [None req-28854430-4b2d-4605-b541-e8810ec83060 tempest-ServerActionsV293TestJSON-2066470852 tempest-ServerActionsV293TestJSON-2066470852-project-member] Matched version: v2 {{(pid=102015) process_request /opt/stack/glance/glance/api/middleware/version_negotiation.py:69}}
Jun 10 13:20:59.719188 np0000002501 devstack@g-api.service[102015]: DEBUG glance.api.middleware.version_negotiation [None req-28854430-4b2d-4605-b541-e8810ec83060 tempest-ServerActionsV293TestJSON-2066470852 tempest-ServerActionsV293TestJSON-2066470852-project-member] new path /v2/images/352fed79-4b74-4e40-bcad-89ace508c00d {{(pid=102015) process_request /opt/stack/glance/glance/api/middleware/version_negotiation.py:70}}
Jun 10 13:20:59.739670 np0000002501 devstack@g-api.service[102015]: [pid: 102015|app: 0|req: 57/157] 127.0.0.1 () {44 vars in 1111 bytes} [Wed Jun 10 13:20:59 2026] GET /v2/images/352fed79-4b74-4e40-bcad-89ace508c00d => generated 1044 bytes in 21 msecs (HTTP/1.1 200) 4 headers in 158 bytes (1 switches on core 0)
Jun 10 13:20:59.750779 np0000002501 devstack@g-api.service[102017]: DEBUG glance.api.middleware.version_negotiation [None req-28854430-4b2d-4605-b541-e8810ec83060 tempest-ServerActionsV293TestJSON-2066470852 tempest-ServerActionsV293TestJSON-2066470852-project-member] Determining version of request: GET /v2/schemas/image Accept: */* {{(pid=102017) process_request /opt/stack/glance/glance/api/middleware/version_negotiation.py:44}}
Jun 10 13:20:59.750779 np0000002501 devstack@g-api.service[102017]: DEBUG glance.api.middleware.version_negotiation [None req-28854430-4b2d-4605-b541-e8810ec83060 tempest-ServerActionsV293TestJSON-2066470852 tempest-ServerActionsV293TestJSON-2066470852-project-member] Using url versioning {{(pid=102017) process_request /opt/stack/glance/glance/api/middleware/version_negotiation.py:57}}
Jun 10 13:20:59.750779 np0000002501 devstack@g-api.service[102017]: DEBUG glance.api.middleware.version_negotiation [None req-28854430-4b2d-4605-b541-e8810ec83060 tempest-ServerActionsV293TestJSON-2066470852 tempest-ServerActionsV293TestJSON-2066470852-project-member] Matched version: v2 {{(pid=102017) process_request /opt/stack/glance/glance/api/middleware/version_negotiation.py:69}}
Jun 10 13:20:59.750779 np0000002501 devstack@g-api.service[102017]: DEBUG glance.api.middleware.version_negotiation [None req-28854430-4b2d-4605-b541-e8810ec83060 tempest-ServerActionsV293TestJSON-2066470852 tempest-ServerActionsV293TestJSON-2066470852-project-member] new path /v2/schemas/image {{(pid=102017) process_request /opt/stack/glance/glance/api/middleware/version_negotiation.py:70}}
Jun 10 13:20:59.753296 np0000002501 devstack@g-api.service[102017]: [pid: 102017|app: 0|req: 54/158] 127.0.0.1 () {44 vars in 1051 bytes} [Wed Jun 10 13:20:59 2026] GET /v2/schemas/image => generated 6083 bytes in 3 msecs (HTTP/1.1 200) 4 headers in 158 bytes (1 switches on core 0)
Jun 10 13:20:59.767145 np0000002501 devstack@g-api.service[102015]: DEBUG glance.api.middleware.version_negotiation [None req-28854430-4b2d-4605-b541-e8810ec83060 tempest-ServerActionsV293TestJSON-2066470852 tempest-ServerActionsV293TestJSON-2066470852-project-member] Determining version of request: GET /v2/schemas/image Accept: */* {{(pid=102015) process_request /opt/stack/glance/glance/api/middleware/version_negotiation.py:44}}
Jun 10 13:20:59.767402 np0000002501 devstack@g-api.service[102015]: DEBUG glance.api.middleware.version_negotiation [None req-28854430-4b2d-4605-b541-e8810ec83060 tempest-ServerActionsV293TestJSON-2066470852 tempest-ServerActionsV293TestJSON-2066470852-project-member] Using url versioning {{(pid=102015) process_request /opt/stack/glance/glance/api/middleware/version_negotiation.py:57}}
Jun 10 13:20:59.767875 np0000002501 devstack@g-api.service[102015]: DEBUG glance.api.middleware.version_negotiation [None req-28854430-4b2d-4605-b541-e8810ec83060 tempest-ServerActionsV293TestJSON-2066470852 tempest-ServerActionsV293TestJSON-2066470852-project-member] Matched version: v2 {{(pid=102015) process_request /opt/stack/glance/glance/api/middleware/version_negotiation.py:69}}
Jun 10 13:20:59.767875 np0000002501 devstack@g-api.service[102015]: DEBUG glance.api.middleware.version_negotiation [None req-28854430-4b2d-4605-b541-e8810ec83060 tempest-ServerActionsV293TestJSON-2066470852 tempest-ServerActionsV293TestJSON-2066470852-project-member] new path /v2/schemas/image {{(pid=102015) process_request /opt/stack/glance/glance/api/middleware/version_negotiation.py:70}}
Jun 10 13:20:59.770702 np0000002501 devstack@g-api.service[102015]: [pid: 102015|app: 0|req: 58/159] 127.0.0.1 () {44 vars in 1051 bytes} [Wed Jun 10 13:20:59 2026] GET /v2/schemas/image => generated 6083 bytes in 4 msecs (HTTP/1.1 200) 4 headers in 158 bytes (1 switches on core 0)
Jun 10 13:20:59.917093 np0000002501 devstack@g-api.service[102017]: DEBUG glance.api.middleware.version_negotiation [None req-28854430-4b2d-4605-b541-e8810ec83060 tempest-ServerActionsV293TestJSON-2066470852 tempest-ServerActionsV293TestJSON-2066470852-project-member] Determining version of request: GET /v2/images/f82e6c87-e699-48b4-8790-65e18a780b71 Accept: application/json {{(pid=102017) process_request /opt/stack/glance/glance/api/middleware/version_negotiation.py:44}}
Jun 10 13:20:59.917364 np0000002501 devstack@g-api.service[102017]: DEBUG glance.api.middleware.version_negotiation [None req-28854430-4b2d-4605-b541-e8810ec83060 tempest-ServerActionsV293TestJSON-2066470852 tempest-ServerActionsV293TestJSON-2066470852-project-member] Using url versioning {{(pid=102017) process_request /opt/stack/glance/glance/api/middleware/version_negotiation.py:57}}
Jun 10 13:20:59.917605 np0000002501 devstack@g-api.service[102017]: DEBUG glance.api.middleware.version_negotiation [None req-28854430-4b2d-4605-b541-e8810ec83060 tempest-ServerActionsV293TestJSON-2066470852 tempest-ServerActionsV293TestJSON-2066470852-project-member] Matched version: v2 {{(pid=102017) process_request /opt/stack/glance/glance/api/middleware/version_negotiation.py:69}}
Jun 10 13:20:59.920797 np0000002501 devstack@g-api.service[102017]: DEBUG glance.api.middleware.version_negotiation [None req-28854430-4b2d-4605-b541-e8810ec83060 tempest-ServerActionsV293TestJSON-2066470852 tempest-ServerActionsV293TestJSON-2066470852-project-member] new path /v2/images/f82e6c87-e699-48b4-8790-65e18a780b71 {{(pid=102017) process_request /opt/stack/glance/glance/api/middleware/version_negotiation.py:70}}
Jun 10 13:20:59.927376 np0000002501 devstack@g-api.service[102015]: DEBUG glance.api.middleware.version_negotiation [None req-28854430-4b2d-4605-b541-e8810ec83060 tempest-ServerActionsV293TestJSON-2066470852 tempest-ServerActionsV293TestJSON-2066470852-project-member] Determining version of request: GET /versions Accept: */* {{(pid=102015) process_request /opt/stack/glance/glance/api/middleware/version_negotiation.py:44}}
Jun 10 13:20:59.928288 np0000002501 devstack@g-api.service[102015]: [pid: 102015|app: 0|req: 59/160] 127.0.0.1 () {44 vars in 1035 bytes} [Wed Jun 10 13:20:59 2026] GET /versions => generated 1394 bytes in 1 msecs (HTTP/1.1 200) 3 headers in 92 bytes (1 switches on core 0)
Jun 10 13:20:59.929253 np0000002501 devstack@g-api.service[102016]: INFO glance.api.v2.image_data [None req-18009c2c-07d7-4550-807d-0e865c3aad84 tempest-ServerBootFromVolumeStableRescueTest-2063697584 tempest-ServerBootFromVolumeStableRescueTest-2063697584-project-member] Unable to create trust: no such option collect_timing in group [keystone_authtoken] Use the existing user token.
Jun 10 13:20:59.936252 np0000002501 devstack@g-api.service[102015]: DEBUG glance.api.middleware.version_negotiation [None req-28854430-4b2d-4605-b541-e8810ec83060 tempest-ServerActionsV293TestJSON-2066470852 tempest-ServerActionsV293TestJSON-2066470852-project-member] Determining version of request: GET /v2/images/352fed79-4b74-4e40-bcad-89ace508c00d/locations Accept: */* {{(pid=102015) process_request /opt/stack/glance/glance/api/middleware/version_negotiation.py:44}}
Jun 10 13:20:59.936397 np0000002501 devstack@g-api.service[102015]: DEBUG glance.api.middleware.version_negotiation [None req-28854430-4b2d-4605-b541-e8810ec83060 tempest-ServerActionsV293TestJSON-2066470852 tempest-ServerActionsV293TestJSON-2066470852-project-member] Using url versioning {{(pid=102015) process_request /opt/stack/glance/glance/api/middleware/version_negotiation.py:57}}
Jun 10 13:20:59.937221 np0000002501 devstack@g-api.service[102015]: DEBUG glance.api.middleware.version_negotiation [None req-28854430-4b2d-4605-b541-e8810ec83060 tempest-ServerActionsV293TestJSON-2066470852 tempest-ServerActionsV293TestJSON-2066470852-project-member] Matched version: v2 {{(pid=102015) process_request /opt/stack/glance/glance/api/middleware/version_negotiation.py:69}}
Jun 10 13:20:59.937221 np0000002501 devstack@g-api.service[102015]: DEBUG glance.api.middleware.version_negotiation [None req-28854430-4b2d-4605-b541-e8810ec83060 tempest-ServerActionsV293TestJSON-2066470852 tempest-ServerActionsV293TestJSON-2066470852-project-member] new path /v2/images/352fed79-4b74-4e40-bcad-89ace508c00d/locations {{(pid=102015) process_request /opt/stack/glance/glance/api/middleware/version_negotiation.py:70}}
Jun 10 13:20:59.939407 np0000002501 devstack@g-api.service[102017]: [pid: 102017|app: 0|req: 55/161] 127.0.0.1 () {40 vars in 834 bytes} [Wed Jun 10 13:20:59 2026] GET /v2/images/f82e6c87-e699-48b4-8790-65e18a780b71 => generated 1470 bytes in 22 msecs (HTTP/1.1 200) 4 headers in 158 bytes (1 switches on core 0)
Jun 10 13:21:00.079506 np0000002501 devstack@g-api.service[102015]: [pid: 102015|app: 0|req: 60/162] 127.0.0.1 () {44 vars in 1131 bytes} [Wed Jun 10 13:20:59 2026] GET /v2/images/352fed79-4b74-4e40-bcad-89ace508c00d/locations => generated 92 bytes in 143 msecs (HTTP/1.1 200) 4 headers in 156 bytes (1 switches on core 0)
Jun 10 13:21:00.634269 np0000002501 devstack@g-api.service[102016]: DEBUG glance.location [None req-18009c2c-07d7-4550-807d-0e865c3aad84 tempest-ServerBootFromVolumeStableRescueTest-2063697584 tempest-ServerBootFromVolumeStableRescueTest-2063697584-project-member] Enabling in-flight format inspection for qcow2 {{(pid=102016) set_data /opt/stack/glance/glance/location.py:616}}
Jun 10 13:21:00.636745 np0000002501 devstack@g-api.service[102016]: DEBUG glance_store.backend [None req-18009c2c-07d7-4550-807d-0e865c3aad84 tempest-ServerBootFromVolumeStableRescueTest-2063697584 tempest-ServerBootFromVolumeStableRescueTest-2063697584-project-member] Attempting to import store swift {{(pid=102016) _load_store /opt/stack/data/venv/lib/python3.12/site-packages/glance_store/backend.py:215}}
Jun 10 13:21:00.636949 np0000002501 devstack@g-api.service[102016]: DEBUG glance_store.capabilities [None req-18009c2c-07d7-4550-807d-0e865c3aad84 tempest-ServerBootFromVolumeStableRescueTest-2063697584 tempest-ServerBootFromVolumeStableRescueTest-2063697584-project-member] Store glance_store._drivers.swift.store.SingleTenantStore doesn't support updating dynamic storage capabilities. Please overwrite 'update_capabilities' method of the store to implement updating logics if needed. {{(pid=102016) update_capabilities /opt/stack/data/venv/lib/python3.12/site-packages/glance_store/capabilities.py:91}}
Jun 10 13:21:00.637160 np0000002501 devstack@g-api.service[102016]: DEBUG glance_store.driver [None req-18009c2c-07d7-4550-807d-0e865c3aad84 tempest-ServerBootFromVolumeStableRescueTest-2063697584 tempest-ServerBootFromVolumeStableRescueTest-2063697584-project-member] Late loading location class glance_store._drivers.swift.store.StoreLocation {{(pid=102016) get_store_location_class /opt/stack/data/venv/lib/python3.12/site-packages/glance_store/driver.py:134}}
Jun 10 13:21:00.638196 np0000002501 devstack@g-api.service[102016]: DEBUG glance_store.location [None req-18009c2c-07d7-4550-807d-0e865c3aad84 tempest-ServerBootFromVolumeStableRescueTest-2063697584 tempest-ServerBootFromVolumeStableRescueTest-2063697584-project-member] Registering scheme swift+https with {'store': , 'location_class': , 'store_entry': 'swift'} {{(pid=102016) register_scheme_map /opt/stack/data/venv/lib/python3.12/site-packages/glance_store/location.py:146}}
Jun 10 13:21:00.638196 np0000002501 devstack@g-api.service[102016]: DEBUG glance_store.location [None req-18009c2c-07d7-4550-807d-0e865c3aad84 tempest-ServerBootFromVolumeStableRescueTest-2063697584 tempest-ServerBootFromVolumeStableRescueTest-2063697584-project-member] Registering scheme swift+https with {'store': , 'location_class': , 'store_entry': 'swift'} {{(pid=102016) register_scheme_map /opt/stack/data/venv/lib/python3.12/site-packages/glance_store/location.py:146}}
Jun 10 13:21:00.638196 np0000002501 devstack@g-api.service[102016]: DEBUG glance_store.location [None req-18009c2c-07d7-4550-807d-0e865c3aad84 tempest-ServerBootFromVolumeStableRescueTest-2063697584 tempest-ServerBootFromVolumeStableRescueTest-2063697584-project-member] Registering scheme swift with {'store': , 'location_class': , 'store_entry': 'swift'} {{(pid=102016) register_scheme_map /opt/stack/data/venv/lib/python3.12/site-packages/glance_store/location.py:146}}
Jun 10 13:21:00.638498 np0000002501 devstack@g-api.service[102016]: DEBUG glance_store.location [None req-18009c2c-07d7-4550-807d-0e865c3aad84 tempest-ServerBootFromVolumeStableRescueTest-2063697584 tempest-ServerBootFromVolumeStableRescueTest-2063697584-project-member] Registering scheme swift+https with {'store': , 'location_class': , 'store_entry': 'swift'} {{(pid=102016) register_scheme_map /opt/stack/data/venv/lib/python3.12/site-packages/glance_store/location.py:146}}
Jun 10 13:21:00.638498 np0000002501 devstack@g-api.service[102016]: DEBUG glance_store.location [None req-18009c2c-07d7-4550-807d-0e865c3aad84 tempest-ServerBootFromVolumeStableRescueTest-2063697584 tempest-ServerBootFromVolumeStableRescueTest-2063697584-project-member] Registering scheme swift with {'store': , 'location_class': , 'store_entry': 'swift'} {{(pid=102016) register_scheme_map /opt/stack/data/venv/lib/python3.12/site-packages/glance_store/location.py:146}}
Jun 10 13:21:00.638498 np0000002501 devstack@g-api.service[102016]: DEBUG glance_store.location [None req-18009c2c-07d7-4550-807d-0e865c3aad84 tempest-ServerBootFromVolumeStableRescueTest-2063697584 tempest-ServerBootFromVolumeStableRescueTest-2063697584-project-member] Registering scheme swift+http with {'store': , 'location_class': , 'store_entry': 'swift'} {{(pid=102016) register_scheme_map /opt/stack/data/venv/lib/python3.12/site-packages/glance_store/location.py:146}}
Jun 10 13:21:00.638722 np0000002501 devstack@g-api.service[102016]: DEBUG glance_store.location [None req-18009c2c-07d7-4550-807d-0e865c3aad84 tempest-ServerBootFromVolumeStableRescueTest-2063697584 tempest-ServerBootFromVolumeStableRescueTest-2063697584-project-member] Registering scheme swift+https with {'store': , 'location_class': , 'store_entry': 'swift'} {{(pid=102016) register_scheme_map /opt/stack/data/venv/lib/python3.12/site-packages/glance_store/location.py:146}}
Jun 10 13:21:00.638722 np0000002501 devstack@g-api.service[102016]: DEBUG glance_store.location [None req-18009c2c-07d7-4550-807d-0e865c3aad84 tempest-ServerBootFromVolumeStableRescueTest-2063697584 tempest-ServerBootFromVolumeStableRescueTest-2063697584-project-member] Registering scheme swift with {'store': , 'location_class': , 'store_entry': 'swift'} {{(pid=102016) register_scheme_map /opt/stack/data/venv/lib/python3.12/site-packages/glance_store/location.py:146}}
Jun 10 13:21:00.638722 np0000002501 devstack@g-api.service[102016]: DEBUG glance_store.location [None req-18009c2c-07d7-4550-807d-0e865c3aad84 tempest-ServerBootFromVolumeStableRescueTest-2063697584 tempest-ServerBootFromVolumeStableRescueTest-2063697584-project-member] Registering scheme swift+http with {'store': , 'location_class': , 'store_entry': 'swift'} {{(pid=102016) register_scheme_map /opt/stack/data/venv/lib/python3.12/site-packages/glance_store/location.py:146}}
Jun 10 13:21:00.639259 np0000002501 devstack@g-api.service[102016]: DEBUG glance_store.location [None req-18009c2c-07d7-4550-807d-0e865c3aad84 tempest-ServerBootFromVolumeStableRescueTest-2063697584 tempest-ServerBootFromVolumeStableRescueTest-2063697584-project-member] Registering scheme swift+config with {'store': , 'location_class': , 'store_entry': 'swift'} {{(pid=102016) register_scheme_map /opt/stack/data/venv/lib/python3.12/site-packages/glance_store/location.py:146}}
Jun 10 13:21:00.947846 np0000002501 devstack@g-api.service[102017]: DEBUG glance.api.middleware.version_negotiation [None req-66adcb54-cdda-4604-9baa-dbb6959de8dd tempest-ServerBootFromVolumeStableRescueTest-2063697584 tempest-ServerBootFromVolumeStableRescueTest-2063697584-project-member] Determining version of request: GET /v2/images/f82e6c87-e699-48b4-8790-65e18a780b71 Accept: application/json {{(pid=102017) process_request /opt/stack/glance/glance/api/middleware/version_negotiation.py:44}}
Jun 10 13:21:00.948298 np0000002501 devstack@g-api.service[102017]: DEBUG glance.api.middleware.version_negotiation [None req-66adcb54-cdda-4604-9baa-dbb6959de8dd tempest-ServerBootFromVolumeStableRescueTest-2063697584 tempest-ServerBootFromVolumeStableRescueTest-2063697584-project-member] Using url versioning {{(pid=102017) process_request /opt/stack/glance/glance/api/middleware/version_negotiation.py:57}}
Jun 10 13:21:00.948298 np0000002501 devstack@g-api.service[102017]: DEBUG glance.api.middleware.version_negotiation [None req-66adcb54-cdda-4604-9baa-dbb6959de8dd tempest-ServerBootFromVolumeStableRescueTest-2063697584 tempest-ServerBootFromVolumeStableRescueTest-2063697584-project-member] Matched version: v2 {{(pid=102017) process_request /opt/stack/glance/glance/api/middleware/version_negotiation.py:69}}
Jun 10 13:21:00.948298 np0000002501 devstack@g-api.service[102017]: DEBUG glance.api.middleware.version_negotiation [None req-66adcb54-cdda-4604-9baa-dbb6959de8dd tempest-ServerBootFromVolumeStableRescueTest-2063697584 tempest-ServerBootFromVolumeStableRescueTest-2063697584-project-member] new path /v2/images/f82e6c87-e699-48b4-8790-65e18a780b71 {{(pid=102017) process_request /opt/stack/glance/glance/api/middleware/version_negotiation.py:70}}
Jun 10 13:21:00.964484 np0000002501 devstack@g-api.service[102017]: [pid: 102017|app: 0|req: 56/163] 127.0.0.1 () {40 vars in 834 bytes} [Wed Jun 10 13:21:00 2026] GET /v2/images/f82e6c87-e699-48b4-8790-65e18a780b71 => generated 1470 bytes in 17 msecs (HTTP/1.1 200) 4 headers in 158 bytes (1 switches on core 0)
Jun 10 13:21:01.043311 np0000002501 devstack@g-api.service[102016]: DEBUG swiftclient [None req-18009c2c-07d7-4550-807d-0e865c3aad84 tempest-ServerBootFromVolumeStableRescueTest-2063697584 tempest-ServerBootFromVolumeStableRescueTest-2063697584-project-member] REQ: curl -i https://10.4.3.74:8080/v1/AUTH_42026f66ad254e54a1e9108aaba46a46/glance -I -H "X-Auth-Token: gAAAAABqKWS8o4fn..." {{(pid=102016) http_log /opt/stack/data/venv/lib/python3.12/site-packages/swiftclient/client.py:160}}
Jun 10 13:21:01.048383 np0000002501 devstack@g-api.service[102016]: DEBUG swiftclient [None req-18009c2c-07d7-4550-807d-0e865c3aad84 tempest-ServerBootFromVolumeStableRescueTest-2063697584 tempest-ServerBootFromVolumeStableRescueTest-2063697584-project-member] RESP STATUS: 204 No Content {{(pid=102016) http_log /opt/stack/data/venv/lib/python3.12/site-packages/swiftclient/client.py:161}}
Jun 10 13:21:01.048383 np0000002501 devstack@g-api.service[102016]: DEBUG swiftclient [None req-18009c2c-07d7-4550-807d-0e865c3aad84 tempest-ServerBootFromVolumeStableRescueTest-2063697584 tempest-ServerBootFromVolumeStableRescueTest-2063697584-project-member] RESP HEADERS: {'Date': 'Wed, 10 Jun 2026 13:21:01 GMT', 'Server': 'Apache/2.4.58 (Ubuntu)', 'Content-Type': 'text/plain; charset=utf-8', 'X-Container-Object-Count': '5', 'X-Container-Bytes-Used': '87883776', 'X-Timestamp': '1781097384.90725', 'Last-Modified': 'Wed, 10 Jun 2026 13:16:25 GMT', 'Accept-Ranges': 'bytes', 'X-Storage-Policy': 'Policy-0', 'X-Container-Sharding': 'False', 'Vary': 'Accept', 'X-Trans-Id': 'txa946b4fb04254754a1815-006a2964bc', 'X-Openstack-Request-Id': 'txa946b4fb04254754a1815-006a2964bc', 'Connection': 'close'} {{(pid=102016) http_log /opt/stack/data/venv/lib/python3.12/site-packages/swiftclient/client.py:162}}
Jun 10 13:21:01.048383 np0000002501 devstack@g-api.service[102016]: DEBUG glance_store._drivers.swift.store [None req-18009c2c-07d7-4550-807d-0e865c3aad84 tempest-ServerBootFromVolumeStableRescueTest-2063697584 tempest-ServerBootFromVolumeStableRescueTest-2063697584-project-member] Adding image object 'f82e6c87-e699-48b4-8790-65e18a780b71' to Swift {{(pid=102016) add /opt/stack/data/venv/lib/python3.12/site-packages/glance_store/_drivers/swift/store.py:970}}
Jun 10 13:21:01.048664 np0000002501 devstack@g-api.service[102016]: DEBUG glance_store._drivers.swift.store [None req-18009c2c-07d7-4550-807d-0e865c3aad84 tempest-ServerBootFromVolumeStableRescueTest-2063697584 tempest-ServerBootFromVolumeStableRescueTest-2063697584-project-member] Cannot determine image size because it is either not provided in the request or chunked-transfer encoding is used. Adding image as a segmented object to Swift. {{(pid=102016) add /opt/stack/data/venv/lib/python3.12/site-packages/glance_store/_drivers/swift/store.py:994}}
Jun 10 13:21:01.058382 np0000002501 devstack@g-api.service[102016]: DEBUG oslo_utils.imageutils.format_inspector [None req-18009c2c-07d7-4550-807d-0e865c3aad84 tempest-ServerBootFromVolumeStableRescueTest-2063697584 tempest-ServerBootFromVolumeStableRescueTest-2063697584-project-member] Format inspector for vmdk does not match, excluding from consideration (Signature KDMV not found: b'QFI\xfb') {{(pid=102016) _process_chunk /opt/stack/data/venv/lib/python3.12/site-packages/oslo_utils/imageutils/format_inspector.py:1758}}
Jun 10 13:21:01.062131 np0000002501 devstack@g-api.service[102016]: DEBUG oslo_utils.imageutils.format_inspector [None req-18009c2c-07d7-4550-807d-0e865c3aad84 tempest-ServerBootFromVolumeStableRescueTest-2063697584 tempest-ServerBootFromVolumeStableRescueTest-2063697584-project-member] Format inspector for vhdx does not match, excluding from consideration (Region signature not found at 30000) {{(pid=102016) _process_chunk /opt/stack/data/venv/lib/python3.12/site-packages/oslo_utils/imageutils/format_inspector.py:1758}}
Jun 10 13:21:01.087429 np0000002501 devstack@g-api.service[102015]: DEBUG glance.api.middleware.version_negotiation [None req-28854430-4b2d-4605-b541-e8810ec83060 service glance] Determining version of request: GET /v2/schemas/image Accept: */* {{(pid=102015) process_request /opt/stack/glance/glance/api/middleware/version_negotiation.py:44}}
Jun 10 13:21:01.088094 np0000002501 devstack@g-api.service[102015]: DEBUG glance.api.middleware.version_negotiation [None req-28854430-4b2d-4605-b541-e8810ec83060 service glance] Using url versioning {{(pid=102015) process_request /opt/stack/glance/glance/api/middleware/version_negotiation.py:57}}
Jun 10 13:21:01.088094 np0000002501 devstack@g-api.service[102015]: DEBUG glance.api.middleware.version_negotiation [None req-28854430-4b2d-4605-b541-e8810ec83060 service glance] Matched version: v2 {{(pid=102015) process_request /opt/stack/glance/glance/api/middleware/version_negotiation.py:69}}
Jun 10 13:21:01.088094 np0000002501 devstack@g-api.service[102015]: DEBUG glance.api.middleware.version_negotiation [None req-28854430-4b2d-4605-b541-e8810ec83060 service glance] new path /v2/schemas/image {{(pid=102015) process_request /opt/stack/glance/glance/api/middleware/version_negotiation.py:70}}
Jun 10 13:21:01.090840 np0000002501 devstack@g-api.service[102015]: [pid: 102015|app: 0|req: 61/164] 127.0.0.1 () {44 vars in 1051 bytes} [Wed Jun 10 13:21:01 2026] GET /v2/schemas/image => generated 6083 bytes in 4 msecs (HTTP/1.1 200) 4 headers in 158 bytes (1 switches on core 0)
Jun 10 13:21:01.140538 np0000002501 devstack@g-api.service[102017]: DEBUG glance.api.middleware.version_negotiation [None req-f8b73e49-7958-4b48-b7f5-8c00bf5dcd22 tempest-ServerBootFromVolumeStableRescueTest-2063697584 tempest-ServerBootFromVolumeStableRescueTest-2063697584-project-member] Determining version of request: POST /v2/images Accept: */* {{(pid=102017) process_request /opt/stack/glance/glance/api/middleware/version_negotiation.py:44}}
Jun 10 13:21:01.140795 np0000002501 devstack@g-api.service[102017]: DEBUG glance.api.middleware.version_negotiation [None req-f8b73e49-7958-4b48-b7f5-8c00bf5dcd22 tempest-ServerBootFromVolumeStableRescueTest-2063697584 tempest-ServerBootFromVolumeStableRescueTest-2063697584-project-member] Using url versioning {{(pid=102017) process_request /opt/stack/glance/glance/api/middleware/version_negotiation.py:57}}
Jun 10 13:21:01.140996 np0000002501 devstack@g-api.service[102017]: DEBUG glance.api.middleware.version_negotiation [None req-f8b73e49-7958-4b48-b7f5-8c00bf5dcd22 tempest-ServerBootFromVolumeStableRescueTest-2063697584 tempest-ServerBootFromVolumeStableRescueTest-2063697584-project-member] Matched version: v2 {{(pid=102017) process_request /opt/stack/glance/glance/api/middleware/version_negotiation.py:69}}
Jun 10 13:21:01.141145 np0000002501 devstack@g-api.service[102017]: DEBUG glance.api.middleware.version_negotiation [None req-f8b73e49-7958-4b48-b7f5-8c00bf5dcd22 tempest-ServerBootFromVolumeStableRescueTest-2063697584 tempest-ServerBootFromVolumeStableRescueTest-2063697584-project-member] new path /v2/images {{(pid=102017) process_request /opt/stack/glance/glance/api/middleware/version_negotiation.py:70}}
Jun 10 13:21:01.448405 np0000002501 devstack@g-api.service[102016]: DEBUG swiftclient [None req-18009c2c-07d7-4550-807d-0e865c3aad84 tempest-ServerBootFromVolumeStableRescueTest-2063697584 tempest-ServerBootFromVolumeStableRescueTest-2063697584-project-member] REQ: curl -i https://10.4.3.74:8080/v1/AUTH_42026f66ad254e54a1e9108aaba46a46/glance/f82e6c87-e699-48b4-8790-65e18a780b71-00001 -X PUT -H "X-Auth-Token: gAAAAABqKWS8o4fn..." {{(pid=102016) http_log /opt/stack/data/venv/lib/python3.12/site-packages/swiftclient/client.py:160}}
Jun 10 13:21:01.448643 np0000002501 devstack@g-api.service[102016]: DEBUG swiftclient [None req-18009c2c-07d7-4550-807d-0e865c3aad84 tempest-ServerBootFromVolumeStableRescueTest-2063697584 tempest-ServerBootFromVolumeStableRescueTest-2063697584-project-member] RESP STATUS: 201 Created {{(pid=102016) http_log /opt/stack/data/venv/lib/python3.12/site-packages/swiftclient/client.py:161}}
Jun 10 13:21:01.448940 np0000002501 devstack@g-api.service[102016]: DEBUG swiftclient [None req-18009c2c-07d7-4550-807d-0e865c3aad84 tempest-ServerBootFromVolumeStableRescueTest-2063697584 tempest-ServerBootFromVolumeStableRescueTest-2063697584-project-member] RESP HEADERS: {'Date': 'Wed, 10 Jun 2026 13:21:01 GMT', 'Server': 'Apache/2.4.58 (Ubuntu)', 'Content-Type': 'text/html; charset=UTF-8', 'Content-Length': '0', 'Etag': '4fa343ee581d8d2e78533191fd1ac3e1', 'Last-Modified': 'Wed, 10 Jun 2026 13:21:02 GMT', 'X-Trans-Id': 'tx93ecff87816548cf95ba1-006a2964bd', 'X-Openstack-Request-Id': 'tx93ecff87816548cf95ba1-006a2964bd', 'Connection': 'close'} {{(pid=102016) http_log /opt/stack/data/venv/lib/python3.12/site-packages/swiftclient/client.py:162}}
Jun 10 13:21:01.449112 np0000002501 devstack@g-api.service[102016]: DEBUG glance_store._drivers.swift.store [None req-18009c2c-07d7-4550-807d-0e865c3aad84 tempest-ServerBootFromVolumeStableRescueTest-2063697584 tempest-ServerBootFromVolumeStableRescueTest-2063697584-project-member] Wrote chunk f82e6c87-e699-48b4-8790-65e18a780b71-00001 (1/?) of length 23527424 to Swift returning MD5 of content: 4fa343ee581d8d2e78533191fd1ac3e1 {{(pid=102016) add /opt/stack/data/venv/lib/python3.12/site-packages/glance_store/_drivers/swift/store.py:1059}}
Jun 10 13:21:01.449889 np0000002501 devstack@g-api.service[102016]: DEBUG glance_store._drivers.swift.store [None req-18009c2c-07d7-4550-807d-0e865c3aad84 tempest-ServerBootFromVolumeStableRescueTest-2063697584 tempest-ServerBootFromVolumeStableRescueTest-2063697584-project-member] Not writing zero-length chunk. {{(pid=102016) add /opt/stack/data/venv/lib/python3.12/site-packages/glance_store/_drivers/swift/store.py:1028}}
Jun 10 13:21:01.500113 np0000002501 devstack@g-api.service[102016]: DEBUG swiftclient [None req-18009c2c-07d7-4550-807d-0e865c3aad84 tempest-ServerBootFromVolumeStableRescueTest-2063697584 tempest-ServerBootFromVolumeStableRescueTest-2063697584-project-member] REQ: curl -i https://10.4.3.74:8080/v1/AUTH_42026f66ad254e54a1e9108aaba46a46/glance/f82e6c87-e699-48b4-8790-65e18a780b71 -X PUT -H "X-Object-Manifest: glance/f82e6c87-e699-48b4-8790-65e18a780b71-" -H "X-Auth-Token: gAAAAABqKWS8o4fn..." -H "Content-Length: 0" {{(pid=102016) http_log /opt/stack/data/venv/lib/python3.12/site-packages/swiftclient/client.py:160}}
Jun 10 13:21:01.500113 np0000002501 devstack@g-api.service[102016]: DEBUG swiftclient [None req-18009c2c-07d7-4550-807d-0e865c3aad84 tempest-ServerBootFromVolumeStableRescueTest-2063697584 tempest-ServerBootFromVolumeStableRescueTest-2063697584-project-member] RESP STATUS: 201 Created {{(pid=102016) http_log /opt/stack/data/venv/lib/python3.12/site-packages/swiftclient/client.py:161}}
Jun 10 13:21:01.500457 np0000002501 devstack@g-api.service[102016]: DEBUG swiftclient [None req-18009c2c-07d7-4550-807d-0e865c3aad84 tempest-ServerBootFromVolumeStableRescueTest-2063697584 tempest-ServerBootFromVolumeStableRescueTest-2063697584-project-member] RESP HEADERS: {'Date': 'Wed, 10 Jun 2026 13:21:01 GMT', 'Server': 'Apache/2.4.58 (Ubuntu)', 'Content-Type': 'text/html; charset=UTF-8', 'Content-Length': '0', 'Etag': 'd41d8cd98f00b204e9800998ecf8427e', 'Last-Modified': 'Wed, 10 Jun 2026 13:21:02 GMT', 'X-Trans-Id': 'tx82714a8c54e3421f84a18-006a2964bd', 'X-Openstack-Request-Id': 'tx82714a8c54e3421f84a18-006a2964bd', 'Connection': 'close'} {{(pid=102016) http_log /opt/stack/data/venv/lib/python3.12/site-packages/swiftclient/client.py:162}}
Jun 10 13:21:01.501642 np0000002501 devstack@g-api.service[102016]: INFO glance.location [None req-18009c2c-07d7-4550-807d-0e865c3aad84 tempest-ServerBootFromVolumeStableRescueTest-2063697584 tempest-ServerBootFromVolumeStableRescueTest-2063697584-project-member] Image format matched and virtual size computed: 1073741824
Jun 10 13:21:01.654701 np0000002501 devstack@g-api.service[102016]: DEBUG glance_store.backend [None req-18009c2c-07d7-4550-807d-0e865c3aad84 tempest-ServerBootFromVolumeStableRescueTest-2063697584 tempest-ServerBootFromVolumeStableRescueTest-2063697584-project-member] Attempting to import store swift {{(pid=102016) _load_store /opt/stack/data/venv/lib/python3.12/site-packages/glance_store/backend.py:215}}
Jun 10 13:21:01.654701 np0000002501 devstack@g-api.service[102016]: DEBUG glance_store.capabilities [None req-18009c2c-07d7-4550-807d-0e865c3aad84 tempest-ServerBootFromVolumeStableRescueTest-2063697584 tempest-ServerBootFromVolumeStableRescueTest-2063697584-project-member] Store glance_store._drivers.swift.store.SingleTenantStore doesn't support updating dynamic storage capabilities. Please overwrite 'update_capabilities' method of the store to implement updating logics if needed. {{(pid=102016) update_capabilities /opt/stack/data/venv/lib/python3.12/site-packages/glance_store/capabilities.py:91}}
Jun 10 13:21:01.654701 np0000002501 devstack@g-api.service[102016]: DEBUG glance_store.driver [None req-18009c2c-07d7-4550-807d-0e865c3aad84 tempest-ServerBootFromVolumeStableRescueTest-2063697584 tempest-ServerBootFromVolumeStableRescueTest-2063697584-project-member] Late loading location class glance_store._drivers.swift.store.StoreLocation {{(pid=102016) get_store_location_class /opt/stack/data/venv/lib/python3.12/site-packages/glance_store/driver.py:134}}
Jun 10 13:21:01.654701 np0000002501 devstack@g-api.service[102016]: DEBUG glance_store.location [None req-18009c2c-07d7-4550-807d-0e865c3aad84 tempest-ServerBootFromVolumeStableRescueTest-2063697584 tempest-ServerBootFromVolumeStableRescueTest-2063697584-project-member] Registering scheme swift+https with {'store': , 'location_class': , 'store_entry': 'swift'} {{(pid=102016) register_scheme_map /opt/stack/data/venv/lib/python3.12/site-packages/glance_store/location.py:146}}
Jun 10 13:21:01.657494 np0000002501 devstack@g-api.service[102016]: DEBUG glance_store.location [None req-18009c2c-07d7-4550-807d-0e865c3aad84 tempest-ServerBootFromVolumeStableRescueTest-2063697584 tempest-ServerBootFromVolumeStableRescueTest-2063697584-project-member] Registering scheme swift+https with {'store': , 'location_class': , 'store_entry': 'swift'} {{(pid=102016) register_scheme_map /opt/stack/data/venv/lib/python3.12/site-packages/glance_store/location.py:146}}
Jun 10 13:21:01.657494 np0000002501 devstack@g-api.service[102016]: DEBUG glance_store.location [None req-18009c2c-07d7-4550-807d-0e865c3aad84 tempest-ServerBootFromVolumeStableRescueTest-2063697584 tempest-ServerBootFromVolumeStableRescueTest-2063697584-project-member] Registering scheme swift with {'store': , 'location_class': , 'store_entry': 'swift'} {{(pid=102016) register_scheme_map /opt/stack/data/venv/lib/python3.12/site-packages/glance_store/location.py:146}}
Jun 10 13:21:01.657494 np0000002501 devstack@g-api.service[102016]: DEBUG glance_store.location [None req-18009c2c-07d7-4550-807d-0e865c3aad84 tempest-ServerBootFromVolumeStableRescueTest-2063697584 tempest-ServerBootFromVolumeStableRescueTest-2063697584-project-member] Registering scheme swift+https with {'store': , 'location_class': , 'store_entry': 'swift'} {{(pid=102016) register_scheme_map /opt/stack/data/venv/lib/python3.12/site-packages/glance_store/location.py:146}}
Jun 10 13:21:01.657922 np0000002501 devstack@g-api.service[102016]: DEBUG glance_store.location [None req-18009c2c-07d7-4550-807d-0e865c3aad84 tempest-ServerBootFromVolumeStableRescueTest-2063697584 tempest-ServerBootFromVolumeStableRescueTest-2063697584-project-member] Registering scheme swift with {'store': , 'location_class': , 'store_entry': 'swift'} {{(pid=102016) register_scheme_map /opt/stack/data/venv/lib/python3.12/site-packages/glance_store/location.py:146}}
Jun 10 13:21:01.657922 np0000002501 devstack@g-api.service[102016]: DEBUG glance_store.location [None req-18009c2c-07d7-4550-807d-0e865c3aad84 tempest-ServerBootFromVolumeStableRescueTest-2063697584 tempest-ServerBootFromVolumeStableRescueTest-2063697584-project-member] Registering scheme swift+http with {'store': , 'location_class': , 'store_entry': 'swift'} {{(pid=102016) register_scheme_map /opt/stack/data/venv/lib/python3.12/site-packages/glance_store/location.py:146}}
Jun 10 13:21:01.657922 np0000002501 devstack@g-api.service[102016]: DEBUG glance_store.location [None req-18009c2c-07d7-4550-807d-0e865c3aad84 tempest-ServerBootFromVolumeStableRescueTest-2063697584 tempest-ServerBootFromVolumeStableRescueTest-2063697584-project-member] Registering scheme swift+https with {'store': , 'location_class': , 'store_entry': 'swift'} {{(pid=102016) register_scheme_map /opt/stack/data/venv/lib/python3.12/site-packages/glance_store/location.py:146}}
