Jun 10 13:15:56.897943 np0000002501 nova-scheduler[95799]: DEBUG cotyledon.oslo_config_glue [-] oslo_limit.connect_retry_delay = None {{(pid=95799) log_opt_values /opt/stack/data/venv/lib/python3.12/site-packages/oslo_config/cfg.py:3256}}
Jun 10 13:15:56.897999 np0000002501 nova-scheduler[95799]: DEBUG cotyledon.oslo_config_glue [-] oslo_limit.endpoint_id = None {{(pid=95799) log_opt_values /opt/stack/data/venv/lib/python3.12/site-packages/oslo_config/cfg.py:3256}}
Jun 10 13:15:56.898034 np0000002501 nova-scheduler[95799]: DEBUG cotyledon.oslo_config_glue [-] oslo_limit.endpoint_interface = public {{(pid=95799) log_opt_values /opt/stack/data/venv/lib/python3.12/site-packages/oslo_config/cfg.py:3256}}
Jun 10 13:15:56.898071 np0000002501 nova-scheduler[95799]: DEBUG cotyledon.oslo_config_glue [-] oslo_limit.endpoint_override = None {{(pid=95799) log_opt_values /opt/stack/data/venv/lib/python3.12/site-packages/oslo_config/cfg.py:3256}}
Jun 10 13:15:56.898100 np0000002501 nova-scheduler[95799]: DEBUG cotyledon.oslo_config_glue [-] oslo_limit.endpoint_region_name = None {{(pid=95799) log_opt_values /opt/stack/data/venv/lib/python3.12/site-packages/oslo_config/cfg.py:3256}}
Jun 10 13:15:56.898145 np0000002501 nova-scheduler[95799]: DEBUG cotyledon.oslo_config_glue [-] oslo_limit.endpoint_service_name = None {{(pid=95799) log_opt_values /opt/stack/data/venv/lib/python3.12/site-packages/oslo_config/cfg.py:3256}}
Jun 10 13:15:56.898174 np0000002501 nova-scheduler[95799]: DEBUG cotyledon.oslo_config_glue [-] oslo_limit.endpoint_service_type = None {{(pid=95799) log_opt_values /opt/stack/data/venv/lib/python3.12/site-packages/oslo_config/cfg.py:3256}}
Jun 10 13:15:56.898213 np0000002501 nova-scheduler[95799]: DEBUG cotyledon.oslo_config_glue [-] oslo_limit.insecure = False {{(pid=95799) log_opt_values /opt/stack/data/venv/lib/python3.12/site-packages/oslo_config/cfg.py:3256}}
Jun 10 13:15:56.898256 np0000002501 nova-scheduler[95799]: DEBUG cotyledon.oslo_config_glue [-] oslo_limit.keyfile = None {{(pid=95799) log_opt_values /opt/stack/data/venv/lib/python3.12/site-packages/oslo_config/cfg.py:3256}}
Jun 10 13:15:56.898298 np0000002501 nova-scheduler[95799]: DEBUG cotyledon.oslo_config_glue [-] oslo_limit.max_version = None {{(pid=95799) log_opt_values /opt/stack/data/venv/lib/python3.12/site-packages/oslo_config/cfg.py:3256}}
Jun 10 13:15:56.898329 np0000002501 nova-scheduler[95799]: DEBUG cotyledon.oslo_config_glue [-] oslo_limit.min_version = None {{(pid=95799) log_opt_values /opt/stack/data/venv/lib/python3.12/site-packages/oslo_config/cfg.py:3256}}
Jun 10 13:15:56.898384 np0000002501 nova-scheduler[95799]: DEBUG cotyledon.oslo_config_glue [-] oslo_limit.region_name = None {{(pid=95799) log_opt_values /opt/stack/data/venv/lib/python3.12/site-packages/oslo_config/cfg.py:3256}}
Jun 10 13:15:56.898414 np0000002501 nova-scheduler[95799]: DEBUG cotyledon.oslo_config_glue [-] oslo_limit.retriable_status_codes = None {{(pid=95799) log_opt_values /opt/stack/data/venv/lib/python3.12/site-packages/oslo_config/cfg.py:3256}}
Jun 10 13:15:56.898466 np0000002501 nova-scheduler[95799]: DEBUG cotyledon.oslo_config_glue [-] oslo_limit.service_name = None {{(pid=95799) log_opt_values /opt/stack/data/venv/lib/python3.12/site-packages/oslo_config/cfg.py:3256}}
Jun 10 13:15:56.898505 np0000002501 nova-scheduler[95799]: DEBUG cotyledon.oslo_config_glue [-] oslo_limit.service_type = None {{(pid=95799) log_opt_values /opt/stack/data/venv/lib/python3.12/site-packages/oslo_config/cfg.py:3256}}
Jun 10 13:15:56.898541 np0000002501 nova-scheduler[95799]: DEBUG cotyledon.oslo_config_glue [-] oslo_limit.split_loggers = False {{(pid=95799) log_opt_values /opt/stack/data/venv/lib/python3.12/site-packages/oslo_config/cfg.py:3256}}
Jun 10 13:15:56.898582 np0000002501 nova-scheduler[95799]: DEBUG cotyledon.oslo_config_glue [-] oslo_limit.status_code_retries = None {{(pid=95799) log_opt_values /opt/stack/data/venv/lib/python3.12/site-packages/oslo_config/cfg.py:3256}}
Jun 10 13:15:56.898617 np0000002501 nova-scheduler[95799]: DEBUG cotyledon.oslo_config_glue [-] oslo_limit.status_code_retry_delay = None {{(pid=95799) log_opt_values /opt/stack/data/venv/lib/python3.12/site-packages/oslo_config/cfg.py:3256}}
Jun 10 13:15:56.898650 np0000002501 nova-scheduler[95799]: DEBUG cotyledon.oslo_config_glue [-] oslo_limit.timeout = None {{(pid=95799) log_opt_values /opt/stack/data/venv/lib/python3.12/site-packages/oslo_config/cfg.py:3256}}
Jun 10 13:15:56.898677 np0000002501 nova-scheduler[95799]: DEBUG cotyledon.oslo_config_glue [-] oslo_limit.valid_interfaces = None {{(pid=95799) log_opt_values /opt/stack/data/venv/lib/python3.12/site-packages/oslo_config/cfg.py:3256}}
Jun 10 13:15:56.898698 np0000002501 nova-scheduler[95799]: DEBUG cotyledon.oslo_config_glue [-] oslo_limit.version = None {{(pid=95799) log_opt_values /opt/stack/data/venv/lib/python3.12/site-packages/oslo_config/cfg.py:3256}}
Jun 10 13:15:56.898751 np0000002501 nova-scheduler[95799]: DEBUG cotyledon.oslo_config_glue [-] oslo_reports.file_event_handler = None {{(pid=95799) log_opt_values /opt/stack/data/venv/lib/python3.12/site-packages/oslo_config/cfg.py:3256}}
Jun 10 13:15:56.898790 np0000002501 nova-scheduler[95799]: DEBUG cotyledon.oslo_config_glue [-] oslo_reports.file_event_handler_interval = 1 {{(pid=95799) log_opt_values /opt/stack/data/venv/lib/python3.12/site-packages/oslo_config/cfg.py:3256}}
Jun 10 13:15:56.898832 np0000002501 nova-scheduler[95799]: DEBUG cotyledon.oslo_config_glue [-] oslo_reports.log_dir = None {{(pid=95799) log_opt_values /opt/stack/data/venv/lib/python3.12/site-packages/oslo_config/cfg.py:3256}}
Jun 10 13:15:56.898861 np0000002501 nova-scheduler[95799]: DEBUG cotyledon.oslo_config_glue [-] ******************************************************************************** {{(pid=95799) log_opt_values /opt/stack/data/venv/lib/python3.12/site-packages/oslo_config/cfg.py:3263}}
Jun 10 13:15:56.898994 np0000002501 nova-scheduler[95799]: DEBUG cotyledon._service_worker [-] Run service ServiceWrapper(2) [95799] {{(pid=95799) wait_forever /opt/stack/data/venv/lib/python3.12/site-packages/cotyledon/_service_worker.py:218}}
Jun 10 13:15:56.900408 np0000002501 nova-scheduler[95799]: INFO nova.service [-] Starting scheduler node (version 33.1.0)
Jun 10 13:15:56.905876 np0000002501 nova-scheduler[95799]: INFO dbcounter [None req-00b95b43-4293-4d62-9291-bed46ae7fcf7 None None] Registered counter for database nova_cell0
Jun 10 13:15:56.928603 np0000002501 nova-scheduler[95795]: DEBUG oslo_db.sqlalchemy.engines [None req-2ed3fb3d-a23d-4794-bd98-8388e47fcbd2 None None] MySQL server mode set to STRICT_TRANS_TABLES,STRICT_ALL_TABLES,NO_ZERO_IN_DATE,NO_ZERO_DATE,ERROR_FOR_DIVISION_BY_ZERO,TRADITIONAL,NO_ENGINE_SUBSTITUTION {{(pid=95795) _check_effective_sql_mode /opt/stack/data/venv/lib/python3.12/site-packages/oslo_db/sqlalchemy/engines.py:325}}
Jun 10 13:15:56.931548 np0000002501 nova-scheduler[95797]: DEBUG oslo_db.sqlalchemy.engines [None req-1f8cfc82-279e-48be-88f0-1c688282d5f7 None None] MySQL server mode set to STRICT_TRANS_TABLES,STRICT_ALL_TABLES,NO_ZERO_IN_DATE,NO_ZERO_DATE,ERROR_FOR_DIVISION_BY_ZERO,TRADITIONAL,NO_ENGINE_SUBSTITUTION {{(pid=95797) _check_effective_sql_mode /opt/stack/data/venv/lib/python3.12/site-packages/oslo_db/sqlalchemy/engines.py:325}}
Jun 10 13:15:56.938563 np0000002501 nova-scheduler[95795]: DEBUG dbcounter [-] [95795] Writer thread running {{(pid=95795) stat_writer /opt/stack/data/venv/lib/python3.12/site-packages/dbcounter.py:102}}
Jun 10 13:15:56.940139 np0000002501 nova-scheduler[95797]: DEBUG dbcounter [-] [95797] Writer thread running {{(pid=95797) stat_writer /opt/stack/data/venv/lib/python3.12/site-packages/dbcounter.py:102}}
Jun 10 13:15:56.950953 np0000002501 nova-scheduler[95795]: DEBUG nova.service [None req-2ed3fb3d-a23d-4794-bd98-8388e47fcbd2 None None] Creating RPC server for service: nova-scheduler on topic: scheduler {{(pid=95795) start /opt/stack/nova/nova/service.py:196}}
Jun 10 13:15:56.956812 np0000002501 nova-scheduler[95797]: DEBUG nova.service [None req-1f8cfc82-279e-48be-88f0-1c688282d5f7 None None] Creating RPC server for service: nova-scheduler on topic: scheduler {{(pid=95797) start /opt/stack/nova/nova/service.py:196}}
Jun 10 13:15:56.970817 np0000002501 nova-scheduler[95799]: DEBUG oslo_db.sqlalchemy.engines [None req-00b95b43-4293-4d62-9291-bed46ae7fcf7 None None] MySQL server mode set to STRICT_TRANS_TABLES,STRICT_ALL_TABLES,NO_ZERO_IN_DATE,NO_ZERO_DATE,ERROR_FOR_DIVISION_BY_ZERO,TRADITIONAL,NO_ENGINE_SUBSTITUTION {{(pid=95799) _check_effective_sql_mode /opt/stack/data/venv/lib/python3.12/site-packages/oslo_db/sqlalchemy/engines.py:325}}
Jun 10 13:15:56.986677 np0000002501 nova-scheduler[95795]: DEBUG nova.service [None req-2ed3fb3d-a23d-4794-bd98-8388e47fcbd2 None None] Join ServiceGroup membership for this service scheduler {{(pid=95795) start /opt/stack/nova/nova/service.py:222}}
Jun 10 13:15:56.986873 np0000002501 nova-scheduler[95795]: DEBUG nova.servicegroup.drivers.db [None req-2ed3fb3d-a23d-4794-bd98-8388e47fcbd2 None None] DB_Driver: join new ServiceGroup member np0000002501 to the scheduler group, service = {{(pid=95795) join /opt/stack/nova/nova/servicegroup/drivers/db.py:44}}
Jun 10 13:15:56.988706 np0000002501 nova-scheduler[95799]: DEBUG dbcounter [-] [95799] Writer thread running {{(pid=95799) stat_writer /opt/stack/data/venv/lib/python3.12/site-packages/dbcounter.py:102}}
Jun 10 13:15:56.992140 np0000002501 nova-scheduler[95799]: DEBUG nova.service [None req-00b95b43-4293-4d62-9291-bed46ae7fcf7 None None] Creating RPC server for service: nova-scheduler on topic: scheduler {{(pid=95799) start /opt/stack/nova/nova/service.py:196}}
Jun 10 13:15:56.997340 np0000002501 nova-scheduler[95797]: DEBUG nova.service [None req-1f8cfc82-279e-48be-88f0-1c688282d5f7 None None] Join ServiceGroup membership for this service scheduler {{(pid=95797) start /opt/stack/nova/nova/service.py:222}}
Jun 10 13:15:56.997579 np0000002501 nova-scheduler[95797]: DEBUG nova.servicegroup.drivers.db [None req-1f8cfc82-279e-48be-88f0-1c688282d5f7 None None] DB_Driver: join new ServiceGroup member np0000002501 to the scheduler group, service = {{(pid=95797) join /opt/stack/nova/nova/servicegroup/drivers/db.py:44}}
Jun 10 13:15:57.016728 np0000002501 nova-scheduler[95799]: DEBUG nova.service [None req-00b95b43-4293-4d62-9291-bed46ae7fcf7 None None] Join ServiceGroup membership for this service scheduler {{(pid=95799) start /opt/stack/nova/nova/service.py:222}}
Jun 10 13:15:57.016974 np0000002501 nova-scheduler[95799]: DEBUG nova.servicegroup.drivers.db [None req-00b95b43-4293-4d62-9291-bed46ae7fcf7 None None] DB_Driver: join new ServiceGroup member np0000002501 to the scheduler group, service = {{(pid=95799) join /opt/stack/nova/nova/servicegroup/drivers/db.py:44}}
Jun 10 13:16:02.000037 np0000002501 nova-scheduler[95795]: DEBUG oslo.service.backend._threading.loopingcall [-] Fixed interval looping call 'nova.servicegroup.drivers.db.DbDriver._report_state' sleeping for 119.99 seconds {{(pid=95795) _run_loop /opt/stack/data/venv/lib/python3.12/site-packages/oslo_service/backend/_threading/loopingcall.py:125}}
Jun 10 13:16:02.005961 np0000002501 nova-scheduler[95797]: DEBUG oslo.service.backend._threading.loopingcall [-] Fixed interval looping call 'nova.servicegroup.drivers.db.DbDriver._report_state' sleeping for 119.99 seconds {{(pid=95797) _run_loop /opt/stack/data/venv/lib/python3.12/site-packages/oslo_service/backend/_threading/loopingcall.py:125}}
Jun 10 13:16:02.028020 np0000002501 nova-scheduler[95799]: DEBUG oslo.service.backend._threading.loopingcall [-] Fixed interval looping call 'nova.servicegroup.drivers.db.DbDriver._report_state' sleeping for 119.99 seconds {{(pid=95799) _run_loop /opt/stack/data/venv/lib/python3.12/site-packages/oslo_service/backend/_threading/loopingcall.py:125}}
Jun 10 13:16:05.466076 np0000002501 nova-scheduler[94527]: DEBUG dbcounter [-] [94527] Writing DB stats nova_api:SELECT=3 {{(pid=94527) stat_writer /opt/stack/data/venv/lib/python3.12/site-packages/dbcounter.py:115}}
Jun 10 13:16:05.611035 np0000002501 nova-scheduler[94527]: DEBUG dbcounter [-] [94527] Writing DB stats nova_cell0:SELECT=1 {{(pid=94527) stat_writer /opt/stack/data/venv/lib/python3.12/site-packages/dbcounter.py:115}}
Jun 10 13:16:05.615413 np0000002501 nova-scheduler[94527]: DEBUG dbcounter [-] [94527] Writing DB stats nova_cell1:SELECT=1 {{(pid=94527) stat_writer /opt/stack/data/venv/lib/python3.12/site-packages/dbcounter.py:115}}
Jun 10 13:16:11.997042 np0000002501 nova-scheduler[95795]: DEBUG dbcounter [-] [95795] Writing DB stats nova_cell0:SELECT=4,nova_cell0:INSERT=1,nova_cell0:UPDATE=1 {{(pid=95795) stat_writer /opt/stack/data/venv/lib/python3.12/site-packages/dbcounter.py:115}}
Jun 10 13:16:11.999601 np0000002501 nova-scheduler[95797]: DEBUG oslo.service.backend._threading.loopingcall [None req-2be6c3fc-091e-429a-b45a-036aebb19bdb None None] Dynamic interval looping call 'nova.service.Service.periodic_tasks' sleeping for 60.00 seconds {{(pid=95797) _run_loop /opt/stack/data/venv/lib/python3.12/site-packages/oslo_service/backend/_threading/loopingcall.py:125}}
Jun 10 13:16:12.007370 np0000002501 nova-scheduler[95797]: DEBUG dbcounter [-] [95797] Writing DB stats nova_cell0:SELECT=5,nova_cell0:INSERT=1 {{(pid=95797) stat_writer /opt/stack/data/venv/lib/python3.12/site-packages/dbcounter.py:115}}
Jun 10 13:16:12.025224 np0000002501 nova-scheduler[95799]: DEBUG dbcounter [-] [95799] Writing DB stats nova_cell0:SELECT=3 {{(pid=95799) stat_writer /opt/stack/data/venv/lib/python3.12/site-packages/dbcounter.py:115}}
Jun 10 13:16:27.989049 np0000002501 nova-scheduler[95795]: DEBUG oslo.service.backend._threading.loopingcall [None req-499fd212-8ef1-4ce6-9d18-84c98dec90cf None None] Dynamic interval looping call 'nova.service.Service.periodic_tasks' sleeping for 60.00 seconds {{(pid=95795) _run_loop /opt/stack/data/venv/lib/python3.12/site-packages/oslo_service/backend/_threading/loopingcall.py:125}}
Jun 10 13:16:30.019301 np0000002501 nova-scheduler[95799]: DEBUG oslo.service.backend._threading.loopingcall [None req-fbb0f982-4e99-4dfc-80cc-987d49ccd8f3 None None] Dynamic interval looping call 'nova.service.Service.periodic_tasks' sleeping for 60.00 seconds {{(pid=95799) _run_loop /opt/stack/data/venv/lib/python3.12/site-packages/oslo_service/backend/_threading/loopingcall.py:125}}
Jun 10 13:17:12.000123 np0000002501 nova-scheduler[95797]: DEBUG oslo.service.backend._threading.loopingcall [None req-2be6c3fc-091e-429a-b45a-036aebb19bdb None None] Dynamic interval looping call 'nova.service.Service.periodic_tasks' sleeping for 60.00 seconds {{(pid=95797) _run_loop /opt/stack/data/venv/lib/python3.12/site-packages/oslo_service/backend/_threading/loopingcall.py:125}}
Jun 10 13:17:27.989601 np0000002501 nova-scheduler[95795]: DEBUG oslo.service.backend._threading.loopingcall [None req-499fd212-8ef1-4ce6-9d18-84c98dec90cf None None] Dynamic interval looping call 'nova.service.Service.periodic_tasks' sleeping for 60.00 seconds {{(pid=95795) _run_loop /opt/stack/data/venv/lib/python3.12/site-packages/oslo_service/backend/_threading/loopingcall.py:125}}
Jun 10 13:17:30.019733 np0000002501 nova-scheduler[95799]: DEBUG oslo.service.backend._threading.loopingcall [None req-fbb0f982-4e99-4dfc-80cc-987d49ccd8f3 None None] Dynamic interval looping call 'nova.service.Service.periodic_tasks' sleeping for 60.00 seconds {{(pid=95799) _run_loop /opt/stack/data/venv/lib/python3.12/site-packages/oslo_service/backend/_threading/loopingcall.py:125}}
Jun 10 13:18:01.997620 np0000002501 nova-scheduler[95795]: DEBUG oslo.service.backend._threading.loopingcall [-] Fixed interval looping call 'nova.servicegroup.drivers.db.DbDriver._report_state' sleeping for 119.99 seconds {{(pid=95795) _run_loop /opt/stack/data/venv/lib/python3.12/site-packages/oslo_service/backend/_threading/loopingcall.py:125}}
Jun 10 13:18:01.999633 np0000002501 nova-scheduler[95797]: DEBUG oslo.service.backend._threading.loopingcall [-] Fixed interval looping call 'nova.servicegroup.drivers.db.DbDriver._report_state' sleeping for 120.00 seconds {{(pid=95797) _run_loop /opt/stack/data/venv/lib/python3.12/site-packages/oslo_service/backend/_threading/loopingcall.py:125}}
Jun 10 13:18:02.023399 np0000002501 nova-scheduler[95799]: DEBUG oslo.service.backend._threading.loopingcall [-] Fixed interval looping call 'nova.servicegroup.drivers.db.DbDriver._report_state' sleeping for 120.00 seconds {{(pid=95799) _run_loop /opt/stack/data/venv/lib/python3.12/site-packages/oslo_service/backend/_threading/loopingcall.py:125}}
Jun 10 13:18:11.993845 np0000002501 nova-scheduler[95795]: DEBUG dbcounter [-] [95795] Writing DB stats nova_cell0:SELECT=1,nova_cell0:UPDATE=1 {{(pid=95795) stat_writer /opt/stack/data/venv/lib/python3.12/site-packages/dbcounter.py:115}}
Jun 10 13:18:11.997779 np0000002501 nova-scheduler[95797]: DEBUG dbcounter [-] [95797] Writing DB stats nova_cell0:SELECT=1 {{(pid=95797) stat_writer /opt/stack/data/venv/lib/python3.12/site-packages/dbcounter.py:115}}
Jun 10 13:18:12.000618 np0000002501 nova-scheduler[95797]: DEBUG oslo.service.backend._threading.loopingcall [None req-2be6c3fc-091e-429a-b45a-036aebb19bdb None None] Dynamic interval looping call 'nova.service.Service.periodic_tasks' sleeping for 60.00 seconds {{(pid=95797) _run_loop /opt/stack/data/venv/lib/python3.12/site-packages/oslo_service/backend/_threading/loopingcall.py:125}}
Jun 10 13:18:12.021743 np0000002501 nova-scheduler[95799]: DEBUG dbcounter [-] [95799] Writing DB stats nova_cell0:SELECT=1 {{(pid=95799) stat_writer /opt/stack/data/venv/lib/python3.12/site-packages/dbcounter.py:115}}
Jun 10 13:18:27.990143 np0000002501 nova-scheduler[95795]: DEBUG oslo.service.backend._threading.loopingcall [None req-499fd212-8ef1-4ce6-9d18-84c98dec90cf None None] Dynamic interval looping call 'nova.service.Service.periodic_tasks' sleeping for 60.00 seconds {{(pid=95795) _run_loop /opt/stack/data/venv/lib/python3.12/site-packages/oslo_service/backend/_threading/loopingcall.py:125}}
Jun 10 13:18:30.020821 np0000002501 nova-scheduler[95799]: DEBUG oslo.service.backend._threading.loopingcall [None req-fbb0f982-4e99-4dfc-80cc-987d49ccd8f3 None None] Dynamic interval looping call 'nova.service.Service.periodic_tasks' sleeping for 60.00 seconds {{(pid=95799) _run_loop /opt/stack/data/venv/lib/python3.12/site-packages/oslo_service/backend/_threading/loopingcall.py:125}}
Jun 10 13:18:42.185285 np0000002501 nova-scheduler[95795]: DEBUG nova.scheduler.manager [None req-0ac28714-328f-42a5-bd25-9ccf5487314f tempest-ServerBootFromVolumeStableRescueTest-2063697584 tempest-ServerBootFromVolumeStableRescueTest-2063697584-project-member] Starting to schedule for instances: ['01efcd86-5215-421f-af71-851413265b46'] {{(pid=95795) select_destinations /opt/stack/nova/nova/scheduler/manager.py:210}}
Jun 10 13:18:42.186162 np0000002501 nova-scheduler[95795]: DEBUG nova.scheduler.request_filter [None req-0ac28714-328f-42a5-bd25-9ccf5487314f tempest-ServerBootFromVolumeStableRescueTest-2063697584 tempest-ServerBootFromVolumeStableRescueTest-2063697584-project-member] compute_status_filter request filter added forbidden trait COMPUTE_STATUS_DISABLED {{(pid=95795) compute_status_filter /opt/stack/nova/nova/scheduler/request_filter.py:253}}
Jun 10 13:18:42.186436 np0000002501 nova-scheduler[95795]: DEBUG nova.scheduler.request_filter [None req-0ac28714-328f-42a5-bd25-9ccf5487314f tempest-ServerBootFromVolumeStableRescueTest-2063697584 tempest-ServerBootFromVolumeStableRescueTest-2063697584-project-member] Request filter 'compute_status_filter' took 0.0 seconds {{(pid=95795) wrapper /opt/stack/nova/nova/scheduler/request_filter.py:46}}
Jun 10 13:18:42.187203 np0000002501 nova-scheduler[95795]: DEBUG nova.scheduler.request_filter [None req-0ac28714-328f-42a5-bd25-9ccf5487314f tempest-ServerBootFromVolumeStableRescueTest-2063697584 tempest-ServerBootFromVolumeStableRescueTest-2063697584-project-member] Request filter 'accelerators_filter' took 0.0 seconds {{(pid=95795) wrapper /opt/stack/nova/nova/scheduler/request_filter.py:46}}
Jun 10 13:18:42.187203 np0000002501 nova-scheduler[95795]: DEBUG nova.scheduler.request_filter [None req-0ac28714-328f-42a5-bd25-9ccf5487314f tempest-ServerBootFromVolumeStableRescueTest-2063697584 tempest-ServerBootFromVolumeStableRescueTest-2063697584-project-member] Request filter 'packed_virtqueue_filter' took 0.0 seconds {{(pid=95795) wrapper /opt/stack/nova/nova/scheduler/request_filter.py:46}}
Jun 10 13:18:42.187649 np0000002501 nova-scheduler[95795]: DEBUG nova.scheduler.request_filter [None req-0ac28714-328f-42a5-bd25-9ccf5487314f tempest-ServerBootFromVolumeStableRescueTest-2063697584 tempest-ServerBootFromVolumeStableRescueTest-2063697584-project-member] Request filter 'remote_managed_ports_filter' took 0.0 seconds {{(pid=95795) wrapper /opt/stack/nova/nova/scheduler/request_filter.py:46}}
Jun 10 13:18:42.189652 np0000002501 nova-scheduler[95795]: DEBUG nova.scheduler.request_filter [None req-0ac28714-328f-42a5-bd25-9ccf5487314f tempest-ServerBootFromVolumeStableRescueTest-2063697584 tempest-ServerBootFromVolumeStableRescueTest-2063697584-project-member] ephemeral_encryption_filter skipped {{(pid=95795) ephemeral_encryption_filter /opt/stack/nova/nova/scheduler/request_filter.py:426}}
Jun 10 13:18:42.189652 np0000002501 nova-scheduler[95795]: DEBUG nova.scheduler.request_filter [None req-0ac28714-328f-42a5-bd25-9ccf5487314f tempest-ServerBootFromVolumeStableRescueTest-2063697584 tempest-ServerBootFromVolumeStableRescueTest-2063697584-project-member] virtio_sound_filter skipped {{(pid=95795) virtio_sound_filter /opt/stack/nova/nova/scheduler/request_filter.py:460}}
Jun 10 13:18:42.189652 np0000002501 nova-scheduler[95795]: DEBUG nova.scheduler.request_filter [None req-0ac28714-328f-42a5-bd25-9ccf5487314f tempest-ServerBootFromVolumeStableRescueTest-2063697584 tempest-ServerBootFromVolumeStableRescueTest-2063697584-project-member] tpm_secret_security_filter skipped {{(pid=95795) tpm_secret_security_filter /opt/stack/nova/nova/scheduler/request_filter.py:477}}
Jun 10 13:18:42.764828 np0000002501 nova-scheduler[95795]: INFO nova.utils [None req-0ac28714-328f-42a5-bd25-9ccf5487314f tempest-ServerBootFromVolumeStableRescueTest-2063697584 tempest-ServerBootFromVolumeStableRescueTest-2063697584-project-member] The cell worker thread pool ForkProcess-1.cell_worker is initialized
Jun 10 13:18:42.765412 np0000002501 nova-scheduler[95795]: DEBUG oslo_concurrency.lockutils [None req-0ac28714-328f-42a5-bd25-9ccf5487314f tempest-ServerBootFromVolumeStableRescueTest-2063697584 tempest-ServerBootFromVolumeStableRescueTest-2063697584-project-member] Acquiring lock "30542702-5fd8-4e10-a4bf-7a340024f059" by "nova.context.set_target_cell..get_or_set_cached_cell_and_set_connections" {{(pid=95795) inner /opt/stack/data/venv/lib/python3.12/site-packages/oslo_concurrency/lockutils.py:511}}
Jun 10 13:18:42.765514 np0000002501 nova-scheduler[95795]: DEBUG oslo_concurrency.lockutils [None req-0ac28714-328f-42a5-bd25-9ccf5487314f tempest-ServerBootFromVolumeStableRescueTest-2063697584 tempest-ServerBootFromVolumeStableRescueTest-2063697584-project-member] Lock "30542702-5fd8-4e10-a4bf-7a340024f059" acquired by "nova.context.set_target_cell..get_or_set_cached_cell_and_set_connections" :: waited 0.000s {{(pid=95795) inner /opt/stack/data/venv/lib/python3.12/site-packages/oslo_concurrency/lockutils.py:524}}
Jun 10 13:18:42.767647 np0000002501 nova-scheduler[95795]: DEBUG oslo_concurrency.lockutils [None req-0ac28714-328f-42a5-bd25-9ccf5487314f tempest-ServerBootFromVolumeStableRescueTest-2063697584 tempest-ServerBootFromVolumeStableRescueTest-2063697584-project-member] Lock "30542702-5fd8-4e10-a4bf-7a340024f059" "released" by "nova.context.set_target_cell..get_or_set_cached_cell_and_set_connections" :: held 0.002s {{(pid=95795) inner /opt/stack/data/venv/lib/python3.12/site-packages/oslo_concurrency/lockutils.py:543}}
Jun 10 13:18:42.770893 np0000002501 nova-scheduler[95795]: INFO dbcounter [None req-0ac28714-328f-42a5-bd25-9ccf5487314f tempest-ServerBootFromVolumeStableRescueTest-2063697584 tempest-ServerBootFromVolumeStableRescueTest-2063697584-project-member] Registered counter for database nova_cell1
Jun 10 13:18:42.821531 np0000002501 nova-scheduler[95795]: DEBUG oslo_db.sqlalchemy.engines [None req-0ac28714-328f-42a5-bd25-9ccf5487314f tempest-ServerBootFromVolumeStableRescueTest-2063697584 tempest-ServerBootFromVolumeStableRescueTest-2063697584-project-member] MySQL server mode set to STRICT_TRANS_TABLES,STRICT_ALL_TABLES,NO_ZERO_IN_DATE,NO_ZERO_DATE,ERROR_FOR_DIVISION_BY_ZERO,TRADITIONAL,NO_ENGINE_SUBSTITUTION {{(pid=95795) _check_effective_sql_mode /opt/stack/data/venv/lib/python3.12/site-packages/oslo_db/sqlalchemy/engines.py:325}}
Jun 10 13:18:42.829381 np0000002501 nova-scheduler[95795]: DEBUG dbcounter [-] [95795] Writer thread running {{(pid=95795) stat_writer /opt/stack/data/venv/lib/python3.12/site-packages/dbcounter.py:102}}
Jun 10 13:18:42.843753 np0000002501 nova-scheduler[95795]: DEBUG oslo_db.sqlalchemy.engines [None req-0ac28714-328f-42a5-bd25-9ccf5487314f tempest-ServerBootFromVolumeStableRescueTest-2063697584 tempest-ServerBootFromVolumeStableRescueTest-2063697584-project-member] Parent process 94527 forked (95795) with an open database connection, which is being discarded and recreated. {{(pid=95795) checkout /opt/stack/data/venv/lib/python3.12/site-packages/oslo_db/sqlalchemy/engines.py:402}}
Jun 10 13:18:42.894866 np0000002501 nova-scheduler[95795]: DEBUG dbcounter [-] [95795] Writer thread running {{(pid=95795) stat_writer /opt/stack/data/venv/lib/python3.12/site-packages/dbcounter.py:102}}
Jun 10 13:18:42.899456 np0000002501 nova-scheduler[95795]: DEBUG oslo_concurrency.lockutils [None req-0ac28714-328f-42a5-bd25-9ccf5487314f tempest-ServerBootFromVolumeStableRescueTest-2063697584 tempest-ServerBootFromVolumeStableRescueTest-2063697584-project-member] Acquiring lock "30542702-5fd8-4e10-a4bf-7a340024f059" by "nova.context.set_target_cell..get_or_set_cached_cell_and_set_connections" {{(pid=95795) inner /opt/stack/data/venv/lib/python3.12/site-packages/oslo_concurrency/lockutils.py:511}}
Jun 10 13:18:42.899705 np0000002501 nova-scheduler[95795]: DEBUG oslo_concurrency.lockutils [None req-0ac28714-328f-42a5-bd25-9ccf5487314f tempest-ServerBootFromVolumeStableRescueTest-2063697584 tempest-ServerBootFromVolumeStableRescueTest-2063697584-project-member] Lock "30542702-5fd8-4e10-a4bf-7a340024f059" acquired by "nova.context.set_target_cell..get_or_set_cached_cell_and_set_connections" :: waited 0.000s {{(pid=95795) inner /opt/stack/data/venv/lib/python3.12/site-packages/oslo_concurrency/lockutils.py:524}}
Jun 10 13:18:42.900007 np0000002501 nova-scheduler[95795]: DEBUG oslo_concurrency.lockutils [None req-0ac28714-328f-42a5-bd25-9ccf5487314f tempest-ServerBootFromVolumeStableRescueTest-2063697584 tempest-ServerBootFromVolumeStableRescueTest-2063697584-project-member] Lock "30542702-5fd8-4e10-a4bf-7a340024f059" "released" by "nova.context.set_target_cell..get_or_set_cached_cell_and_set_connections" :: held 0.000s {{(pid=95795) inner /opt/stack/data/venv/lib/python3.12/site-packages/oslo_concurrency/lockutils.py:543}}
Jun 10 13:18:42.905252 np0000002501 nova-scheduler[95795]: DEBUG oslo_concurrency.lockutils [None req-0ac28714-328f-42a5-bd25-9ccf5487314f tempest-ServerBootFromVolumeStableRescueTest-2063697584 tempest-ServerBootFromVolumeStableRescueTest-2063697584-project-member] Acquiring lock "('np0000002501', 'np0000002501')" by "nova.scheduler.host_manager.HostState.update.._locked_update" {{(pid=95795) inner /opt/stack/data/venv/lib/python3.12/site-packages/oslo_concurrency/lockutils.py:511}}
Jun 10 13:18:42.905513 np0000002501 nova-scheduler[95795]: DEBUG oslo_concurrency.lockutils [None req-0ac28714-328f-42a5-bd25-9ccf5487314f tempest-ServerBootFromVolumeStableRescueTest-2063697584 tempest-ServerBootFromVolumeStableRescueTest-2063697584-project-member] Lock "('np0000002501', 'np0000002501')" acquired by "nova.scheduler.host_manager.HostState.update.._locked_update" :: waited 0.000s {{(pid=95795) inner /opt/stack/data/venv/lib/python3.12/site-packages/oslo_concurrency/lockutils.py:524}}
Jun 10 13:18:42.906949 np0000002501 nova-scheduler[95795]: DEBUG nova.scheduler.host_manager [None req-0ac28714-328f-42a5-bd25-9ccf5487314f tempest-ServerBootFromVolumeStableRescueTest-2063697584 tempest-ServerBootFromVolumeStableRescueTest-2063697584-project-member] Update host state from compute node: ComputeNode(cpu_allocation_ratio=4.0,cpu_info='{"arch": "x86_64", "model": "EPYC-Milan", "vendor": "AMD", "topology": {"cells": 1, "sockets": 12, "cores": 1, "threads": 1}, "maxphysaddr": {"mode": "emulate", "bits": 40}, "features": ["pge", "msr", "tsc", "fxsr_opt", "rdseed", "smep", "tsc-scale", "vgif", "ibrs", "fsgsbase", "perfctr_core", "svme-addr-chk", "bmi1", "invpcid", "misalignsse", "adx", "movbe", "ssbd", "fpu", "pku", "flushbyasid", "skip-l1dfl-vmentry", "clwb", "rdtscp", "mmx", "cmov", "pni", "avx2", "lfence-always-serializing", "xsaves", "null-sel-clr-base", "rdctl-no", "cr8legacy", "erms", "osvw", "xsaveopt", "xsave", "amd-stibp", "sse4a", "clflushopt", "cx8", "cx16", "wbnoinvd", "pse", "sse2", "sep", "pae", "v-vmsave-vmload", "fxsr", "sha-ni", "hypervisor", "no-nested-data-bp", "sse4.2", "sse", "tsc_adjust", "mca", "lm", "svm", "stibp-always-on", "syscall", "pfthreshold", "vme", "mtrr", "tsc-deadline", "mds-no", "pause-filter", "rdpid", "smap", "fsrm", "fma", "npt", "ibpb", "vaes", "arat", "apic", "mmxext", "pcid", "stibp", "amd-psfd", "clzero", "3dnowprefetch", "mce", "pclmuldq", "gds-no", "pat", "avx", "pschange-mc-no", "popcnt", "sse4.1", "clflush", "lbrv", "amd-ssbd", "pse36", "lahf_lm", "ssse3", "pdpe1gb", "abm", "rdrand", "aes", "x2apic", "nx", "topoext", "virt-ssbd", "vpclmulqdq", "f16c", "nrip-save", "xgetbv1", "de", "xsavec", "xsaveerptr", "bmi2", "arch-capabilities", "cmp_legacy", "umip", "vmcb-clean", "spec-ctrl"]}',created_at=2026-06-10T13:16:21Z,current_workload=0,deleted=False,deleted_at=None,disk_allocation_ratio=1.0,disk_available_least=74,free_disk_gb=95,free_ram_mb=23518,host='np0000002501',host_ip=10.4.3.74,hypervisor_hostname='np0000002501',hypervisor_type='QEMU',hypervisor_version=8002002,id=1,local_gb=95,local_gb_used=0,mapped=1,memory_mb=24030,memory_mb_used=512,metrics='[]',numa_topology='{"nova_object.name": "NUMATopology", "nova_object.namespace": "nova", "nova_object.version": "1.2", "nova_object.data": {"cells": [{"nova_object.name": "NUMACell", "nova_object.namespace": "nova", "nova_object.version": "1.5", "nova_object.data": {"id": 0, "cpuset": [0, 1, 2, 3, 4, 5, 6, 7, 8, 9, 10, 11], "pcpuset": [0, 1, 2, 3, 4, 5, 6, 7, 8, 9, 10, 11], "memory": 24030, "cpu_usage": 0, "memory_usage": 0, "pinned_cpus": [], "siblings": [[6], [2], [5], [11], [8], [4], [1], [7], [10], [0], [3], [9]], "mempages": [{"nova_object.name": "NUMAPagesTopology", "nova_object.namespace": "nova", "nova_object.version": "1.1", "nova_object.data": {"size_kb": 4, "total": 6151796, "used": 0, "reserved": 0}, "nova_object.changes": ["total", "reserved", "size_kb", "used"]}, {"nova_object.name": "NUMAPagesTopology", "nova_object.namespace": "nova", "nova_object.version": "1.1", "nova_object.data": {"size_kb": 2048, "total": 0, "used": 0, "reserved": 0}, "nova_object.changes": ["total", "reserved", "size_kb", "used"]}, {"nova_object.name": "NUMAPagesTopology", "nova_object.namespace": "nova", "nova_object.version": "1.1", "nova_object.data": {"size_kb": 1048576, "total": 0, "used": 0, "reserved": 0}, "nova_object.changes": ["total", "reserved", "size_kb", "used"]}], "network_metadata": {"nova_object.name": "NetworkMetadata", "nova_object.namespace": "nova", "nova_object.version": "1.0", "nova_object.data": {"physnets": [], "tunneled": false}, "nova_object.changes": ["physnets", "tunneled"]}, "socket": null}, "nova_object.changes": ["cpu_usage", "cpuset", "socket", "pinned_cpus", "memory", "id", "network_metadata", "pcpuset", "siblings", "mempages", "memory_usage"]}]}, "nova_object.changes": ["cells"]}',pci_device_pools=PciDevicePoolList,ram_allocation_ratio=1.0,running_vms=0,service_id=2,stats={failed_builds='0',uptime=' 13:18:07 up 26 min, 2 users, load average: 1.11, 1.38, 0.81
Jun 10 13:18:42.906949 np0000002501 nova-scheduler[95795]: '},supported_hv_specs=[HVSpec,HVSpec,HVSpec,HVSpec,HVSpec,HVSpec,HVSpec,HVSpec,HVSpec,HVSpec,HVSpec,HVSpec,HVSpec,HVSpec,HVSpec,HVSpec,HVSpec,HVSpec,HVSpec,HVSpec,HVSpec,HVSpec,HVSpec,HVSpec,HVSpec],updated_at=2026-06-10T13:18:09Z,uuid=d392ad4d-5026-4fbe-8fe5-6612641d498e,vcpus=12,vcpus_used=0) {{(pid=95795) _locked_update /opt/stack/nova/nova/scheduler/host_manager.py:168}}
Jun 10 13:18:42.908234 np0000002501 nova-scheduler[95795]: DEBUG nova.scheduler.host_manager [None req-0ac28714-328f-42a5-bd25-9ccf5487314f tempest-ServerBootFromVolumeStableRescueTest-2063697584 tempest-ServerBootFromVolumeStableRescueTest-2063697584-project-member] Update host state with aggregates: [] {{(pid=95795) _locked_update /opt/stack/nova/nova/scheduler/host_manager.py:171}}
Jun 10 13:18:42.908234 np0000002501 nova-scheduler[95795]: DEBUG nova.scheduler.host_manager [None req-0ac28714-328f-42a5-bd25-9ccf5487314f tempest-ServerBootFromVolumeStableRescueTest-2063697584 tempest-ServerBootFromVolumeStableRescueTest-2063697584-project-member] Update host state with service dict: {'id': 2, 'uuid': '6f5c7ddb-ee8f-4e79-a4f7-5099fcf72cca', 'host': 'np0000002501', 'binary': 'nova-compute', 'topic': 'compute', 'report_count': 2, 'disabled': False, 'disabled_reason': None, 'last_seen_up': datetime.datetime(2026, 6, 10, 13, 18, 30, tzinfo=datetime.timezone.utc), 'forced_down': False, 'version': 72, 'created_at': datetime.datetime(2026, 6, 10, 13, 16, 20, tzinfo=datetime.timezone.utc), 'updated_at': datetime.datetime(2026, 6, 10, 13, 18, 30, tzinfo=datetime.timezone.utc), 'deleted_at': None, 'deleted': False} {{(pid=95795) _locked_update /opt/stack/nova/nova/scheduler/host_manager.py:174}}
Jun 10 13:18:42.908519 np0000002501 nova-scheduler[95795]: DEBUG nova.scheduler.host_manager [None req-0ac28714-328f-42a5-bd25-9ccf5487314f tempest-ServerBootFromVolumeStableRescueTest-2063697584 tempest-ServerBootFromVolumeStableRescueTest-2063697584-project-member] Update host state with instances: [] {{(pid=95795) _locked_update /opt/stack/nova/nova/scheduler/host_manager.py:177}}
Jun 10 13:18:42.908519 np0000002501 nova-scheduler[95795]: DEBUG oslo_concurrency.lockutils [None req-0ac28714-328f-42a5-bd25-9ccf5487314f tempest-ServerBootFromVolumeStableRescueTest-2063697584 tempest-ServerBootFromVolumeStableRescueTest-2063697584-project-member] Lock "('np0000002501', 'np0000002501')" "released" by "nova.scheduler.host_manager.HostState.update.._locked_update" :: held 0.003s {{(pid=95795) inner /opt/stack/data/venv/lib/python3.12/site-packages/oslo_concurrency/lockutils.py:543}}
Jun 10 13:18:42.909340 np0000002501 nova-scheduler[95795]: DEBUG nova.filters [None req-0ac28714-328f-42a5-bd25-9ccf5487314f tempest-ServerBootFromVolumeStableRescueTest-2063697584 tempest-ServerBootFromVolumeStableRescueTest-2063697584-project-member] Starting with 1 host(s) {{(pid=95795) get_filtered_objects /opt/stack/nova/nova/filters.py:70}}
Jun 10 13:18:42.909340 np0000002501 nova-scheduler[95795]: DEBUG nova.filters [None req-0ac28714-328f-42a5-bd25-9ccf5487314f tempest-ServerBootFromVolumeStableRescueTest-2063697584 tempest-ServerBootFromVolumeStableRescueTest-2063697584-project-member] Filter ComputeFilter returned 1 host(s) {{(pid=95795) get_filtered_objects /opt/stack/nova/nova/filters.py:102}}
Jun 10 13:18:42.909551 np0000002501 nova-scheduler[95795]: DEBUG nova.filters [None req-0ac28714-328f-42a5-bd25-9ccf5487314f tempest-ServerBootFromVolumeStableRescueTest-2063697584 tempest-ServerBootFromVolumeStableRescueTest-2063697584-project-member] Filter ComputeCapabilitiesFilter returned 1 host(s) {{(pid=95795) get_filtered_objects /opt/stack/nova/nova/filters.py:102}}
Jun 10 13:18:42.909840 np0000002501 nova-scheduler[95795]: DEBUG nova.filters [None req-0ac28714-328f-42a5-bd25-9ccf5487314f tempest-ServerBootFromVolumeStableRescueTest-2063697584 tempest-ServerBootFromVolumeStableRescueTest-2063697584-project-member] Filter ImagePropertiesFilter returned 1 host(s) {{(pid=95795) get_filtered_objects /opt/stack/nova/nova/filters.py:102}}
Jun 10 13:18:42.909974 np0000002501 nova-scheduler[95795]: DEBUG nova.filters [None req-0ac28714-328f-42a5-bd25-9ccf5487314f tempest-ServerBootFromVolumeStableRescueTest-2063697584 tempest-ServerBootFromVolumeStableRescueTest-2063697584-project-member] Filter ServerGroupAntiAffinityFilter returned 1 host(s) {{(pid=95795) get_filtered_objects /opt/stack/nova/nova/filters.py:102}}
Jun 10 13:18:42.910148 np0000002501 nova-scheduler[95795]: DEBUG nova.filters [None req-0ac28714-328f-42a5-bd25-9ccf5487314f tempest-ServerBootFromVolumeStableRescueTest-2063697584 tempest-ServerBootFromVolumeStableRescueTest-2063697584-project-member] Filter ServerGroupAffinityFilter returned 1 host(s) {{(pid=95795) get_filtered_objects /opt/stack/nova/nova/filters.py:102}}
Jun 10 13:18:42.910304 np0000002501 nova-scheduler[95795]: DEBUG nova.filters [None req-0ac28714-328f-42a5-bd25-9ccf5487314f tempest-ServerBootFromVolumeStableRescueTest-2063697584 tempest-ServerBootFromVolumeStableRescueTest-2063697584-project-member] Filter SameHostFilter returned 1 host(s) {{(pid=95795) get_filtered_objects /opt/stack/nova/nova/filters.py:102}}
Jun 10 13:18:42.910519 np0000002501 nova-scheduler[95795]: DEBUG nova.filters [None req-0ac28714-328f-42a5-bd25-9ccf5487314f tempest-ServerBootFromVolumeStableRescueTest-2063697584 tempest-ServerBootFromVolumeStableRescueTest-2063697584-project-member] Filter DifferentHostFilter returned 1 host(s) {{(pid=95795) get_filtered_objects /opt/stack/nova/nova/filters.py:102}}
Jun 10 13:18:42.910662 np0000002501 nova-scheduler[95795]: DEBUG nova.scheduler.manager [None req-0ac28714-328f-42a5-bd25-9ccf5487314f tempest-ServerBootFromVolumeStableRescueTest-2063697584 tempest-ServerBootFromVolumeStableRescueTest-2063697584-project-member] Filtered [(np0000002501, np0000002501) ram: 23518MB disk: 75776MB io_ops: 0 instances: 0, allocation_candidates: 1] {{(pid=95795) _get_sorted_hosts /opt/stack/nova/nova/scheduler/manager.py:743}}
Jun 10 13:18:42.911628 np0000002501 nova-scheduler[95795]: DEBUG nova.scheduler.manager [None req-0ac28714-328f-42a5-bd25-9ccf5487314f tempest-ServerBootFromVolumeStableRescueTest-2063697584 tempest-ServerBootFromVolumeStableRescueTest-2063697584-project-member] Weighed [WeighedHost [host: (np0000002501, np0000002501) ram: 23518MB disk: 75776MB io_ops: 0 instances: 0, allocation_candidates: 1, weight: 0.0]] {{(pid=95795) _get_sorted_hosts /opt/stack/nova/nova/scheduler/manager.py:765}}
Jun 10 13:18:42.911628 np0000002501 nova-scheduler[95795]: DEBUG nova.scheduler.utils [None req-0ac28714-328f-42a5-bd25-9ccf5487314f tempest-ServerBootFromVolumeStableRescueTest-2063697584 tempest-ServerBootFromVolumeStableRescueTest-2063697584-project-member] Attempting to claim resources in the placement API for instance 01efcd86-5215-421f-af71-851413265b46 {{(pid=95795) claim_resources /opt/stack/nova/nova/scheduler/utils.py:1345}}
Jun 10 13:18:43.113168 np0000002501 nova-scheduler[95795]: DEBUG nova.scheduler.manager [None req-0ac28714-328f-42a5-bd25-9ccf5487314f tempest-ServerBootFromVolumeStableRescueTest-2063697584 tempest-ServerBootFromVolumeStableRescueTest-2063697584-project-member] [instance: 01efcd86-5215-421f-af71-851413265b46] Selected host: (np0000002501, np0000002501) ram: 23518MB disk: 75776MB io_ops: 0 instances: 0, allocation_candidates: 1 {{(pid=95795) _consume_selected_host /opt/stack/nova/nova/scheduler/manager.py:625}}
Jun 10 13:18:43.113521 np0000002501 nova-scheduler[95795]: DEBUG oslo_concurrency.lockutils [None req-0ac28714-328f-42a5-bd25-9ccf5487314f tempest-ServerBootFromVolumeStableRescueTest-2063697584 tempest-ServerBootFromVolumeStableRescueTest-2063697584-project-member] Acquiring lock "('np0000002501', 'np0000002501')" by "nova.scheduler.host_manager.HostState.consume_from_request.._locked" {{(pid=95795) inner /opt/stack/data/venv/lib/python3.12/site-packages/oslo_concurrency/lockutils.py:511}}
Jun 10 13:18:43.114151 np0000002501 nova-scheduler[95795]: DEBUG oslo_concurrency.lockutils [None req-0ac28714-328f-42a5-bd25-9ccf5487314f tempest-ServerBootFromVolumeStableRescueTest-2063697584 tempest-ServerBootFromVolumeStableRescueTest-2063697584-project-member] Lock "('np0000002501', 'np0000002501')" acquired by "nova.scheduler.host_manager.HostState.consume_from_request.._locked" :: waited 0.000s {{(pid=95795) inner /opt/stack/data/venv/lib/python3.12/site-packages/oslo_concurrency/lockutils.py:524}}
Jun 10 13:18:43.114151 np0000002501 nova-scheduler[95795]: DEBUG oslo_concurrency.lockutils [None req-0ac28714-328f-42a5-bd25-9ccf5487314f tempest-ServerBootFromVolumeStableRescueTest-2063697584 tempest-ServerBootFromVolumeStableRescueTest-2063697584-project-member] Lock "('np0000002501', 'np0000002501')" "released" by "nova.scheduler.host_manager.HostState.consume_from_request.._locked" :: held 0.000s {{(pid=95795) inner /opt/stack/data/venv/lib/python3.12/site-packages/oslo_concurrency/lockutils.py:543}}
Jun 10 13:18:45.448423 np0000002501 nova-scheduler[95797]: DEBUG nova.scheduler.manager [None req-83ea4dc4-02ef-4679-aaee-a7589c795057 tempest-DeleteServersTestJSON-2008114193 tempest-DeleteServersTestJSON-2008114193-project-member] Starting to schedule for instances: ['a1f03684-6eb3-406e-91ad-eb6eebac100b'] {{(pid=95797) select_destinations /opt/stack/nova/nova/scheduler/manager.py:210}}
Jun 10 13:18:45.448988 np0000002501 nova-scheduler[95797]: DEBUG nova.scheduler.request_filter [None req-83ea4dc4-02ef-4679-aaee-a7589c795057 tempest-DeleteServersTestJSON-2008114193 tempest-DeleteServersTestJSON-2008114193-project-member] compute_status_filter request filter added forbidden trait COMPUTE_STATUS_DISABLED {{(pid=95797) compute_status_filter /opt/stack/nova/nova/scheduler/request_filter.py:253}}
Jun 10 13:18:45.449107 np0000002501 nova-scheduler[95797]: DEBUG nova.scheduler.request_filter [None req-83ea4dc4-02ef-4679-aaee-a7589c795057 tempest-DeleteServersTestJSON-2008114193 tempest-DeleteServersTestJSON-2008114193-project-member] Request filter 'compute_status_filter' took 0.0 seconds {{(pid=95797) wrapper /opt/stack/nova/nova/scheduler/request_filter.py:46}}
Jun 10 13:18:45.450444 np0000002501 nova-scheduler[95797]: DEBUG nova.scheduler.request_filter [None req-83ea4dc4-02ef-4679-aaee-a7589c795057 tempest-DeleteServersTestJSON-2008114193 tempest-DeleteServersTestJSON-2008114193-project-member] Request filter 'accelerators_filter' took 0.0 seconds {{(pid=95797) wrapper /opt/stack/nova/nova/scheduler/request_filter.py:46}}
Jun 10 13:18:45.450658 np0000002501 nova-scheduler[95797]: DEBUG nova.scheduler.request_filter [None req-83ea4dc4-02ef-4679-aaee-a7589c795057 tempest-DeleteServersTestJSON-2008114193 tempest-DeleteServersTestJSON-2008114193-project-member] Request filter 'packed_virtqueue_filter' took 0.0 seconds {{(pid=95797) wrapper /opt/stack/nova/nova/scheduler/request_filter.py:46}}
Jun 10 13:18:45.451328 np0000002501 nova-scheduler[95797]: DEBUG nova.scheduler.request_filter [None req-83ea4dc4-02ef-4679-aaee-a7589c795057 tempest-DeleteServersTestJSON-2008114193 tempest-DeleteServersTestJSON-2008114193-project-member] Request filter 'remote_managed_ports_filter' took 0.0 seconds {{(pid=95797) wrapper /opt/stack/nova/nova/scheduler/request_filter.py:46}}
Jun 10 13:18:45.451505 np0000002501 nova-scheduler[95797]: DEBUG nova.scheduler.request_filter [None req-83ea4dc4-02ef-4679-aaee-a7589c795057 tempest-DeleteServersTestJSON-2008114193 tempest-DeleteServersTestJSON-2008114193-project-member] ephemeral_encryption_filter skipped {{(pid=95797) ephemeral_encryption_filter /opt/stack/nova/nova/scheduler/request_filter.py:426}}
Jun 10 13:18:45.451642 np0000002501 nova-scheduler[95797]: DEBUG nova.scheduler.request_filter [None req-83ea4dc4-02ef-4679-aaee-a7589c795057 tempest-DeleteServersTestJSON-2008114193 tempest-DeleteServersTestJSON-2008114193-project-member] virtio_sound_filter skipped {{(pid=95797) virtio_sound_filter /opt/stack/nova/nova/scheduler/request_filter.py:460}}
Jun 10 13:18:45.452310 np0000002501 nova-scheduler[95797]: DEBUG nova.scheduler.request_filter [None req-83ea4dc4-02ef-4679-aaee-a7589c795057 tempest-DeleteServersTestJSON-2008114193 tempest-DeleteServersTestJSON-2008114193-project-member] tpm_secret_security_filter skipped {{(pid=95797) tpm_secret_security_filter /opt/stack/nova/nova/scheduler/request_filter.py:477}}
Jun 10 13:18:45.574530 np0000002501 nova-scheduler[95797]: INFO nova.utils [None req-83ea4dc4-02ef-4679-aaee-a7589c795057 tempest-DeleteServersTestJSON-2008114193 tempest-DeleteServersTestJSON-2008114193-project-member] The cell worker thread pool ForkProcess-2.cell_worker is initialized
Jun 10 13:18:45.574720 np0000002501 nova-scheduler[95797]: DEBUG oslo_concurrency.lockutils [None req-83ea4dc4-02ef-4679-aaee-a7589c795057 tempest-DeleteServersTestJSON-2008114193 tempest-DeleteServersTestJSON-2008114193-project-member] Acquiring lock "30542702-5fd8-4e10-a4bf-7a340024f059" by "nova.context.set_target_cell..get_or_set_cached_cell_and_set_connections" {{(pid=95797) inner /opt/stack/data/venv/lib/python3.12/site-packages/oslo_concurrency/lockutils.py:511}}
Jun 10 13:18:45.575303 np0000002501 nova-scheduler[95797]: DEBUG oslo_concurrency.lockutils [None req-83ea4dc4-02ef-4679-aaee-a7589c795057 tempest-DeleteServersTestJSON-2008114193 tempest-DeleteServersTestJSON-2008114193-project-member] Lock "30542702-5fd8-4e10-a4bf-7a340024f059" acquired by "nova.context.set_target_cell..get_or_set_cached_cell_and_set_connections" :: waited 0.000s {{(pid=95797) inner /opt/stack/data/venv/lib/python3.12/site-packages/oslo_concurrency/lockutils.py:524}}
Jun 10 13:18:45.576187 np0000002501 nova-scheduler[95797]: DEBUG oslo_concurrency.lockutils [None req-83ea4dc4-02ef-4679-aaee-a7589c795057 tempest-DeleteServersTestJSON-2008114193 tempest-DeleteServersTestJSON-2008114193-project-member] Lock "30542702-5fd8-4e10-a4bf-7a340024f059" "released" by "nova.context.set_target_cell..get_or_set_cached_cell_and_set_connections" :: held 0.001s {{(pid=95797) inner /opt/stack/data/venv/lib/python3.12/site-packages/oslo_concurrency/lockutils.py:543}}
Jun 10 13:18:45.578700 np0000002501 nova-scheduler[95797]: INFO dbcounter [None req-83ea4dc4-02ef-4679-aaee-a7589c795057 tempest-DeleteServersTestJSON-2008114193 tempest-DeleteServersTestJSON-2008114193-project-member] Registered counter for database nova_cell1
Jun 10 13:18:45.625194 np0000002501 nova-scheduler[95797]: DEBUG oslo_db.sqlalchemy.engines [None req-83ea4dc4-02ef-4679-aaee-a7589c795057 tempest-DeleteServersTestJSON-2008114193 tempest-DeleteServersTestJSON-2008114193-project-member] MySQL server mode set to STRICT_TRANS_TABLES,STRICT_ALL_TABLES,NO_ZERO_IN_DATE,NO_ZERO_DATE,ERROR_FOR_DIVISION_BY_ZERO,TRADITIONAL,NO_ENGINE_SUBSTITUTION {{(pid=95797) _check_effective_sql_mode /opt/stack/data/venv/lib/python3.12/site-packages/oslo_db/sqlalchemy/engines.py:325}}
Jun 10 13:18:45.632238 np0000002501 nova-scheduler[95797]: DEBUG dbcounter [-] [95797] Writer thread running {{(pid=95797) stat_writer /opt/stack/data/venv/lib/python3.12/site-packages/dbcounter.py:102}}
Jun 10 13:18:45.702116 np0000002501 nova-scheduler[95797]: DEBUG dbcounter [-] [95797] Writer thread running {{(pid=95797) stat_writer /opt/stack/data/venv/lib/python3.12/site-packages/dbcounter.py:102}}
Jun 10 13:18:45.705798 np0000002501 nova-scheduler[95797]: DEBUG oslo_concurrency.lockutils [None req-83ea4dc4-02ef-4679-aaee-a7589c795057 tempest-DeleteServersTestJSON-2008114193 tempest-DeleteServersTestJSON-2008114193-project-member] Acquiring lock "30542702-5fd8-4e10-a4bf-7a340024f059" by "nova.context.set_target_cell..get_or_set_cached_cell_and_set_connections" {{(pid=95797) inner /opt/stack/data/venv/lib/python3.12/site-packages/oslo_concurrency/lockutils.py:511}}
Jun 10 13:18:45.706032 np0000002501 nova-scheduler[95797]: DEBUG oslo_concurrency.lockutils [None req-83ea4dc4-02ef-4679-aaee-a7589c795057 tempest-DeleteServersTestJSON-2008114193 tempest-DeleteServersTestJSON-2008114193-project-member] Lock "30542702-5fd8-4e10-a4bf-7a340024f059" acquired by "nova.context.set_target_cell..get_or_set_cached_cell_and_set_connections" :: waited 0.000s {{(pid=95797) inner /opt/stack/data/venv/lib/python3.12/site-packages/oslo_concurrency/lockutils.py:524}}
Jun 10 13:18:45.706177 np0000002501 nova-scheduler[95797]: DEBUG oslo_concurrency.lockutils [None req-83ea4dc4-02ef-4679-aaee-a7589c795057 tempest-DeleteServersTestJSON-2008114193 tempest-DeleteServersTestJSON-2008114193-project-member] Lock "30542702-5fd8-4e10-a4bf-7a340024f059" "released" by "nova.context.set_target_cell..get_or_set_cached_cell_and_set_connections" :: held 0.000s {{(pid=95797) inner /opt/stack/data/venv/lib/python3.12/site-packages/oslo_concurrency/lockutils.py:543}}
Jun 10 13:18:45.712411 np0000002501 nova-scheduler[95797]: DEBUG oslo_concurrency.lockutils [None req-83ea4dc4-02ef-4679-aaee-a7589c795057 tempest-DeleteServersTestJSON-2008114193 tempest-DeleteServersTestJSON-2008114193-project-member] Acquiring lock "('np0000002501', 'np0000002501')" by "nova.scheduler.host_manager.HostState.update.._locked_update" {{(pid=95797) inner /opt/stack/data/venv/lib/python3.12/site-packages/oslo_concurrency/lockutils.py:511}}
