Jul 24 20:00:38.299663 np0000005846 systemd[1]: Starting devstack@n-api-meta.service - Devstack devstack@n-api-meta.service...
Jul 24 20:00:38.305145 np0000005846 devstack@n-api-meta.service[96089]: [uWSGI] getting INI configuration from /etc/nova/nova-metadata-uwsgi.ini
Jul 24 20:00:38.307622 np0000005846 devstack@n-api-meta.service[96089]: *** Starting uWSGI 2.0.24-debian (64bit) on [Fri Jul 24 20:00:38 2026] ***
Jul 24 20:00:38.307622 np0000005846 devstack@n-api-meta.service[96089]: compiled with version: 13.2.0 on 17 April 2024 16:23:48
Jul 24 20:00:38.307622 np0000005846 devstack@n-api-meta.service[96089]: os: Linux-6.8.0-100-generic #100-Ubuntu SMP PREEMPT_DYNAMIC Tue Jan 13 16:40:06 UTC 2026
Jul 24 20:00:38.307622 np0000005846 devstack@n-api-meta.service[96089]: nodename: np0000005846
Jul 24 20:00:38.307622 np0000005846 devstack@n-api-meta.service[96089]: machine: x86_64
Jul 24 20:00:38.307622 np0000005846 devstack@n-api-meta.service[96089]: clock source: unix
Jul 24 20:00:38.307622 np0000005846 devstack@n-api-meta.service[96089]: pcre jit disabled
Jul 24 20:00:38.307622 np0000005846 devstack@n-api-meta.service[96089]: detected number of CPU cores: 16
Jul 24 20:00:38.307622 np0000005846 devstack@n-api-meta.service[96089]: current working directory: /
Jul 24 20:00:38.307622 np0000005846 devstack@n-api-meta.service[96089]: detected binary path: /usr/bin/uwsgi-core
Jul 24 20:00:38.307622 np0000005846 devstack@n-api-meta.service[96089]: your processes number limit is 257052
Jul 24 20:00:38.307622 np0000005846 devstack@n-api-meta.service[96089]: your memory page size is 4096 bytes
Jul 24 20:00:38.307622 np0000005846 devstack@n-api-meta.service[96089]: detected max file descriptor number: 2048
Jul 24 20:00:38.307622 np0000005846 devstack@n-api-meta.service[96089]: lock engine: pthread robust mutexes
Jul 24 20:00:38.308144 np0000005846 devstack@n-api-meta.service[96089]: thunder lock: enabled
Jul 24 20:00:38.308144 np0000005846 devstack@n-api-meta.service[96089]: uWSGI http bound on 0.0.0.0:8775 fd 5
Jul 24 20:00:38.308144 np0000005846 devstack@n-api-meta.service[96089]: uwsgi socket 0 bound to TCP address 127.0.0.1:42075 (port auto-assigned) fd 4
Jul 24 20:00:38.308144 np0000005846 devstack@n-api-meta.service[96089]: Python version: 3.12.3 (main, Jun 19 2026, 12:46:00) [GCC 13.3.0]
Jul 24 20:00:38.308144 np0000005846 devstack@n-api-meta.service[96089]: PEP 405 virtualenv detected: /opt/stack/data/venv
Jul 24 20:00:38.308144 np0000005846 devstack@n-api-meta.service[96089]: Set PythonHome to /opt/stack/data/venv
Jul 24 20:00:38.339609 np0000005846 devstack@n-api-meta.service[96089]: Python main interpreter initialized at 0x79fb85aa4668
Jul 24 20:00:38.339609 np0000005846 devstack@n-api-meta.service[96089]: python threads support enabled
Jul 24 20:00:38.339609 np0000005846 devstack@n-api-meta.service[96089]: your server socket listen backlog is limited to 100 connections
Jul 24 20:00:38.339609 np0000005846 devstack@n-api-meta.service[96089]: your mercy for graceful operations on workers is 80 seconds
Jul 24 20:00:38.340255 np0000005846 devstack@n-api-meta.service[96089]: mapped 671795 bytes (656 KB) for 4 cores
Jul 24 20:00:38.340403 np0000005846 devstack@n-api-meta.service[96089]: *** Operational MODE: preforking ***
Jul 24 20:00:38.340608 np0000005846 devstack@n-api-meta.service[96089]: *** uWSGI is running in multiple interpreter mode ***
Jul 24 20:00:38.340608 np0000005846 devstack@n-api-meta.service[96089]: spawned uWSGI master process (pid: 96089)
Jul 24 20:00:38.340775 np0000005846 systemd[1]: Started devstack@n-api-meta.service - Devstack devstack@n-api-meta.service.
Jul 24 20:00:38.341217 np0000005846 devstack@n-api-meta.service[96089]: spawned uWSGI worker 1 (pid: 96094, cores: 1)
Jul 24 20:00:38.341804 np0000005846 devstack@n-api-meta.service[96089]: spawned uWSGI worker 2 (pid: 96095, cores: 1)
Jul 24 20:00:38.342259 np0000005846 devstack@n-api-meta.service[96089]: spawned uWSGI worker 3 (pid: 96096, cores: 1)
Jul 24 20:00:38.342832 np0000005846 devstack@n-api-meta.service[96089]: spawned uWSGI worker 4 (pid: 96097, cores: 1)
Jul 24 20:00:38.343356 np0000005846 devstack@n-api-meta.service[96089]: spawned uWSGI http 1 (pid: 96098)
Jul 24 20:00:38.343356 np0000005846 devstack@n-api-meta.service[96089]: running "unix_signal:15 gracefully_kill_them_all" (master-start)...
Jul 24 20:00:40.020476 np0000005846 devstack@n-api-meta.service[96097]: INFO dbcounter [None req-3f59a6ed-307d-446f-9449-8fec109692e1 None None] Registered counter for database nova_api
Jul 24 20:00:40.068263 np0000005846 devstack@n-api-meta.service[96097]: DEBUG oslo_db.sqlalchemy.engines [None req-3f59a6ed-307d-446f-9449-8fec109692e1 None None] MySQL server mode set to STRICT_TRANS_TABLES,STRICT_ALL_TABLES,NO_ZERO_IN_DATE,NO_ZERO_DATE,ERROR_FOR_DIVISION_BY_ZERO,TRADITIONAL,NO_ENGINE_SUBSTITUTION {{(pid=96097) _check_effective_sql_mode /opt/stack/data/venv/lib/python3.12/site-packages/oslo_db/sqlalchemy/engines.py:325}}
Jul 24 20:00:40.083396 np0000005846 devstack@n-api-meta.service[96094]: INFO dbcounter [None req-5dc4e114-da04-4405-a884-d00b26cf8470 None None] Registered counter for database nova_api
Jul 24 20:00:40.091135 np0000005846 devstack@n-api-meta.service[96095]: INFO dbcounter [None req-f55ee1bc-8127-4a39-bd2a-4c45bd71fc33 None None] Registered counter for database nova_api
Jul 24 20:00:40.106411 np0000005846 devstack@n-api-meta.service[96097]: DEBUG dbcounter [-] [96097] Writer thread running {{(pid=96097) stat_writer /opt/stack/data/venv/lib/python3.12/site-packages/dbcounter.py:102}}
Jul 24 20:00:40.109058 np0000005846 devstack@n-api-meta.service[96097]: DEBUG nova.context [None req-3f59a6ed-307d-446f-9449-8fec109692e1 None None] Found 2 cells: 00000000-0000-0000-0000-000000000000(cell0),a4208f8e-9967-4b72-b4bc-4a4852b71469(cell1) {{(pid=96097) load_cells /opt/stack/nova/nova/context.py:509}}
Jul 24 20:00:40.109363 np0000005846 devstack@n-api-meta.service[96097]: INFO nova.utils [None req-3f59a6ed-307d-446f-9449-8fec109692e1 None None] The cell worker thread pool MainProcess.cell_worker is initialized
Jul 24 20:00:40.111257 np0000005846 devstack@n-api-meta.service[96097]: DEBUG oslo_concurrency.lockutils [None req-3f59a6ed-307d-446f-9449-8fec109692e1 None None] Acquiring lock "00000000-0000-0000-0000-000000000000" by "nova.context.set_target_cell..get_or_set_cached_cell_and_set_connections" {{(pid=96097) inner /opt/stack/data/venv/lib/python3.12/site-packages/oslo_concurrency/lockutils.py:512}}
Jul 24 20:00:40.111451 np0000005846 devstack@n-api-meta.service[96097]: DEBUG oslo_concurrency.lockutils [None req-3f59a6ed-307d-446f-9449-8fec109692e1 None None] Lock "00000000-0000-0000-0000-000000000000" acquired by "nova.context.set_target_cell..get_or_set_cached_cell_and_set_connections" :: waited 0.000s {{(pid=96097) inner /opt/stack/data/venv/lib/python3.12/site-packages/oslo_concurrency/lockutils.py:525}}
Jul 24 20:00:40.111813 np0000005846 devstack@n-api-meta.service[96097]: DEBUG oslo_concurrency.lockutils [None req-3f59a6ed-307d-446f-9449-8fec109692e1 None None] Lock "00000000-0000-0000-0000-000000000000" "released" by "nova.context.set_target_cell..get_or_set_cached_cell_and_set_connections" :: held 0.000s {{(pid=96097) inner /opt/stack/data/venv/lib/python3.12/site-packages/oslo_concurrency/lockutils.py:544}}
Jul 24 20:00:40.112457 np0000005846 devstack@n-api-meta.service[96097]: DEBUG oslo_concurrency.lockutils [None req-3f59a6ed-307d-446f-9449-8fec109692e1 None None] Acquiring lock "a4208f8e-9967-4b72-b4bc-4a4852b71469" by "nova.context.set_target_cell..get_or_set_cached_cell_and_set_connections" {{(pid=96097) inner /opt/stack/data/venv/lib/python3.12/site-packages/oslo_concurrency/lockutils.py:512}}
Jul 24 20:00:40.113782 np0000005846 devstack@n-api-meta.service[96097]: INFO dbcounter [None req-3f59a6ed-307d-446f-9449-8fec109692e1 None None] Registered counter for database nova_cell0
Jul 24 20:00:40.115096 np0000005846 devstack@n-api-meta.service[96097]: DEBUG oslo_concurrency.lockutils [None req-3f59a6ed-307d-446f-9449-8fec109692e1 None None] Lock "a4208f8e-9967-4b72-b4bc-4a4852b71469" acquired by "nova.context.set_target_cell..get_or_set_cached_cell_and_set_connections" :: waited 0.001s {{(pid=96097) inner /opt/stack/data/venv/lib/python3.12/site-packages/oslo_concurrency/lockutils.py:525}}
Jul 24 20:00:40.116178 np0000005846 devstack@n-api-meta.service[96097]: DEBUG oslo_concurrency.lockutils [None req-3f59a6ed-307d-446f-9449-8fec109692e1 None None] Lock "a4208f8e-9967-4b72-b4bc-4a4852b71469" "released" by "nova.context.set_target_cell..get_or_set_cached_cell_and_set_connections" :: held 0.002s {{(pid=96097) inner /opt/stack/data/venv/lib/python3.12/site-packages/oslo_concurrency/lockutils.py:544}}
Jul 24 20:00:40.118568 np0000005846 devstack@n-api-meta.service[96097]: INFO dbcounter [None req-3f59a6ed-307d-446f-9449-8fec109692e1 None None] Registered counter for database nova_cell1
Jul 24 20:00:40.131819 np0000005846 devstack@n-api-meta.service[96094]: DEBUG oslo_db.sqlalchemy.engines [None req-5dc4e114-da04-4405-a884-d00b26cf8470 None None] MySQL server mode set to STRICT_TRANS_TABLES,STRICT_ALL_TABLES,NO_ZERO_IN_DATE,NO_ZERO_DATE,ERROR_FOR_DIVISION_BY_ZERO,TRADITIONAL,NO_ENGINE_SUBSTITUTION {{(pid=96094) _check_effective_sql_mode /opt/stack/data/venv/lib/python3.12/site-packages/oslo_db/sqlalchemy/engines.py:325}}
Jul 24 20:00:40.144279 np0000005846 devstack@n-api-meta.service[96095]: DEBUG oslo_db.sqlalchemy.engines [None req-f55ee1bc-8127-4a39-bd2a-4c45bd71fc33 None None] MySQL server mode set to STRICT_TRANS_TABLES,STRICT_ALL_TABLES,NO_ZERO_IN_DATE,NO_ZERO_DATE,ERROR_FOR_DIVISION_BY_ZERO,TRADITIONAL,NO_ENGINE_SUBSTITUTION {{(pid=96095) _check_effective_sql_mode /opt/stack/data/venv/lib/python3.12/site-packages/oslo_db/sqlalchemy/engines.py:325}}
Jul 24 20:00:40.146664 np0000005846 devstack@n-api-meta.service[96096]: INFO dbcounter [None req-a1fb5f19-ea1f-434e-9525-e33304fc5833 None None] Registered counter for database nova_api
Jul 24 20:00:40.165456 np0000005846 devstack@n-api-meta.service[96094]: DEBUG dbcounter [-] [96094] Writer thread running {{(pid=96094) stat_writer /opt/stack/data/venv/lib/python3.12/site-packages/dbcounter.py:102}}
Jul 24 20:00:40.167920 np0000005846 devstack@n-api-meta.service[96094]: DEBUG nova.context [None req-5dc4e114-da04-4405-a884-d00b26cf8470 None None] Found 2 cells: 00000000-0000-0000-0000-000000000000(cell0),a4208f8e-9967-4b72-b4bc-4a4852b71469(cell1) {{(pid=96094) load_cells /opt/stack/nova/nova/context.py:509}}
Jul 24 20:00:40.168181 np0000005846 devstack@n-api-meta.service[96094]: INFO nova.utils [None req-5dc4e114-da04-4405-a884-d00b26cf8470 None None] The cell worker thread pool MainProcess.cell_worker is initialized
Jul 24 20:00:40.169823 np0000005846 devstack@n-api-meta.service[96094]: DEBUG oslo_concurrency.lockutils [None req-5dc4e114-da04-4405-a884-d00b26cf8470 None None] Acquiring lock "00000000-0000-0000-0000-000000000000" by "nova.context.set_target_cell..get_or_set_cached_cell_and_set_connections" {{(pid=96094) inner /opt/stack/data/venv/lib/python3.12/site-packages/oslo_concurrency/lockutils.py:512}}
Jul 24 20:00:40.170025 np0000005846 devstack@n-api-meta.service[96094]: DEBUG oslo_concurrency.lockutils [None req-5dc4e114-da04-4405-a884-d00b26cf8470 None None] Lock "00000000-0000-0000-0000-000000000000" acquired by "nova.context.set_target_cell..get_or_set_cached_cell_and_set_connections" :: waited 0.000s {{(pid=96094) inner /opt/stack/data/venv/lib/python3.12/site-packages/oslo_concurrency/lockutils.py:525}}
Jul 24 20:00:40.170383 np0000005846 devstack@n-api-meta.service[96094]: DEBUG oslo_concurrency.lockutils [None req-5dc4e114-da04-4405-a884-d00b26cf8470 None None] Lock "00000000-0000-0000-0000-000000000000" "released" by "nova.context.set_target_cell..get_or_set_cached_cell_and_set_connections" :: held 0.000s {{(pid=96094) inner /opt/stack/data/venv/lib/python3.12/site-packages/oslo_concurrency/lockutils.py:544}}
Jul 24 20:00:40.171090 np0000005846 devstack@n-api-meta.service[96094]: DEBUG oslo_concurrency.lockutils [None req-5dc4e114-da04-4405-a884-d00b26cf8470 None None] Acquiring lock "a4208f8e-9967-4b72-b4bc-4a4852b71469" by "nova.context.set_target_cell..get_or_set_cached_cell_and_set_connections" {{(pid=96094) inner /opt/stack/data/venv/lib/python3.12/site-packages/oslo_concurrency/lockutils.py:512}}
Jul 24 20:00:40.171223 np0000005846 devstack@n-api-meta.service[96094]: DEBUG oslo_concurrency.lockutils [None req-5dc4e114-da04-4405-a884-d00b26cf8470 None None] Lock "a4208f8e-9967-4b72-b4bc-4a4852b71469" acquired by "nova.context.set_target_cell..get_or_set_cached_cell_and_set_connections" :: waited 0.000s {{(pid=96094) inner /opt/stack/data/venv/lib/python3.12/site-packages/oslo_concurrency/lockutils.py:525}}
Jul 24 20:00:40.171785 np0000005846 devstack@n-api-meta.service[96097]: DEBUG oslo_db.sqlalchemy.engines [None req-3f59a6ed-307d-446f-9449-8fec109692e1 None None] MySQL server mode set to STRICT_TRANS_TABLES,STRICT_ALL_TABLES,NO_ZERO_IN_DATE,NO_ZERO_DATE,ERROR_FOR_DIVISION_BY_ZERO,TRADITIONAL,NO_ENGINE_SUBSTITUTION {{(pid=96097) _check_effective_sql_mode /opt/stack/data/venv/lib/python3.12/site-packages/oslo_db/sqlalchemy/engines.py:325}}
Jul 24 20:00:40.172018 np0000005846 devstack@n-api-meta.service[96094]: DEBUG oslo_concurrency.lockutils [None req-5dc4e114-da04-4405-a884-d00b26cf8470 None None] Lock "a4208f8e-9967-4b72-b4bc-4a4852b71469" "released" by "nova.context.set_target_cell..get_or_set_cached_cell_and_set_connections" :: held 0.001s {{(pid=96094) inner /opt/stack/data/venv/lib/python3.12/site-packages/oslo_concurrency/lockutils.py:544}}
Jul 24 20:00:40.173453 np0000005846 devstack@n-api-meta.service[96094]: INFO dbcounter [None req-5dc4e114-da04-4405-a884-d00b26cf8470 None None] Registered counter for database nova_cell0
Jul 24 20:00:40.177590 np0000005846 devstack@n-api-meta.service[96094]: INFO dbcounter [None req-5dc4e114-da04-4405-a884-d00b26cf8470 None None] Registered counter for database nova_cell1
Jul 24 20:00:40.183452 np0000005846 devstack@n-api-meta.service[96095]: DEBUG dbcounter [-] [96095] Writer thread running {{(pid=96095) stat_writer /opt/stack/data/venv/lib/python3.12/site-packages/dbcounter.py:102}}
Jul 24 20:00:40.185702 np0000005846 devstack@n-api-meta.service[96095]: DEBUG nova.context [None req-f55ee1bc-8127-4a39-bd2a-4c45bd71fc33 None None] Found 2 cells: 00000000-0000-0000-0000-000000000000(cell0),a4208f8e-9967-4b72-b4bc-4a4852b71469(cell1) {{(pid=96095) load_cells /opt/stack/nova/nova/context.py:509}}
Jul 24 20:00:40.185702 np0000005846 devstack@n-api-meta.service[96095]: INFO nova.utils [None req-f55ee1bc-8127-4a39-bd2a-4c45bd71fc33 None None] The cell worker thread pool MainProcess.cell_worker is initialized
Jul 24 20:00:40.186747 np0000005846 devstack@n-api-meta.service[96095]: DEBUG oslo_concurrency.lockutils [None req-f55ee1bc-8127-4a39-bd2a-4c45bd71fc33 None None] Acquiring lock "00000000-0000-0000-0000-000000000000" by "nova.context.set_target_cell..get_or_set_cached_cell_and_set_connections" {{(pid=96095) inner /opt/stack/data/venv/lib/python3.12/site-packages/oslo_concurrency/lockutils.py:512}}
Jul 24 20:00:40.186978 np0000005846 devstack@n-api-meta.service[96095]: DEBUG oslo_concurrency.lockutils [None req-f55ee1bc-8127-4a39-bd2a-4c45bd71fc33 None None] Lock "00000000-0000-0000-0000-000000000000" acquired by "nova.context.set_target_cell..get_or_set_cached_cell_and_set_connections" :: waited 0.000s {{(pid=96095) inner /opt/stack/data/venv/lib/python3.12/site-packages/oslo_concurrency/lockutils.py:525}}
Jul 24 20:00:40.187428 np0000005846 devstack@n-api-meta.service[96095]: DEBUG oslo_concurrency.lockutils [None req-f55ee1bc-8127-4a39-bd2a-4c45bd71fc33 None None] Lock "00000000-0000-0000-0000-000000000000" "released" by "nova.context.set_target_cell..get_or_set_cached_cell_and_set_connections" :: held 0.000s {{(pid=96095) inner /opt/stack/data/venv/lib/python3.12/site-packages/oslo_concurrency/lockutils.py:544}}
Jul 24 20:00:40.188064 np0000005846 devstack@n-api-meta.service[96095]: DEBUG oslo_concurrency.lockutils [None req-f55ee1bc-8127-4a39-bd2a-4c45bd71fc33 None None] Acquiring lock "a4208f8e-9967-4b72-b4bc-4a4852b71469" by "nova.context.set_target_cell..get_or_set_cached_cell_and_set_connections" {{(pid=96095) inner /opt/stack/data/venv/lib/python3.12/site-packages/oslo_concurrency/lockutils.py:512}}
Jul 24 20:00:40.188227 np0000005846 devstack@n-api-meta.service[96095]: DEBUG oslo_concurrency.lockutils [None req-f55ee1bc-8127-4a39-bd2a-4c45bd71fc33 None None] Lock "a4208f8e-9967-4b72-b4bc-4a4852b71469" acquired by "nova.context.set_target_cell..get_or_set_cached_cell_and_set_connections" :: waited 0.000s {{(pid=96095) inner /opt/stack/data/venv/lib/python3.12/site-packages/oslo_concurrency/lockutils.py:525}}
Jul 24 20:00:40.189264 np0000005846 devstack@n-api-meta.service[96095]: DEBUG oslo_concurrency.lockutils [None req-f55ee1bc-8127-4a39-bd2a-4c45bd71fc33 None None] Lock "a4208f8e-9967-4b72-b4bc-4a4852b71469" "released" by "nova.context.set_target_cell..get_or_set_cached_cell_and_set_connections" :: held 0.001s {{(pid=96095) inner /opt/stack/data/venv/lib/python3.12/site-packages/oslo_concurrency/lockutils.py:544}}
Jul 24 20:00:40.190563 np0000005846 devstack@n-api-meta.service[96095]: INFO dbcounter [None req-f55ee1bc-8127-4a39-bd2a-4c45bd71fc33 None None] Registered counter for database nova_cell0
Jul 24 20:00:40.193235 np0000005846 devstack@n-api-meta.service[96095]: INFO dbcounter [None req-f55ee1bc-8127-4a39-bd2a-4c45bd71fc33 None None] Registered counter for database nova_cell1
Jul 24 20:00:40.196269 np0000005846 devstack@n-api-meta.service[96096]: DEBUG oslo_db.sqlalchemy.engines [None req-a1fb5f19-ea1f-434e-9525-e33304fc5833 None None] MySQL server mode set to STRICT_TRANS_TABLES,STRICT_ALL_TABLES,NO_ZERO_IN_DATE,NO_ZERO_DATE,ERROR_FOR_DIVISION_BY_ZERO,TRADITIONAL,NO_ENGINE_SUBSTITUTION {{(pid=96096) _check_effective_sql_mode /opt/stack/data/venv/lib/python3.12/site-packages/oslo_db/sqlalchemy/engines.py:325}}
Jul 24 20:00:40.234059 np0000005846 devstack@n-api-meta.service[96096]: DEBUG dbcounter [-] [96096] Writer thread running {{(pid=96096) stat_writer /opt/stack/data/venv/lib/python3.12/site-packages/dbcounter.py:102}}
Jul 24 20:00:40.237614 np0000005846 devstack@n-api-meta.service[96096]: DEBUG nova.context [None req-a1fb5f19-ea1f-434e-9525-e33304fc5833 None None] Found 2 cells: 00000000-0000-0000-0000-000000000000(cell0),a4208f8e-9967-4b72-b4bc-4a4852b71469(cell1) {{(pid=96096) load_cells /opt/stack/nova/nova/context.py:509}}
Jul 24 20:00:40.237614 np0000005846 devstack@n-api-meta.service[96096]: INFO nova.utils [None req-a1fb5f19-ea1f-434e-9525-e33304fc5833 None None] The cell worker thread pool MainProcess.cell_worker is initialized
Jul 24 20:00:40.239042 np0000005846 devstack@n-api-meta.service[96096]: DEBUG oslo_concurrency.lockutils [None req-a1fb5f19-ea1f-434e-9525-e33304fc5833 None None] Acquiring lock "00000000-0000-0000-0000-000000000000" by "nova.context.set_target_cell..get_or_set_cached_cell_and_set_connections" {{(pid=96096) inner /opt/stack/data/venv/lib/python3.12/site-packages/oslo_concurrency/lockutils.py:512}}
Jul 24 20:00:40.239695 np0000005846 devstack@n-api-meta.service[96096]: DEBUG oslo_concurrency.lockutils [None req-a1fb5f19-ea1f-434e-9525-e33304fc5833 None None] Lock "00000000-0000-0000-0000-000000000000" acquired by "nova.context.set_target_cell..get_or_set_cached_cell_and_set_connections" :: waited 0.000s {{(pid=96096) inner /opt/stack/data/venv/lib/python3.12/site-packages/oslo_concurrency/lockutils.py:525}}
Jul 24 20:00:40.239753 np0000005846 devstack@n-api-meta.service[96096]: DEBUG oslo_concurrency.lockutils [None req-a1fb5f19-ea1f-434e-9525-e33304fc5833 None None] Lock "00000000-0000-0000-0000-000000000000" "released" by "nova.context.set_target_cell..get_or_set_cached_cell_and_set_connections" :: held 0.001s {{(pid=96096) inner /opt/stack/data/venv/lib/python3.12/site-packages/oslo_concurrency/lockutils.py:544}}
Jul 24 20:00:40.240508 np0000005846 devstack@n-api-meta.service[96096]: DEBUG oslo_concurrency.lockutils [None req-a1fb5f19-ea1f-434e-9525-e33304fc5833 None None] Acquiring lock "a4208f8e-9967-4b72-b4bc-4a4852b71469" by "nova.context.set_target_cell..get_or_set_cached_cell_and_set_connections" {{(pid=96096) inner /opt/stack/data/venv/lib/python3.12/site-packages/oslo_concurrency/lockutils.py:512}}
Jul 24 20:00:40.241210 np0000005846 devstack@n-api-meta.service[96094]: DEBUG oslo_db.sqlalchemy.engines [None req-5dc4e114-da04-4405-a884-d00b26cf8470 None None] MySQL server mode set to STRICT_TRANS_TABLES,STRICT_ALL_TABLES,NO_ZERO_IN_DATE,NO_ZERO_DATE,ERROR_FOR_DIVISION_BY_ZERO,TRADITIONAL,NO_ENGINE_SUBSTITUTION {{(pid=96094) _check_effective_sql_mode /opt/stack/data/venv/lib/python3.12/site-packages/oslo_db/sqlalchemy/engines.py:325}}
Jul 24 20:00:40.242303 np0000005846 devstack@n-api-meta.service[96096]: INFO dbcounter [None req-a1fb5f19-ea1f-434e-9525-e33304fc5833 None None] Registered counter for database nova_cell0
Jul 24 20:00:40.243962 np0000005846 devstack@n-api-meta.service[96096]: DEBUG oslo_concurrency.lockutils [None req-a1fb5f19-ea1f-434e-9525-e33304fc5833 None None] Lock "a4208f8e-9967-4b72-b4bc-4a4852b71469" acquired by "nova.context.set_target_cell..get_or_set_cached_cell_and_set_connections" :: waited 0.002s {{(pid=96096) inner /opt/stack/data/venv/lib/python3.12/site-packages/oslo_concurrency/lockutils.py:525}}
Jul 24 20:00:40.244410 np0000005846 devstack@n-api-meta.service[96095]: DEBUG oslo_db.sqlalchemy.engines [None req-f55ee1bc-8127-4a39-bd2a-4c45bd71fc33 None None] MySQL server mode set to STRICT_TRANS_TABLES,STRICT_ALL_TABLES,NO_ZERO_IN_DATE,NO_ZERO_DATE,ERROR_FOR_DIVISION_BY_ZERO,TRADITIONAL,NO_ENGINE_SUBSTITUTION {{(pid=96095) _check_effective_sql_mode /opt/stack/data/venv/lib/python3.12/site-packages/oslo_db/sqlalchemy/engines.py:325}}
Jul 24 20:00:40.245472 np0000005846 devstack@n-api-meta.service[96096]: DEBUG oslo_concurrency.lockutils [None req-a1fb5f19-ea1f-434e-9525-e33304fc5833 None None] Lock "a4208f8e-9967-4b72-b4bc-4a4852b71469" "released" by "nova.context.set_target_cell..get_or_set_cached_cell_and_set_connections" :: held 0.003s {{(pid=96096) inner /opt/stack/data/venv/lib/python3.12/site-packages/oslo_concurrency/lockutils.py:544}}
Jul 24 20:00:40.247438 np0000005846 devstack@n-api-meta.service[96096]: INFO dbcounter [None req-a1fb5f19-ea1f-434e-9525-e33304fc5833 None None] Registered counter for database nova_cell1
Jul 24 20:00:40.255004 np0000005846 devstack@n-api-meta.service[96097]: DEBUG oslo_db.sqlalchemy.engines [None req-3f59a6ed-307d-446f-9449-8fec109692e1 None None] MySQL server mode set to STRICT_TRANS_TABLES,STRICT_ALL_TABLES,NO_ZERO_IN_DATE,NO_ZERO_DATE,ERROR_FOR_DIVISION_BY_ZERO,TRADITIONAL,NO_ENGINE_SUBSTITUTION {{(pid=96097) _check_effective_sql_mode /opt/stack/data/venv/lib/python3.12/site-packages/oslo_db/sqlalchemy/engines.py:325}}
Jul 24 20:00:40.264102 np0000005846 devstack@n-api-meta.service[96094]: DEBUG oslo_db.sqlalchemy.engines [None req-5dc4e114-da04-4405-a884-d00b26cf8470 None None] MySQL server mode set to STRICT_TRANS_TABLES,STRICT_ALL_TABLES,NO_ZERO_IN_DATE,NO_ZERO_DATE,ERROR_FOR_DIVISION_BY_ZERO,TRADITIONAL,NO_ENGINE_SUBSTITUTION {{(pid=96094) _check_effective_sql_mode /opt/stack/data/venv/lib/python3.12/site-packages/oslo_db/sqlalchemy/engines.py:325}}
Jul 24 20:00:40.264208 np0000005846 devstack@n-api-meta.service[96095]: DEBUG oslo_db.sqlalchemy.engines [None req-f55ee1bc-8127-4a39-bd2a-4c45bd71fc33 None None] MySQL server mode set to STRICT_TRANS_TABLES,STRICT_ALL_TABLES,NO_ZERO_IN_DATE,NO_ZERO_DATE,ERROR_FOR_DIVISION_BY_ZERO,TRADITIONAL,NO_ENGINE_SUBSTITUTION {{(pid=96095) _check_effective_sql_mode /opt/stack/data/venv/lib/python3.12/site-packages/oslo_db/sqlalchemy/engines.py:325}}
Jul 24 20:00:40.275363 np0000005846 devstack@n-api-meta.service[96097]: DEBUG dbcounter [-] [96097] Writer thread running {{(pid=96097) stat_writer /opt/stack/data/venv/lib/python3.12/site-packages/dbcounter.py:102}}
Jul 24 20:00:40.283290 np0000005846 devstack@n-api-meta.service[96097]: DEBUG dbcounter [-] [96097] Writer thread running {{(pid=96097) stat_writer /opt/stack/data/venv/lib/python3.12/site-packages/dbcounter.py:102}}
Jul 24 20:00:40.286768 np0000005846 devstack@n-api-meta.service[96097]: INFO dbcounter [None req-3f59a6ed-307d-446f-9449-8fec109692e1 None None] Registered counter for database nova_cell0
Jul 24 20:00:40.295362 np0000005846 devstack@n-api-meta.service[96096]: DEBUG oslo_db.sqlalchemy.engines [None req-a1fb5f19-ea1f-434e-9525-e33304fc5833 None None] MySQL server mode set to STRICT_TRANS_TABLES,STRICT_ALL_TABLES,NO_ZERO_IN_DATE,NO_ZERO_DATE,ERROR_FOR_DIVISION_BY_ZERO,TRADITIONAL,NO_ENGINE_SUBSTITUTION {{(pid=96096) _check_effective_sql_mode /opt/stack/data/venv/lib/python3.12/site-packages/oslo_db/sqlalchemy/engines.py:325}}
Jul 24 20:00:40.298133 np0000005846 devstack@n-api-meta.service[96096]: DEBUG oslo_db.sqlalchemy.engines [None req-a1fb5f19-ea1f-434e-9525-e33304fc5833 None None] MySQL server mode set to STRICT_TRANS_TABLES,STRICT_ALL_TABLES,NO_ZERO_IN_DATE,NO_ZERO_DATE,ERROR_FOR_DIVISION_BY_ZERO,TRADITIONAL,NO_ENGINE_SUBSTITUTION {{(pid=96096) _check_effective_sql_mode /opt/stack/data/venv/lib/python3.12/site-packages/oslo_db/sqlalchemy/engines.py:325}}
Jul 24 20:00:40.340937 np0000005846 devstack@n-api-meta.service[96097]: DEBUG oslo_db.sqlalchemy.engines [None req-3f59a6ed-307d-446f-9449-8fec109692e1 None None] MySQL server mode set to STRICT_TRANS_TABLES,STRICT_ALL_TABLES,NO_ZERO_IN_DATE,NO_ZERO_DATE,ERROR_FOR_DIVISION_BY_ZERO,TRADITIONAL,NO_ENGINE_SUBSTITUTION {{(pid=96097) _check_effective_sql_mode /opt/stack/data/venv/lib/python3.12/site-packages/oslo_db/sqlalchemy/engines.py:325}}
Jul 24 20:00:40.344256 np0000005846 devstack@n-api-meta.service[96095]: DEBUG dbcounter [-] [96095] Writer thread running {{(pid=96095) stat_writer /opt/stack/data/venv/lib/python3.12/site-packages/dbcounter.py:102}}
Jul 24 20:00:40.346136 np0000005846 devstack@n-api-meta.service[96094]: DEBUG dbcounter [-] [96094] Writer thread running {{(pid=96094) stat_writer /opt/stack/data/venv/lib/python3.12/site-packages/dbcounter.py:102}}
Jul 24 20:00:40.347519 np0000005846 devstack@n-api-meta.service[96097]: DEBUG dbcounter [-] [96097] Writer thread running {{(pid=96097) stat_writer /opt/stack/data/venv/lib/python3.12/site-packages/dbcounter.py:102}}
Jul 24 20:00:40.348371 np0000005846 devstack@n-api-meta.service[96095]: DEBUG dbcounter [-] [96095] Writer thread running {{(pid=96095) stat_writer /opt/stack/data/venv/lib/python3.12/site-packages/dbcounter.py:102}}
Jul 24 20:00:40.349296 np0000005846 devstack@n-api-meta.service[96094]: DEBUG dbcounter [-] [96094] Writer thread running {{(pid=96094) stat_writer /opt/stack/data/venv/lib/python3.12/site-packages/dbcounter.py:102}}
Jul 24 20:00:40.354263 np0000005846 devstack@n-api-meta.service[96095]: INFO dbcounter [None req-f55ee1bc-8127-4a39-bd2a-4c45bd71fc33 None None] Registered counter for database nova_cell0
Jul 24 20:00:40.354340 np0000005846 devstack@n-api-meta.service[96094]: INFO dbcounter [None req-5dc4e114-da04-4405-a884-d00b26cf8470 None None] Registered counter for database nova_cell0
Jul 24 20:00:40.387950 np0000005846 devstack@n-api-meta.service[96094]: DEBUG oslo_db.sqlalchemy.engines [None req-5dc4e114-da04-4405-a884-d00b26cf8470 None None] MySQL server mode set to STRICT_TRANS_TABLES,STRICT_ALL_TABLES,NO_ZERO_IN_DATE,NO_ZERO_DATE,ERROR_FOR_DIVISION_BY_ZERO,TRADITIONAL,NO_ENGINE_SUBSTITUTION {{(pid=96094) _check_effective_sql_mode /opt/stack/data/venv/lib/python3.12/site-packages/oslo_db/sqlalchemy/engines.py:325}}
Jul 24 20:00:40.388967 np0000005846 devstack@n-api-meta.service[96096]: DEBUG dbcounter [-] [96096] Writer thread running {{(pid=96096) stat_writer /opt/stack/data/venv/lib/python3.12/site-packages/dbcounter.py:102}}
Jul 24 20:00:40.391657 np0000005846 devstack@n-api-meta.service[96096]: DEBUG dbcounter [-] [96096] Writer thread running {{(pid=96096) stat_writer /opt/stack/data/venv/lib/python3.12/site-packages/dbcounter.py:102}}
Jul 24 20:00:40.392143 np0000005846 devstack@n-api-meta.service[96095]: DEBUG oslo_db.sqlalchemy.engines [None req-f55ee1bc-8127-4a39-bd2a-4c45bd71fc33 None None] MySQL server mode set to STRICT_TRANS_TABLES,STRICT_ALL_TABLES,NO_ZERO_IN_DATE,NO_ZERO_DATE,ERROR_FOR_DIVISION_BY_ZERO,TRADITIONAL,NO_ENGINE_SUBSTITUTION {{(pid=96095) _check_effective_sql_mode /opt/stack/data/venv/lib/python3.12/site-packages/oslo_db/sqlalchemy/engines.py:325}}
Jul 24 20:00:40.394639 np0000005846 devstack@n-api-meta.service[96094]: DEBUG dbcounter [-] [96094] Writer thread running {{(pid=96094) stat_writer /opt/stack/data/venv/lib/python3.12/site-packages/dbcounter.py:102}}
Jul 24 20:00:40.395494 np0000005846 devstack@n-api-meta.service[96096]: INFO dbcounter [None req-a1fb5f19-ea1f-434e-9525-e33304fc5833 None None] Registered counter for database nova_cell0
Jul 24 20:00:40.399091 np0000005846 devstack@n-api-meta.service[96095]: DEBUG dbcounter [-] [96095] Writer thread running {{(pid=96095) stat_writer /opt/stack/data/venv/lib/python3.12/site-packages/dbcounter.py:102}}
Jul 24 20:00:40.401930 np0000005846 devstack@n-api-meta.service[96097]: WARNING nova.api.metadata.handler [None req-3f59a6ed-307d-446f-9449-8fec109692e1 None None] metadata_proxy_shared_secret is not configured, the metadata information returned by the proxy cannot be trusted
Jul 24 20:00:40.404097 np0000005846 devstack@n-api-meta.service[96097]: DEBUG nova.api.openstack.wsgi_app [None req-3f59a6ed-307d-446f-9449-8fec109692e1 None None] ******************************************************************************** {{(pid=96097) log_opt_values /opt/stack/data/venv/lib/python3.12/site-packages/oslo_config/cfg.py:3226}}
Jul 24 20:00:40.404211 np0000005846 devstack@n-api-meta.service[96097]: DEBUG nova.api.openstack.wsgi_app [None req-3f59a6ed-307d-446f-9449-8fec109692e1 None None] Configuration options gathered from: {{(pid=96097) log_opt_values /opt/stack/data/venv/lib/python3.12/site-packages/oslo_config/cfg.py:3227}}
Jul 24 20:00:40.404328 np0000005846 devstack@n-api-meta.service[96097]: DEBUG nova.api.openstack.wsgi_app [None req-3f59a6ed-307d-446f-9449-8fec109692e1 None None] command line args: [] {{(pid=96097) log_opt_values /opt/stack/data/venv/lib/python3.12/site-packages/oslo_config/cfg.py:3228}}
Jul 24 20:00:40.404471 np0000005846 devstack@n-api-meta.service[96097]: DEBUG nova.api.openstack.wsgi_app [None req-3f59a6ed-307d-446f-9449-8fec109692e1 None None] config files: ['/etc/nova/api-paste.ini', '/etc/nova/nova.conf'] {{(pid=96097) log_opt_values /opt/stack/data/venv/lib/python3.12/site-packages/oslo_config/cfg.py:3229}}
Jul 24 20:00:40.404567 np0000005846 devstack@n-api-meta.service[96097]: DEBUG nova.api.openstack.wsgi_app [None req-3f59a6ed-307d-446f-9449-8fec109692e1 None None] ================================================================================ {{(pid=96097) log_opt_values /opt/stack/data/venv/lib/python3.12/site-packages/oslo_config/cfg.py:3234}}
Jul 24 20:00:40.404727 np0000005846 devstack@n-api-meta.service[96097]: DEBUG nova.api.openstack.wsgi_app [None req-3f59a6ed-307d-446f-9449-8fec109692e1 None None] allow_resize_to_same_host = True {{(pid=96097) log_opt_values /opt/stack/data/venv/lib/python3.12/site-packages/oslo_config/cfg.py:3242}}
Jul 24 20:00:40.404862 np0000005846 devstack@n-api-meta.service[96097]: DEBUG nova.api.openstack.wsgi_app [None req-3f59a6ed-307d-446f-9449-8fec109692e1 None None] arq_binding_timeout = 300 {{(pid=96097) log_opt_values /opt/stack/data/venv/lib/python3.12/site-packages/oslo_config/cfg.py:3242}}
Jul 24 20:00:40.407260 np0000005846 devstack@n-api-meta.service[96097]: DEBUG nova.api.openstack.wsgi_app [None req-3f59a6ed-307d-446f-9449-8fec109692e1 None None] block_device_allocate_retries = 60 {{(pid=96097) log_opt_values /opt/stack/data/venv/lib/python3.12/site-packages/oslo_config/cfg.py:3242}}
Jul 24 20:00:40.407260 np0000005846 devstack@n-api-meta.service[96097]: DEBUG nova.api.openstack.wsgi_app [None req-3f59a6ed-307d-446f-9449-8fec109692e1 None None] block_device_allocate_retries_interval = 3 {{(pid=96097) log_opt_values /opt/stack/data/venv/lib/python3.12/site-packages/oslo_config/cfg.py:3242}}
Jul 24 20:00:40.407260 np0000005846 devstack@n-api-meta.service[96097]: DEBUG nova.api.openstack.wsgi_app [None req-3f59a6ed-307d-446f-9449-8fec109692e1 None None] cell_worker_thread_pool_size = 5 {{(pid=96097) log_opt_values /opt/stack/data/venv/lib/python3.12/site-packages/oslo_config/cfg.py:3242}}
Jul 24 20:00:40.407260 np0000005846 devstack@n-api-meta.service[96097]: DEBUG nova.api.openstack.wsgi_app [None req-3f59a6ed-307d-446f-9449-8fec109692e1 None None] cert = self.pem {{(pid=96097) log_opt_values /opt/stack/data/venv/lib/python3.12/site-packages/oslo_config/cfg.py:3242}}
Jul 24 20:00:40.407260 np0000005846 devstack@n-api-meta.service[96097]: DEBUG nova.api.openstack.wsgi_app [None req-3f59a6ed-307d-446f-9449-8fec109692e1 None None] compute_driver = libvirt.LibvirtDriver {{(pid=96097) log_opt_values /opt/stack/data/venv/lib/python3.12/site-packages/oslo_config/cfg.py:3242}}
Jul 24 20:00:40.407260 np0000005846 devstack@n-api-meta.service[96097]: DEBUG nova.api.openstack.wsgi_app [None req-3f59a6ed-307d-446f-9449-8fec109692e1 None None] compute_monitors = [] {{(pid=96097) log_opt_values /opt/stack/data/venv/lib/python3.12/site-packages/oslo_config/cfg.py:3242}}
Jul 24 20:00:40.407260 np0000005846 devstack@n-api-meta.service[96097]: DEBUG nova.api.openstack.wsgi_app [None req-3f59a6ed-307d-446f-9449-8fec109692e1 None None] concurrency_backend = auto {{(pid=96097) log_opt_values /opt/stack/data/venv/lib/python3.12/site-packages/oslo_config/cfg.py:3242}}
Jul 24 20:00:40.407471 np0000005846 devstack@n-api-meta.service[96097]: DEBUG nova.api.openstack.wsgi_app [None req-3f59a6ed-307d-446f-9449-8fec109692e1 None None] config_dir = [] {{(pid=96097) log_opt_values /opt/stack/data/venv/lib/python3.12/site-packages/oslo_config/cfg.py:3242}}
Jul 24 20:00:40.407471 np0000005846 devstack@n-api-meta.service[96097]: DEBUG nova.api.openstack.wsgi_app [None req-3f59a6ed-307d-446f-9449-8fec109692e1 None None] config_drive_format = iso9660 {{(pid=96097) log_opt_values /opt/stack/data/venv/lib/python3.12/site-packages/oslo_config/cfg.py:3242}}
Jul 24 20:00:40.407471 np0000005846 devstack@n-api-meta.service[96097]: DEBUG nova.api.openstack.wsgi_app [None req-3f59a6ed-307d-446f-9449-8fec109692e1 None None] config_file = ['/etc/nova/api-paste.ini', '/etc/nova/nova.conf'] {{(pid=96097) log_opt_values /opt/stack/data/venv/lib/python3.12/site-packages/oslo_config/cfg.py:3242}}
Jul 24 20:00:40.407471 np0000005846 devstack@n-api-meta.service[96097]: DEBUG nova.api.openstack.wsgi_app [None req-3f59a6ed-307d-446f-9449-8fec109692e1 None None] config_source = [] {{(pid=96097) log_opt_values /opt/stack/data/venv/lib/python3.12/site-packages/oslo_config/cfg.py:3242}}
Jul 24 20:00:40.407471 np0000005846 devstack@n-api-meta.service[96097]: DEBUG nova.api.openstack.wsgi_app [None req-3f59a6ed-307d-446f-9449-8fec109692e1 None None] console_host = np0000005846 {{(pid=96097) log_opt_values /opt/stack/data/venv/lib/python3.12/site-packages/oslo_config/cfg.py:3242}}
Jul 24 20:00:40.407471 np0000005846 devstack@n-api-meta.service[96097]: DEBUG nova.api.openstack.wsgi_app [None req-3f59a6ed-307d-446f-9449-8fec109692e1 None None] control_exchange = nova {{(pid=96097) log_opt_values /opt/stack/data/venv/lib/python3.12/site-packages/oslo_config/cfg.py:3242}}
Jul 24 20:00:40.407471 np0000005846 devstack@n-api-meta.service[96097]: DEBUG nova.api.openstack.wsgi_app [None req-3f59a6ed-307d-446f-9449-8fec109692e1 None None] cpu_allocation_ratio = None {{(pid=96097) log_opt_values /opt/stack/data/venv/lib/python3.12/site-packages/oslo_config/cfg.py:3242}}
Jul 24 20:00:40.407609 np0000005846 devstack@n-api-meta.service[96097]: DEBUG nova.api.openstack.wsgi_app [None req-3f59a6ed-307d-446f-9449-8fec109692e1 None None] daemon = False {{(pid=96097) log_opt_values /opt/stack/data/venv/lib/python3.12/site-packages/oslo_config/cfg.py:3242}}
Jul 24 20:00:40.407609 np0000005846 devstack@n-api-meta.service[96097]: DEBUG nova.api.openstack.wsgi_app [None req-3f59a6ed-307d-446f-9449-8fec109692e1 None None] debug = True {{(pid=96097) log_opt_values /opt/stack/data/venv/lib/python3.12/site-packages/oslo_config/cfg.py:3242}}
Jul 24 20:00:40.407609 np0000005846 devstack@n-api-meta.service[96097]: DEBUG nova.api.openstack.wsgi_app [None req-3f59a6ed-307d-446f-9449-8fec109692e1 None None] default_access_ip_network_name = None {{(pid=96097) log_opt_values /opt/stack/data/venv/lib/python3.12/site-packages/oslo_config/cfg.py:3242}}
Jul 24 20:00:40.407609 np0000005846 devstack@n-api-meta.service[96097]: DEBUG nova.api.openstack.wsgi_app [None req-3f59a6ed-307d-446f-9449-8fec109692e1 None None] default_availability_zone = nova {{(pid=96097) log_opt_values /opt/stack/data/venv/lib/python3.12/site-packages/oslo_config/cfg.py:3242}}
Jul 24 20:00:40.407609 np0000005846 devstack@n-api-meta.service[96097]: DEBUG nova.api.openstack.wsgi_app [None req-3f59a6ed-307d-446f-9449-8fec109692e1 None None] default_ephemeral_format = ext4 {{(pid=96097) log_opt_values /opt/stack/data/venv/lib/python3.12/site-packages/oslo_config/cfg.py:3242}}
Jul 24 20:00:40.407720 np0000005846 devstack@n-api-meta.service[96097]: DEBUG nova.api.openstack.wsgi_app [None req-3f59a6ed-307d-446f-9449-8fec109692e1 None None] default_green_pool_size = 1000 {{(pid=96097) log_opt_values /opt/stack/data/venv/lib/python3.12/site-packages/oslo_config/cfg.py:3242}}
Jul 24 20:00:40.408002 np0000005846 devstack@n-api-meta.service[96097]: DEBUG nova.api.openstack.wsgi_app [None req-3f59a6ed-307d-446f-9449-8fec109692e1 None None] default_log_levels = ['amqp=WARN', 'boto=WARN', 'sqlalchemy=WARN', 'suds=INFO', 'oslo.messaging=INFO', 'oslo_messaging=INFO', 'iso8601=WARN', 'requests.packages.urllib3.connectionpool=WARN', 'urllib3.connectionpool=WARN', 'websocket=WARN', 'requests.packages.urllib3.util.retry=WARN', 'urllib3.util.retry=WARN', 'keystonemiddleware=WARN', 'routes.middleware=WARN', 'stevedore=WARN', 'taskflow=WARN', 'keystoneauth=WARN', 'oslo.cache=INFO', 'oslo_policy=INFO', 'dogpile.core.dogpile=INFO', 'glanceclient=WARN', 'oslo.privsep.daemon=INFO'] {{(pid=96097) log_opt_values /opt/stack/data/venv/lib/python3.12/site-packages/oslo_config/cfg.py:3242}}
Jul 24 20:00:40.408167 np0000005846 devstack@n-api-meta.service[96097]: DEBUG nova.api.openstack.wsgi_app [None req-3f59a6ed-307d-446f-9449-8fec109692e1 None None] default_schedule_zone = None {{(pid=96097) log_opt_values /opt/stack/data/venv/lib/python3.12/site-packages/oslo_config/cfg.py:3242}}
Jul 24 20:00:40.408342 np0000005846 devstack@n-api-meta.service[96097]: DEBUG nova.api.openstack.wsgi_app [None req-3f59a6ed-307d-446f-9449-8fec109692e1 None None] default_thread_pool_size = 10 {{(pid=96097) log_opt_values /opt/stack/data/venv/lib/python3.12/site-packages/oslo_config/cfg.py:3242}}
Jul 24 20:00:40.408503 np0000005846 devstack@n-api-meta.service[96097]: DEBUG nova.api.openstack.wsgi_app [None req-3f59a6ed-307d-446f-9449-8fec109692e1 None None] disk_allocation_ratio = None {{(pid=96097) log_opt_values /opt/stack/data/venv/lib/python3.12/site-packages/oslo_config/cfg.py:3242}}
Jul 24 20:00:40.408686 np0000005846 devstack@n-api-meta.service[96097]: DEBUG nova.api.openstack.wsgi_app [None req-3f59a6ed-307d-446f-9449-8fec109692e1 None None] enable_new_services = True {{(pid=96097) log_opt_values /opt/stack/data/venv/lib/python3.12/site-packages/oslo_config/cfg.py:3242}}
Jul 24 20:00:40.408884 np0000005846 devstack@n-api-meta.service[96097]: DEBUG nova.api.openstack.wsgi_app [None req-3f59a6ed-307d-446f-9449-8fec109692e1 None None] flat_injected = False {{(pid=96097) log_opt_values /opt/stack/data/venv/lib/python3.12/site-packages/oslo_config/cfg.py:3242}}
Jul 24 20:00:40.409083 np0000005846 devstack@n-api-meta.service[96097]: DEBUG nova.api.openstack.wsgi_app [None req-3f59a6ed-307d-446f-9449-8fec109692e1 None None] force_config_drive = True {{(pid=96097) log_opt_values /opt/stack/data/venv/lib/python3.12/site-packages/oslo_config/cfg.py:3242}}
Jul 24 20:00:40.409268 np0000005846 devstack@n-api-meta.service[96097]: DEBUG nova.api.openstack.wsgi_app [None req-3f59a6ed-307d-446f-9449-8fec109692e1 None None] force_raw_images = True {{(pid=96097) log_opt_values /opt/stack/data/venv/lib/python3.12/site-packages/oslo_config/cfg.py:3242}}
Jul 24 20:00:40.409471 np0000005846 devstack@n-api-meta.service[96097]: DEBUG nova.api.openstack.wsgi_app [None req-3f59a6ed-307d-446f-9449-8fec109692e1 None None] graceful_shutdown_timeout = 5 {{(pid=96097) log_opt_values /opt/stack/data/venv/lib/python3.12/site-packages/oslo_config/cfg.py:3242}}
Jul 24 20:00:40.409664 np0000005846 devstack@n-api-meta.service[96097]: DEBUG nova.api.openstack.wsgi_app [None req-3f59a6ed-307d-446f-9449-8fec109692e1 None None] heal_instance_info_cache_interval = -1 {{(pid=96097) log_opt_values /opt/stack/data/venv/lib/python3.12/site-packages/oslo_config/cfg.py:3242}}
Jul 24 20:00:40.409900 np0000005846 devstack@n-api-meta.service[96097]: DEBUG nova.api.openstack.wsgi_app [None req-3f59a6ed-307d-446f-9449-8fec109692e1 None None] host = np0000005846 {{(pid=96097) log_opt_values /opt/stack/data/venv/lib/python3.12/site-packages/oslo_config/cfg.py:3242}}
Jul 24 20:00:40.410079 np0000005846 devstack@n-api-meta.service[96097]: DEBUG nova.api.openstack.wsgi_app [None req-3f59a6ed-307d-446f-9449-8fec109692e1 None None] initial_cpu_allocation_ratio = 4.0 {{(pid=96097) log_opt_values /opt/stack/data/venv/lib/python3.12/site-packages/oslo_config/cfg.py:3242}}
Jul 24 20:00:40.410273 np0000005846 devstack@n-api-meta.service[96097]: DEBUG nova.api.openstack.wsgi_app [None req-3f59a6ed-307d-446f-9449-8fec109692e1 None None] initial_disk_allocation_ratio = 1.0 {{(pid=96097) log_opt_values /opt/stack/data/venv/lib/python3.12/site-packages/oslo_config/cfg.py:3242}}
Jul 24 20:00:40.410468 np0000005846 devstack@n-api-meta.service[96097]: DEBUG nova.api.openstack.wsgi_app [None req-3f59a6ed-307d-446f-9449-8fec109692e1 None None] initial_ram_allocation_ratio = 1.0 {{(pid=96097) log_opt_values /opt/stack/data/venv/lib/python3.12/site-packages/oslo_config/cfg.py:3242}}
Jul 24 20:00:40.410718 np0000005846 devstack@n-api-meta.service[96097]: DEBUG nova.api.openstack.wsgi_app [None req-3f59a6ed-307d-446f-9449-8fec109692e1 None None] injected_network_template = /opt/stack/nova/nova/virt/interfaces.template {{(pid=96097) log_opt_values /opt/stack/data/venv/lib/python3.12/site-packages/oslo_config/cfg.py:3242}}
Jul 24 20:00:40.410916 np0000005846 devstack@n-api-meta.service[96097]: DEBUG nova.api.openstack.wsgi_app [None req-3f59a6ed-307d-446f-9449-8fec109692e1 None None] instance_build_timeout = 0 {{(pid=96097) log_opt_values /opt/stack/data/venv/lib/python3.12/site-packages/oslo_config/cfg.py:3242}}
Jul 24 20:00:40.411080 np0000005846 devstack@n-api-meta.service[96097]: DEBUG nova.api.openstack.wsgi_app [None req-3f59a6ed-307d-446f-9449-8fec109692e1 None None] instance_delete_interval = 300 {{(pid=96097) log_opt_values /opt/stack/data/venv/lib/python3.12/site-packages/oslo_config/cfg.py:3242}}
Jul 24 20:00:40.411260 np0000005846 devstack@n-api-meta.service[96097]: DEBUG nova.api.openstack.wsgi_app [None req-3f59a6ed-307d-446f-9449-8fec109692e1 None None] instance_format = [instance: %(uuid)s] {{(pid=96097) log_opt_values /opt/stack/data/venv/lib/python3.12/site-packages/oslo_config/cfg.py:3242}}
Jul 24 20:00:40.411407 np0000005846 devstack@n-api-meta.service[96097]: DEBUG nova.api.openstack.wsgi_app [None req-3f59a6ed-307d-446f-9449-8fec109692e1 None None] instance_name_template = instance-%08x {{(pid=96097) log_opt_values /opt/stack/data/venv/lib/python3.12/site-packages/oslo_config/cfg.py:3242}}
Jul 24 20:00:40.411528 np0000005846 devstack@n-api-meta.service[96097]: DEBUG nova.api.openstack.wsgi_app [None req-3f59a6ed-307d-446f-9449-8fec109692e1 None None] instance_usage_audit = False {{(pid=96097) log_opt_values /opt/stack/data/venv/lib/python3.12/site-packages/oslo_config/cfg.py:3242}}
Jul 24 20:00:40.411652 np0000005846 devstack@n-api-meta.service[96097]: DEBUG nova.api.openstack.wsgi_app [None req-3f59a6ed-307d-446f-9449-8fec109692e1 None None] instance_usage_audit_period = month {{(pid=96097) log_opt_values /opt/stack/data/venv/lib/python3.12/site-packages/oslo_config/cfg.py:3242}}
Jul 24 20:00:40.411770 np0000005846 devstack@n-api-meta.service[96097]: DEBUG nova.api.openstack.wsgi_app [None req-3f59a6ed-307d-446f-9449-8fec109692e1 None None] instance_uuid_format = [instance: %(uuid)s] {{(pid=96097) log_opt_values /opt/stack/data/venv/lib/python3.12/site-packages/oslo_config/cfg.py:3242}}
Jul 24 20:00:40.411900 np0000005846 devstack@n-api-meta.service[96097]: DEBUG nova.api.openstack.wsgi_app [None req-3f59a6ed-307d-446f-9449-8fec109692e1 None None] instances_path = /opt/stack/data/nova/instances {{(pid=96097) log_opt_values /opt/stack/data/venv/lib/python3.12/site-packages/oslo_config/cfg.py:3242}}
Jul 24 20:00:40.412049 np0000005846 devstack@n-api-meta.service[96097]: DEBUG nova.api.openstack.wsgi_app [None req-3f59a6ed-307d-446f-9449-8fec109692e1 None None] internal_service_availability_zone = internal {{(pid=96097) log_opt_values /opt/stack/data/venv/lib/python3.12/site-packages/oslo_config/cfg.py:3242}}
Jul 24 20:00:40.412169 np0000005846 devstack@n-api-meta.service[96097]: DEBUG nova.api.openstack.wsgi_app [None req-3f59a6ed-307d-446f-9449-8fec109692e1 None None] key = None {{(pid=96097) log_opt_values /opt/stack/data/venv/lib/python3.12/site-packages/oslo_config/cfg.py:3242}}
Jul 24 20:00:40.412300 np0000005846 devstack@n-api-meta.service[96097]: DEBUG nova.api.openstack.wsgi_app [None req-3f59a6ed-307d-446f-9449-8fec109692e1 None None] live_migration_retry_count = 30 {{(pid=96097) log_opt_values /opt/stack/data/venv/lib/python3.12/site-packages/oslo_config/cfg.py:3242}}
Jul 24 20:00:40.412424 np0000005846 devstack@n-api-meta.service[96097]: DEBUG nova.api.openstack.wsgi_app [None req-3f59a6ed-307d-446f-9449-8fec109692e1 None None] log_color = False {{(pid=96097) log_opt_values /opt/stack/data/venv/lib/python3.12/site-packages/oslo_config/cfg.py:3242}}
Jul 24 20:00:40.412542 np0000005846 devstack@n-api-meta.service[96097]: DEBUG nova.api.openstack.wsgi_app [None req-3f59a6ed-307d-446f-9449-8fec109692e1 None None] log_config_append = None {{(pid=96097) log_opt_values /opt/stack/data/venv/lib/python3.12/site-packages/oslo_config/cfg.py:3242}}
Jul 24 20:00:40.412660 np0000005846 devstack@n-api-meta.service[96097]: DEBUG nova.api.openstack.wsgi_app [None req-3f59a6ed-307d-446f-9449-8fec109692e1 None None] log_date_format = %Y-%m-%d %H:%M:%S {{(pid=96097) log_opt_values /opt/stack/data/venv/lib/python3.12/site-packages/oslo_config/cfg.py:3242}}
Jul 24 20:00:40.412771 np0000005846 devstack@n-api-meta.service[96097]: DEBUG nova.api.openstack.wsgi_app [None req-3f59a6ed-307d-446f-9449-8fec109692e1 None None] log_dir = None {{(pid=96097) log_opt_values /opt/stack/data/venv/lib/python3.12/site-packages/oslo_config/cfg.py:3242}}
Jul 24 20:00:40.412895 np0000005846 devstack@n-api-meta.service[96097]: DEBUG nova.api.openstack.wsgi_app [None req-3f59a6ed-307d-446f-9449-8fec109692e1 None None] log_file = None {{(pid=96097) log_opt_values /opt/stack/data/venv/lib/python3.12/site-packages/oslo_config/cfg.py:3242}}
Jul 24 20:00:40.412990 np0000005846 devstack@n-api-meta.service[96097]: DEBUG nova.api.openstack.wsgi_app [None req-3f59a6ed-307d-446f-9449-8fec109692e1 None None] log_options = True {{(pid=96097) log_opt_values /opt/stack/data/venv/lib/python3.12/site-packages/oslo_config/cfg.py:3242}}
Jul 24 20:00:40.413124 np0000005846 devstack@n-api-meta.service[96097]: DEBUG nova.api.openstack.wsgi_app [None req-3f59a6ed-307d-446f-9449-8fec109692e1 None None] log_rotate_interval = 1 {{(pid=96097) log_opt_values /opt/stack/data/venv/lib/python3.12/site-packages/oslo_config/cfg.py:3242}}
Jul 24 20:00:40.413274 np0000005846 devstack@n-api-meta.service[96097]: DEBUG nova.api.openstack.wsgi_app [None req-3f59a6ed-307d-446f-9449-8fec109692e1 None None] log_rotate_interval_type = days {{(pid=96097) log_opt_values /opt/stack/data/venv/lib/python3.12/site-packages/oslo_config/cfg.py:3242}}
Jul 24 20:00:40.413384 np0000005846 devstack@n-api-meta.service[96097]: DEBUG nova.api.openstack.wsgi_app [None req-3f59a6ed-307d-446f-9449-8fec109692e1 None None] log_rotation_type = none {{(pid=96097) log_opt_values /opt/stack/data/venv/lib/python3.12/site-packages/oslo_config/cfg.py:3242}}
Jul 24 20:00:40.413476 np0000005846 devstack@n-api-meta.service[96097]: DEBUG nova.api.openstack.wsgi_app [None req-3f59a6ed-307d-446f-9449-8fec109692e1 None None] logging_context_format_string = %(color)s%(levelname)s %(name)s [%(global_request_id)s %(request_id)s %(project_name)s %(user_name)s%(color)s] %(instance)s%(color)s%(message)s {{(pid=96097) log_opt_values /opt/stack/data/venv/lib/python3.12/site-packages/oslo_config/cfg.py:3242}}
Jul 24 20:00:40.416260 np0000005846 devstack@n-api-meta.service[96097]: DEBUG nova.api.openstack.wsgi_app [None req-3f59a6ed-307d-446f-9449-8fec109692e1 None None] logging_debug_format_suffix = {{(pid=%(process)d) %(funcName)s %(pathname)s:%(lineno)d}} {{(pid=96097) log_opt_values /opt/stack/data/venv/lib/python3.12/site-packages/oslo_config/cfg.py:3242}}
Jul 24 20:00:40.416260 np0000005846 devstack@n-api-meta.service[96097]: DEBUG nova.api.openstack.wsgi_app [None req-3f59a6ed-307d-446f-9449-8fec109692e1 None None] logging_default_format_string = %(color)s%(levelname)s %(name)s [-%(color)s] %(instance)s%(color)s%(message)s {{(pid=96097) log_opt_values /opt/stack/data/venv/lib/python3.12/site-packages/oslo_config/cfg.py:3242}}
