Jun 11 08:09:48.664637 np0000002591 devstack@g-api.service[102169]: DEBUG glance.api.middleware.version_negotiation [None req-b729e652-39e4-41fe-96cc-7ee617f43202 service glance] Matched version: v2 {{(pid=102169) process_request /opt/stack/glance/glance/api/middleware/version_negotiation.py:69}}
Jun 11 08:09:48.664726 np0000002591 devstack@g-api.service[102169]: DEBUG glance.api.middleware.version_negotiation [None req-b729e652-39e4-41fe-96cc-7ee617f43202 service glance] new path /v2/schemas/image {{(pid=102169) process_request /opt/stack/glance/glance/api/middleware/version_negotiation.py:70}}
Jun 11 08:09:48.666668 np0000002591 devstack@g-api.service[102169]: [pid: 102169|app: 0|req: 123/373] 127.0.0.1 () {44 vars in 1055 bytes} [Thu Jun 11 08:09:48 2026] GET /v2/schemas/image => generated 6083 bytes in 2 msecs (HTTP/1.1 200) 4 headers in 158 bytes (1 switches on core 0)
Jun 11 08:09:49.045592 np0000002591 devstack@g-api.service[102170]: DEBUG glance.api.middleware.version_negotiation [None req-b729e652-39e4-41fe-96cc-7ee617f43202 tempest-ServerActionsV293TestJSON-522062045 tempest-ServerActionsV293TestJSON-522062045-project-member] Determining version of request: GET /v2/images/bdbb3c38-a21a-463c-9970-ba3937368f95 Accept: */* {{(pid=102170) process_request /opt/stack/glance/glance/api/middleware/version_negotiation.py:44}}
Jun 11 08:09:49.045811 np0000002591 devstack@g-api.service[102170]: DEBUG glance.api.middleware.version_negotiation [None req-b729e652-39e4-41fe-96cc-7ee617f43202 tempest-ServerActionsV293TestJSON-522062045 tempest-ServerActionsV293TestJSON-522062045-project-member] Using url versioning {{(pid=102170) process_request /opt/stack/glance/glance/api/middleware/version_negotiation.py:57}}
Jun 11 08:09:49.046048 np0000002591 devstack@g-api.service[102170]: DEBUG glance.api.middleware.version_negotiation [None req-b729e652-39e4-41fe-96cc-7ee617f43202 tempest-ServerActionsV293TestJSON-522062045 tempest-ServerActionsV293TestJSON-522062045-project-member] Matched version: v2 {{(pid=102170) process_request /opt/stack/glance/glance/api/middleware/version_negotiation.py:69}}
Jun 11 08:09:49.046196 np0000002591 devstack@g-api.service[102170]: DEBUG glance.api.middleware.version_negotiation [None req-b729e652-39e4-41fe-96cc-7ee617f43202 tempest-ServerActionsV293TestJSON-522062045 tempest-ServerActionsV293TestJSON-522062045-project-member] new path /v2/images/bdbb3c38-a21a-463c-9970-ba3937368f95 {{(pid=102170) process_request /opt/stack/glance/glance/api/middleware/version_negotiation.py:70}}
Jun 11 08:09:49.053537 np0000002591 devstack@g-api.service[102168]: DEBUG glance.api.middleware.version_negotiation [None req-b729e652-39e4-41fe-96cc-7ee617f43202 tempest-ServerActionsV293TestJSON-522062045 tempest-ServerActionsV293TestJSON-522062045-project-member] Determining version of request: PUT /v2/images/88d149f1-ec1c-460e-b083-79e80dbc6aa5/file Accept: */* {{(pid=102168) process_request /opt/stack/glance/glance/api/middleware/version_negotiation.py:44}}
Jun 11 08:09:49.053712 np0000002591 devstack@g-api.service[102168]: DEBUG glance.api.middleware.version_negotiation [None req-b729e652-39e4-41fe-96cc-7ee617f43202 tempest-ServerActionsV293TestJSON-522062045 tempest-ServerActionsV293TestJSON-522062045-project-member] Using url versioning {{(pid=102168) process_request /opt/stack/glance/glance/api/middleware/version_negotiation.py:57}}
Jun 11 08:09:49.053973 np0000002591 devstack@g-api.service[102168]: DEBUG glance.api.middleware.version_negotiation [None req-b729e652-39e4-41fe-96cc-7ee617f43202 tempest-ServerActionsV293TestJSON-522062045 tempest-ServerActionsV293TestJSON-522062045-project-member] Matched version: v2 {{(pid=102168) process_request /opt/stack/glance/glance/api/middleware/version_negotiation.py:69}}
Jun 11 08:09:49.054121 np0000002591 devstack@g-api.service[102168]: DEBUG glance.api.middleware.version_negotiation [None req-b729e652-39e4-41fe-96cc-7ee617f43202 tempest-ServerActionsV293TestJSON-522062045 tempest-ServerActionsV293TestJSON-522062045-project-member] new path /v2/images/88d149f1-ec1c-460e-b083-79e80dbc6aa5/file {{(pid=102168) process_request /opt/stack/glance/glance/api/middleware/version_negotiation.py:70}}
Jun 11 08:09:49.063116 np0000002591 devstack@g-api.service[102169]: DEBUG glance.api.middleware.version_negotiation [None req-b729e652-39e4-41fe-96cc-7ee617f43202 tempest-ServerActionsV293TestJSON-522062045 tempest-ServerActionsV293TestJSON-522062045-project-member] Determining version of request: GET /v2/images/88d149f1-ec1c-460e-b083-79e80dbc6aa5 Accept: application/json {{(pid=102169) process_request /opt/stack/glance/glance/api/middleware/version_negotiation.py:44}}
Jun 11 08:09:49.063268 np0000002591 devstack@g-api.service[102169]: DEBUG glance.api.middleware.version_negotiation [None req-b729e652-39e4-41fe-96cc-7ee617f43202 tempest-ServerActionsV293TestJSON-522062045 tempest-ServerActionsV293TestJSON-522062045-project-member] Using url versioning {{(pid=102169) process_request /opt/stack/glance/glance/api/middleware/version_negotiation.py:57}}
Jun 11 08:09:49.063456 np0000002591 devstack@g-api.service[102169]: DEBUG glance.api.middleware.version_negotiation [None req-b729e652-39e4-41fe-96cc-7ee617f43202 tempest-ServerActionsV293TestJSON-522062045 tempest-ServerActionsV293TestJSON-522062045-project-member] Matched version: v2 {{(pid=102169) process_request /opt/stack/glance/glance/api/middleware/version_negotiation.py:69}}
Jun 11 08:09:49.063562 np0000002591 devstack@g-api.service[102169]: DEBUG glance.api.middleware.version_negotiation [None req-b729e652-39e4-41fe-96cc-7ee617f43202 tempest-ServerActionsV293TestJSON-522062045 tempest-ServerActionsV293TestJSON-522062045-project-member] new path /v2/images/88d149f1-ec1c-460e-b083-79e80dbc6aa5 {{(pid=102169) process_request /opt/stack/glance/glance/api/middleware/version_negotiation.py:70}}
Jun 11 08:09:49.075507 np0000002591 devstack@g-api.service[102170]: [pid: 102170|app: 0|req: 126/374] 127.0.0.1 () {44 vars in 1115 bytes} [Thu Jun 11 08:09:49 2026] GET /v2/images/bdbb3c38-a21a-463c-9970-ba3937368f95 => generated 1044 bytes in 30 msecs (HTTP/1.1 200) 4 headers in 158 bytes (1 switches on core 0)
Jun 11 08:09:49.079378 np0000002591 devstack@g-api.service[102169]: [pid: 102169|app: 0|req: 124/375] 127.0.0.1 () {40 vars in 838 bytes} [Thu Jun 11 08:09:49 2026] GET /v2/images/88d149f1-ec1c-460e-b083-79e80dbc6aa5 => generated 649 bytes in 16 msecs (HTTP/1.1 200) 4 headers in 157 bytes (1 switches on core 0)
Jun 11 08:09:49.116144 np0000002591 devstack@g-api.service[102170]: DEBUG glance.api.middleware.version_negotiation [None req-7b73fe39-0710-4717-af9f-a7f566450e82 tempest-AttachVolumeMultiAttachTest-658286217 tempest-AttachVolumeMultiAttachTest-658286217-project-member] Determining version of request: GET /v2/schemas/image Accept: */* {{(pid=102170) process_request /opt/stack/glance/glance/api/middleware/version_negotiation.py:44}}
Jun 11 08:09:49.116346 np0000002591 devstack@g-api.service[102170]: DEBUG glance.api.middleware.version_negotiation [None req-7b73fe39-0710-4717-af9f-a7f566450e82 tempest-AttachVolumeMultiAttachTest-658286217 tempest-AttachVolumeMultiAttachTest-658286217-project-member] Using url versioning {{(pid=102170) process_request /opt/stack/glance/glance/api/middleware/version_negotiation.py:57}}
Jun 11 08:09:49.116549 np0000002591 devstack@g-api.service[102170]: DEBUG glance.api.middleware.version_negotiation [None req-7b73fe39-0710-4717-af9f-a7f566450e82 tempest-AttachVolumeMultiAttachTest-658286217 tempest-AttachVolumeMultiAttachTest-658286217-project-member] Matched version: v2 {{(pid=102170) process_request /opt/stack/glance/glance/api/middleware/version_negotiation.py:69}}
Jun 11 08:09:49.116690 np0000002591 devstack@g-api.service[102170]: DEBUG glance.api.middleware.version_negotiation [None req-7b73fe39-0710-4717-af9f-a7f566450e82 tempest-AttachVolumeMultiAttachTest-658286217 tempest-AttachVolumeMultiAttachTest-658286217-project-member] new path /v2/schemas/image {{(pid=102170) process_request /opt/stack/glance/glance/api/middleware/version_negotiation.py:70}}
Jun 11 08:09:49.119109 np0000002591 devstack@g-api.service[102170]: [pid: 102170|app: 0|req: 127/376] 127.0.0.1 () {44 vars in 1055 bytes} [Thu Jun 11 08:09:49 2026] GET /v2/schemas/image => generated 6083 bytes in 3 msecs (HTTP/1.1 200) 4 headers in 158 bytes (1 switches on core 0)
Jun 11 08:09:49.615741 np0000002591 devstack@g-api.service[102168]: INFO glance.api.v2.image_data [None req-34ba73de-3583-4e2f-aa58-9f276fd19579 tempest-VolumesActionsTest-803767356 tempest-VolumesActionsTest-803767356-project-member] Unable to create trust: no such option collect_timing in group [keystone_authtoken] Use the existing user token.
Jun 11 08:09:50.094040 np0000002591 devstack@g-api.service[102169]: DEBUG glance.api.middleware.version_negotiation [None req-6da1d948-2fa5-4eef-86b4-0a3a022ee502 tempest-VolumesActionsTest-803767356 tempest-VolumesActionsTest-803767356-project-member] Determining version of request: GET /v2/images/88d149f1-ec1c-460e-b083-79e80dbc6aa5 Accept: application/json {{(pid=102169) process_request /opt/stack/glance/glance/api/middleware/version_negotiation.py:44}}
Jun 11 08:09:50.094453 np0000002591 devstack@g-api.service[102169]: DEBUG glance.api.middleware.version_negotiation [None req-6da1d948-2fa5-4eef-86b4-0a3a022ee502 tempest-VolumesActionsTest-803767356 tempest-VolumesActionsTest-803767356-project-member] Using url versioning {{(pid=102169) process_request /opt/stack/glance/glance/api/middleware/version_negotiation.py:57}}
Jun 11 08:09:50.094453 np0000002591 devstack@g-api.service[102169]: DEBUG glance.api.middleware.version_negotiation [None req-6da1d948-2fa5-4eef-86b4-0a3a022ee502 tempest-VolumesActionsTest-803767356 tempest-VolumesActionsTest-803767356-project-member] Matched version: v2 {{(pid=102169) process_request /opt/stack/glance/glance/api/middleware/version_negotiation.py:69}}
Jun 11 08:09:50.094558 np0000002591 devstack@g-api.service[102169]: DEBUG glance.api.middleware.version_negotiation [None req-6da1d948-2fa5-4eef-86b4-0a3a022ee502 tempest-VolumesActionsTest-803767356 tempest-VolumesActionsTest-803767356-project-member] new path /v2/images/88d149f1-ec1c-460e-b083-79e80dbc6aa5 {{(pid=102169) process_request /opt/stack/glance/glance/api/middleware/version_negotiation.py:70}}
Jun 11 08:09:50.103436 np0000002591 devstack@g-api.service[102169]: [pid: 102169|app: 0|req: 125/377] 127.0.0.1 () {40 vars in 838 bytes} [Thu Jun 11 08:09:50 2026] GET /v2/images/88d149f1-ec1c-460e-b083-79e80dbc6aa5 => generated 649 bytes in 9 msecs (HTTP/1.1 200) 4 headers in 157 bytes (1 switches on core 0)
Jun 11 08:09:50.245959 np0000002591 devstack@g-api.service[102168]: DEBUG glance.location [None req-34ba73de-3583-4e2f-aa58-9f276fd19579 tempest-VolumesActionsTest-803767356 tempest-VolumesActionsTest-803767356-project-member] Enabling in-flight format inspection for raw {{(pid=102168) set_data /opt/stack/glance/glance/location.py:616}}
Jun 11 08:09:50.245959 np0000002591 devstack@g-api.service[102168]: DEBUG glance_store.backend [None req-34ba73de-3583-4e2f-aa58-9f276fd19579 tempest-VolumesActionsTest-803767356 tempest-VolumesActionsTest-803767356-project-member] Attempting to import store swift {{(pid=102168) _load_store /opt/stack/data/venv/lib/python3.12/site-packages/glance_store/backend.py:215}}
Jun 11 08:09:50.245959 np0000002591 devstack@g-api.service[102168]: DEBUG glance_store.capabilities [None req-34ba73de-3583-4e2f-aa58-9f276fd19579 tempest-VolumesActionsTest-803767356 tempest-VolumesActionsTest-803767356-project-member] Store glance_store._drivers.swift.store.SingleTenantStore doesn't support updating dynamic storage capabilities. Please overwrite 'update_capabilities' method of the store to implement updating logics if needed. {{(pid=102168) update_capabilities /opt/stack/data/venv/lib/python3.12/site-packages/glance_store/capabilities.py:91}}
Jun 11 08:09:50.246858 np0000002591 devstack@g-api.service[102168]: DEBUG glance_store.driver [None req-34ba73de-3583-4e2f-aa58-9f276fd19579 tempest-VolumesActionsTest-803767356 tempest-VolumesActionsTest-803767356-project-member] Late loading location class glance_store._drivers.swift.store.StoreLocation {{(pid=102168) get_store_location_class /opt/stack/data/venv/lib/python3.12/site-packages/glance_store/driver.py:134}}
Jun 11 08:09:50.247106 np0000002591 devstack@g-api.service[102168]: DEBUG glance_store.location [None req-34ba73de-3583-4e2f-aa58-9f276fd19579 tempest-VolumesActionsTest-803767356 tempest-VolumesActionsTest-803767356-project-member] Registering scheme swift+https with {'store': , 'location_class': , 'store_entry': 'swift'} {{(pid=102168) register_scheme_map /opt/stack/data/venv/lib/python3.12/site-packages/glance_store/location.py:146}}
Jun 11 08:09:50.247322 np0000002591 devstack@g-api.service[102168]: DEBUG glance_store.location [None req-34ba73de-3583-4e2f-aa58-9f276fd19579 tempest-VolumesActionsTest-803767356 tempest-VolumesActionsTest-803767356-project-member] Registering scheme swift+https with {'store': , 'location_class': , 'store_entry': 'swift'} {{(pid=102168) register_scheme_map /opt/stack/data/venv/lib/python3.12/site-packages/glance_store/location.py:146}}
Jun 11 08:09:50.247539 np0000002591 devstack@g-api.service[102168]: DEBUG glance_store.location [None req-34ba73de-3583-4e2f-aa58-9f276fd19579 tempest-VolumesActionsTest-803767356 tempest-VolumesActionsTest-803767356-project-member] Registering scheme swift with {'store': , 'location_class': , 'store_entry': 'swift'} {{(pid=102168) register_scheme_map /opt/stack/data/venv/lib/python3.12/site-packages/glance_store/location.py:146}}
Jun 11 08:09:50.247765 np0000002591 devstack@g-api.service[102168]: DEBUG glance_store.location [None req-34ba73de-3583-4e2f-aa58-9f276fd19579 tempest-VolumesActionsTest-803767356 tempest-VolumesActionsTest-803767356-project-member] Registering scheme swift+https with {'store': , 'location_class': , 'store_entry': 'swift'} {{(pid=102168) register_scheme_map /opt/stack/data/venv/lib/python3.12/site-packages/glance_store/location.py:146}}
Jun 11 08:09:50.248128 np0000002591 devstack@g-api.service[102168]: DEBUG glance_store.location [None req-34ba73de-3583-4e2f-aa58-9f276fd19579 tempest-VolumesActionsTest-803767356 tempest-VolumesActionsTest-803767356-project-member] Registering scheme swift with {'store': , 'location_class': , 'store_entry': 'swift'} {{(pid=102168) register_scheme_map /opt/stack/data/venv/lib/python3.12/site-packages/glance_store/location.py:146}}
Jun 11 08:09:50.248345 np0000002591 devstack@g-api.service[102168]: DEBUG glance_store.location [None req-34ba73de-3583-4e2f-aa58-9f276fd19579 tempest-VolumesActionsTest-803767356 tempest-VolumesActionsTest-803767356-project-member] Registering scheme swift+http with {'store': , 'location_class': , 'store_entry': 'swift'} {{(pid=102168) register_scheme_map /opt/stack/data/venv/lib/python3.12/site-packages/glance_store/location.py:146}}
Jun 11 08:09:50.248563 np0000002591 devstack@g-api.service[102168]: DEBUG glance_store.location [None req-34ba73de-3583-4e2f-aa58-9f276fd19579 tempest-VolumesActionsTest-803767356 tempest-VolumesActionsTest-803767356-project-member] Registering scheme swift+https with {'store': , 'location_class': , 'store_entry': 'swift'} {{(pid=102168) register_scheme_map /opt/stack/data/venv/lib/python3.12/site-packages/glance_store/location.py:146}}
Jun 11 08:09:50.248785 np0000002591 devstack@g-api.service[102168]: DEBUG glance_store.location [None req-34ba73de-3583-4e2f-aa58-9f276fd19579 tempest-VolumesActionsTest-803767356 tempest-VolumesActionsTest-803767356-project-member] Registering scheme swift with {'store': , 'location_class': , 'store_entry': 'swift'} {{(pid=102168) register_scheme_map /opt/stack/data/venv/lib/python3.12/site-packages/glance_store/location.py:146}}
Jun 11 08:09:50.248999 np0000002591 devstack@g-api.service[102168]: DEBUG glance_store.location [None req-34ba73de-3583-4e2f-aa58-9f276fd19579 tempest-VolumesActionsTest-803767356 tempest-VolumesActionsTest-803767356-project-member] Registering scheme swift+http with {'store': , 'location_class': , 'store_entry': 'swift'} {{(pid=102168) register_scheme_map /opt/stack/data/venv/lib/python3.12/site-packages/glance_store/location.py:146}}
Jun 11 08:09:50.249166 np0000002591 devstack@g-api.service[102168]: DEBUG glance_store.location [None req-34ba73de-3583-4e2f-aa58-9f276fd19579 tempest-VolumesActionsTest-803767356 tempest-VolumesActionsTest-803767356-project-member] Registering scheme swift+config with {'store': , 'location_class': , 'store_entry': 'swift'} {{(pid=102168) register_scheme_map /opt/stack/data/venv/lib/python3.12/site-packages/glance_store/location.py:146}}
Jun 11 08:09:50.570301 np0000002591 devstack@g-api.service[102168]: DEBUG swiftclient [None req-34ba73de-3583-4e2f-aa58-9f276fd19579 tempest-VolumesActionsTest-803767356 tempest-VolumesActionsTest-803767356-project-member] REQ: curl -i https://10.4.3.131:8080/v1/AUTH_564948fccd0b4892bbddebd51808146b/glance -I -H "X-Auth-Token: gAAAAABqKm1O5y2d..." {{(pid=102168) http_log /opt/stack/data/venv/lib/python3.12/site-packages/swiftclient/client.py:160}}
Jun 11 08:09:50.570503 np0000002591 devstack@g-api.service[102168]: DEBUG swiftclient [None req-34ba73de-3583-4e2f-aa58-9f276fd19579 tempest-VolumesActionsTest-803767356 tempest-VolumesActionsTest-803767356-project-member] RESP STATUS: 204 No Content {{(pid=102168) http_log /opt/stack/data/venv/lib/python3.12/site-packages/swiftclient/client.py:161}}
Jun 11 08:09:50.570746 np0000002591 devstack@g-api.service[102168]: DEBUG swiftclient [None req-34ba73de-3583-4e2f-aa58-9f276fd19579 tempest-VolumesActionsTest-803767356 tempest-VolumesActionsTest-803767356-project-member] RESP HEADERS: {'Date': 'Thu, 11 Jun 2026 08:09:50 GMT', 'Server': 'Apache/2.4.58 (Ubuntu)', 'Content-Type': 'text/plain; charset=utf-8', 'X-Container-Object-Count': '3', 'X-Container-Bytes-Used': '64356352', 'X-Timestamp': '1781164868.17679', 'Last-Modified': 'Thu, 11 Jun 2026 08:01:09 GMT', 'Accept-Ranges': 'bytes', 'X-Storage-Policy': 'Policy-0', 'X-Container-Sharding': 'False', 'Vary': 'Accept', 'X-Trans-Id': 'txc9cf948c32754ac799dc5-006a2a6d4e', 'X-Openstack-Request-Id': 'txc9cf948c32754ac799dc5-006a2a6d4e', 'Connection': 'close'} {{(pid=102168) http_log /opt/stack/data/venv/lib/python3.12/site-packages/swiftclient/client.py:162}}
Jun 11 08:09:50.571053 np0000002591 devstack@g-api.service[102168]: DEBUG glance_store._drivers.swift.store [None req-34ba73de-3583-4e2f-aa58-9f276fd19579 tempest-VolumesActionsTest-803767356 tempest-VolumesActionsTest-803767356-project-member] Adding image object '88d149f1-ec1c-460e-b083-79e80dbc6aa5' to Swift {{(pid=102168) add /opt/stack/data/venv/lib/python3.12/site-packages/glance_store/_drivers/swift/store.py:970}}
Jun 11 08:09:50.571184 np0000002591 devstack@g-api.service[102168]: DEBUG glance_store._drivers.swift.store [None req-34ba73de-3583-4e2f-aa58-9f276fd19579 tempest-VolumesActionsTest-803767356 tempest-VolumesActionsTest-803767356-project-member] Cannot determine image size because it is either not provided in the request or chunked-transfer encoding is used. Adding image as a segmented object to Swift. {{(pid=102168) add /opt/stack/data/venv/lib/python3.12/site-packages/glance_store/_drivers/swift/store.py:994}}
Jun 11 08:09:50.581004 np0000002591 devstack@g-api.service[102168]: DEBUG oslo_utils.imageutils.format_inspector [None req-34ba73de-3583-4e2f-aa58-9f276fd19579 tempest-VolumesActionsTest-803767356 tempest-VolumesActionsTest-803767356-project-member] Format inspector for vmdk does not match, excluding from consideration (Signature KDMV not found: b'\x00\x00\x00\x00') {{(pid=102168) _process_chunk /opt/stack/data/venv/lib/python3.12/site-packages/oslo_utils/imageutils/format_inspector.py:1758}}
Jun 11 08:09:50.584575 np0000002591 devstack@g-api.service[102168]: DEBUG oslo_utils.imageutils.format_inspector [None req-34ba73de-3583-4e2f-aa58-9f276fd19579 tempest-VolumesActionsTest-803767356 tempest-VolumesActionsTest-803767356-project-member] Format inspector for vhdx does not match, excluding from consideration (Region signature not found at 30000) {{(pid=102168) _process_chunk /opt/stack/data/venv/lib/python3.12/site-packages/oslo_utils/imageutils/format_inspector.py:1758}}
Jun 11 08:09:51.116378 np0000002591 devstack@g-api.service[102170]: DEBUG glance.api.middleware.version_negotiation [None req-7b73fe39-0710-4717-af9f-a7f566450e82 tempest-AttachVolumeMultiAttachTest-658286217 tempest-AttachVolumeMultiAttachTest-658286217-project-member] Determining version of request: GET /v2/images/88d149f1-ec1c-460e-b083-79e80dbc6aa5 Accept: application/json {{(pid=102170) process_request /opt/stack/glance/glance/api/middleware/version_negotiation.py:44}}
Jun 11 08:09:51.116378 np0000002591 devstack@g-api.service[102170]: DEBUG glance.api.middleware.version_negotiation [None req-7b73fe39-0710-4717-af9f-a7f566450e82 tempest-AttachVolumeMultiAttachTest-658286217 tempest-AttachVolumeMultiAttachTest-658286217-project-member] Using url versioning {{(pid=102170) process_request /opt/stack/glance/glance/api/middleware/version_negotiation.py:57}}
Jun 11 08:09:51.116378 np0000002591 devstack@g-api.service[102170]: DEBUG glance.api.middleware.version_negotiation [None req-7b73fe39-0710-4717-af9f-a7f566450e82 tempest-AttachVolumeMultiAttachTest-658286217 tempest-AttachVolumeMultiAttachTest-658286217-project-member] Matched version: v2 {{(pid=102170) process_request /opt/stack/glance/glance/api/middleware/version_negotiation.py:69}}
Jun 11 08:09:51.116378 np0000002591 devstack@g-api.service[102170]: DEBUG glance.api.middleware.version_negotiation [None req-7b73fe39-0710-4717-af9f-a7f566450e82 tempest-AttachVolumeMultiAttachTest-658286217 tempest-AttachVolumeMultiAttachTest-658286217-project-member] new path /v2/images/88d149f1-ec1c-460e-b083-79e80dbc6aa5 {{(pid=102170) process_request /opt/stack/glance/glance/api/middleware/version_negotiation.py:70}}
Jun 11 08:09:51.129019 np0000002591 devstack@g-api.service[102170]: [pid: 102170|app: 0|req: 128/378] 127.0.0.1 () {40 vars in 838 bytes} [Thu Jun 11 08:09:51 2026] GET /v2/images/88d149f1-ec1c-460e-b083-79e80dbc6aa5 => generated 649 bytes in 13 msecs (HTTP/1.1 200) 4 headers in 157 bytes (1 switches on core 0)
Jun 11 08:09:52.146147 np0000002591 devstack@g-api.service[102169]: DEBUG glance.api.middleware.version_negotiation [None req-563454a8-a4fd-45f7-962e-17ea39957e9b tempest-VolumesActionsTest-803767356 tempest-VolumesActionsTest-803767356-project-member] Determining version of request: GET /v2/images/88d149f1-ec1c-460e-b083-79e80dbc6aa5 Accept: application/json {{(pid=102169) process_request /opt/stack/glance/glance/api/middleware/version_negotiation.py:44}}
Jun 11 08:09:52.146740 np0000002591 devstack@g-api.service[102169]: DEBUG glance.api.middleware.version_negotiation [None req-563454a8-a4fd-45f7-962e-17ea39957e9b tempest-VolumesActionsTest-803767356 tempest-VolumesActionsTest-803767356-project-member] Using url versioning {{(pid=102169) process_request /opt/stack/glance/glance/api/middleware/version_negotiation.py:57}}
Jun 11 08:09:52.146740 np0000002591 devstack@g-api.service[102169]: DEBUG glance.api.middleware.version_negotiation [None req-563454a8-a4fd-45f7-962e-17ea39957e9b tempest-VolumesActionsTest-803767356 tempest-VolumesActionsTest-803767356-project-member] Matched version: v2 {{(pid=102169) process_request /opt/stack/glance/glance/api/middleware/version_negotiation.py:69}}
Jun 11 08:09:52.146740 np0000002591 devstack@g-api.service[102169]: DEBUG glance.api.middleware.version_negotiation [None req-563454a8-a4fd-45f7-962e-17ea39957e9b tempest-VolumesActionsTest-803767356 tempest-VolumesActionsTest-803767356-project-member] new path /v2/images/88d149f1-ec1c-460e-b083-79e80dbc6aa5 {{(pid=102169) process_request /opt/stack/glance/glance/api/middleware/version_negotiation.py:70}}
Jun 11 08:09:52.172991 np0000002591 devstack@g-api.service[102169]: [pid: 102169|app: 0|req: 126/379] 127.0.0.1 () {40 vars in 838 bytes} [Thu Jun 11 08:09:52 2026] GET /v2/images/88d149f1-ec1c-460e-b083-79e80dbc6aa5 => generated 649 bytes in 26 msecs (HTTP/1.1 200) 4 headers in 157 bytes (1 switches on core 0)
Jun 11 08:09:52.864121 np0000002591 devstack@g-api.service[102168]: DEBUG swiftclient [None req-34ba73de-3583-4e2f-aa58-9f276fd19579 tempest-VolumesActionsTest-803767356 tempest-VolumesActionsTest-803767356-project-member] REQ: curl -i https://10.4.3.131:8080/v1/AUTH_564948fccd0b4892bbddebd51808146b/glance/88d149f1-ec1c-460e-b083-79e80dbc6aa5-00001 -X PUT -H "X-Auth-Token: gAAAAABqKm1O5y2d..." {{(pid=102168) http_log /opt/stack/data/venv/lib/python3.12/site-packages/swiftclient/client.py:160}}
Jun 11 08:09:52.864420 np0000002591 devstack@g-api.service[102168]: DEBUG swiftclient [None req-34ba73de-3583-4e2f-aa58-9f276fd19579 tempest-VolumesActionsTest-803767356 tempest-VolumesActionsTest-803767356-project-member] RESP STATUS: 201 Created {{(pid=102168) http_log /opt/stack/data/venv/lib/python3.12/site-packages/swiftclient/client.py:161}}
Jun 11 08:09:52.864420 np0000002591 devstack@g-api.service[102168]: DEBUG swiftclient [None req-34ba73de-3583-4e2f-aa58-9f276fd19579 tempest-VolumesActionsTest-803767356 tempest-VolumesActionsTest-803767356-project-member] RESP HEADERS: {'Date': 'Thu, 11 Jun 2026 08:09:52 GMT', 'Server': 'Apache/2.4.58 (Ubuntu)', 'Content-Type': 'text/html; charset=UTF-8', 'Content-Length': '0', 'Etag': 'eda9a9889837ac4bc81d6387d92c1bec', 'Last-Modified': 'Thu, 11 Jun 2026 08:09:51 GMT', 'X-Trans-Id': 'tx1bd288026de5468ba923a-006a2a6d4e', 'X-Openstack-Request-Id': 'tx1bd288026de5468ba923a-006a2a6d4e', 'Connection': 'close'} {{(pid=102168) http_log /opt/stack/data/venv/lib/python3.12/site-packages/swiftclient/client.py:162}}
Jun 11 08:09:52.864557 np0000002591 devstack@g-api.service[102168]: DEBUG glance_store._drivers.swift.store [None req-34ba73de-3583-4e2f-aa58-9f276fd19579 tempest-VolumesActionsTest-803767356 tempest-VolumesActionsTest-803767356-project-member] Wrote chunk 88d149f1-ec1c-460e-b083-79e80dbc6aa5-00001 (1/?) of length 204800000 to Swift returning MD5 of content: eda9a9889837ac4bc81d6387d92c1bec {{(pid=102168) add /opt/stack/data/venv/lib/python3.12/site-packages/glance_store/_drivers/swift/store.py:1059}}
Jun 11 08:09:53.192096 np0000002591 devstack@g-api.service[102170]: DEBUG glance.api.middleware.version_negotiation [None req-bab57696-a714-4b6a-94f8-3cffd9db2f2d tempest-VolumesActionsTest-803767356 tempest-VolumesActionsTest-803767356-project-member] Determining version of request: GET /v2/images/88d149f1-ec1c-460e-b083-79e80dbc6aa5 Accept: application/json {{(pid=102170) process_request /opt/stack/glance/glance/api/middleware/version_negotiation.py:44}}
Jun 11 08:09:53.192096 np0000002591 devstack@g-api.service[102170]: DEBUG glance.api.middleware.version_negotiation [None req-bab57696-a714-4b6a-94f8-3cffd9db2f2d tempest-VolumesActionsTest-803767356 tempest-VolumesActionsTest-803767356-project-member] Using url versioning {{(pid=102170) process_request /opt/stack/glance/glance/api/middleware/version_negotiation.py:57}}
Jun 11 08:09:53.192096 np0000002591 devstack@g-api.service[102170]: DEBUG glance.api.middleware.version_negotiation [None req-bab57696-a714-4b6a-94f8-3cffd9db2f2d tempest-VolumesActionsTest-803767356 tempest-VolumesActionsTest-803767356-project-member] Matched version: v2 {{(pid=102170) process_request /opt/stack/glance/glance/api/middleware/version_negotiation.py:69}}
Jun 11 08:09:53.192647 np0000002591 devstack@g-api.service[102170]: DEBUG glance.api.middleware.version_negotiation [None req-bab57696-a714-4b6a-94f8-3cffd9db2f2d tempest-VolumesActionsTest-803767356 tempest-VolumesActionsTest-803767356-project-member] new path /v2/images/88d149f1-ec1c-460e-b083-79e80dbc6aa5 {{(pid=102170) process_request /opt/stack/glance/glance/api/middleware/version_negotiation.py:70}}
Jun 11 08:09:53.213591 np0000002591 devstack@g-api.service[102170]: [pid: 102170|app: 0|req: 129/380] 127.0.0.1 () {40 vars in 838 bytes} [Thu Jun 11 08:09:53 2026] GET /v2/images/88d149f1-ec1c-460e-b083-79e80dbc6aa5 => generated 649 bytes in 23 msecs (HTTP/1.1 200) 4 headers in 157 bytes (1 switches on core 0)
Jun 11 08:09:54.231079 np0000002591 devstack@g-api.service[102169]: DEBUG glance.api.middleware.version_negotiation [None req-0c3c5b74-da4d-4e47-b6a2-18057e61ff20 tempest-VolumesActionsTest-803767356 tempest-VolumesActionsTest-803767356-project-member] Determining version of request: GET /v2/images/88d149f1-ec1c-460e-b083-79e80dbc6aa5 Accept: application/json {{(pid=102169) process_request /opt/stack/glance/glance/api/middleware/version_negotiation.py:44}}
Jun 11 08:09:54.231490 np0000002591 devstack@g-api.service[102169]: DEBUG glance.api.middleware.version_negotiation [None req-0c3c5b74-da4d-4e47-b6a2-18057e61ff20 tempest-VolumesActionsTest-803767356 tempest-VolumesActionsTest-803767356-project-member] Using url versioning {{(pid=102169) process_request /opt/stack/glance/glance/api/middleware/version_negotiation.py:57}}
Jun 11 08:09:54.231540 np0000002591 devstack@g-api.service[102169]: DEBUG glance.api.middleware.version_negotiation [None req-0c3c5b74-da4d-4e47-b6a2-18057e61ff20 tempest-VolumesActionsTest-803767356 tempest-VolumesActionsTest-803767356-project-member] Matched version: v2 {{(pid=102169) process_request /opt/stack/glance/glance/api/middleware/version_negotiation.py:69}}
Jun 11 08:09:54.231703 np0000002591 devstack@g-api.service[102169]: DEBUG glance.api.middleware.version_negotiation [None req-0c3c5b74-da4d-4e47-b6a2-18057e61ff20 tempest-VolumesActionsTest-803767356 tempest-VolumesActionsTest-803767356-project-member] new path /v2/images/88d149f1-ec1c-460e-b083-79e80dbc6aa5 {{(pid=102169) process_request /opt/stack/glance/glance/api/middleware/version_negotiation.py:70}}
Jun 11 08:09:54.252872 np0000002591 devstack@g-api.service[102169]: [pid: 102169|app: 0|req: 127/381] 127.0.0.1 () {40 vars in 838 bytes} [Thu Jun 11 08:09:54 2026] GET /v2/images/88d149f1-ec1c-460e-b083-79e80dbc6aa5 => generated 649 bytes in 23 msecs (HTTP/1.1 200) 4 headers in 157 bytes (1 switches on core 0)
Jun 11 08:09:55.212111 np0000002591 devstack@g-api.service[102168]: DEBUG swiftclient [None req-34ba73de-3583-4e2f-aa58-9f276fd19579 tempest-VolumesActionsTest-803767356 tempest-VolumesActionsTest-803767356-project-member] REQ: curl -i https://10.4.3.131:8080/v1/AUTH_564948fccd0b4892bbddebd51808146b/glance/88d149f1-ec1c-460e-b083-79e80dbc6aa5-00002 -X PUT -H "X-Auth-Token: gAAAAABqKm1O5y2d..." {{(pid=102168) http_log /opt/stack/data/venv/lib/python3.12/site-packages/swiftclient/client.py:160}}
Jun 11 08:09:55.212472 np0000002591 devstack@g-api.service[102168]: DEBUG swiftclient [None req-34ba73de-3583-4e2f-aa58-9f276fd19579 tempest-VolumesActionsTest-803767356 tempest-VolumesActionsTest-803767356-project-member] RESP STATUS: 201 Created {{(pid=102168) http_log /opt/stack/data/venv/lib/python3.12/site-packages/swiftclient/client.py:161}}
Jun 11 08:09:55.212472 np0000002591 devstack@g-api.service[102168]: DEBUG swiftclient [None req-34ba73de-3583-4e2f-aa58-9f276fd19579 tempest-VolumesActionsTest-803767356 tempest-VolumesActionsTest-803767356-project-member] RESP HEADERS: {'Date': 'Thu, 11 Jun 2026 08:09:55 GMT', 'Server': 'Apache/2.4.58 (Ubuntu)', 'Content-Type': 'text/html; charset=UTF-8', 'Content-Length': '0', 'Etag': 'eda9a9889837ac4bc81d6387d92c1bec', 'Last-Modified': 'Thu, 11 Jun 2026 08:09:53 GMT', 'X-Trans-Id': 'tx61173432a20e4afbac3bc-006a2a6d50', 'X-Openstack-Request-Id': 'tx61173432a20e4afbac3bc-006a2a6d50', 'Connection': 'close'} {{(pid=102168) http_log /opt/stack/data/venv/lib/python3.12/site-packages/swiftclient/client.py:162}}
Jun 11 08:09:55.212773 np0000002591 devstack@g-api.service[102168]: DEBUG glance_store._drivers.swift.store [None req-34ba73de-3583-4e2f-aa58-9f276fd19579 tempest-VolumesActionsTest-803767356 tempest-VolumesActionsTest-803767356-project-member] Wrote chunk 88d149f1-ec1c-460e-b083-79e80dbc6aa5-00002 (2/?) of length 204800000 to Swift returning MD5 of content: eda9a9889837ac4bc81d6387d92c1bec {{(pid=102168) add /opt/stack/data/venv/lib/python3.12/site-packages/glance_store/_drivers/swift/store.py:1059}}
Jun 11 08:09:55.266869 np0000002591 devstack@g-api.service[102170]: DEBUG glance.api.middleware.version_negotiation [None req-4605e9e1-a079-46bc-a404-a6a57dd5f8fb tempest-VolumesActionsTest-803767356 tempest-VolumesActionsTest-803767356-project-member] Determining version of request: GET /v2/images/88d149f1-ec1c-460e-b083-79e80dbc6aa5 Accept: application/json {{(pid=102170) process_request /opt/stack/glance/glance/api/middleware/version_negotiation.py:44}}
Jun 11 08:09:55.266869 np0000002591 devstack@g-api.service[102170]: DEBUG glance.api.middleware.version_negotiation [None req-4605e9e1-a079-46bc-a404-a6a57dd5f8fb tempest-VolumesActionsTest-803767356 tempest-VolumesActionsTest-803767356-project-member] Using url versioning {{(pid=102170) process_request /opt/stack/glance/glance/api/middleware/version_negotiation.py:57}}
Jun 11 08:09:55.266869 np0000002591 devstack@g-api.service[102170]: DEBUG glance.api.middleware.version_negotiation [None req-4605e9e1-a079-46bc-a404-a6a57dd5f8fb tempest-VolumesActionsTest-803767356 tempest-VolumesActionsTest-803767356-project-member] Matched version: v2 {{(pid=102170) process_request /opt/stack/glance/glance/api/middleware/version_negotiation.py:69}}
Jun 11 08:09:55.267394 np0000002591 devstack@g-api.service[102170]: DEBUG glance.api.middleware.version_negotiation [None req-4605e9e1-a079-46bc-a404-a6a57dd5f8fb tempest-VolumesActionsTest-803767356 tempest-VolumesActionsTest-803767356-project-member] new path /v2/images/88d149f1-ec1c-460e-b083-79e80dbc6aa5 {{(pid=102170) process_request /opt/stack/glance/glance/api/middleware/version_negotiation.py:70}}
Jun 11 08:09:55.283662 np0000002591 devstack@g-api.service[102170]: [pid: 102170|app: 0|req: 130/382] 127.0.0.1 () {40 vars in 838 bytes} [Thu Jun 11 08:09:55 2026] GET /v2/images/88d149f1-ec1c-460e-b083-79e80dbc6aa5 => generated 649 bytes in 17 msecs (HTTP/1.1 200) 4 headers in 157 bytes (1 switches on core 0)
Jun 11 08:09:56.295376 np0000002591 devstack@g-api.service[102169]: DEBUG glance.api.middleware.version_negotiation [None req-4a00f667-cdba-43f0-b392-d10f63dac803 tempest-VolumesActionsTest-803767356 tempest-VolumesActionsTest-803767356-project-member] Determining version of request: GET /v2/images/88d149f1-ec1c-460e-b083-79e80dbc6aa5 Accept: application/json {{(pid=102169) process_request /opt/stack/glance/glance/api/middleware/version_negotiation.py:44}}
Jun 11 08:09:56.296451 np0000002591 devstack@g-api.service[102169]: DEBUG glance.api.middleware.version_negotiation [None req-4a00f667-cdba-43f0-b392-d10f63dac803 tempest-VolumesActionsTest-803767356 tempest-VolumesActionsTest-803767356-project-member] Using url versioning {{(pid=102169) process_request /opt/stack/glance/glance/api/middleware/version_negotiation.py:57}}
Jun 11 08:09:56.296451 np0000002591 devstack@g-api.service[102169]: DEBUG glance.api.middleware.version_negotiation [None req-4a00f667-cdba-43f0-b392-d10f63dac803 tempest-VolumesActionsTest-803767356 tempest-VolumesActionsTest-803767356-project-member] Matched version: v2 {{(pid=102169) process_request /opt/stack/glance/glance/api/middleware/version_negotiation.py:69}}
Jun 11 08:09:56.296451 np0000002591 devstack@g-api.service[102169]: DEBUG glance.api.middleware.version_negotiation [None req-4a00f667-cdba-43f0-b392-d10f63dac803 tempest-VolumesActionsTest-803767356 tempest-VolumesActionsTest-803767356-project-member] new path /v2/images/88d149f1-ec1c-460e-b083-79e80dbc6aa5 {{(pid=102169) process_request /opt/stack/glance/glance/api/middleware/version_negotiation.py:70}}
Jun 11 08:09:56.315604 np0000002591 devstack@g-api.service[102169]: [pid: 102169|app: 0|req: 128/383] 127.0.0.1 () {40 vars in 838 bytes} [Thu Jun 11 08:09:56 2026] GET /v2/images/88d149f1-ec1c-460e-b083-79e80dbc6aa5 => generated 649 bytes in 19 msecs (HTTP/1.1 200) 4 headers in 157 bytes (1 switches on core 0)
Jun 11 08:09:57.326438 np0000002591 devstack@g-api.service[102170]: DEBUG glance.api.middleware.version_negotiation [None req-1f0e6468-60af-41dc-886f-99840d6b8aea tempest-VolumesActionsTest-803767356 tempest-VolumesActionsTest-803767356-project-member] Determining version of request: GET /v2/images/88d149f1-ec1c-460e-b083-79e80dbc6aa5 Accept: application/json {{(pid=102170) process_request /opt/stack/glance/glance/api/middleware/version_negotiation.py:44}}
Jun 11 08:09:57.326438 np0000002591 devstack@g-api.service[102170]: DEBUG glance.api.middleware.version_negotiation [None req-1f0e6468-60af-41dc-886f-99840d6b8aea tempest-VolumesActionsTest-803767356 tempest-VolumesActionsTest-803767356-project-member] Using url versioning {{(pid=102170) process_request /opt/stack/glance/glance/api/middleware/version_negotiation.py:57}}
Jun 11 08:09:57.326438 np0000002591 devstack@g-api.service[102170]: DEBUG glance.api.middleware.version_negotiation [None req-1f0e6468-60af-41dc-886f-99840d6b8aea tempest-VolumesActionsTest-803767356 tempest-VolumesActionsTest-803767356-project-member] Matched version: v2 {{(pid=102170) process_request /opt/stack/glance/glance/api/middleware/version_negotiation.py:69}}
Jun 11 08:09:57.326438 np0000002591 devstack@g-api.service[102170]: DEBUG glance.api.middleware.version_negotiation [None req-1f0e6468-60af-41dc-886f-99840d6b8aea tempest-VolumesActionsTest-803767356 tempest-VolumesActionsTest-803767356-project-member] new path /v2/images/88d149f1-ec1c-460e-b083-79e80dbc6aa5 {{(pid=102170) process_request /opt/stack/glance/glance/api/middleware/version_negotiation.py:70}}
Jun 11 08:09:57.338364 np0000002591 devstack@g-api.service[102170]: [pid: 102170|app: 0|req: 131/384] 127.0.0.1 () {40 vars in 838 bytes} [Thu Jun 11 08:09:57 2026] GET /v2/images/88d149f1-ec1c-460e-b083-79e80dbc6aa5 => generated 649 bytes in 13 msecs (HTTP/1.1 200) 4 headers in 157 bytes (1 switches on core 0)
Jun 11 08:09:57.394358 np0000002591 devstack@g-api.service[102168]: DEBUG swiftclient [None req-34ba73de-3583-4e2f-aa58-9f276fd19579 tempest-VolumesActionsTest-803767356 tempest-VolumesActionsTest-803767356-project-member] REQ: curl -i https://10.4.3.131:8080/v1/AUTH_564948fccd0b4892bbddebd51808146b/glance/88d149f1-ec1c-460e-b083-79e80dbc6aa5-00003 -X PUT -H "X-Auth-Token: gAAAAABqKm1O5y2d..." {{(pid=102168) http_log /opt/stack/data/venv/lib/python3.12/site-packages/swiftclient/client.py:160}}
Jun 11 08:09:57.394358 np0000002591 devstack@g-api.service[102168]: DEBUG swiftclient [None req-34ba73de-3583-4e2f-aa58-9f276fd19579 tempest-VolumesActionsTest-803767356 tempest-VolumesActionsTest-803767356-project-member] RESP STATUS: 201 Created {{(pid=102168) http_log /opt/stack/data/venv/lib/python3.12/site-packages/swiftclient/client.py:161}}
Jun 11 08:09:57.394358 np0000002591 devstack@g-api.service[102168]: DEBUG swiftclient [None req-34ba73de-3583-4e2f-aa58-9f276fd19579 tempest-VolumesActionsTest-803767356 tempest-VolumesActionsTest-803767356-project-member] RESP HEADERS: {'Date': 'Thu, 11 Jun 2026 08:09:57 GMT', 'Server': 'Apache/2.4.58 (Ubuntu)', 'Content-Type': 'text/html; charset=UTF-8', 'Content-Length': '0', 'Etag': 'eda9a9889837ac4bc81d6387d92c1bec', 'Last-Modified': 'Thu, 11 Jun 2026 08:09:56 GMT', 'X-Trans-Id': 'tx6e453d6d847849f4ba1ee-006a2a6d53', 'X-Openstack-Request-Id': 'tx6e453d6d847849f4ba1ee-006a2a6d53', 'Connection': 'close'} {{(pid=102168) http_log /opt/stack/data/venv/lib/python3.12/site-packages/swiftclient/client.py:162}}
Jun 11 08:09:57.394358 np0000002591 devstack@g-api.service[102168]: DEBUG glance_store._drivers.swift.store [None req-34ba73de-3583-4e2f-aa58-9f276fd19579 tempest-VolumesActionsTest-803767356 tempest-VolumesActionsTest-803767356-project-member] Wrote chunk 88d149f1-ec1c-460e-b083-79e80dbc6aa5-00003 (3/?) of length 204800000 to Swift returning MD5 of content: eda9a9889837ac4bc81d6387d92c1bec {{(pid=102168) add /opt/stack/data/venv/lib/python3.12/site-packages/glance_store/_drivers/swift/store.py:1059}}
Jun 11 08:09:58.358883 np0000002591 devstack@g-api.service[102169]: DEBUG glance.api.middleware.version_negotiation [None req-b2ed9cc3-6969-4d59-8671-99148007ffd5 tempest-VolumesActionsTest-803767356 tempest-VolumesActionsTest-803767356-project-member] Determining version of request: GET /v2/images/88d149f1-ec1c-460e-b083-79e80dbc6aa5 Accept: application/json {{(pid=102169) process_request /opt/stack/glance/glance/api/middleware/version_negotiation.py:44}}
Jun 11 08:09:58.362845 np0000002591 devstack@g-api.service[102169]: DEBUG glance.api.middleware.version_negotiation [None req-b2ed9cc3-6969-4d59-8671-99148007ffd5 tempest-VolumesActionsTest-803767356 tempest-VolumesActionsTest-803767356-project-member] Using url versioning {{(pid=102169) process_request /opt/stack/glance/glance/api/middleware/version_negotiation.py:57}}
Jun 11 08:09:58.363179 np0000002591 devstack@g-api.service[102169]: DEBUG glance.api.middleware.version_negotiation [None req-b2ed9cc3-6969-4d59-8671-99148007ffd5 tempest-VolumesActionsTest-803767356 tempest-VolumesActionsTest-803767356-project-member] Matched version: v2 {{(pid=102169) process_request /opt/stack/glance/glance/api/middleware/version_negotiation.py:69}}
Jun 11 08:09:58.365825 np0000002591 devstack@g-api.service[102169]: DEBUG glance.api.middleware.version_negotiation [None req-b2ed9cc3-6969-4d59-8671-99148007ffd5 tempest-VolumesActionsTest-803767356 tempest-VolumesActionsTest-803767356-project-member] new path /v2/images/88d149f1-ec1c-460e-b083-79e80dbc6aa5 {{(pid=102169) process_request /opt/stack/glance/glance/api/middleware/version_negotiation.py:70}}
Jun 11 08:09:58.387004 np0000002591 devstack@g-api.service[102169]: [pid: 102169|app: 0|req: 129/385] 127.0.0.1 () {40 vars in 838 bytes} [Thu Jun 11 08:09:58 2026] GET /v2/images/88d149f1-ec1c-460e-b083-79e80dbc6aa5 => generated 649 bytes in 29 msecs (HTTP/1.1 200) 4 headers in 157 bytes (1 switches on core 0)
Jun 11 08:09:59.402453 np0000002591 devstack@g-api.service[102170]: DEBUG glance.api.middleware.version_negotiation [None req-07eab709-3561-4f1d-90e0-bac82454ac34 tempest-VolumesActionsTest-803767356 tempest-VolumesActionsTest-803767356-project-member] Determining version of request: GET /v2/images/88d149f1-ec1c-460e-b083-79e80dbc6aa5 Accept: application/json {{(pid=102170) process_request /opt/stack/glance/glance/api/middleware/version_negotiation.py:44}}
Jun 11 08:09:59.402453 np0000002591 devstack@g-api.service[102170]: DEBUG glance.api.middleware.version_negotiation [None req-07eab709-3561-4f1d-90e0-bac82454ac34 tempest-VolumesActionsTest-803767356 tempest-VolumesActionsTest-803767356-project-member] Using url versioning {{(pid=102170) process_request /opt/stack/glance/glance/api/middleware/version_negotiation.py:57}}
Jun 11 08:09:59.402453 np0000002591 devstack@g-api.service[102170]: DEBUG glance.api.middleware.version_negotiation [None req-07eab709-3561-4f1d-90e0-bac82454ac34 tempest-VolumesActionsTest-803767356 tempest-VolumesActionsTest-803767356-project-member] Matched version: v2 {{(pid=102170) process_request /opt/stack/glance/glance/api/middleware/version_negotiation.py:69}}
Jun 11 08:09:59.402453 np0000002591 devstack@g-api.service[102170]: DEBUG glance.api.middleware.version_negotiation [None req-07eab709-3561-4f1d-90e0-bac82454ac34 tempest-VolumesActionsTest-803767356 tempest-VolumesActionsTest-803767356-project-member] new path /v2/images/88d149f1-ec1c-460e-b083-79e80dbc6aa5 {{(pid=102170) process_request /opt/stack/glance/glance/api/middleware/version_negotiation.py:70}}
Jun 11 08:09:59.420737 np0000002591 devstack@g-api.service[102170]: [pid: 102170|app: 0|req: 132/386] 127.0.0.1 () {40 vars in 838 bytes} [Thu Jun 11 08:09:59 2026] GET /v2/images/88d149f1-ec1c-460e-b083-79e80dbc6aa5 => generated 649 bytes in 19 msecs (HTTP/1.1 200) 4 headers in 157 bytes (1 switches on core 0)
Jun 11 08:10:00.221431 np0000002591 devstack@g-api.service[102168]: DEBUG swiftclient [None req-34ba73de-3583-4e2f-aa58-9f276fd19579 tempest-VolumesActionsTest-803767356 tempest-VolumesActionsTest-803767356-project-member] REQ: curl -i https://10.4.3.131:8080/v1/AUTH_564948fccd0b4892bbddebd51808146b/glance/88d149f1-ec1c-460e-b083-79e80dbc6aa5-00004 -X PUT -H "X-Auth-Token: gAAAAABqKm1O5y2d..." {{(pid=102168) http_log /opt/stack/data/venv/lib/python3.12/site-packages/swiftclient/client.py:160}}
Jun 11 08:10:00.221431 np0000002591 devstack@g-api.service[102168]: DEBUG swiftclient [None req-34ba73de-3583-4e2f-aa58-9f276fd19579 tempest-VolumesActionsTest-803767356 tempest-VolumesActionsTest-803767356-project-member] RESP STATUS: 201 Created {{(pid=102168) http_log /opt/stack/data/venv/lib/python3.12/site-packages/swiftclient/client.py:161}}
Jun 11 08:10:00.221431 np0000002591 devstack@g-api.service[102168]: DEBUG swiftclient [None req-34ba73de-3583-4e2f-aa58-9f276fd19579 tempest-VolumesActionsTest-803767356 tempest-VolumesActionsTest-803767356-project-member] RESP HEADERS: {'Date': 'Thu, 11 Jun 2026 08:10:00 GMT', 'Server': 'Apache/2.4.58 (Ubuntu)', 'Content-Type': 'text/html; charset=UTF-8', 'Content-Length': '0', 'Etag': 'eda9a9889837ac4bc81d6387d92c1bec', 'Last-Modified': 'Thu, 11 Jun 2026 08:09:58 GMT', 'X-Trans-Id': 'txe341a0e7eca443919f122-006a2a6d55', 'X-Openstack-Request-Id': 'txe341a0e7eca443919f122-006a2a6d55', 'Connection': 'close'} {{(pid=102168) http_log /opt/stack/data/venv/lib/python3.12/site-packages/swiftclient/client.py:162}}
Jun 11 08:10:00.222760 np0000002591 devstack@g-api.service[102168]: DEBUG glance_store._drivers.swift.store [None req-34ba73de-3583-4e2f-aa58-9f276fd19579 tempest-VolumesActionsTest-803767356 tempest-VolumesActionsTest-803767356-project-member] Wrote chunk 88d149f1-ec1c-460e-b083-79e80dbc6aa5-00004 (4/?) of length 204800000 to Swift returning MD5 of content: eda9a9889837ac4bc81d6387d92c1bec {{(pid=102168) add /opt/stack/data/venv/lib/python3.12/site-packages/glance_store/_drivers/swift/store.py:1059}}
Jun 11 08:10:00.237918 np0000002591 devstack@g-api.service[102168]: DEBUG dbcounter [-] [102168] Writing DB stats glance:SELECT=24,glance:UPDATE=1 {{(pid=102168) stat_writer /opt/stack/data/venv/lib/python3.12/site-packages/dbcounter.py:115}}
Jun 11 08:10:00.436188 np0000002591 devstack@g-api.service[102169]: DEBUG glance.api.middleware.version_negotiation [None req-8c333f43-accd-4702-b1e6-15139f4e5d1b tempest-VolumesActionsTest-803767356 tempest-VolumesActionsTest-803767356-project-member] Determining version of request: GET /v2/images/88d149f1-ec1c-460e-b083-79e80dbc6aa5 Accept: application/json {{(pid=102169) process_request /opt/stack/glance/glance/api/middleware/version_negotiation.py:44}}
Jun 11 08:10:00.436548 np0000002591 devstack@g-api.service[102169]: DEBUG glance.api.middleware.version_negotiation [None req-8c333f43-accd-4702-b1e6-15139f4e5d1b tempest-VolumesActionsTest-803767356 tempest-VolumesActionsTest-803767356-project-member] Using url versioning {{(pid=102169) process_request /opt/stack/glance/glance/api/middleware/version_negotiation.py:57}}
Jun 11 08:10:00.436863 np0000002591 devstack@g-api.service[102169]: DEBUG glance.api.middleware.version_negotiation [None req-8c333f43-accd-4702-b1e6-15139f4e5d1b tempest-VolumesActionsTest-803767356 tempest-VolumesActionsTest-803767356-project-member] Matched version: v2 {{(pid=102169) process_request /opt/stack/glance/glance/api/middleware/version_negotiation.py:69}}
Jun 11 08:10:00.436863 np0000002591 devstack@g-api.service[102169]: DEBUG glance.api.middleware.version_negotiation [None req-8c333f43-accd-4702-b1e6-15139f4e5d1b tempest-VolumesActionsTest-803767356 tempest-VolumesActionsTest-803767356-project-member] new path /v2/images/88d149f1-ec1c-460e-b083-79e80dbc6aa5 {{(pid=102169) process_request /opt/stack/glance/glance/api/middleware/version_negotiation.py:70}}
Jun 11 08:10:00.457532 np0000002591 devstack@g-api.service[102169]: [pid: 102169|app: 0|req: 130/387] 127.0.0.1 () {40 vars in 838 bytes} [Thu Jun 11 08:10:00 2026] GET /v2/images/88d149f1-ec1c-460e-b083-79e80dbc6aa5 => generated 649 bytes in 23 msecs (HTTP/1.1 200) 4 headers in 157 bytes (1 switches on core 0)
Jun 11 08:10:01.475374 np0000002591 devstack@g-api.service[102170]: DEBUG glance.api.middleware.version_negotiation [None req-f5b11b20-6637-4b9a-bb15-e36380c98be8 tempest-VolumesActionsTest-803767356 tempest-VolumesActionsTest-803767356-project-member] Determining version of request: GET /v2/images/88d149f1-ec1c-460e-b083-79e80dbc6aa5 Accept: application/json {{(pid=102170) process_request /opt/stack/glance/glance/api/middleware/version_negotiation.py:44}}
Jun 11 08:10:01.475374 np0000002591 devstack@g-api.service[102170]: DEBUG glance.api.middleware.version_negotiation [None req-f5b11b20-6637-4b9a-bb15-e36380c98be8 tempest-VolumesActionsTest-803767356 tempest-VolumesActionsTest-803767356-project-member] Using url versioning {{(pid=102170) process_request /opt/stack/glance/glance/api/middleware/version_negotiation.py:57}}
Jun 11 08:10:01.475928 np0000002591 devstack@g-api.service[102170]: DEBUG glance.api.middleware.version_negotiation [None req-f5b11b20-6637-4b9a-bb15-e36380c98be8 tempest-VolumesActionsTest-803767356 tempest-VolumesActionsTest-803767356-project-member] Matched version: v2 {{(pid=102170) process_request /opt/stack/glance/glance/api/middleware/version_negotiation.py:69}}
Jun 11 08:10:01.475928 np0000002591 devstack@g-api.service[102170]: DEBUG glance.api.middleware.version_negotiation [None req-f5b11b20-6637-4b9a-bb15-e36380c98be8 tempest-VolumesActionsTest-803767356 tempest-VolumesActionsTest-803767356-project-member] new path /v2/images/88d149f1-ec1c-460e-b083-79e80dbc6aa5 {{(pid=102170) process_request /opt/stack/glance/glance/api/middleware/version_negotiation.py:70}}
