Jun 11 08:00:39.692910 np0000002591 nova-scheduler[95866]: DEBUG cotyledon.oslo_config_glue [-] oslo_limit.connect_retries = None {{(pid=95866) log_opt_values /opt/stack/data/venv/lib/python3.12/site-packages/oslo_config/cfg.py:3256}}
Jun 11 08:00:39.692910 np0000002591 nova-scheduler[95866]: DEBUG cotyledon.oslo_config_glue [-] oslo_limit.connect_retry_delay = None {{(pid=95866) log_opt_values /opt/stack/data/venv/lib/python3.12/site-packages/oslo_config/cfg.py:3256}}
Jun 11 08:00:39.692910 np0000002591 nova-scheduler[95866]: DEBUG cotyledon.oslo_config_glue [-] oslo_limit.endpoint_id = None {{(pid=95866) log_opt_values /opt/stack/data/venv/lib/python3.12/site-packages/oslo_config/cfg.py:3256}}
Jun 11 08:00:39.693066 np0000002591 nova-scheduler[95866]: DEBUG cotyledon.oslo_config_glue [-] oslo_limit.endpoint_interface = public {{(pid=95866) log_opt_values /opt/stack/data/venv/lib/python3.12/site-packages/oslo_config/cfg.py:3256}}
Jun 11 08:00:39.693066 np0000002591 nova-scheduler[95866]: DEBUG cotyledon.oslo_config_glue [-] oslo_limit.endpoint_override = None {{(pid=95866) log_opt_values /opt/stack/data/venv/lib/python3.12/site-packages/oslo_config/cfg.py:3256}}
Jun 11 08:00:39.693066 np0000002591 nova-scheduler[95866]: DEBUG cotyledon.oslo_config_glue [-] oslo_limit.endpoint_region_name = None {{(pid=95866) log_opt_values /opt/stack/data/venv/lib/python3.12/site-packages/oslo_config/cfg.py:3256}}
Jun 11 08:00:39.693066 np0000002591 nova-scheduler[95866]: DEBUG cotyledon.oslo_config_glue [-] oslo_limit.endpoint_service_name = None {{(pid=95866) log_opt_values /opt/stack/data/venv/lib/python3.12/site-packages/oslo_config/cfg.py:3256}}
Jun 11 08:00:39.693066 np0000002591 nova-scheduler[95866]: DEBUG cotyledon.oslo_config_glue [-] oslo_limit.endpoint_service_type = None {{(pid=95866) log_opt_values /opt/stack/data/venv/lib/python3.12/site-packages/oslo_config/cfg.py:3256}}
Jun 11 08:00:39.693066 np0000002591 nova-scheduler[95866]: DEBUG cotyledon.oslo_config_glue [-] oslo_limit.insecure = False {{(pid=95866) log_opt_values /opt/stack/data/venv/lib/python3.12/site-packages/oslo_config/cfg.py:3256}}
Jun 11 08:00:39.693066 np0000002591 nova-scheduler[95866]: DEBUG cotyledon.oslo_config_glue [-] oslo_limit.keyfile = None {{(pid=95866) log_opt_values /opt/stack/data/venv/lib/python3.12/site-packages/oslo_config/cfg.py:3256}}
Jun 11 08:00:39.693066 np0000002591 nova-scheduler[95866]: DEBUG cotyledon.oslo_config_glue [-] oslo_limit.max_version = None {{(pid=95866) log_opt_values /opt/stack/data/venv/lib/python3.12/site-packages/oslo_config/cfg.py:3256}}
Jun 11 08:00:39.693066 np0000002591 nova-scheduler[95866]: DEBUG cotyledon.oslo_config_glue [-] oslo_limit.min_version = None {{(pid=95866) log_opt_values /opt/stack/data/venv/lib/python3.12/site-packages/oslo_config/cfg.py:3256}}
Jun 11 08:00:39.693239 np0000002591 nova-scheduler[95866]: DEBUG cotyledon.oslo_config_glue [-] oslo_limit.region_name = None {{(pid=95866) log_opt_values /opt/stack/data/venv/lib/python3.12/site-packages/oslo_config/cfg.py:3256}}
Jun 11 08:00:39.693239 np0000002591 nova-scheduler[95866]: DEBUG cotyledon.oslo_config_glue [-] oslo_limit.retriable_status_codes = None {{(pid=95866) log_opt_values /opt/stack/data/venv/lib/python3.12/site-packages/oslo_config/cfg.py:3256}}
Jun 11 08:00:39.693239 np0000002591 nova-scheduler[95866]: DEBUG cotyledon.oslo_config_glue [-] oslo_limit.service_name = None {{(pid=95866) log_opt_values /opt/stack/data/venv/lib/python3.12/site-packages/oslo_config/cfg.py:3256}}
Jun 11 08:00:39.693239 np0000002591 nova-scheduler[95866]: DEBUG cotyledon.oslo_config_glue [-] oslo_limit.service_type = None {{(pid=95866) log_opt_values /opt/stack/data/venv/lib/python3.12/site-packages/oslo_config/cfg.py:3256}}
Jun 11 08:00:39.693239 np0000002591 nova-scheduler[95866]: DEBUG cotyledon.oslo_config_glue [-] oslo_limit.split_loggers = False {{(pid=95866) log_opt_values /opt/stack/data/venv/lib/python3.12/site-packages/oslo_config/cfg.py:3256}}
Jun 11 08:00:39.693239 np0000002591 nova-scheduler[95866]: DEBUG cotyledon.oslo_config_glue [-] oslo_limit.status_code_retries = None {{(pid=95866) log_opt_values /opt/stack/data/venv/lib/python3.12/site-packages/oslo_config/cfg.py:3256}}
Jun 11 08:00:39.693239 np0000002591 nova-scheduler[95866]: DEBUG cotyledon.oslo_config_glue [-] oslo_limit.status_code_retry_delay = None {{(pid=95866) log_opt_values /opt/stack/data/venv/lib/python3.12/site-packages/oslo_config/cfg.py:3256}}
Jun 11 08:00:39.693239 np0000002591 nova-scheduler[95866]: DEBUG cotyledon.oslo_config_glue [-] oslo_limit.timeout = None {{(pid=95866) log_opt_values /opt/stack/data/venv/lib/python3.12/site-packages/oslo_config/cfg.py:3256}}
Jun 11 08:00:39.693239 np0000002591 nova-scheduler[95866]: DEBUG cotyledon.oslo_config_glue [-] oslo_limit.valid_interfaces = None {{(pid=95866) log_opt_values /opt/stack/data/venv/lib/python3.12/site-packages/oslo_config/cfg.py:3256}}
Jun 11 08:00:39.693459 np0000002591 nova-scheduler[95866]: DEBUG cotyledon.oslo_config_glue [-] oslo_limit.version = None {{(pid=95866) log_opt_values /opt/stack/data/venv/lib/python3.12/site-packages/oslo_config/cfg.py:3256}}
Jun 11 08:00:39.693459 np0000002591 nova-scheduler[95866]: DEBUG cotyledon.oslo_config_glue [-] oslo_reports.file_event_handler = None {{(pid=95866) log_opt_values /opt/stack/data/venv/lib/python3.12/site-packages/oslo_config/cfg.py:3256}}
Jun 11 08:00:39.693459 np0000002591 nova-scheduler[95866]: DEBUG cotyledon.oslo_config_glue [-] oslo_reports.file_event_handler_interval = 1 {{(pid=95866) log_opt_values /opt/stack/data/venv/lib/python3.12/site-packages/oslo_config/cfg.py:3256}}
Jun 11 08:00:39.693459 np0000002591 nova-scheduler[95866]: DEBUG cotyledon.oslo_config_glue [-] oslo_reports.log_dir = None {{(pid=95866) log_opt_values /opt/stack/data/venv/lib/python3.12/site-packages/oslo_config/cfg.py:3256}}
Jun 11 08:00:39.693459 np0000002591 nova-scheduler[95866]: DEBUG cotyledon.oslo_config_glue [-] ******************************************************************************** {{(pid=95866) log_opt_values /opt/stack/data/venv/lib/python3.12/site-packages/oslo_config/cfg.py:3263}}
Jun 11 08:00:39.693459 np0000002591 nova-scheduler[95866]: DEBUG cotyledon._service_worker [-] Run service ServiceWrapper(2) [95866] {{(pid=95866) wait_forever /opt/stack/data/venv/lib/python3.12/site-packages/cotyledon/_service_worker.py:218}}
Jun 11 08:00:39.693459 np0000002591 nova-scheduler[95866]: INFO nova.service [-] Starting scheduler node (version 33.1.0)
Jun 11 08:00:39.693586 np0000002591 nova-scheduler[95862]: DEBUG oslo_db.sqlalchemy.engines [None req-678d0e37-710d-4aa0-a64a-cc3740b26062 None None] MySQL server mode set to STRICT_TRANS_TABLES,STRICT_ALL_TABLES,NO_ZERO_IN_DATE,NO_ZERO_DATE,ERROR_FOR_DIVISION_BY_ZERO,TRADITIONAL,NO_ENGINE_SUBSTITUTION {{(pid=95862) _check_effective_sql_mode /opt/stack/data/venv/lib/python3.12/site-packages/oslo_db/sqlalchemy/engines.py:325}}
Jun 11 08:00:39.693620 np0000002591 nova-scheduler[95866]: INFO dbcounter [None req-8fecd788-969e-4475-874f-de68d5e89fb2 None None] Registered counter for database nova_cell0
Jun 11 08:00:39.693650 np0000002591 nova-scheduler[95862]: DEBUG dbcounter [-] [95862] Writer thread running {{(pid=95862) stat_writer /opt/stack/data/venv/lib/python3.12/site-packages/dbcounter.py:102}}
Jun 11 08:00:39.705224 np0000002591 nova-scheduler[95862]: DEBUG nova.service [None req-678d0e37-710d-4aa0-a64a-cc3740b26062 None None] Creating RPC server for service: nova-scheduler on topic: scheduler {{(pid=95862) start /opt/stack/nova/nova/service.py:196}}
Jun 11 08:00:39.717756 np0000002591 nova-scheduler[95864]: DEBUG oslo_db.sqlalchemy.engines [None req-d98d7eff-b70c-48a1-a525-b9db6cc29089 None None] MySQL server mode set to STRICT_TRANS_TABLES,STRICT_ALL_TABLES,NO_ZERO_IN_DATE,NO_ZERO_DATE,ERROR_FOR_DIVISION_BY_ZERO,TRADITIONAL,NO_ENGINE_SUBSTITUTION {{(pid=95864) _check_effective_sql_mode /opt/stack/data/venv/lib/python3.12/site-packages/oslo_db/sqlalchemy/engines.py:325}}
Jun 11 08:00:39.730234 np0000002591 nova-scheduler[95864]: DEBUG dbcounter [-] [95864] Writer thread running {{(pid=95864) stat_writer /opt/stack/data/venv/lib/python3.12/site-packages/dbcounter.py:102}}
Jun 11 08:00:39.736105 np0000002591 nova-scheduler[95864]: DEBUG nova.service [None req-d98d7eff-b70c-48a1-a525-b9db6cc29089 None None] Creating RPC server for service: nova-scheduler on topic: scheduler {{(pid=95864) start /opt/stack/nova/nova/service.py:196}}
Jun 11 08:00:39.739891 np0000002591 nova-scheduler[95862]: DEBUG nova.service [None req-678d0e37-710d-4aa0-a64a-cc3740b26062 None None] Join ServiceGroup membership for this service scheduler {{(pid=95862) start /opt/stack/nova/nova/service.py:222}}
Jun 11 08:00:39.739891 np0000002591 nova-scheduler[95862]: DEBUG nova.servicegroup.drivers.db [None req-678d0e37-710d-4aa0-a64a-cc3740b26062 None None] DB_Driver: join new ServiceGroup member np0000002591 to the scheduler group, service = {{(pid=95862) join /opt/stack/nova/nova/servicegroup/drivers/db.py:44}}
Jun 11 08:00:39.740323 np0000002591 nova-scheduler[95866]: DEBUG oslo_db.sqlalchemy.engines [None req-8fecd788-969e-4475-874f-de68d5e89fb2 None None] MySQL server mode set to STRICT_TRANS_TABLES,STRICT_ALL_TABLES,NO_ZERO_IN_DATE,NO_ZERO_DATE,ERROR_FOR_DIVISION_BY_ZERO,TRADITIONAL,NO_ENGINE_SUBSTITUTION {{(pid=95866) _check_effective_sql_mode /opt/stack/data/venv/lib/python3.12/site-packages/oslo_db/sqlalchemy/engines.py:325}}
Jun 11 08:00:39.750783 np0000002591 nova-scheduler[95866]: DEBUG dbcounter [-] [95866] Writer thread running {{(pid=95866) stat_writer /opt/stack/data/venv/lib/python3.12/site-packages/dbcounter.py:102}}
Jun 11 08:00:39.753920 np0000002591 nova-scheduler[95866]: DEBUG nova.service [None req-8fecd788-969e-4475-874f-de68d5e89fb2 None None] Creating RPC server for service: nova-scheduler on topic: scheduler {{(pid=95866) start /opt/stack/nova/nova/service.py:196}}
Jun 11 08:00:39.754673 np0000002591 nova-scheduler[95864]: DEBUG nova.service [None req-d98d7eff-b70c-48a1-a525-b9db6cc29089 None None] Join ServiceGroup membership for this service scheduler {{(pid=95864) start /opt/stack/nova/nova/service.py:222}}
Jun 11 08:00:39.754952 np0000002591 nova-scheduler[95864]: DEBUG nova.servicegroup.drivers.db [None req-d98d7eff-b70c-48a1-a525-b9db6cc29089 None None] DB_Driver: join new ServiceGroup member np0000002591 to the scheduler group, service = {{(pid=95864) join /opt/stack/nova/nova/servicegroup/drivers/db.py:44}}
Jun 11 08:00:39.776546 np0000002591 nova-scheduler[95866]: DEBUG nova.service [None req-8fecd788-969e-4475-874f-de68d5e89fb2 None None] Join ServiceGroup membership for this service scheduler {{(pid=95866) start /opt/stack/nova/nova/service.py:222}}
Jun 11 08:00:39.776788 np0000002591 nova-scheduler[95866]: DEBUG nova.servicegroup.drivers.db [None req-8fecd788-969e-4475-874f-de68d5e89fb2 None None] DB_Driver: join new ServiceGroup member np0000002591 to the scheduler group, service = {{(pid=95866) join /opt/stack/nova/nova/servicegroup/drivers/db.py:44}}
Jun 11 08:00:44.751279 np0000002591 nova-scheduler[95862]: DEBUG oslo.service.backend._threading.loopingcall [-] Fixed interval looping call 'nova.servicegroup.drivers.db.DbDriver._report_state' sleeping for 119.99 seconds {{(pid=95862) _run_loop /opt/stack/data/venv/lib/python3.12/site-packages/oslo_service/backend/_threading/loopingcall.py:125}}
Jun 11 08:00:44.769657 np0000002591 nova-scheduler[95864]: DEBUG oslo.service.backend._threading.loopingcall [-] Fixed interval looping call 'nova.servicegroup.drivers.db.DbDriver._report_state' sleeping for 119.99 seconds {{(pid=95864) _run_loop /opt/stack/data/venv/lib/python3.12/site-packages/oslo_service/backend/_threading/loopingcall.py:125}}
Jun 11 08:00:44.789202 np0000002591 nova-scheduler[95866]: DEBUG oslo.service.backend._threading.loopingcall [-] Fixed interval looping call 'nova.servicegroup.drivers.db.DbDriver._report_state' sleeping for 119.99 seconds {{(pid=95866) _run_loop /opt/stack/data/venv/lib/python3.12/site-packages/oslo_service/backend/_threading/loopingcall.py:125}}
Jun 11 08:00:48.316446 np0000002591 nova-scheduler[94670]: DEBUG dbcounter [-] [94670] Writing DB stats nova_api:SELECT=3 {{(pid=94670) stat_writer /opt/stack/data/venv/lib/python3.12/site-packages/dbcounter.py:115}}
Jun 11 08:00:48.452758 np0000002591 nova-scheduler[94670]: DEBUG dbcounter [-] [94670] Writing DB stats nova_cell1:SELECT=1 {{(pid=94670) stat_writer /opt/stack/data/venv/lib/python3.12/site-packages/dbcounter.py:115}}
Jun 11 08:00:48.457015 np0000002591 nova-scheduler[94670]: DEBUG dbcounter [-] [94670] Writing DB stats nova_cell0:SELECT=1 {{(pid=94670) stat_writer /opt/stack/data/venv/lib/python3.12/site-packages/dbcounter.py:115}}
Jun 11 08:00:54.747407 np0000002591 nova-scheduler[95862]: DEBUG dbcounter [-] [95862] Writing DB stats nova_cell0:SELECT=4,nova_cell0:INSERT=1,nova_cell0:UPDATE=1 {{(pid=95862) stat_writer /opt/stack/data/venv/lib/python3.12/site-packages/dbcounter.py:115}}
Jun 11 08:00:54.767166 np0000002591 nova-scheduler[95864]: DEBUG dbcounter [-] [95864] Writing DB stats nova_cell0:SELECT=3 {{(pid=95864) stat_writer /opt/stack/data/venv/lib/python3.12/site-packages/dbcounter.py:115}}
Jun 11 08:00:54.785710 np0000002591 nova-scheduler[95866]: DEBUG dbcounter [-] [95866] Writing DB stats nova_cell0:SELECT=3 {{(pid=95866) stat_writer /opt/stack/data/venv/lib/python3.12/site-packages/dbcounter.py:115}}
Jun 11 08:01:08.739671 np0000002591 nova-scheduler[95862]: DEBUG oslo.service.backend._threading.loopingcall [None req-fbebaea1-e3cd-43b7-afe6-d111f8322a17 None None] Dynamic interval looping call 'nova.service.Service.periodic_tasks' sleeping for 60.00 seconds {{(pid=95862) _run_loop /opt/stack/data/venv/lib/python3.12/site-packages/oslo_service/backend/_threading/loopingcall.py:125}}
Jun 11 08:01:20.761568 np0000002591 nova-scheduler[95864]: DEBUG oslo.service.backend._threading.loopingcall [None req-19573c7e-4741-49f2-adf3-389491b7a7c7 None None] Dynamic interval looping call 'nova.service.Service.periodic_tasks' sleeping for 60.00 seconds {{(pid=95864) _run_loop /opt/stack/data/venv/lib/python3.12/site-packages/oslo_service/backend/_threading/loopingcall.py:125}}
Jun 11 08:01:27.779128 np0000002591 nova-scheduler[95866]: DEBUG oslo.service.backend._threading.loopingcall [None req-102406b2-ad48-4208-9ad2-d3e54f334b50 None None] Dynamic interval looping call 'nova.service.Service.periodic_tasks' sleeping for 60.00 seconds {{(pid=95866) _run_loop /opt/stack/data/venv/lib/python3.12/site-packages/oslo_service/backend/_threading/loopingcall.py:125}}
Jun 11 08:02:08.740103 np0000002591 nova-scheduler[95862]: DEBUG oslo.service.backend._threading.loopingcall [None req-fbebaea1-e3cd-43b7-afe6-d111f8322a17 None None] Dynamic interval looping call 'nova.service.Service.periodic_tasks' sleeping for 60.00 seconds {{(pid=95862) _run_loop /opt/stack/data/venv/lib/python3.12/site-packages/oslo_service/backend/_threading/loopingcall.py:125}}
Jun 11 08:02:20.762241 np0000002591 nova-scheduler[95864]: DEBUG oslo.service.backend._threading.loopingcall [None req-19573c7e-4741-49f2-adf3-389491b7a7c7 None None] Dynamic interval looping call 'nova.service.Service.periodic_tasks' sleeping for 60.00 seconds {{(pid=95864) _run_loop /opt/stack/data/venv/lib/python3.12/site-packages/oslo_service/backend/_threading/loopingcall.py:125}}
Jun 11 08:02:27.779647 np0000002591 nova-scheduler[95866]: DEBUG oslo.service.backend._threading.loopingcall [None req-102406b2-ad48-4208-9ad2-d3e54f334b50 None None] Dynamic interval looping call 'nova.service.Service.periodic_tasks' sleeping for 60.00 seconds {{(pid=95866) _run_loop /opt/stack/data/venv/lib/python3.12/site-packages/oslo_service/backend/_threading/loopingcall.py:125}}
Jun 11 08:02:44.747518 np0000002591 nova-scheduler[95862]: DEBUG oslo.service.backend._threading.loopingcall [-] Fixed interval looping call 'nova.servicegroup.drivers.db.DbDriver._report_state' sleeping for 119.99 seconds {{(pid=95862) _run_loop /opt/stack/data/venv/lib/python3.12/site-packages/oslo_service/backend/_threading/loopingcall.py:125}}
Jun 11 08:02:44.762902 np0000002591 nova-scheduler[95864]: DEBUG oslo.service.backend._threading.loopingcall [-] Fixed interval looping call 'nova.servicegroup.drivers.db.DbDriver._report_state' sleeping for 120.00 seconds {{(pid=95864) _run_loop /opt/stack/data/venv/lib/python3.12/site-packages/oslo_service/backend/_threading/loopingcall.py:125}}
Jun 11 08:02:44.782921 np0000002591 nova-scheduler[95866]: DEBUG oslo.service.backend._threading.loopingcall [-] Fixed interval looping call 'nova.servicegroup.drivers.db.DbDriver._report_state' sleeping for 120.00 seconds {{(pid=95866) _run_loop /opt/stack/data/venv/lib/python3.12/site-packages/oslo_service/backend/_threading/loopingcall.py:125}}
Jun 11 08:02:54.744416 np0000002591 nova-scheduler[95862]: DEBUG dbcounter [-] [95862] Writing DB stats nova_cell0:SELECT=1,nova_cell0:UPDATE=1 {{(pid=95862) stat_writer /opt/stack/data/venv/lib/python3.12/site-packages/dbcounter.py:115}}
Jun 11 08:02:54.761376 np0000002591 nova-scheduler[95864]: DEBUG dbcounter [-] [95864] Writing DB stats nova_cell0:SELECT=1 {{(pid=95864) stat_writer /opt/stack/data/venv/lib/python3.12/site-packages/dbcounter.py:115}}
Jun 11 08:02:54.781174 np0000002591 nova-scheduler[95866]: DEBUG dbcounter [-] [95866] Writing DB stats nova_cell0:SELECT=1 {{(pid=95866) stat_writer /opt/stack/data/venv/lib/python3.12/site-packages/dbcounter.py:115}}
Jun 11 08:03:08.740584 np0000002591 nova-scheduler[95862]: DEBUG oslo.service.backend._threading.loopingcall [None req-fbebaea1-e3cd-43b7-afe6-d111f8322a17 None None] Dynamic interval looping call 'nova.service.Service.periodic_tasks' sleeping for 60.00 seconds {{(pid=95862) _run_loop /opt/stack/data/venv/lib/python3.12/site-packages/oslo_service/backend/_threading/loopingcall.py:125}}
Jun 11 08:03:20.762721 np0000002591 nova-scheduler[95864]: DEBUG oslo.service.backend._threading.loopingcall [None req-19573c7e-4741-49f2-adf3-389491b7a7c7 None None] Dynamic interval looping call 'nova.service.Service.periodic_tasks' sleeping for 60.00 seconds {{(pid=95864) _run_loop /opt/stack/data/venv/lib/python3.12/site-packages/oslo_service/backend/_threading/loopingcall.py:125}}
Jun 11 08:03:27.780278 np0000002591 nova-scheduler[95866]: DEBUG oslo.service.backend._threading.loopingcall [None req-102406b2-ad48-4208-9ad2-d3e54f334b50 None None] Dynamic interval looping call 'nova.service.Service.periodic_tasks' sleeping for 60.00 seconds {{(pid=95866) _run_loop /opt/stack/data/venv/lib/python3.12/site-packages/oslo_service/backend/_threading/loopingcall.py:125}}
Jun 11 08:03:36.692955 np0000002591 nova-scheduler[95862]: DEBUG nova.scheduler.manager [None req-90057424-19e6-4535-a962-309e763fa22e tempest-ServerRescueNegativeTestJSON-1757161214 tempest-ServerRescueNegativeTestJSON-1757161214-project-member] Starting to schedule for instances: ['9a1959f1-9b78-4cab-b9c3-476733813d8f'] {{(pid=95862) select_destinations /opt/stack/nova/nova/scheduler/manager.py:210}}
Jun 11 08:03:36.695103 np0000002591 nova-scheduler[95862]: DEBUG nova.scheduler.request_filter [None req-90057424-19e6-4535-a962-309e763fa22e tempest-ServerRescueNegativeTestJSON-1757161214 tempest-ServerRescueNegativeTestJSON-1757161214-project-member] compute_status_filter request filter added forbidden trait COMPUTE_STATUS_DISABLED {{(pid=95862) compute_status_filter /opt/stack/nova/nova/scheduler/request_filter.py:253}}
Jun 11 08:03:36.695312 np0000002591 nova-scheduler[95862]: DEBUG nova.scheduler.request_filter [None req-90057424-19e6-4535-a962-309e763fa22e tempest-ServerRescueNegativeTestJSON-1757161214 tempest-ServerRescueNegativeTestJSON-1757161214-project-member] Request filter 'compute_status_filter' took 0.0 seconds {{(pid=95862) wrapper /opt/stack/nova/nova/scheduler/request_filter.py:46}}
Jun 11 08:03:36.695758 np0000002591 nova-scheduler[95862]: DEBUG nova.scheduler.request_filter [None req-90057424-19e6-4535-a962-309e763fa22e tempest-ServerRescueNegativeTestJSON-1757161214 tempest-ServerRescueNegativeTestJSON-1757161214-project-member] Request filter 'accelerators_filter' took 0.0 seconds {{(pid=95862) wrapper /opt/stack/nova/nova/scheduler/request_filter.py:46}}
Jun 11 08:03:36.696263 np0000002591 nova-scheduler[95862]: DEBUG nova.scheduler.request_filter [None req-90057424-19e6-4535-a962-309e763fa22e tempest-ServerRescueNegativeTestJSON-1757161214 tempest-ServerRescueNegativeTestJSON-1757161214-project-member] Request filter 'packed_virtqueue_filter' took 0.0 seconds {{(pid=95862) wrapper /opt/stack/nova/nova/scheduler/request_filter.py:46}}
Jun 11 08:03:36.696739 np0000002591 nova-scheduler[95862]: DEBUG nova.scheduler.request_filter [None req-90057424-19e6-4535-a962-309e763fa22e tempest-ServerRescueNegativeTestJSON-1757161214 tempest-ServerRescueNegativeTestJSON-1757161214-project-member] Request filter 'remote_managed_ports_filter' took 0.0 seconds {{(pid=95862) wrapper /opt/stack/nova/nova/scheduler/request_filter.py:46}}
Jun 11 08:03:36.696984 np0000002591 nova-scheduler[95862]: DEBUG nova.scheduler.request_filter [None req-90057424-19e6-4535-a962-309e763fa22e tempest-ServerRescueNegativeTestJSON-1757161214 tempest-ServerRescueNegativeTestJSON-1757161214-project-member] ephemeral_encryption_filter skipped {{(pid=95862) ephemeral_encryption_filter /opt/stack/nova/nova/scheduler/request_filter.py:426}}
Jun 11 08:03:36.697211 np0000002591 nova-scheduler[95862]: DEBUG nova.scheduler.request_filter [None req-90057424-19e6-4535-a962-309e763fa22e tempest-ServerRescueNegativeTestJSON-1757161214 tempest-ServerRescueNegativeTestJSON-1757161214-project-member] virtio_sound_filter skipped {{(pid=95862) virtio_sound_filter /opt/stack/nova/nova/scheduler/request_filter.py:460}}
Jun 11 08:03:36.697440 np0000002591 nova-scheduler[95862]: DEBUG nova.scheduler.request_filter [None req-90057424-19e6-4535-a962-309e763fa22e tempest-ServerRescueNegativeTestJSON-1757161214 tempest-ServerRescueNegativeTestJSON-1757161214-project-member] tpm_secret_security_filter skipped {{(pid=95862) tpm_secret_security_filter /opt/stack/nova/nova/scheduler/request_filter.py:477}}
Jun 11 08:03:37.391275 np0000002591 nova-scheduler[95862]: INFO nova.utils [None req-90057424-19e6-4535-a962-309e763fa22e tempest-ServerRescueNegativeTestJSON-1757161214 tempest-ServerRescueNegativeTestJSON-1757161214-project-member] The cell worker thread pool ForkProcess-1.cell_worker is initialized
Jun 11 08:03:37.391275 np0000002591 nova-scheduler[95862]: DEBUG oslo_concurrency.lockutils [None req-90057424-19e6-4535-a962-309e763fa22e tempest-ServerRescueNegativeTestJSON-1757161214 tempest-ServerRescueNegativeTestJSON-1757161214-project-member] Acquiring lock "0b79f1c6-9b87-4a75-a0cd-4dd9dd06068f" by "nova.context.set_target_cell..get_or_set_cached_cell_and_set_connections" {{(pid=95862) inner /opt/stack/data/venv/lib/python3.12/site-packages/oslo_concurrency/lockutils.py:511}}
Jun 11 08:03:37.391550 np0000002591 nova-scheduler[95862]: DEBUG oslo_concurrency.lockutils [None req-90057424-19e6-4535-a962-309e763fa22e tempest-ServerRescueNegativeTestJSON-1757161214 tempest-ServerRescueNegativeTestJSON-1757161214-project-member] Lock "0b79f1c6-9b87-4a75-a0cd-4dd9dd06068f" acquired by "nova.context.set_target_cell..get_or_set_cached_cell_and_set_connections" :: waited 0.000s {{(pid=95862) inner /opt/stack/data/venv/lib/python3.12/site-packages/oslo_concurrency/lockutils.py:524}}
Jun 11 08:03:37.393569 np0000002591 nova-scheduler[95862]: DEBUG oslo_concurrency.lockutils [None req-90057424-19e6-4535-a962-309e763fa22e tempest-ServerRescueNegativeTestJSON-1757161214 tempest-ServerRescueNegativeTestJSON-1757161214-project-member] Lock "0b79f1c6-9b87-4a75-a0cd-4dd9dd06068f" "released" by "nova.context.set_target_cell..get_or_set_cached_cell_and_set_connections" :: held 0.002s {{(pid=95862) inner /opt/stack/data/venv/lib/python3.12/site-packages/oslo_concurrency/lockutils.py:543}}
Jun 11 08:03:37.396038 np0000002591 nova-scheduler[95862]: INFO dbcounter [None req-90057424-19e6-4535-a962-309e763fa22e tempest-ServerRescueNegativeTestJSON-1757161214 tempest-ServerRescueNegativeTestJSON-1757161214-project-member] Registered counter for database nova_cell1
Jun 11 08:03:37.452334 np0000002591 nova-scheduler[95862]: DEBUG oslo_db.sqlalchemy.engines [None req-90057424-19e6-4535-a962-309e763fa22e tempest-ServerRescueNegativeTestJSON-1757161214 tempest-ServerRescueNegativeTestJSON-1757161214-project-member] MySQL server mode set to STRICT_TRANS_TABLES,STRICT_ALL_TABLES,NO_ZERO_IN_DATE,NO_ZERO_DATE,ERROR_FOR_DIVISION_BY_ZERO,TRADITIONAL,NO_ENGINE_SUBSTITUTION {{(pid=95862) _check_effective_sql_mode /opt/stack/data/venv/lib/python3.12/site-packages/oslo_db/sqlalchemy/engines.py:325}}
Jun 11 08:03:37.464114 np0000002591 nova-scheduler[95862]: DEBUG dbcounter [-] [95862] Writer thread running {{(pid=95862) stat_writer /opt/stack/data/venv/lib/python3.12/site-packages/dbcounter.py:102}}
Jun 11 08:03:37.482017 np0000002591 nova-scheduler[95862]: DEBUG oslo_db.sqlalchemy.engines [None req-90057424-19e6-4535-a962-309e763fa22e tempest-ServerRescueNegativeTestJSON-1757161214 tempest-ServerRescueNegativeTestJSON-1757161214-project-member] Parent process 94670 forked (95862) with an open database connection, which is being discarded and recreated. {{(pid=95862) checkout /opt/stack/data/venv/lib/python3.12/site-packages/oslo_db/sqlalchemy/engines.py:402}}
Jun 11 08:03:37.526668 np0000002591 nova-scheduler[95862]: DEBUG dbcounter [-] [95862] Writer thread running {{(pid=95862) stat_writer /opt/stack/data/venv/lib/python3.12/site-packages/dbcounter.py:102}}
Jun 11 08:03:37.530567 np0000002591 nova-scheduler[95862]: DEBUG oslo_concurrency.lockutils [None req-90057424-19e6-4535-a962-309e763fa22e tempest-ServerRescueNegativeTestJSON-1757161214 tempest-ServerRescueNegativeTestJSON-1757161214-project-member] Acquiring lock "0b79f1c6-9b87-4a75-a0cd-4dd9dd06068f" by "nova.context.set_target_cell..get_or_set_cached_cell_and_set_connections" {{(pid=95862) inner /opt/stack/data/venv/lib/python3.12/site-packages/oslo_concurrency/lockutils.py:511}}
Jun 11 08:03:37.530625 np0000002591 nova-scheduler[95862]: DEBUG oslo_concurrency.lockutils [None req-90057424-19e6-4535-a962-309e763fa22e tempest-ServerRescueNegativeTestJSON-1757161214 tempest-ServerRescueNegativeTestJSON-1757161214-project-member] Lock "0b79f1c6-9b87-4a75-a0cd-4dd9dd06068f" acquired by "nova.context.set_target_cell..get_or_set_cached_cell_and_set_connections" :: waited 0.000s {{(pid=95862) inner /opt/stack/data/venv/lib/python3.12/site-packages/oslo_concurrency/lockutils.py:524}}
Jun 11 08:03:37.530812 np0000002591 nova-scheduler[95862]: DEBUG oslo_concurrency.lockutils [None req-90057424-19e6-4535-a962-309e763fa22e tempest-ServerRescueNegativeTestJSON-1757161214 tempest-ServerRescueNegativeTestJSON-1757161214-project-member] Lock "0b79f1c6-9b87-4a75-a0cd-4dd9dd06068f" "released" by "nova.context.set_target_cell..get_or_set_cached_cell_and_set_connections" :: held 0.000s {{(pid=95862) inner /opt/stack/data/venv/lib/python3.12/site-packages/oslo_concurrency/lockutils.py:543}}
Jun 11 08:03:37.534884 np0000002591 nova-scheduler[95862]: DEBUG oslo_concurrency.lockutils [None req-90057424-19e6-4535-a962-309e763fa22e tempest-ServerRescueNegativeTestJSON-1757161214 tempest-ServerRescueNegativeTestJSON-1757161214-project-member] Acquiring lock "('np0000002591', 'np0000002591')" by "nova.scheduler.host_manager.HostState.update.._locked_update" {{(pid=95862) inner /opt/stack/data/venv/lib/python3.12/site-packages/oslo_concurrency/lockutils.py:511}}
Jun 11 08:03:37.535270 np0000002591 nova-scheduler[95862]: DEBUG oslo_concurrency.lockutils [None req-90057424-19e6-4535-a962-309e763fa22e tempest-ServerRescueNegativeTestJSON-1757161214 tempest-ServerRescueNegativeTestJSON-1757161214-project-member] Lock "('np0000002591', 'np0000002591')" acquired by "nova.scheduler.host_manager.HostState.update.._locked_update" :: waited 0.000s {{(pid=95862) inner /opt/stack/data/venv/lib/python3.12/site-packages/oslo_concurrency/lockutils.py:524}}
Jun 11 08:03:37.536670 np0000002591 nova-scheduler[95862]: DEBUG nova.scheduler.host_manager [None req-90057424-19e6-4535-a962-309e763fa22e tempest-ServerRescueNegativeTestJSON-1757161214 tempest-ServerRescueNegativeTestJSON-1757161214-project-member] Update host state from compute node: ComputeNode(cpu_allocation_ratio=4.0,cpu_info='{"arch": "x86_64", "model": "EPYC-Milan", "vendor": "AMD", "topology": {"cells": 1, "sockets": 12, "cores": 1, "threads": 1}, "maxphysaddr": {"mode": "emulate", "bits": 40}, "features": ["npt", "xsaveerptr", "de", "invpcid", "tsc-deadline", "avx", "bmi1", "ssse3", "xsavec", "pfthreshold", "pse36", "amd-psfd", "tsc", "perfctr_core", "mmxext", "sha-ni", "sse4.2", "gds-no", "bmi2", "clwb", "aes", "rdrand", "stibp-always-on", "clflushopt", "pse", "skip-l1dfl-vmentry", "fma", "mce", "xsaveopt", "msr", "mmx", "amd-stibp", "nx", "spec-ctrl", "umip", "abm", "mtrr", "cx16", "lm", "x2apic", "pku", "lbrv", "sse4a", "v-vmsave-vmload", "ibpb", "hypervisor", "fpu", "svm", "xsave", "null-sel-clr-base", "sse2", "popcnt", "pni", "pause-filter", "avx2", "sep", "syscall", "cx8", "pat", "topoext", "arch-capabilities", "tsc-scale", "rdseed", "vmcb-clean", "lfence-always-serializing", "smap", "pge", "arat", "vgif", "xgetbv1", "smep", "adx", "pschange-mc-no", "pdpe1gb", "clflush", "mds-no", "movbe", "misalignsse", "no-nested-data-bp", "rdpid", "fxsr_opt", "tsc_adjust", "rdtscp", "wbnoinvd", "vpclmulqdq", "rdctl-no", "vaes", "apic", "ssbd", "vme", "svme-addr-chk", "pae", "cmp_legacy", "pclmuldq", "xsaves", "f16c", "erms", "virt-ssbd", "fxsr", "stibp", "cr8legacy", "cmov", "sse", "sse4.1", "amd-ssbd", "clzero", "pcid", "mca", "ibrs", "nrip-save", "flushbyasid", "fsrm", "3dnowprefetch", "osvw", "fsgsbase", "lahf_lm"]}',created_at=2026-06-11T08:01:05Z,current_workload=0,deleted=False,deleted_at=None,disk_allocation_ratio=1.0,disk_available_least=74,free_disk_gb=95,free_ram_mb=23518,host='np0000002591',host_ip=10.4.3.131,hypervisor_hostname='np0000002591',hypervisor_type='QEMU',hypervisor_version=8002002,id=1,local_gb=95,local_gb_used=0,mapped=1,memory_mb=24030,memory_mb_used=512,metrics='[]',numa_topology='{"nova_object.name": "NUMATopology", "nova_object.namespace": "nova", "nova_object.version": "1.2", "nova_object.data": {"cells": [{"nova_object.name": "NUMACell", "nova_object.namespace": "nova", "nova_object.version": "1.5", "nova_object.data": {"id": 0, "cpuset": [0, 1, 2, 3, 4, 5, 6, 7, 8, 9, 10, 11], "pcpuset": [0, 1, 2, 3, 4, 5, 6, 7, 8, 9, 10, 11], "memory": 24030, "cpu_usage": 0, "memory_usage": 0, "pinned_cpus": [], "siblings": [[6], [2], [5], [11], [8], [4], [1], [7], [10], [0], [3], [9]], "mempages": [{"nova_object.name": "NUMAPagesTopology", "nova_object.namespace": "nova", "nova_object.version": "1.1", "nova_object.data": {"size_kb": 4, "total": 6151798, "used": 0, "reserved": 0}, "nova_object.changes": ["total", "size_kb", "used", "reserved"]}, {"nova_object.name": "NUMAPagesTopology", "nova_object.namespace": "nova", "nova_object.version": "1.1", "nova_object.data": {"size_kb": 2048, "total": 0, "used": 0, "reserved": 0}, "nova_object.changes": ["total", "size_kb", "used", "reserved"]}, {"nova_object.name": "NUMAPagesTopology", "nova_object.namespace": "nova", "nova_object.version": "1.1", "nova_object.data": {"size_kb": 1048576, "total": 0, "used": 0, "reserved": 0}, "nova_object.changes": ["total", "size_kb", "used", "reserved"]}], "network_metadata": {"nova_object.name": "NetworkMetadata", "nova_object.namespace": "nova", "nova_object.version": "1.0", "nova_object.data": {"physnets": [], "tunneled": false}, "nova_object.changes": ["tunneled", "physnets"]}, "socket": null}, "nova_object.changes": ["socket", "pcpuset", "memory_usage", "pinned_cpus", "network_metadata", "memory", "cpu_usage", "siblings", "mempages", "id", "cpuset"]}]}, "nova_object.changes": ["cells"]}',pci_device_pools=PciDevicePoolList,ram_allocation_ratio=1.0,running_vms=0,service_id=4,stats={failed_builds='0',uptime=' 08:02:50 up 25 min, 2 users, load average: 1.53, 1.57, 0.94
Jun 11 08:03:37.536670 np0000002591 nova-scheduler[95862]: '},supported_hv_specs=[HVSpec,HVSpec,HVSpec,HVSpec,HVSpec,HVSpec,HVSpec,HVSpec,HVSpec,HVSpec,HVSpec,HVSpec,HVSpec,HVSpec,HVSpec,HVSpec,HVSpec,HVSpec,HVSpec,HVSpec,HVSpec,HVSpec,HVSpec,HVSpec,HVSpec],updated_at=2026-06-11T08:02:52Z,uuid=c3316858-a0d2-42ff-a6af-5b074b0ca132,vcpus=12,vcpus_used=0) {{(pid=95862) _locked_update /opt/stack/nova/nova/scheduler/host_manager.py:168}}
Jun 11 08:03:37.537607 np0000002591 nova-scheduler[95862]: DEBUG nova.scheduler.host_manager [None req-90057424-19e6-4535-a962-309e763fa22e tempest-ServerRescueNegativeTestJSON-1757161214 tempest-ServerRescueNegativeTestJSON-1757161214-project-member] Update host state with aggregates: [] {{(pid=95862) _locked_update /opt/stack/nova/nova/scheduler/host_manager.py:171}}
Jun 11 08:03:37.537991 np0000002591 nova-scheduler[95862]: DEBUG nova.scheduler.host_manager [None req-90057424-19e6-4535-a962-309e763fa22e tempest-ServerRescueNegativeTestJSON-1757161214 tempest-ServerRescueNegativeTestJSON-1757161214-project-member] Update host state with service dict: {'id': 4, 'uuid': '1b17884b-8687-4edc-bf30-e819f5472dca', 'host': 'np0000002591', 'binary': 'nova-compute', 'topic': 'compute', 'report_count': 2, 'disabled': False, 'disabled_reason': None, 'last_seen_up': datetime.datetime(2026, 6, 11, 8, 3, 13, tzinfo=datetime.timezone.utc), 'forced_down': False, 'version': 72, 'created_at': datetime.datetime(2026, 6, 11, 8, 1, 3, tzinfo=datetime.timezone.utc), 'updated_at': datetime.datetime(2026, 6, 11, 8, 3, 13, tzinfo=datetime.timezone.utc), 'deleted_at': None, 'deleted': False} {{(pid=95862) _locked_update /opt/stack/nova/nova/scheduler/host_manager.py:174}}
Jun 11 08:03:37.538160 np0000002591 nova-scheduler[95862]: DEBUG nova.scheduler.host_manager [None req-90057424-19e6-4535-a962-309e763fa22e tempest-ServerRescueNegativeTestJSON-1757161214 tempest-ServerRescueNegativeTestJSON-1757161214-project-member] Update host state with instances: [] {{(pid=95862) _locked_update /opt/stack/nova/nova/scheduler/host_manager.py:177}}
Jun 11 08:03:37.538332 np0000002591 nova-scheduler[95862]: DEBUG oslo_concurrency.lockutils [None req-90057424-19e6-4535-a962-309e763fa22e tempest-ServerRescueNegativeTestJSON-1757161214 tempest-ServerRescueNegativeTestJSON-1757161214-project-member] Lock "('np0000002591', 'np0000002591')" "released" by "nova.scheduler.host_manager.HostState.update.._locked_update" :: held 0.003s {{(pid=95862) inner /opt/stack/data/venv/lib/python3.12/site-packages/oslo_concurrency/lockutils.py:543}}
Jun 11 08:03:37.538869 np0000002591 nova-scheduler[95862]: DEBUG nova.filters [None req-90057424-19e6-4535-a962-309e763fa22e tempest-ServerRescueNegativeTestJSON-1757161214 tempest-ServerRescueNegativeTestJSON-1757161214-project-member] Starting with 1 host(s) {{(pid=95862) get_filtered_objects /opt/stack/nova/nova/filters.py:70}}
Jun 11 08:03:37.539144 np0000002591 nova-scheduler[95862]: DEBUG nova.filters [None req-90057424-19e6-4535-a962-309e763fa22e tempest-ServerRescueNegativeTestJSON-1757161214 tempest-ServerRescueNegativeTestJSON-1757161214-project-member] Filter ComputeFilter returned 1 host(s) {{(pid=95862) get_filtered_objects /opt/stack/nova/nova/filters.py:102}}
Jun 11 08:03:37.539351 np0000002591 nova-scheduler[95862]: DEBUG nova.filters [None req-90057424-19e6-4535-a962-309e763fa22e tempest-ServerRescueNegativeTestJSON-1757161214 tempest-ServerRescueNegativeTestJSON-1757161214-project-member] Filter ComputeCapabilitiesFilter returned 1 host(s) {{(pid=95862) get_filtered_objects /opt/stack/nova/nova/filters.py:102}}
Jun 11 08:03:37.539626 np0000002591 nova-scheduler[95862]: DEBUG nova.filters [None req-90057424-19e6-4535-a962-309e763fa22e tempest-ServerRescueNegativeTestJSON-1757161214 tempest-ServerRescueNegativeTestJSON-1757161214-project-member] Filter ImagePropertiesFilter returned 1 host(s) {{(pid=95862) get_filtered_objects /opt/stack/nova/nova/filters.py:102}}
Jun 11 08:03:37.539786 np0000002591 nova-scheduler[95862]: DEBUG nova.filters [None req-90057424-19e6-4535-a962-309e763fa22e tempest-ServerRescueNegativeTestJSON-1757161214 tempest-ServerRescueNegativeTestJSON-1757161214-project-member] Filter ServerGroupAntiAffinityFilter returned 1 host(s) {{(pid=95862) get_filtered_objects /opt/stack/nova/nova/filters.py:102}}
Jun 11 08:03:37.539970 np0000002591 nova-scheduler[95862]: DEBUG nova.filters [None req-90057424-19e6-4535-a962-309e763fa22e tempest-ServerRescueNegativeTestJSON-1757161214 tempest-ServerRescueNegativeTestJSON-1757161214-project-member] Filter ServerGroupAffinityFilter returned 1 host(s) {{(pid=95862) get_filtered_objects /opt/stack/nova/nova/filters.py:102}}
Jun 11 08:03:37.540157 np0000002591 nova-scheduler[95862]: DEBUG nova.filters [None req-90057424-19e6-4535-a962-309e763fa22e tempest-ServerRescueNegativeTestJSON-1757161214 tempest-ServerRescueNegativeTestJSON-1757161214-project-member] Filter SameHostFilter returned 1 host(s) {{(pid=95862) get_filtered_objects /opt/stack/nova/nova/filters.py:102}}
Jun 11 08:03:37.540318 np0000002591 nova-scheduler[95862]: DEBUG nova.filters [None req-90057424-19e6-4535-a962-309e763fa22e tempest-ServerRescueNegativeTestJSON-1757161214 tempest-ServerRescueNegativeTestJSON-1757161214-project-member] Filter DifferentHostFilter returned 1 host(s) {{(pid=95862) get_filtered_objects /opt/stack/nova/nova/filters.py:102}}
Jun 11 08:03:37.541247 np0000002591 nova-scheduler[95862]: DEBUG nova.scheduler.manager [None req-90057424-19e6-4535-a962-309e763fa22e tempest-ServerRescueNegativeTestJSON-1757161214 tempest-ServerRescueNegativeTestJSON-1757161214-project-member] Filtered [(np0000002591, np0000002591) ram: 23518MB disk: 75776MB io_ops: 0 instances: 0, allocation_candidates: 1] {{(pid=95862) _get_sorted_hosts /opt/stack/nova/nova/scheduler/manager.py:743}}
Jun 11 08:03:37.541247 np0000002591 nova-scheduler[95862]: DEBUG nova.scheduler.manager [None req-90057424-19e6-4535-a962-309e763fa22e tempest-ServerRescueNegativeTestJSON-1757161214 tempest-ServerRescueNegativeTestJSON-1757161214-project-member] Weighed [WeighedHost [host: (np0000002591, np0000002591) ram: 23518MB disk: 75776MB io_ops: 0 instances: 0, allocation_candidates: 1, weight: 0.0]] {{(pid=95862) _get_sorted_hosts /opt/stack/nova/nova/scheduler/manager.py:765}}
Jun 11 08:03:37.543907 np0000002591 nova-scheduler[95862]: DEBUG nova.scheduler.utils [None req-90057424-19e6-4535-a962-309e763fa22e tempest-ServerRescueNegativeTestJSON-1757161214 tempest-ServerRescueNegativeTestJSON-1757161214-project-member] Attempting to claim resources in the placement API for instance 9a1959f1-9b78-4cab-b9c3-476733813d8f {{(pid=95862) claim_resources /opt/stack/nova/nova/scheduler/utils.py:1345}}
Jun 11 08:03:37.742966 np0000002591 nova-scheduler[95862]: DEBUG nova.scheduler.manager [None req-90057424-19e6-4535-a962-309e763fa22e tempest-ServerRescueNegativeTestJSON-1757161214 tempest-ServerRescueNegativeTestJSON-1757161214-project-member] [instance: 9a1959f1-9b78-4cab-b9c3-476733813d8f] Selected host: (np0000002591, np0000002591) ram: 23518MB disk: 75776MB io_ops: 0 instances: 0, allocation_candidates: 1 {{(pid=95862) _consume_selected_host /opt/stack/nova/nova/scheduler/manager.py:625}}
Jun 11 08:03:37.743505 np0000002591 nova-scheduler[95862]: DEBUG oslo_concurrency.lockutils [None req-90057424-19e6-4535-a962-309e763fa22e tempest-ServerRescueNegativeTestJSON-1757161214 tempest-ServerRescueNegativeTestJSON-1757161214-project-member] Acquiring lock "('np0000002591', 'np0000002591')" by "nova.scheduler.host_manager.HostState.consume_from_request.._locked" {{(pid=95862) inner /opt/stack/data/venv/lib/python3.12/site-packages/oslo_concurrency/lockutils.py:511}}
Jun 11 08:03:37.743505 np0000002591 nova-scheduler[95862]: DEBUG oslo_concurrency.lockutils [None req-90057424-19e6-4535-a962-309e763fa22e tempest-ServerRescueNegativeTestJSON-1757161214 tempest-ServerRescueNegativeTestJSON-1757161214-project-member] Lock "('np0000002591', 'np0000002591')" acquired by "nova.scheduler.host_manager.HostState.consume_from_request.._locked" :: waited 0.000s {{(pid=95862) inner /opt/stack/data/venv/lib/python3.12/site-packages/oslo_concurrency/lockutils.py:524}}
Jun 11 08:03:37.743505 np0000002591 nova-scheduler[95862]: DEBUG oslo_concurrency.lockutils [None req-90057424-19e6-4535-a962-309e763fa22e tempest-ServerRescueNegativeTestJSON-1757161214 tempest-ServerRescueNegativeTestJSON-1757161214-project-member] Lock "('np0000002591', 'np0000002591')" "released" by "nova.scheduler.host_manager.HostState.consume_from_request.._locked" :: held 0.000s {{(pid=95862) inner /opt/stack/data/venv/lib/python3.12/site-packages/oslo_concurrency/lockutils.py:543}}
Jun 11 08:03:38.465025 np0000002591 nova-scheduler[95864]: DEBUG nova.scheduler.manager [None req-3894afaa-5493-4e35-8807-c7dbb86d236a tempest-ServerStableDeviceRescueTest-778119317 tempest-ServerStableDeviceRescueTest-778119317-project-member] Starting to schedule for instances: ['e5e6957c-57d6-4cdd-90ff-5d9d2e612631'] {{(pid=95864) select_destinations /opt/stack/nova/nova/scheduler/manager.py:210}}
Jun 11 08:03:38.465867 np0000002591 nova-scheduler[95864]: DEBUG nova.scheduler.request_filter [None req-3894afaa-5493-4e35-8807-c7dbb86d236a tempest-ServerStableDeviceRescueTest-778119317 tempest-ServerStableDeviceRescueTest-778119317-project-member] compute_status_filter request filter added forbidden trait COMPUTE_STATUS_DISABLED {{(pid=95864) compute_status_filter /opt/stack/nova/nova/scheduler/request_filter.py:253}}
Jun 11 08:03:38.466304 np0000002591 nova-scheduler[95864]: DEBUG nova.scheduler.request_filter [None req-3894afaa-5493-4e35-8807-c7dbb86d236a tempest-ServerStableDeviceRescueTest-778119317 tempest-ServerStableDeviceRescueTest-778119317-project-member] Request filter 'compute_status_filter' took 0.0 seconds {{(pid=95864) wrapper /opt/stack/nova/nova/scheduler/request_filter.py:46}}
Jun 11 08:03:38.466654 np0000002591 nova-scheduler[95864]: DEBUG nova.scheduler.request_filter [None req-3894afaa-5493-4e35-8807-c7dbb86d236a tempest-ServerStableDeviceRescueTest-778119317 tempest-ServerStableDeviceRescueTest-778119317-project-member] Request filter 'accelerators_filter' took 0.0 seconds {{(pid=95864) wrapper /opt/stack/nova/nova/scheduler/request_filter.py:46}}
Jun 11 08:03:38.466994 np0000002591 nova-scheduler[95864]: DEBUG nova.scheduler.request_filter [None req-3894afaa-5493-4e35-8807-c7dbb86d236a tempest-ServerStableDeviceRescueTest-778119317 tempest-ServerStableDeviceRescueTest-778119317-project-member] Request filter 'packed_virtqueue_filter' took 0.0 seconds {{(pid=95864) wrapper /opt/stack/nova/nova/scheduler/request_filter.py:46}}
Jun 11 08:03:38.467691 np0000002591 nova-scheduler[95864]: DEBUG nova.scheduler.request_filter [None req-3894afaa-5493-4e35-8807-c7dbb86d236a tempest-ServerStableDeviceRescueTest-778119317 tempest-ServerStableDeviceRescueTest-778119317-project-member] Request filter 'remote_managed_ports_filter' took 0.0 seconds {{(pid=95864) wrapper /opt/stack/nova/nova/scheduler/request_filter.py:46}}
Jun 11 08:03:38.467905 np0000002591 nova-scheduler[95864]: DEBUG nova.scheduler.request_filter [None req-3894afaa-5493-4e35-8807-c7dbb86d236a tempest-ServerStableDeviceRescueTest-778119317 tempest-ServerStableDeviceRescueTest-778119317-project-member] ephemeral_encryption_filter skipped {{(pid=95864) ephemeral_encryption_filter /opt/stack/nova/nova/scheduler/request_filter.py:426}}
Jun 11 08:03:38.468959 np0000002591 nova-scheduler[95864]: DEBUG nova.scheduler.request_filter [None req-3894afaa-5493-4e35-8807-c7dbb86d236a tempest-ServerStableDeviceRescueTest-778119317 tempest-ServerStableDeviceRescueTest-778119317-project-member] virtio_sound_filter skipped {{(pid=95864) virtio_sound_filter /opt/stack/nova/nova/scheduler/request_filter.py:460}}
Jun 11 08:03:38.468959 np0000002591 nova-scheduler[95864]: DEBUG nova.scheduler.request_filter [None req-3894afaa-5493-4e35-8807-c7dbb86d236a tempest-ServerStableDeviceRescueTest-778119317 tempest-ServerStableDeviceRescueTest-778119317-project-member] tpm_secret_security_filter skipped {{(pid=95864) tpm_secret_security_filter /opt/stack/nova/nova/scheduler/request_filter.py:477}}
Jun 11 08:03:38.625888 np0000002591 nova-scheduler[95864]: INFO nova.utils [None req-3894afaa-5493-4e35-8807-c7dbb86d236a tempest-ServerStableDeviceRescueTest-778119317 tempest-ServerStableDeviceRescueTest-778119317-project-member] The cell worker thread pool ForkProcess-2.cell_worker is initialized
Jun 11 08:03:38.626354 np0000002591 nova-scheduler[95864]: DEBUG oslo_concurrency.lockutils [None req-3894afaa-5493-4e35-8807-c7dbb86d236a tempest-ServerStableDeviceRescueTest-778119317 tempest-ServerStableDeviceRescueTest-778119317-project-member] Acquiring lock "0b79f1c6-9b87-4a75-a0cd-4dd9dd06068f" by "nova.context.set_target_cell..get_or_set_cached_cell_and_set_connections" {{(pid=95864) inner /opt/stack/data/venv/lib/python3.12/site-packages/oslo_concurrency/lockutils.py:511}}
Jun 11 08:03:38.626567 np0000002591 nova-scheduler[95864]: DEBUG oslo_concurrency.lockutils [None req-3894afaa-5493-4e35-8807-c7dbb86d236a tempest-ServerStableDeviceRescueTest-778119317 tempest-ServerStableDeviceRescueTest-778119317-project-member] Lock "0b79f1c6-9b87-4a75-a0cd-4dd9dd06068f" acquired by "nova.context.set_target_cell..get_or_set_cached_cell_and_set_connections" :: waited 0.000s {{(pid=95864) inner /opt/stack/data/venv/lib/python3.12/site-packages/oslo_concurrency/lockutils.py:524}}
Jun 11 08:03:38.629195 np0000002591 nova-scheduler[95864]: DEBUG oslo_concurrency.lockutils [None req-3894afaa-5493-4e35-8807-c7dbb86d236a tempest-ServerStableDeviceRescueTest-778119317 tempest-ServerStableDeviceRescueTest-778119317-project-member] Lock "0b79f1c6-9b87-4a75-a0cd-4dd9dd06068f" "released" by "nova.context.set_target_cell..get_or_set_cached_cell_and_set_connections" :: held 0.002s {{(pid=95864) inner /opt/stack/data/venv/lib/python3.12/site-packages/oslo_concurrency/lockutils.py:543}}
Jun 11 08:03:38.630441 np0000002591 nova-scheduler[95864]: INFO dbcounter [None req-3894afaa-5493-4e35-8807-c7dbb86d236a tempest-ServerStableDeviceRescueTest-778119317 tempest-ServerStableDeviceRescueTest-778119317-project-member] Registered counter for database nova_cell1
Jun 11 08:03:38.688278 np0000002591 nova-scheduler[95864]: DEBUG oslo_db.sqlalchemy.engines [None req-3894afaa-5493-4e35-8807-c7dbb86d236a tempest-ServerStableDeviceRescueTest-778119317 tempest-ServerStableDeviceRescueTest-778119317-project-member] MySQL server mode set to STRICT_TRANS_TABLES,STRICT_ALL_TABLES,NO_ZERO_IN_DATE,NO_ZERO_DATE,ERROR_FOR_DIVISION_BY_ZERO,TRADITIONAL,NO_ENGINE_SUBSTITUTION {{(pid=95864) _check_effective_sql_mode /opt/stack/data/venv/lib/python3.12/site-packages/oslo_db/sqlalchemy/engines.py:325}}
Jun 11 08:03:38.695782 np0000002591 nova-scheduler[95864]: DEBUG dbcounter [-] [95864] Writer thread running {{(pid=95864) stat_writer /opt/stack/data/venv/lib/python3.12/site-packages/dbcounter.py:102}}
Jun 11 08:03:38.783649 np0000002591 nova-scheduler[95864]: DEBUG dbcounter [-] [95864] Writer thread running {{(pid=95864) stat_writer /opt/stack/data/venv/lib/python3.12/site-packages/dbcounter.py:102}}
Jun 11 08:03:38.787772 np0000002591 nova-scheduler[95864]: DEBUG oslo_concurrency.lockutils [None req-3894afaa-5493-4e35-8807-c7dbb86d236a tempest-ServerStableDeviceRescueTest-778119317 tempest-ServerStableDeviceRescueTest-778119317-project-member] Acquiring lock "0b79f1c6-9b87-4a75-a0cd-4dd9dd06068f" by "nova.context.set_target_cell..get_or_set_cached_cell_and_set_connections" {{(pid=95864) inner /opt/stack/data/venv/lib/python3.12/site-packages/oslo_concurrency/lockutils.py:511}}
Jun 11 08:03:38.788036 np0000002591 nova-scheduler[95864]: DEBUG oslo_concurrency.lockutils [None req-3894afaa-5493-4e35-8807-c7dbb86d236a tempest-ServerStableDeviceRescueTest-778119317 tempest-ServerStableDeviceRescueTest-778119317-project-member] Lock "0b79f1c6-9b87-4a75-a0cd-4dd9dd06068f" acquired by "nova.context.set_target_cell..get_or_set_cached_cell_and_set_connections" :: waited 0.000s {{(pid=95864) inner /opt/stack/data/venv/lib/python3.12/site-packages/oslo_concurrency/lockutils.py:524}}
Jun 11 08:03:38.788192 np0000002591 nova-scheduler[95864]: DEBUG oslo_concurrency.lockutils [None req-3894afaa-5493-4e35-8807-c7dbb86d236a tempest-ServerStableDeviceRescueTest-778119317 tempest-ServerStableDeviceRescueTest-778119317-project-member] Lock "0b79f1c6-9b87-4a75-a0cd-4dd9dd06068f" "released" by "nova.context.set_target_cell..get_or_set_cached_cell_and_set_connections" :: held 0.000s {{(pid=95864) inner /opt/stack/data/venv/lib/python3.12/site-packages/oslo_concurrency/lockutils.py:543}}
Jun 11 08:03:38.795624 np0000002591 nova-scheduler[95864]: DEBUG oslo_concurrency.lockutils [None req-3894afaa-5493-4e35-8807-c7dbb86d236a tempest-ServerStableDeviceRescueTest-778119317 tempest-ServerStableDeviceRescueTest-778119317-project-member] Acquiring lock "('np0000002591', 'np0000002591')" by "nova.scheduler.host_manager.HostState.update.._locked_update" {{(pid=95864) inner /opt/stack/data/venv/lib/python3.12/site-packages/oslo_concurrency/lockutils.py:511}}
Jun 11 08:03:38.795879 np0000002591 nova-scheduler[95864]: DEBUG oslo_concurrency.lockutils [None req-3894afaa-5493-4e35-8807-c7dbb86d236a tempest-ServerStableDeviceRescueTest-778119317 tempest-ServerStableDeviceRescueTest-778119317-project-member] Lock "('np0000002591', 'np0000002591')" acquired by "nova.scheduler.host_manager.HostState.update.._locked_update" :: waited 0.000s {{(pid=95864) inner /opt/stack/data/venv/lib/python3.12/site-packages/oslo_concurrency/lockutils.py:524}}
