Jul 03 11:48:18.570773 np0000004412 systemd[1]: Starting devstack@n-api-meta.service - Devstack devstack@n-api-meta.service...
Jul 03 11:48:18.576957 np0000004412 devstack@n-api-meta.service[95698]: [uWSGI] getting INI configuration from /etc/nova/nova-metadata-uwsgi.ini
Jul 03 11:48:18.579466 np0000004412 devstack@n-api-meta.service[95698]: *** Starting uWSGI 2.0.24-debian (64bit) on [Fri Jul 3 11:48:18 2026] ***
Jul 03 11:48:18.579466 np0000004412 devstack@n-api-meta.service[95698]: compiled with version: 13.2.0 on 17 April 2024 16:23:48
Jul 03 11:48:18.579466 np0000004412 devstack@n-api-meta.service[95698]: os: Linux-6.8.0-100-generic #100-Ubuntu SMP PREEMPT_DYNAMIC Tue Jan 13 16:40:06 UTC 2026
Jul 03 11:48:18.579466 np0000004412 devstack@n-api-meta.service[95698]: nodename: np0000004412
Jul 03 11:48:18.579466 np0000004412 devstack@n-api-meta.service[95698]: machine: x86_64
Jul 03 11:48:18.579466 np0000004412 devstack@n-api-meta.service[95698]: clock source: unix
Jul 03 11:48:18.579466 np0000004412 devstack@n-api-meta.service[95698]: pcre jit disabled
Jul 03 11:48:18.579466 np0000004412 devstack@n-api-meta.service[95698]: detected number of CPU cores: 16
Jul 03 11:48:18.579466 np0000004412 devstack@n-api-meta.service[95698]: current working directory: /
Jul 03 11:48:18.579466 np0000004412 devstack@n-api-meta.service[95698]: detected binary path: /usr/bin/uwsgi-core
Jul 03 11:48:18.579466 np0000004412 devstack@n-api-meta.service[95698]: your processes number limit is 257052
Jul 03 11:48:18.579466 np0000004412 devstack@n-api-meta.service[95698]: your memory page size is 4096 bytes
Jul 03 11:48:18.579876 np0000004412 devstack@n-api-meta.service[95698]: detected max file descriptor number: 2048
Jul 03 11:48:18.579876 np0000004412 devstack@n-api-meta.service[95698]: lock engine: pthread robust mutexes
Jul 03 11:48:18.579876 np0000004412 devstack@n-api-meta.service[95698]: thunder lock: enabled
Jul 03 11:48:18.580046 np0000004412 devstack@n-api-meta.service[95698]: uWSGI http bound on 0.0.0.0:8775 fd 5
Jul 03 11:48:18.580087 np0000004412 devstack@n-api-meta.service[95698]: uwsgi socket 0 bound to TCP address 127.0.0.1:39441 (port auto-assigned) fd 4
Jul 03 11:48:18.580116 np0000004412 devstack@n-api-meta.service[95698]: Python version: 3.12.3 (main, Mar 23 2026, 19:04:32) [GCC 13.3.0]
Jul 03 11:48:18.580116 np0000004412 devstack@n-api-meta.service[95698]: PEP 405 virtualenv detected: /opt/stack/data/venv
Jul 03 11:48:18.580116 np0000004412 devstack@n-api-meta.service[95698]: Set PythonHome to /opt/stack/data/venv
Jul 03 11:48:18.617730 np0000004412 devstack@n-api-meta.service[95698]: Python main interpreter initialized at 0x78165aca3668
Jul 03 11:48:18.617730 np0000004412 devstack@n-api-meta.service[95698]: python threads support enabled
Jul 03 11:48:18.617730 np0000004412 devstack@n-api-meta.service[95698]: your server socket listen backlog is limited to 100 connections
Jul 03 11:48:18.617730 np0000004412 devstack@n-api-meta.service[95698]: your mercy for graceful operations on workers is 80 seconds
Jul 03 11:48:18.618428 np0000004412 devstack@n-api-meta.service[95698]: mapped 671795 bytes (656 KB) for 4 cores
Jul 03 11:48:18.618608 np0000004412 devstack@n-api-meta.service[95698]: *** Operational MODE: preforking ***
Jul 03 11:48:18.618836 np0000004412 devstack@n-api-meta.service[95698]: *** uWSGI is running in multiple interpreter mode ***
Jul 03 11:48:18.618836 np0000004412 devstack@n-api-meta.service[95698]: spawned uWSGI master process (pid: 95698)
Jul 03 11:48:18.619012 np0000004412 systemd[1]: Started devstack@n-api-meta.service - Devstack devstack@n-api-meta.service.
Jul 03 11:48:18.619529 np0000004412 devstack@n-api-meta.service[95698]: spawned uWSGI worker 1 (pid: 95699, cores: 1)
Jul 03 11:48:18.620047 np0000004412 devstack@n-api-meta.service[95698]: spawned uWSGI worker 2 (pid: 95700, cores: 1)
Jul 03 11:48:18.620558 np0000004412 devstack@n-api-meta.service[95698]: spawned uWSGI worker 3 (pid: 95701, cores: 1)
Jul 03 11:48:18.621080 np0000004412 devstack@n-api-meta.service[95698]: spawned uWSGI worker 4 (pid: 95702, cores: 1)
Jul 03 11:48:18.621814 np0000004412 devstack@n-api-meta.service[95698]: spawned uWSGI http 1 (pid: 95703)
Jul 03 11:48:18.621814 np0000004412 devstack@n-api-meta.service[95698]: running "unix_signal:15 gracefully_kill_them_all" (master-start)...
Jul 03 11:48:20.197253 np0000004412 devstack@n-api-meta.service[95702]: INFO dbcounter [None req-ac29552a-3afd-4b57-a972-813cb275a536 None None] Registered counter for database nova_api
Jul 03 11:48:20.221053 np0000004412 devstack@n-api-meta.service[95700]: INFO dbcounter [None req-ac0dd6e6-02a1-4d5b-a98e-9bba03145d32 None None] Registered counter for database nova_api
Jul 03 11:48:20.238690 np0000004412 devstack@n-api-meta.service[95702]: DEBUG oslo_db.sqlalchemy.engines [None req-ac29552a-3afd-4b57-a972-813cb275a536 None None] MySQL server mode set to STRICT_TRANS_TABLES,STRICT_ALL_TABLES,NO_ZERO_IN_DATE,NO_ZERO_DATE,ERROR_FOR_DIVISION_BY_ZERO,TRADITIONAL,NO_ENGINE_SUBSTITUTION {{(pid=95702) _check_effective_sql_mode /opt/stack/data/venv/lib/python3.12/site-packages/oslo_db/sqlalchemy/engines.py:325}}
Jul 03 11:48:20.248344 np0000004412 devstack@n-api-meta.service[95701]: INFO dbcounter [None req-7f6445f1-1275-4c18-8f6c-bc25bcb98cb1 None None] Registered counter for database nova_api
Jul 03 11:48:20.248707 np0000004412 devstack@n-api-meta.service[95699]: INFO dbcounter [None req-1cef0a47-58dd-4319-9c7d-7a2b02c4cd71 None None] Registered counter for database nova_api
Jul 03 11:48:20.264237 np0000004412 devstack@n-api-meta.service[95700]: DEBUG oslo_db.sqlalchemy.engines [None req-ac0dd6e6-02a1-4d5b-a98e-9bba03145d32 None None] MySQL server mode set to STRICT_TRANS_TABLES,STRICT_ALL_TABLES,NO_ZERO_IN_DATE,NO_ZERO_DATE,ERROR_FOR_DIVISION_BY_ZERO,TRADITIONAL,NO_ENGINE_SUBSTITUTION {{(pid=95700) _check_effective_sql_mode /opt/stack/data/venv/lib/python3.12/site-packages/oslo_db/sqlalchemy/engines.py:325}}
Jul 03 11:48:20.266958 np0000004412 devstack@n-api-meta.service[95702]: DEBUG dbcounter [-] [95702] Writer thread running {{(pid=95702) stat_writer /opt/stack/data/venv/lib/python3.12/site-packages/dbcounter.py:102}}
Jul 03 11:48:20.269517 np0000004412 devstack@n-api-meta.service[95702]: DEBUG nova.context [None req-ac29552a-3afd-4b57-a972-813cb275a536 None None] Found 2 cells: 00000000-0000-0000-0000-000000000000(cell0),88bc6217-a92b-488b-b109-5683a42b773d(cell1) {{(pid=95702) load_cells /opt/stack/nova/nova/context.py:509}}
Jul 03 11:48:20.269759 np0000004412 devstack@n-api-meta.service[95702]: INFO nova.utils [None req-ac29552a-3afd-4b57-a972-813cb275a536 None None] The cell worker thread pool MainProcess.cell_worker is initialized
Jul 03 11:48:20.271386 np0000004412 devstack@n-api-meta.service[95702]: DEBUG oslo_concurrency.lockutils [None req-ac29552a-3afd-4b57-a972-813cb275a536 None None] Acquiring lock "00000000-0000-0000-0000-000000000000" by "nova.context.set_target_cell..get_or_set_cached_cell_and_set_connections" {{(pid=95702) inner /opt/stack/data/venv/lib/python3.12/site-packages/oslo_concurrency/lockutils.py:511}}
Jul 03 11:48:20.271567 np0000004412 devstack@n-api-meta.service[95702]: DEBUG oslo_concurrency.lockutils [None req-ac29552a-3afd-4b57-a972-813cb275a536 None None] Lock "00000000-0000-0000-0000-000000000000" acquired by "nova.context.set_target_cell..get_or_set_cached_cell_and_set_connections" :: waited 0.000s {{(pid=95702) inner /opt/stack/data/venv/lib/python3.12/site-packages/oslo_concurrency/lockutils.py:524}}
Jul 03 11:48:20.272530 np0000004412 devstack@n-api-meta.service[95702]: DEBUG oslo_concurrency.lockutils [None req-ac29552a-3afd-4b57-a972-813cb275a536 None None] Lock "00000000-0000-0000-0000-000000000000" "released" by "nova.context.set_target_cell..get_or_set_cached_cell_and_set_connections" :: held 0.000s {{(pid=95702) inner /opt/stack/data/venv/lib/python3.12/site-packages/oslo_concurrency/lockutils.py:543}}
Jul 03 11:48:20.272598 np0000004412 devstack@n-api-meta.service[95702]: DEBUG oslo_concurrency.lockutils [None req-ac29552a-3afd-4b57-a972-813cb275a536 None None] Acquiring lock "88bc6217-a92b-488b-b109-5683a42b773d" by "nova.context.set_target_cell..get_or_set_cached_cell_and_set_connections" {{(pid=95702) inner /opt/stack/data/venv/lib/python3.12/site-packages/oslo_concurrency/lockutils.py:511}}
Jul 03 11:48:20.272749 np0000004412 devstack@n-api-meta.service[95702]: DEBUG oslo_concurrency.lockutils [None req-ac29552a-3afd-4b57-a972-813cb275a536 None None] Lock "88bc6217-a92b-488b-b109-5683a42b773d" acquired by "nova.context.set_target_cell..get_or_set_cached_cell_and_set_connections" :: waited 0.000s {{(pid=95702) inner /opt/stack/data/venv/lib/python3.12/site-packages/oslo_concurrency/lockutils.py:524}}
Jul 03 11:48:20.275654 np0000004412 devstack@n-api-meta.service[95702]: INFO dbcounter [None req-ac29552a-3afd-4b57-a972-813cb275a536 None None] Registered counter for database nova_cell0
Jul 03 11:48:20.276880 np0000004412 devstack@n-api-meta.service[95702]: DEBUG oslo_concurrency.lockutils [None req-ac29552a-3afd-4b57-a972-813cb275a536 None None] Lock "88bc6217-a92b-488b-b109-5683a42b773d" "released" by "nova.context.set_target_cell..get_or_set_cached_cell_and_set_connections" :: held 0.002s {{(pid=95702) inner /opt/stack/data/venv/lib/python3.12/site-packages/oslo_concurrency/lockutils.py:543}}
Jul 03 11:48:20.278639 np0000004412 devstack@n-api-meta.service[95702]: INFO dbcounter [None req-ac29552a-3afd-4b57-a972-813cb275a536 None None] Registered counter for database nova_cell1
Jul 03 11:48:20.288876 np0000004412 devstack@n-api-meta.service[95701]: DEBUG oslo_db.sqlalchemy.engines [None req-7f6445f1-1275-4c18-8f6c-bc25bcb98cb1 None None] MySQL server mode set to STRICT_TRANS_TABLES,STRICT_ALL_TABLES,NO_ZERO_IN_DATE,NO_ZERO_DATE,ERROR_FOR_DIVISION_BY_ZERO,TRADITIONAL,NO_ENGINE_SUBSTITUTION {{(pid=95701) _check_effective_sql_mode /opt/stack/data/venv/lib/python3.12/site-packages/oslo_db/sqlalchemy/engines.py:325}}
Jul 03 11:48:20.294111 np0000004412 devstack@n-api-meta.service[95699]: DEBUG oslo_db.sqlalchemy.engines [None req-1cef0a47-58dd-4319-9c7d-7a2b02c4cd71 None None] MySQL server mode set to STRICT_TRANS_TABLES,STRICT_ALL_TABLES,NO_ZERO_IN_DATE,NO_ZERO_DATE,ERROR_FOR_DIVISION_BY_ZERO,TRADITIONAL,NO_ENGINE_SUBSTITUTION {{(pid=95699) _check_effective_sql_mode /opt/stack/data/venv/lib/python3.12/site-packages/oslo_db/sqlalchemy/engines.py:325}}
Jul 03 11:48:20.294437 np0000004412 devstack@n-api-meta.service[95700]: DEBUG dbcounter [-] [95700] Writer thread running {{(pid=95700) stat_writer /opt/stack/data/venv/lib/python3.12/site-packages/dbcounter.py:102}}
Jul 03 11:48:20.297089 np0000004412 devstack@n-api-meta.service[95700]: DEBUG nova.context [None req-ac0dd6e6-02a1-4d5b-a98e-9bba03145d32 None None] Found 2 cells: 00000000-0000-0000-0000-000000000000(cell0),88bc6217-a92b-488b-b109-5683a42b773d(cell1) {{(pid=95700) load_cells /opt/stack/nova/nova/context.py:509}}
Jul 03 11:48:20.297089 np0000004412 devstack@n-api-meta.service[95700]: INFO nova.utils [None req-ac0dd6e6-02a1-4d5b-a98e-9bba03145d32 None None] The cell worker thread pool MainProcess.cell_worker is initialized
Jul 03 11:48:20.299095 np0000004412 devstack@n-api-meta.service[95700]: DEBUG oslo_concurrency.lockutils [None req-ac0dd6e6-02a1-4d5b-a98e-9bba03145d32 None None] Acquiring lock "00000000-0000-0000-0000-000000000000" by "nova.context.set_target_cell..get_or_set_cached_cell_and_set_connections" {{(pid=95700) inner /opt/stack/data/venv/lib/python3.12/site-packages/oslo_concurrency/lockutils.py:511}}
Jul 03 11:48:20.299095 np0000004412 devstack@n-api-meta.service[95700]: DEBUG oslo_concurrency.lockutils [None req-ac0dd6e6-02a1-4d5b-a98e-9bba03145d32 None None] Lock "00000000-0000-0000-0000-000000000000" acquired by "nova.context.set_target_cell..get_or_set_cached_cell_and_set_connections" :: waited 0.000s {{(pid=95700) inner /opt/stack/data/venv/lib/python3.12/site-packages/oslo_concurrency/lockutils.py:524}}
Jul 03 11:48:20.299215 np0000004412 devstack@n-api-meta.service[95700]: DEBUG oslo_concurrency.lockutils [None req-ac0dd6e6-02a1-4d5b-a98e-9bba03145d32 None None] Lock "00000000-0000-0000-0000-000000000000" "released" by "nova.context.set_target_cell..get_or_set_cached_cell_and_set_connections" :: held 0.000s {{(pid=95700) inner /opt/stack/data/venv/lib/python3.12/site-packages/oslo_concurrency/lockutils.py:543}}
Jul 03 11:48:20.299701 np0000004412 devstack@n-api-meta.service[95700]: DEBUG oslo_concurrency.lockutils [None req-ac0dd6e6-02a1-4d5b-a98e-9bba03145d32 None None] Acquiring lock "88bc6217-a92b-488b-b109-5683a42b773d" by "nova.context.set_target_cell..get_or_set_cached_cell_and_set_connections" {{(pid=95700) inner /opt/stack/data/venv/lib/python3.12/site-packages/oslo_concurrency/lockutils.py:511}}
Jul 03 11:48:20.299830 np0000004412 devstack@n-api-meta.service[95700]: DEBUG oslo_concurrency.lockutils [None req-ac0dd6e6-02a1-4d5b-a98e-9bba03145d32 None None] Lock "88bc6217-a92b-488b-b109-5683a42b773d" acquired by "nova.context.set_target_cell..get_or_set_cached_cell_and_set_connections" :: waited 0.000s {{(pid=95700) inner /opt/stack/data/venv/lib/python3.12/site-packages/oslo_concurrency/lockutils.py:524}}
Jul 03 11:48:20.300576 np0000004412 devstack@n-api-meta.service[95700]: DEBUG oslo_concurrency.lockutils [None req-ac0dd6e6-02a1-4d5b-a98e-9bba03145d32 None None] Lock "88bc6217-a92b-488b-b109-5683a42b773d" "released" by "nova.context.set_target_cell..get_or_set_cached_cell_and_set_connections" :: held 0.001s {{(pid=95700) inner /opt/stack/data/venv/lib/python3.12/site-packages/oslo_concurrency/lockutils.py:543}}
Jul 03 11:48:20.302126 np0000004412 devstack@n-api-meta.service[95700]: INFO dbcounter [None req-ac0dd6e6-02a1-4d5b-a98e-9bba03145d32 None None] Registered counter for database nova_cell0
Jul 03 11:48:20.304915 np0000004412 devstack@n-api-meta.service[95700]: INFO dbcounter [None req-ac0dd6e6-02a1-4d5b-a98e-9bba03145d32 None None] Registered counter for database nova_cell1
Jul 03 11:48:20.320666 np0000004412 devstack@n-api-meta.service[95701]: DEBUG dbcounter [-] [95701] Writer thread running {{(pid=95701) stat_writer /opt/stack/data/venv/lib/python3.12/site-packages/dbcounter.py:102}}
Jul 03 11:48:20.323385 np0000004412 devstack@n-api-meta.service[95701]: DEBUG nova.context [None req-7f6445f1-1275-4c18-8f6c-bc25bcb98cb1 None None] Found 2 cells: 00000000-0000-0000-0000-000000000000(cell0),88bc6217-a92b-488b-b109-5683a42b773d(cell1) {{(pid=95701) load_cells /opt/stack/nova/nova/context.py:509}}
Jul 03 11:48:20.326388 np0000004412 devstack@n-api-meta.service[95701]: INFO nova.utils [None req-7f6445f1-1275-4c18-8f6c-bc25bcb98cb1 None None] The cell worker thread pool MainProcess.cell_worker is initialized
Jul 03 11:48:20.326388 np0000004412 devstack@n-api-meta.service[95701]: DEBUG oslo_concurrency.lockutils [None req-7f6445f1-1275-4c18-8f6c-bc25bcb98cb1 None None] Acquiring lock "00000000-0000-0000-0000-000000000000" by "nova.context.set_target_cell..get_or_set_cached_cell_and_set_connections" {{(pid=95701) inner /opt/stack/data/venv/lib/python3.12/site-packages/oslo_concurrency/lockutils.py:511}}
Jul 03 11:48:20.326388 np0000004412 devstack@n-api-meta.service[95701]: DEBUG oslo_concurrency.lockutils [None req-7f6445f1-1275-4c18-8f6c-bc25bcb98cb1 None None] Lock "00000000-0000-0000-0000-000000000000" acquired by "nova.context.set_target_cell..get_or_set_cached_cell_and_set_connections" :: waited 0.000s {{(pid=95701) inner /opt/stack/data/venv/lib/python3.12/site-packages/oslo_concurrency/lockutils.py:524}}
Jul 03 11:48:20.326388 np0000004412 devstack@n-api-meta.service[95701]: DEBUG oslo_concurrency.lockutils [None req-7f6445f1-1275-4c18-8f6c-bc25bcb98cb1 None None] Lock "00000000-0000-0000-0000-000000000000" "released" by "nova.context.set_target_cell..get_or_set_cached_cell_and_set_connections" :: held 0.000s {{(pid=95701) inner /opt/stack/data/venv/lib/python3.12/site-packages/oslo_concurrency/lockutils.py:543}}
Jul 03 11:48:20.326581 np0000004412 devstack@n-api-meta.service[95702]: DEBUG oslo_db.sqlalchemy.engines [None req-ac29552a-3afd-4b57-a972-813cb275a536 None None] MySQL server mode set to STRICT_TRANS_TABLES,STRICT_ALL_TABLES,NO_ZERO_IN_DATE,NO_ZERO_DATE,ERROR_FOR_DIVISION_BY_ZERO,TRADITIONAL,NO_ENGINE_SUBSTITUTION {{(pid=95702) _check_effective_sql_mode /opt/stack/data/venv/lib/python3.12/site-packages/oslo_db/sqlalchemy/engines.py:325}}
Jul 03 11:48:20.326817 np0000004412 devstack@n-api-meta.service[95701]: DEBUG oslo_concurrency.lockutils [None req-7f6445f1-1275-4c18-8f6c-bc25bcb98cb1 None None] Acquiring lock "88bc6217-a92b-488b-b109-5683a42b773d" by "nova.context.set_target_cell..get_or_set_cached_cell_and_set_connections" {{(pid=95701) inner /opt/stack/data/venv/lib/python3.12/site-packages/oslo_concurrency/lockutils.py:511}}
Jul 03 11:48:20.326964 np0000004412 devstack@n-api-meta.service[95701]: DEBUG oslo_concurrency.lockutils [None req-7f6445f1-1275-4c18-8f6c-bc25bcb98cb1 None None] Lock "88bc6217-a92b-488b-b109-5683a42b773d" acquired by "nova.context.set_target_cell..get_or_set_cached_cell_and_set_connections" :: waited 0.000s {{(pid=95701) inner /opt/stack/data/venv/lib/python3.12/site-packages/oslo_concurrency/lockutils.py:524}}
Jul 03 11:48:20.327871 np0000004412 devstack@n-api-meta.service[95701]: DEBUG oslo_concurrency.lockutils [None req-7f6445f1-1275-4c18-8f6c-bc25bcb98cb1 None None] Lock "88bc6217-a92b-488b-b109-5683a42b773d" "released" by "nova.context.set_target_cell..get_or_set_cached_cell_and_set_connections" :: held 0.001s {{(pid=95701) inner /opt/stack/data/venv/lib/python3.12/site-packages/oslo_concurrency/lockutils.py:543}}
Jul 03 11:48:20.328195 np0000004412 devstack@n-api-meta.service[95699]: DEBUG dbcounter [-] [95699] Writer thread running {{(pid=95699) stat_writer /opt/stack/data/venv/lib/python3.12/site-packages/dbcounter.py:102}}
Jul 03 11:48:20.329910 np0000004412 devstack@n-api-meta.service[95701]: INFO dbcounter [None req-7f6445f1-1275-4c18-8f6c-bc25bcb98cb1 None None] Registered counter for database nova_cell0
Jul 03 11:48:20.333402 np0000004412 devstack@n-api-meta.service[95701]: INFO dbcounter [None req-7f6445f1-1275-4c18-8f6c-bc25bcb98cb1 None None] Registered counter for database nova_cell1
Jul 03 11:48:20.333555 np0000004412 devstack@n-api-meta.service[95699]: DEBUG nova.context [None req-1cef0a47-58dd-4319-9c7d-7a2b02c4cd71 None None] Found 2 cells: 00000000-0000-0000-0000-000000000000(cell0),88bc6217-a92b-488b-b109-5683a42b773d(cell1) {{(pid=95699) load_cells /opt/stack/nova/nova/context.py:509}}
Jul 03 11:48:20.333772 np0000004412 devstack@n-api-meta.service[95699]: INFO nova.utils [None req-1cef0a47-58dd-4319-9c7d-7a2b02c4cd71 None None] The cell worker thread pool MainProcess.cell_worker is initialized
Jul 03 11:48:20.335346 np0000004412 devstack@n-api-meta.service[95699]: DEBUG oslo_concurrency.lockutils [None req-1cef0a47-58dd-4319-9c7d-7a2b02c4cd71 None None] Acquiring lock "00000000-0000-0000-0000-000000000000" by "nova.context.set_target_cell..get_or_set_cached_cell_and_set_connections" {{(pid=95699) inner /opt/stack/data/venv/lib/python3.12/site-packages/oslo_concurrency/lockutils.py:511}}
Jul 03 11:48:20.335517 np0000004412 devstack@n-api-meta.service[95699]: DEBUG oslo_concurrency.lockutils [None req-1cef0a47-58dd-4319-9c7d-7a2b02c4cd71 None None] Lock "00000000-0000-0000-0000-000000000000" acquired by "nova.context.set_target_cell..get_or_set_cached_cell_and_set_connections" :: waited 0.000s {{(pid=95699) inner /opt/stack/data/venv/lib/python3.12/site-packages/oslo_concurrency/lockutils.py:524}}
Jul 03 11:48:20.335883 np0000004412 devstack@n-api-meta.service[95699]: DEBUG oslo_concurrency.lockutils [None req-1cef0a47-58dd-4319-9c7d-7a2b02c4cd71 None None] Lock "00000000-0000-0000-0000-000000000000" "released" by "nova.context.set_target_cell..get_or_set_cached_cell_and_set_connections" :: held 0.000s {{(pid=95699) inner /opt/stack/data/venv/lib/python3.12/site-packages/oslo_concurrency/lockutils.py:543}}
Jul 03 11:48:20.336430 np0000004412 devstack@n-api-meta.service[95699]: DEBUG oslo_concurrency.lockutils [None req-1cef0a47-58dd-4319-9c7d-7a2b02c4cd71 None None] Acquiring lock "88bc6217-a92b-488b-b109-5683a42b773d" by "nova.context.set_target_cell..get_or_set_cached_cell_and_set_connections" {{(pid=95699) inner /opt/stack/data/venv/lib/python3.12/site-packages/oslo_concurrency/lockutils.py:511}}
Jul 03 11:48:20.337469 np0000004412 devstack@n-api-meta.service[95702]: DEBUG oslo_db.sqlalchemy.engines [None req-ac29552a-3afd-4b57-a972-813cb275a536 None None] MySQL server mode set to STRICT_TRANS_TABLES,STRICT_ALL_TABLES,NO_ZERO_IN_DATE,NO_ZERO_DATE,ERROR_FOR_DIVISION_BY_ZERO,TRADITIONAL,NO_ENGINE_SUBSTITUTION {{(pid=95702) _check_effective_sql_mode /opt/stack/data/venv/lib/python3.12/site-packages/oslo_db/sqlalchemy/engines.py:325}}
Jul 03 11:48:20.337772 np0000004412 devstack@n-api-meta.service[95699]: INFO dbcounter [None req-1cef0a47-58dd-4319-9c7d-7a2b02c4cd71 None None] Registered counter for database nova_cell0
Jul 03 11:48:20.338722 np0000004412 devstack@n-api-meta.service[95699]: DEBUG oslo_concurrency.lockutils [None req-1cef0a47-58dd-4319-9c7d-7a2b02c4cd71 None None] Lock "88bc6217-a92b-488b-b109-5683a42b773d" acquired by "nova.context.set_target_cell..get_or_set_cached_cell_and_set_connections" :: waited 0.001s {{(pid=95699) inner /opt/stack/data/venv/lib/python3.12/site-packages/oslo_concurrency/lockutils.py:524}}
Jul 03 11:48:20.340113 np0000004412 devstack@n-api-meta.service[95699]: DEBUG oslo_concurrency.lockutils [None req-1cef0a47-58dd-4319-9c7d-7a2b02c4cd71 None None] Lock "88bc6217-a92b-488b-b109-5683a42b773d" "released" by "nova.context.set_target_cell..get_or_set_cached_cell_and_set_connections" :: held 0.002s {{(pid=95699) inner /opt/stack/data/venv/lib/python3.12/site-packages/oslo_concurrency/lockutils.py:543}}
Jul 03 11:48:20.342163 np0000004412 devstack@n-api-meta.service[95699]: INFO dbcounter [None req-1cef0a47-58dd-4319-9c7d-7a2b02c4cd71 None None] Registered counter for database nova_cell1
Jul 03 11:48:20.361784 np0000004412 devstack@n-api-meta.service[95700]: DEBUG oslo_db.sqlalchemy.engines [None req-ac0dd6e6-02a1-4d5b-a98e-9bba03145d32 None None] MySQL server mode set to STRICT_TRANS_TABLES,STRICT_ALL_TABLES,NO_ZERO_IN_DATE,NO_ZERO_DATE,ERROR_FOR_DIVISION_BY_ZERO,TRADITIONAL,NO_ENGINE_SUBSTITUTION {{(pid=95700) _check_effective_sql_mode /opt/stack/data/venv/lib/python3.12/site-packages/oslo_db/sqlalchemy/engines.py:325}}
Jul 03 11:48:20.364864 np0000004412 devstack@n-api-meta.service[95700]: DEBUG oslo_db.sqlalchemy.engines [None req-ac0dd6e6-02a1-4d5b-a98e-9bba03145d32 None None] MySQL server mode set to STRICT_TRANS_TABLES,STRICT_ALL_TABLES,NO_ZERO_IN_DATE,NO_ZERO_DATE,ERROR_FOR_DIVISION_BY_ZERO,TRADITIONAL,NO_ENGINE_SUBSTITUTION {{(pid=95700) _check_effective_sql_mode /opt/stack/data/venv/lib/python3.12/site-packages/oslo_db/sqlalchemy/engines.py:325}}
Jul 03 11:48:20.386594 np0000004412 devstack@n-api-meta.service[95701]: DEBUG oslo_db.sqlalchemy.engines [None req-7f6445f1-1275-4c18-8f6c-bc25bcb98cb1 None None] MySQL server mode set to STRICT_TRANS_TABLES,STRICT_ALL_TABLES,NO_ZERO_IN_DATE,NO_ZERO_DATE,ERROR_FOR_DIVISION_BY_ZERO,TRADITIONAL,NO_ENGINE_SUBSTITUTION {{(pid=95701) _check_effective_sql_mode /opt/stack/data/venv/lib/python3.12/site-packages/oslo_db/sqlalchemy/engines.py:325}}
Jul 03 11:48:20.391007 np0000004412 devstack@n-api-meta.service[95699]: DEBUG oslo_db.sqlalchemy.engines [None req-1cef0a47-58dd-4319-9c7d-7a2b02c4cd71 None None] MySQL server mode set to STRICT_TRANS_TABLES,STRICT_ALL_TABLES,NO_ZERO_IN_DATE,NO_ZERO_DATE,ERROR_FOR_DIVISION_BY_ZERO,TRADITIONAL,NO_ENGINE_SUBSTITUTION {{(pid=95699) _check_effective_sql_mode /opt/stack/data/venv/lib/python3.12/site-packages/oslo_db/sqlalchemy/engines.py:325}}
Jul 03 11:48:20.402682 np0000004412 devstack@n-api-meta.service[95699]: DEBUG oslo_db.sqlalchemy.engines [None req-1cef0a47-58dd-4319-9c7d-7a2b02c4cd71 None None] MySQL server mode set to STRICT_TRANS_TABLES,STRICT_ALL_TABLES,NO_ZERO_IN_DATE,NO_ZERO_DATE,ERROR_FOR_DIVISION_BY_ZERO,TRADITIONAL,NO_ENGINE_SUBSTITUTION {{(pid=95699) _check_effective_sql_mode /opt/stack/data/venv/lib/python3.12/site-packages/oslo_db/sqlalchemy/engines.py:325}}
Jul 03 11:48:20.402998 np0000004412 devstack@n-api-meta.service[95701]: DEBUG oslo_db.sqlalchemy.engines [None req-7f6445f1-1275-4c18-8f6c-bc25bcb98cb1 None None] MySQL server mode set to STRICT_TRANS_TABLES,STRICT_ALL_TABLES,NO_ZERO_IN_DATE,NO_ZERO_DATE,ERROR_FOR_DIVISION_BY_ZERO,TRADITIONAL,NO_ENGINE_SUBSTITUTION {{(pid=95701) _check_effective_sql_mode /opt/stack/data/venv/lib/python3.12/site-packages/oslo_db/sqlalchemy/engines.py:325}}
Jul 03 11:48:20.412907 np0000004412 devstack@n-api-meta.service[95702]: DEBUG dbcounter [-] [95702] Writer thread running {{(pid=95702) stat_writer /opt/stack/data/venv/lib/python3.12/site-packages/dbcounter.py:102}}
Jul 03 11:48:20.416541 np0000004412 devstack@n-api-meta.service[95702]: DEBUG dbcounter [-] [95702] Writer thread running {{(pid=95702) stat_writer /opt/stack/data/venv/lib/python3.12/site-packages/dbcounter.py:102}}
Jul 03 11:48:20.419843 np0000004412 devstack@n-api-meta.service[95702]: INFO dbcounter [None req-ac29552a-3afd-4b57-a972-813cb275a536 None None] Registered counter for database nova_cell0
Jul 03 11:48:20.451081 np0000004412 devstack@n-api-meta.service[95700]: DEBUG dbcounter [-] [95700] Writer thread running {{(pid=95700) stat_writer /opt/stack/data/venv/lib/python3.12/site-packages/dbcounter.py:102}}
Jul 03 11:48:20.453562 np0000004412 devstack@n-api-meta.service[95700]: DEBUG dbcounter [-] [95700] Writer thread running {{(pid=95700) stat_writer /opt/stack/data/venv/lib/python3.12/site-packages/dbcounter.py:102}}
Jul 03 11:48:20.453703 np0000004412 devstack@n-api-meta.service[95702]: DEBUG oslo_db.sqlalchemy.engines [None req-ac29552a-3afd-4b57-a972-813cb275a536 None None] MySQL server mode set to STRICT_TRANS_TABLES,STRICT_ALL_TABLES,NO_ZERO_IN_DATE,NO_ZERO_DATE,ERROR_FOR_DIVISION_BY_ZERO,TRADITIONAL,NO_ENGINE_SUBSTITUTION {{(pid=95702) _check_effective_sql_mode /opt/stack/data/venv/lib/python3.12/site-packages/oslo_db/sqlalchemy/engines.py:325}}
Jul 03 11:48:20.458691 np0000004412 devstack@n-api-meta.service[95700]: INFO dbcounter [None req-ac0dd6e6-02a1-4d5b-a98e-9bba03145d32 None None] Registered counter for database nova_cell0
Jul 03 11:48:20.459673 np0000004412 devstack@n-api-meta.service[95702]: DEBUG dbcounter [-] [95702] Writer thread running {{(pid=95702) stat_writer /opt/stack/data/venv/lib/python3.12/site-packages/dbcounter.py:102}}
Jul 03 11:48:20.473432 np0000004412 devstack@n-api-meta.service[95701]: DEBUG dbcounter [-] [95701] Writer thread running {{(pid=95701) stat_writer /opt/stack/data/venv/lib/python3.12/site-packages/dbcounter.py:102}}
Jul 03 11:48:20.479051 np0000004412 devstack@n-api-meta.service[95701]: DEBUG dbcounter [-] [95701] Writer thread running {{(pid=95701) stat_writer /opt/stack/data/venv/lib/python3.12/site-packages/dbcounter.py:102}}
Jul 03 11:48:20.481144 np0000004412 devstack@n-api-meta.service[95699]: DEBUG dbcounter [-] [95699] Writer thread running {{(pid=95699) stat_writer /opt/stack/data/venv/lib/python3.12/site-packages/dbcounter.py:102}}
Jul 03 11:48:20.482631 np0000004412 devstack@n-api-meta.service[95701]: INFO dbcounter [None req-7f6445f1-1275-4c18-8f6c-bc25bcb98cb1 None None] Registered counter for database nova_cell0
Jul 03 11:48:20.484470 np0000004412 devstack@n-api-meta.service[95699]: DEBUG dbcounter [-] [95699] Writer thread running {{(pid=95699) stat_writer /opt/stack/data/venv/lib/python3.12/site-packages/dbcounter.py:102}}
Jul 03 11:48:20.486966 np0000004412 devstack@n-api-meta.service[95699]: INFO dbcounter [None req-1cef0a47-58dd-4319-9c7d-7a2b02c4cd71 None None] Registered counter for database nova_cell0
Jul 03 11:48:20.497722 np0000004412 devstack@n-api-meta.service[95700]: DEBUG oslo_db.sqlalchemy.engines [None req-ac0dd6e6-02a1-4d5b-a98e-9bba03145d32 None None] MySQL server mode set to STRICT_TRANS_TABLES,STRICT_ALL_TABLES,NO_ZERO_IN_DATE,NO_ZERO_DATE,ERROR_FOR_DIVISION_BY_ZERO,TRADITIONAL,NO_ENGINE_SUBSTITUTION {{(pid=95700) _check_effective_sql_mode /opt/stack/data/venv/lib/python3.12/site-packages/oslo_db/sqlalchemy/engines.py:325}}
Jul 03 11:48:20.498906 np0000004412 devstack@n-api-meta.service[95702]: WARNING nova.api.metadata.handler [None req-ac29552a-3afd-4b57-a972-813cb275a536 None None] metadata_proxy_shared_secret is not configured, the metadata information returned by the proxy cannot be trusted
Jul 03 11:48:20.501095 np0000004412 devstack@n-api-meta.service[95702]: DEBUG nova.api.openstack.wsgi_app [None req-ac29552a-3afd-4b57-a972-813cb275a536 None None] ******************************************************************************** {{(pid=95702) log_opt_values /opt/stack/data/venv/lib/python3.12/site-packages/oslo_config/cfg.py:3226}}
Jul 03 11:48:20.501192 np0000004412 devstack@n-api-meta.service[95702]: DEBUG nova.api.openstack.wsgi_app [None req-ac29552a-3afd-4b57-a972-813cb275a536 None None] Configuration options gathered from: {{(pid=95702) log_opt_values /opt/stack/data/venv/lib/python3.12/site-packages/oslo_config/cfg.py:3227}}
Jul 03 11:48:20.501339 np0000004412 devstack@n-api-meta.service[95702]: DEBUG nova.api.openstack.wsgi_app [None req-ac29552a-3afd-4b57-a972-813cb275a536 None None] command line args: [] {{(pid=95702) log_opt_values /opt/stack/data/venv/lib/python3.12/site-packages/oslo_config/cfg.py:3228}}
Jul 03 11:48:20.501556 np0000004412 devstack@n-api-meta.service[95702]: DEBUG nova.api.openstack.wsgi_app [None req-ac29552a-3afd-4b57-a972-813cb275a536 None None] config files: ['/etc/nova/api-paste.ini', '/etc/nova/nova.conf'] {{(pid=95702) log_opt_values /opt/stack/data/venv/lib/python3.12/site-packages/oslo_config/cfg.py:3229}}
Jul 03 11:48:20.501707 np0000004412 devstack@n-api-meta.service[95702]: DEBUG nova.api.openstack.wsgi_app [None req-ac29552a-3afd-4b57-a972-813cb275a536 None None] ================================================================================ {{(pid=95702) log_opt_values /opt/stack/data/venv/lib/python3.12/site-packages/oslo_config/cfg.py:3234}}
Jul 03 11:48:20.501940 np0000004412 devstack@n-api-meta.service[95702]: DEBUG nova.api.openstack.wsgi_app [None req-ac29552a-3afd-4b57-a972-813cb275a536 None None] allow_resize_to_same_host = True {{(pid=95702) log_opt_values /opt/stack/data/venv/lib/python3.12/site-packages/oslo_config/cfg.py:3242}}
Jul 03 11:48:20.502103 np0000004412 devstack@n-api-meta.service[95702]: DEBUG nova.api.openstack.wsgi_app [None req-ac29552a-3afd-4b57-a972-813cb275a536 None None] arq_binding_timeout = 300 {{(pid=95702) log_opt_values /opt/stack/data/venv/lib/python3.12/site-packages/oslo_config/cfg.py:3242}}
Jul 03 11:48:20.502253 np0000004412 devstack@n-api-meta.service[95702]: DEBUG nova.api.openstack.wsgi_app [None req-ac29552a-3afd-4b57-a972-813cb275a536 None None] block_device_allocate_retries = 60 {{(pid=95702) log_opt_values /opt/stack/data/venv/lib/python3.12/site-packages/oslo_config/cfg.py:3242}}
Jul 03 11:48:20.502439 np0000004412 devstack@n-api-meta.service[95702]: DEBUG nova.api.openstack.wsgi_app [None req-ac29552a-3afd-4b57-a972-813cb275a536 None None] block_device_allocate_retries_interval = 3 {{(pid=95702) log_opt_values /opt/stack/data/venv/lib/python3.12/site-packages/oslo_config/cfg.py:3242}}
Jul 03 11:48:20.502590 np0000004412 devstack@n-api-meta.service[95702]: DEBUG nova.api.openstack.wsgi_app [None req-ac29552a-3afd-4b57-a972-813cb275a536 None None] cell_worker_thread_pool_size = 5 {{(pid=95702) log_opt_values /opt/stack/data/venv/lib/python3.12/site-packages/oslo_config/cfg.py:3242}}
Jul 03 11:48:20.502750 np0000004412 devstack@n-api-meta.service[95702]: DEBUG nova.api.openstack.wsgi_app [None req-ac29552a-3afd-4b57-a972-813cb275a536 None None] cert = self.pem {{(pid=95702) log_opt_values /opt/stack/data/venv/lib/python3.12/site-packages/oslo_config/cfg.py:3242}}
Jul 03 11:48:20.502909 np0000004412 devstack@n-api-meta.service[95702]: DEBUG nova.api.openstack.wsgi_app [None req-ac29552a-3afd-4b57-a972-813cb275a536 None None] compute_driver = libvirt.LibvirtDriver {{(pid=95702) log_opt_values /opt/stack/data/venv/lib/python3.12/site-packages/oslo_config/cfg.py:3242}}
Jul 03 11:48:20.503081 np0000004412 devstack@n-api-meta.service[95702]: DEBUG nova.api.openstack.wsgi_app [None req-ac29552a-3afd-4b57-a972-813cb275a536 None None] compute_monitors = [] {{(pid=95702) log_opt_values /opt/stack/data/venv/lib/python3.12/site-packages/oslo_config/cfg.py:3242}}
Jul 03 11:48:20.503236 np0000004412 devstack@n-api-meta.service[95702]: DEBUG nova.api.openstack.wsgi_app [None req-ac29552a-3afd-4b57-a972-813cb275a536 None None] config_dir = [] {{(pid=95702) log_opt_values /opt/stack/data/venv/lib/python3.12/site-packages/oslo_config/cfg.py:3242}}
Jul 03 11:48:20.503456 np0000004412 devstack@n-api-meta.service[95702]: DEBUG nova.api.openstack.wsgi_app [None req-ac29552a-3afd-4b57-a972-813cb275a536 None None] config_drive_format = iso9660 {{(pid=95702) log_opt_values /opt/stack/data/venv/lib/python3.12/site-packages/oslo_config/cfg.py:3242}}
Jul 03 11:48:20.503609 np0000004412 devstack@n-api-meta.service[95702]: DEBUG nova.api.openstack.wsgi_app [None req-ac29552a-3afd-4b57-a972-813cb275a536 None None] config_file = ['/etc/nova/api-paste.ini', '/etc/nova/nova.conf'] {{(pid=95702) log_opt_values /opt/stack/data/venv/lib/python3.12/site-packages/oslo_config/cfg.py:3242}}
Jul 03 11:48:20.503810 np0000004412 devstack@n-api-meta.service[95702]: DEBUG nova.api.openstack.wsgi_app [None req-ac29552a-3afd-4b57-a972-813cb275a536 None None] config_source = [] {{(pid=95702) log_opt_values /opt/stack/data/venv/lib/python3.12/site-packages/oslo_config/cfg.py:3242}}
Jul 03 11:48:20.503999 np0000004412 devstack@n-api-meta.service[95702]: DEBUG nova.api.openstack.wsgi_app [None req-ac29552a-3afd-4b57-a972-813cb275a536 None None] console_host = np0000004412 {{(pid=95702) log_opt_values /opt/stack/data/venv/lib/python3.12/site-packages/oslo_config/cfg.py:3242}}
Jul 03 11:48:20.504159 np0000004412 devstack@n-api-meta.service[95702]: DEBUG nova.api.openstack.wsgi_app [None req-ac29552a-3afd-4b57-a972-813cb275a536 None None] control_exchange = nova {{(pid=95702) log_opt_values /opt/stack/data/venv/lib/python3.12/site-packages/oslo_config/cfg.py:3242}}
Jul 03 11:48:20.504304 np0000004412 devstack@n-api-meta.service[95702]: DEBUG nova.api.openstack.wsgi_app [None req-ac29552a-3afd-4b57-a972-813cb275a536 None None] cpu_allocation_ratio = None {{(pid=95702) log_opt_values /opt/stack/data/venv/lib/python3.12/site-packages/oslo_config/cfg.py:3242}}
Jul 03 11:48:20.504498 np0000004412 devstack@n-api-meta.service[95702]: DEBUG nova.api.openstack.wsgi_app [None req-ac29552a-3afd-4b57-a972-813cb275a536 None None] daemon = False {{(pid=95702) log_opt_values /opt/stack/data/venv/lib/python3.12/site-packages/oslo_config/cfg.py:3242}}
Jul 03 11:48:20.504653 np0000004412 devstack@n-api-meta.service[95702]: DEBUG nova.api.openstack.wsgi_app [None req-ac29552a-3afd-4b57-a972-813cb275a536 None None] debug = True {{(pid=95702) log_opt_values /opt/stack/data/venv/lib/python3.12/site-packages/oslo_config/cfg.py:3242}}
Jul 03 11:48:20.504805 np0000004412 devstack@n-api-meta.service[95702]: DEBUG nova.api.openstack.wsgi_app [None req-ac29552a-3afd-4b57-a972-813cb275a536 None None] default_access_ip_network_name = None {{(pid=95702) log_opt_values /opt/stack/data/venv/lib/python3.12/site-packages/oslo_config/cfg.py:3242}}
Jul 03 11:48:20.504970 np0000004412 devstack@n-api-meta.service[95702]: DEBUG nova.api.openstack.wsgi_app [None req-ac29552a-3afd-4b57-a972-813cb275a536 None None] default_availability_zone = nova {{(pid=95702) log_opt_values /opt/stack/data/venv/lib/python3.12/site-packages/oslo_config/cfg.py:3242}}
Jul 03 11:48:20.505005 np0000004412 devstack@n-api-meta.service[95700]: DEBUG dbcounter [-] [95700] Writer thread running {{(pid=95700) stat_writer /opt/stack/data/venv/lib/python3.12/site-packages/dbcounter.py:102}}
Jul 03 11:48:20.505121 np0000004412 devstack@n-api-meta.service[95702]: DEBUG nova.api.openstack.wsgi_app [None req-ac29552a-3afd-4b57-a972-813cb275a536 None None] default_ephemeral_format = ext4 {{(pid=95702) log_opt_values /opt/stack/data/venv/lib/python3.12/site-packages/oslo_config/cfg.py:3242}}
Jul 03 11:48:20.505273 np0000004412 devstack@n-api-meta.service[95702]: DEBUG nova.api.openstack.wsgi_app [None req-ac29552a-3afd-4b57-a972-813cb275a536 None None] default_green_pool_size = 1000 {{(pid=95702) log_opt_values /opt/stack/data/venv/lib/python3.12/site-packages/oslo_config/cfg.py:3242}}
Jul 03 11:48:20.505620 np0000004412 devstack@n-api-meta.service[95702]: DEBUG nova.api.openstack.wsgi_app [None req-ac29552a-3afd-4b57-a972-813cb275a536 None None] default_log_levels = ['amqp=WARN', 'boto=WARN', 'sqlalchemy=WARN', 'suds=INFO', 'oslo.messaging=INFO', 'oslo_messaging=INFO', 'iso8601=WARN', 'requests.packages.urllib3.connectionpool=WARN', 'urllib3.connectionpool=WARN', 'websocket=WARN', 'requests.packages.urllib3.util.retry=WARN', 'urllib3.util.retry=WARN', 'keystonemiddleware=WARN', 'routes.middleware=WARN', 'stevedore=WARN', 'taskflow=WARN', 'keystoneauth=WARN', 'oslo.cache=INFO', 'oslo_policy=INFO', 'dogpile.core.dogpile=INFO', 'glanceclient=WARN', 'oslo.privsep.daemon=INFO'] {{(pid=95702) log_opt_values /opt/stack/data/venv/lib/python3.12/site-packages/oslo_config/cfg.py:3242}}
Jul 03 11:48:20.505806 np0000004412 devstack@n-api-meta.service[95702]: DEBUG nova.api.openstack.wsgi_app [None req-ac29552a-3afd-4b57-a972-813cb275a536 None None] default_schedule_zone = None {{(pid=95702) log_opt_values /opt/stack/data/venv/lib/python3.12/site-packages/oslo_config/cfg.py:3242}}
Jul 03 11:48:20.505982 np0000004412 devstack@n-api-meta.service[95702]: DEBUG nova.api.openstack.wsgi_app [None req-ac29552a-3afd-4b57-a972-813cb275a536 None None] default_thread_pool_size = 10 {{(pid=95702) log_opt_values /opt/stack/data/venv/lib/python3.12/site-packages/oslo_config/cfg.py:3242}}
Jul 03 11:48:20.506151 np0000004412 devstack@n-api-meta.service[95702]: DEBUG nova.api.openstack.wsgi_app [None req-ac29552a-3afd-4b57-a972-813cb275a536 None None] disk_allocation_ratio = None {{(pid=95702) log_opt_values /opt/stack/data/venv/lib/python3.12/site-packages/oslo_config/cfg.py:3242}}
Jul 03 11:48:20.506340 np0000004412 devstack@n-api-meta.service[95702]: DEBUG nova.api.openstack.wsgi_app [None req-ac29552a-3afd-4b57-a972-813cb275a536 None None] enable_new_services = True {{(pid=95702) log_opt_values /opt/stack/data/venv/lib/python3.12/site-packages/oslo_config/cfg.py:3242}}
Jul 03 11:48:20.506521 np0000004412 devstack@n-api-meta.service[95702]: DEBUG nova.api.openstack.wsgi_app [None req-ac29552a-3afd-4b57-a972-813cb275a536 None None] flat_injected = False {{(pid=95702) log_opt_values /opt/stack/data/venv/lib/python3.12/site-packages/oslo_config/cfg.py:3242}}
Jul 03 11:48:20.506711 np0000004412 devstack@n-api-meta.service[95702]: DEBUG nova.api.openstack.wsgi_app [None req-ac29552a-3afd-4b57-a972-813cb275a536 None None] force_config_drive = True {{(pid=95702) log_opt_values /opt/stack/data/venv/lib/python3.12/site-packages/oslo_config/cfg.py:3242}}
Jul 03 11:48:20.506903 np0000004412 devstack@n-api-meta.service[95702]: DEBUG nova.api.openstack.wsgi_app [None req-ac29552a-3afd-4b57-a972-813cb275a536 None None] force_raw_images = True {{(pid=95702) log_opt_values /opt/stack/data/venv/lib/python3.12/site-packages/oslo_config/cfg.py:3242}}
Jul 03 11:48:20.507095 np0000004412 devstack@n-api-meta.service[95702]: DEBUG nova.api.openstack.wsgi_app [None req-ac29552a-3afd-4b57-a972-813cb275a536 None None] graceful_shutdown_timeout = 5 {{(pid=95702) log_opt_values /opt/stack/data/venv/lib/python3.12/site-packages/oslo_config/cfg.py:3242}}
Jul 03 11:48:20.507269 np0000004412 devstack@n-api-meta.service[95702]: DEBUG nova.api.openstack.wsgi_app [None req-ac29552a-3afd-4b57-a972-813cb275a536 None None] heal_instance_info_cache_interval = -1 {{(pid=95702) log_opt_values /opt/stack/data/venv/lib/python3.12/site-packages/oslo_config/cfg.py:3242}}
Jul 03 11:48:20.507544 np0000004412 devstack@n-api-meta.service[95702]: DEBUG nova.api.openstack.wsgi_app [None req-ac29552a-3afd-4b57-a972-813cb275a536 None None] host = np0000004412 {{(pid=95702) log_opt_values /opt/stack/data/venv/lib/python3.12/site-packages/oslo_config/cfg.py:3242}}
Jul 03 11:48:20.507732 np0000004412 devstack@n-api-meta.service[95702]: DEBUG nova.api.openstack.wsgi_app [None req-ac29552a-3afd-4b57-a972-813cb275a536 None None] initial_cpu_allocation_ratio = 4.0 {{(pid=95702) log_opt_values /opt/stack/data/venv/lib/python3.12/site-packages/oslo_config/cfg.py:3242}}
Jul 03 11:48:20.507912 np0000004412 devstack@n-api-meta.service[95702]: DEBUG nova.api.openstack.wsgi_app [None req-ac29552a-3afd-4b57-a972-813cb275a536 None None] initial_disk_allocation_ratio = 1.0 {{(pid=95702) log_opt_values /opt/stack/data/venv/lib/python3.12/site-packages/oslo_config/cfg.py:3242}}
Jul 03 11:48:20.508086 np0000004412 devstack@n-api-meta.service[95702]: DEBUG nova.api.openstack.wsgi_app [None req-ac29552a-3afd-4b57-a972-813cb275a536 None None] initial_ram_allocation_ratio = 1.0 {{(pid=95702) log_opt_values /opt/stack/data/venv/lib/python3.12/site-packages/oslo_config/cfg.py:3242}}
Jul 03 11:48:20.508343 np0000004412 devstack@n-api-meta.service[95702]: DEBUG nova.api.openstack.wsgi_app [None req-ac29552a-3afd-4b57-a972-813cb275a536 None None] injected_network_template = /opt/stack/nova/nova/virt/interfaces.template {{(pid=95702) log_opt_values /opt/stack/data/venv/lib/python3.12/site-packages/oslo_config/cfg.py:3242}}
Jul 03 11:48:20.508546 np0000004412 devstack@n-api-meta.service[95702]: DEBUG nova.api.openstack.wsgi_app [None req-ac29552a-3afd-4b57-a972-813cb275a536 None None] instance_build_timeout = 0 {{(pid=95702) log_opt_values /opt/stack/data/venv/lib/python3.12/site-packages/oslo_config/cfg.py:3242}}
Jul 03 11:48:20.508725 np0000004412 devstack@n-api-meta.service[95702]: DEBUG nova.api.openstack.wsgi_app [None req-ac29552a-3afd-4b57-a972-813cb275a536 None None] instance_delete_interval = 300 {{(pid=95702) log_opt_values /opt/stack/data/venv/lib/python3.12/site-packages/oslo_config/cfg.py:3242}}
Jul 03 11:48:20.508911 np0000004412 devstack@n-api-meta.service[95702]: DEBUG nova.api.openstack.wsgi_app [None req-ac29552a-3afd-4b57-a972-813cb275a536 None None] instance_format = [instance: %(uuid)s] {{(pid=95702) log_opt_values /opt/stack/data/venv/lib/python3.12/site-packages/oslo_config/cfg.py:3242}}
Jul 03 11:48:20.509094 np0000004412 devstack@n-api-meta.service[95702]: DEBUG nova.api.openstack.wsgi_app [None req-ac29552a-3afd-4b57-a972-813cb275a536 None None] instance_name_template = instance-%08x {{(pid=95702) log_opt_values /opt/stack/data/venv/lib/python3.12/site-packages/oslo_config/cfg.py:3242}}
Jul 03 11:48:20.509266 np0000004412 devstack@n-api-meta.service[95702]: DEBUG nova.api.openstack.wsgi_app [None req-ac29552a-3afd-4b57-a972-813cb275a536 None None] instance_usage_audit = False {{(pid=95702) log_opt_values /opt/stack/data/venv/lib/python3.12/site-packages/oslo_config/cfg.py:3242}}
Jul 03 11:48:20.509480 np0000004412 devstack@n-api-meta.service[95702]: DEBUG nova.api.openstack.wsgi_app [None req-ac29552a-3afd-4b57-a972-813cb275a536 None None] instance_usage_audit_period = month {{(pid=95702) log_opt_values /opt/stack/data/venv/lib/python3.12/site-packages/oslo_config/cfg.py:3242}}
Jul 03 11:48:20.509657 np0000004412 devstack@n-api-meta.service[95702]: DEBUG nova.api.openstack.wsgi_app [None req-ac29552a-3afd-4b57-a972-813cb275a536 None None] instance_uuid_format = [instance: %(uuid)s] {{(pid=95702) log_opt_values /opt/stack/data/venv/lib/python3.12/site-packages/oslo_config/cfg.py:3242}}
Jul 03 11:48:20.509841 np0000004412 devstack@n-api-meta.service[95702]: DEBUG nova.api.openstack.wsgi_app [None req-ac29552a-3afd-4b57-a972-813cb275a536 None None] instances_path = /opt/stack/data/nova/instances {{(pid=95702) log_opt_values /opt/stack/data/venv/lib/python3.12/site-packages/oslo_config/cfg.py:3242}}
Jul 03 11:48:20.510023 np0000004412 devstack@n-api-meta.service[95702]: DEBUG nova.api.openstack.wsgi_app [None req-ac29552a-3afd-4b57-a972-813cb275a536 None None] internal_service_availability_zone = internal {{(pid=95702) log_opt_values /opt/stack/data/venv/lib/python3.12/site-packages/oslo_config/cfg.py:3242}}
Jul 03 11:48:20.510190 np0000004412 devstack@n-api-meta.service[95702]: DEBUG nova.api.openstack.wsgi_app [None req-ac29552a-3afd-4b57-a972-813cb275a536 None None] key = None {{(pid=95702) log_opt_values /opt/stack/data/venv/lib/python3.12/site-packages/oslo_config/cfg.py:3242}}
Jul 03 11:48:20.510388 np0000004412 devstack@n-api-meta.service[95702]: DEBUG nova.api.openstack.wsgi_app [None req-ac29552a-3afd-4b57-a972-813cb275a536 None None] live_migration_retry_count = 30 {{(pid=95702) log_opt_values /opt/stack/data/venv/lib/python3.12/site-packages/oslo_config/cfg.py:3242}}
Jul 03 11:48:20.510571 np0000004412 devstack@n-api-meta.service[95702]: DEBUG nova.api.openstack.wsgi_app [None req-ac29552a-3afd-4b57-a972-813cb275a536 None None] log_color = False {{(pid=95702) log_opt_values /opt/stack/data/venv/lib/python3.12/site-packages/oslo_config/cfg.py:3242}}
Jul 03 11:48:20.510747 np0000004412 devstack@n-api-meta.service[95702]: DEBUG nova.api.openstack.wsgi_app [None req-ac29552a-3afd-4b57-a972-813cb275a536 None None] log_config_append = None {{(pid=95702) log_opt_values /opt/stack/data/venv/lib/python3.12/site-packages/oslo_config/cfg.py:3242}}
Jul 03 11:48:20.510941 np0000004412 devstack@n-api-meta.service[95702]: DEBUG nova.api.openstack.wsgi_app [None req-ac29552a-3afd-4b57-a972-813cb275a536 None None] log_date_format = %Y-%m-%d %H:%M:%S {{(pid=95702) log_opt_values /opt/stack/data/venv/lib/python3.12/site-packages/oslo_config/cfg.py:3242}}
Jul 03 11:48:20.511112 np0000004412 devstack@n-api-meta.service[95702]: DEBUG nova.api.openstack.wsgi_app [None req-ac29552a-3afd-4b57-a972-813cb275a536 None None] log_dir = None {{(pid=95702) log_opt_values /opt/stack/data/venv/lib/python3.12/site-packages/oslo_config/cfg.py:3242}}
Jul 03 11:48:20.511283 np0000004412 devstack@n-api-meta.service[95702]: DEBUG nova.api.openstack.wsgi_app [None req-ac29552a-3afd-4b57-a972-813cb275a536 None None] log_file = None {{(pid=95702) log_opt_values /opt/stack/data/venv/lib/python3.12/site-packages/oslo_config/cfg.py:3242}}
Jul 03 11:48:20.511460 np0000004412 devstack@n-api-meta.service[95702]: DEBUG nova.api.openstack.wsgi_app [None req-ac29552a-3afd-4b57-a972-813cb275a536 None None] log_options = True {{(pid=95702) log_opt_values /opt/stack/data/venv/lib/python3.12/site-packages/oslo_config/cfg.py:3242}}
Jul 03 11:48:20.511631 np0000004412 devstack@n-api-meta.service[95702]: DEBUG nova.api.openstack.wsgi_app [None req-ac29552a-3afd-4b57-a972-813cb275a536 None None] log_rotate_interval = 1 {{(pid=95702) log_opt_values /opt/stack/data/venv/lib/python3.12/site-packages/oslo_config/cfg.py:3242}}
Jul 03 11:48:20.511816 np0000004412 devstack@n-api-meta.service[95702]: DEBUG nova.api.openstack.wsgi_app [None req-ac29552a-3afd-4b57-a972-813cb275a536 None None] log_rotate_interval_type = days {{(pid=95702) log_opt_values /opt/stack/data/venv/lib/python3.12/site-packages/oslo_config/cfg.py:3242}}
Jul 03 11:48:20.511998 np0000004412 devstack@n-api-meta.service[95702]: DEBUG nova.api.openstack.wsgi_app [None req-ac29552a-3afd-4b57-a972-813cb275a536 None None] log_rotation_type = none {{(pid=95702) log_opt_values /opt/stack/data/venv/lib/python3.12/site-packages/oslo_config/cfg.py:3242}}
Jul 03 11:48:20.512140 np0000004412 devstack@n-api-meta.service[95702]: DEBUG nova.api.openstack.wsgi_app [None req-ac29552a-3afd-4b57-a972-813cb275a536 None None] logging_context_format_string = %(color)s%(levelname)s %(name)s [%(global_request_id)s %(request_id)s %(project_name)s %(user_name)s%(color)s] %(instance)s%(color)s%(message)s {{(pid=95702) log_opt_values /opt/stack/data/venv/lib/python3.12/site-packages/oslo_config/cfg.py:3242}}
Jul 03 11:48:20.512280 np0000004412 devstack@n-api-meta.service[95702]: DEBUG nova.api.openstack.wsgi_app [None req-ac29552a-3afd-4b57-a972-813cb275a536 None None] logging_debug_format_suffix = {{(pid=%(process)d) %(funcName)s %(pathname)s:%(lineno)d}} {{(pid=95702) log_opt_values /opt/stack/data/venv/lib/python3.12/site-packages/oslo_config/cfg.py:3242}}
Jul 03 11:48:20.512498 np0000004412 devstack@n-api-meta.service[95702]: DEBUG nova.api.openstack.wsgi_app [None req-ac29552a-3afd-4b57-a972-813cb275a536 None None] logging_default_format_string = %(color)s%(levelname)s %(name)s [-%(color)s] %(instance)s%(color)s%(message)s {{(pid=95702) log_opt_values /opt/stack/data/venv/lib/python3.12/site-packages/oslo_config/cfg.py:3242}}
Jul 03 11:48:20.512675 np0000004412 devstack@n-api-meta.service[95702]: DEBUG nova.api.openstack.wsgi_app [None req-ac29552a-3afd-4b57-a972-813cb275a536 None None] logging_exception_prefix = ERROR %(name)s %(instance)s {{(pid=95702) log_opt_values /opt/stack/data/venv/lib/python3.12/site-packages/oslo_config/cfg.py:3242}}
Jul 03 11:48:20.512815 np0000004412 devstack@n-api-meta.service[95702]: DEBUG nova.api.openstack.wsgi_app [None req-ac29552a-3afd-4b57-a972-813cb275a536 None None] logging_user_identity_format = %(user)s %(project)s %(domain)s %(system_scope)s %(user_domain)s %(project_domain)s {{(pid=95702) log_opt_values /opt/stack/data/venv/lib/python3.12/site-packages/oslo_config/cfg.py:3242}}
Jul 03 11:48:20.512991 np0000004412 devstack@n-api-meta.service[95702]: DEBUG nova.api.openstack.wsgi_app [None req-ac29552a-3afd-4b57-a972-813cb275a536 None None] long_rpc_timeout = 1800 {{(pid=95702) log_opt_values /opt/stack/data/venv/lib/python3.12/site-packages/oslo_config/cfg.py:3242}}
