Jul 03 11:48:20.036432 np0000004412 nova-scheduler[96349]: DEBUG cotyledon.oslo_config_glue [-] profiler.hmac_keys = **** {{(pid=96349) log_opt_values /opt/stack/data/venv/lib/python3.12/site-packages/oslo_config/cfg.py:3253}}
Jul 03 11:48:20.036521 np0000004412 nova-scheduler[96351]: DEBUG cotyledon._service_worker [-] Run service ServiceWrapper(3) [96351] {{(pid=96351) wait_forever /opt/stack/data/venv/lib/python3.12/site-packages/cotyledon/_service_worker.py:218}}
Jul 03 11:48:20.036548 np0000004412 nova-scheduler[96349]: DEBUG cotyledon.oslo_config_glue [-] profiler.sentinel_service_name = mymaster {{(pid=96349) log_opt_values /opt/stack/data/venv/lib/python3.12/site-packages/oslo_config/cfg.py:3253}}
Jul 03 11:48:20.036548 np0000004412 nova-scheduler[96349]: DEBUG cotyledon.oslo_config_glue [-] profiler.socket_timeout = 0.1 {{(pid=96349) log_opt_values /opt/stack/data/venv/lib/python3.12/site-packages/oslo_config/cfg.py:3253}}
Jul 03 11:48:20.036548 np0000004412 nova-scheduler[96349]: DEBUG cotyledon.oslo_config_glue [-] profiler.trace_requests = False {{(pid=96349) log_opt_values /opt/stack/data/venv/lib/python3.12/site-packages/oslo_config/cfg.py:3253}}
Jul 03 11:48:20.036548 np0000004412 nova-scheduler[96349]: DEBUG cotyledon.oslo_config_glue [-] profiler.trace_sqlalchemy = False {{(pid=96349) log_opt_values /opt/stack/data/venv/lib/python3.12/site-packages/oslo_config/cfg.py:3253}}
Jul 03 11:48:20.036548 np0000004412 nova-scheduler[96349]: DEBUG cotyledon.oslo_config_glue [-] profiler_jaeger.process_tags = {} {{(pid=96349) log_opt_values /opt/stack/data/venv/lib/python3.12/site-packages/oslo_config/cfg.py:3253}}
Jul 03 11:48:20.036548 np0000004412 nova-scheduler[96349]: DEBUG cotyledon.oslo_config_glue [-] profiler_jaeger.service_name_prefix = None {{(pid=96349) log_opt_values /opt/stack/data/venv/lib/python3.12/site-packages/oslo_config/cfg.py:3253}}
Jul 03 11:48:20.036548 np0000004412 nova-scheduler[96349]: DEBUG cotyledon.oslo_config_glue [-] profiler_otlp.service_name_prefix = None {{(pid=96349) log_opt_values /opt/stack/data/venv/lib/python3.12/site-packages/oslo_config/cfg.py:3253}}
Jul 03 11:48:20.036548 np0000004412 nova-scheduler[96349]: DEBUG cotyledon.oslo_config_glue [-] oslo_messaging_rabbit.amqp_auto_delete = False {{(pid=96349) log_opt_values /opt/stack/data/venv/lib/python3.12/site-packages/oslo_config/cfg.py:3253}}
Jul 03 11:48:20.036548 np0000004412 nova-scheduler[96349]: DEBUG cotyledon.oslo_config_glue [-] oslo_messaging_rabbit.amqp_durable_queues = False {{(pid=96349) log_opt_values /opt/stack/data/venv/lib/python3.12/site-packages/oslo_config/cfg.py:3253}}
Jul 03 11:48:20.036735 np0000004412 nova-scheduler[96349]: DEBUG cotyledon.oslo_config_glue [-] oslo_messaging_rabbit.conn_pool_min_size = 2 {{(pid=96349) log_opt_values /opt/stack/data/venv/lib/python3.12/site-packages/oslo_config/cfg.py:3253}}
Jul 03 11:48:20.036735 np0000004412 nova-scheduler[96349]: DEBUG cotyledon.oslo_config_glue [-] oslo_messaging_rabbit.conn_pool_ttl = 1200 {{(pid=96349) log_opt_values /opt/stack/data/venv/lib/python3.12/site-packages/oslo_config/cfg.py:3253}}
Jul 03 11:48:20.036735 np0000004412 nova-scheduler[96349]: DEBUG cotyledon.oslo_config_glue [-] oslo_messaging_rabbit.direct_mandatory_flag = True {{(pid=96349) log_opt_values /opt/stack/data/venv/lib/python3.12/site-packages/oslo_config/cfg.py:3253}}
Jul 03 11:48:20.036735 np0000004412 nova-scheduler[96349]: DEBUG cotyledon.oslo_config_glue [-] oslo_messaging_rabbit.enable_cancel_on_failover = False {{(pid=96349) log_opt_values /opt/stack/data/venv/lib/python3.12/site-packages/oslo_config/cfg.py:3253}}
Jul 03 11:48:20.036735 np0000004412 nova-scheduler[96349]: DEBUG cotyledon.oslo_config_glue [-] oslo_messaging_rabbit.heartbeat_rate = 3 {{(pid=96349) log_opt_values /opt/stack/data/venv/lib/python3.12/site-packages/oslo_config/cfg.py:3253}}
Jul 03 11:48:20.036735 np0000004412 nova-scheduler[96349]: DEBUG cotyledon.oslo_config_glue [-] oslo_messaging_rabbit.heartbeat_timeout_threshold = 60 {{(pid=96349) log_opt_values /opt/stack/data/venv/lib/python3.12/site-packages/oslo_config/cfg.py:3253}}
Jul 03 11:48:20.036735 np0000004412 nova-scheduler[96349]: DEBUG cotyledon.oslo_config_glue [-] oslo_messaging_rabbit.hostname = np0000004412 {{(pid=96349) log_opt_values /opt/stack/data/venv/lib/python3.12/site-packages/oslo_config/cfg.py:3253}}
Jul 03 11:48:20.036735 np0000004412 nova-scheduler[96349]: DEBUG cotyledon.oslo_config_glue [-] oslo_messaging_rabbit.kombu_compression = None {{(pid=96349) log_opt_values /opt/stack/data/venv/lib/python3.12/site-packages/oslo_config/cfg.py:3253}}
Jul 03 11:48:20.036735 np0000004412 nova-scheduler[96349]: DEBUG cotyledon.oslo_config_glue [-] oslo_messaging_rabbit.kombu_failover_strategy = round-robin {{(pid=96349) log_opt_values /opt/stack/data/venv/lib/python3.12/site-packages/oslo_config/cfg.py:3253}}
Jul 03 11:48:20.036907 np0000004412 nova-scheduler[96349]: DEBUG cotyledon.oslo_config_glue [-] oslo_messaging_rabbit.kombu_missing_consumer_retry_timeout = 60 {{(pid=96349) log_opt_values /opt/stack/data/venv/lib/python3.12/site-packages/oslo_config/cfg.py:3253}}
Jul 03 11:48:20.036907 np0000004412 nova-scheduler[96349]: DEBUG cotyledon.oslo_config_glue [-] oslo_messaging_rabbit.kombu_reconnect_delay = 1.0 {{(pid=96349) log_opt_values /opt/stack/data/venv/lib/python3.12/site-packages/oslo_config/cfg.py:3253}}
Jul 03 11:48:20.036907 np0000004412 nova-scheduler[96349]: DEBUG cotyledon.oslo_config_glue [-] oslo_messaging_rabbit.kombu_reconnect_splay = 0.0 {{(pid=96349) log_opt_values /opt/stack/data/venv/lib/python3.12/site-packages/oslo_config/cfg.py:3253}}
Jul 03 11:48:20.036907 np0000004412 nova-scheduler[96349]: DEBUG cotyledon.oslo_config_glue [-] oslo_messaging_rabbit.processname = nova-scheduler {{(pid=96349) log_opt_values /opt/stack/data/venv/lib/python3.12/site-packages/oslo_config/cfg.py:3253}}
Jul 03 11:48:20.036907 np0000004412 nova-scheduler[96349]: DEBUG cotyledon.oslo_config_glue [-] oslo_messaging_rabbit.rabbit_ha_queues = False {{(pid=96349) log_opt_values /opt/stack/data/venv/lib/python3.12/site-packages/oslo_config/cfg.py:3253}}
Jul 03 11:48:20.036907 np0000004412 nova-scheduler[96349]: DEBUG cotyledon.oslo_config_glue [-] oslo_messaging_rabbit.rabbit_interval_max = 30 {{(pid=96349) log_opt_values /opt/stack/data/venv/lib/python3.12/site-packages/oslo_config/cfg.py:3253}}
Jul 03 11:48:20.036907 np0000004412 nova-scheduler[96349]: DEBUG cotyledon.oslo_config_glue [-] oslo_messaging_rabbit.rabbit_login_method = AMQPLAIN {{(pid=96349) log_opt_values /opt/stack/data/venv/lib/python3.12/site-packages/oslo_config/cfg.py:3253}}
Jul 03 11:48:20.036907 np0000004412 nova-scheduler[96349]: DEBUG cotyledon.oslo_config_glue [-] oslo_messaging_rabbit.rabbit_qos_prefetch_count = 0 {{(pid=96349) log_opt_values /opt/stack/data/venv/lib/python3.12/site-packages/oslo_config/cfg.py:3253}}
Jul 03 11:48:20.036907 np0000004412 nova-scheduler[96349]: DEBUG cotyledon.oslo_config_glue [-] oslo_messaging_rabbit.rabbit_quorum_delivery_limit = 0 {{(pid=96349) log_opt_values /opt/stack/data/venv/lib/python3.12/site-packages/oslo_config/cfg.py:3253}}
Jul 03 11:48:20.037097 np0000004412 nova-scheduler[96349]: DEBUG cotyledon.oslo_config_glue [-] oslo_messaging_rabbit.rabbit_quorum_max_memory_bytes = 0 {{(pid=96349) log_opt_values /opt/stack/data/venv/lib/python3.12/site-packages/oslo_config/cfg.py:3253}}
Jul 03 11:48:20.037097 np0000004412 nova-scheduler[96349]: DEBUG cotyledon.oslo_config_glue [-] oslo_messaging_rabbit.rabbit_quorum_max_memory_length = 0 {{(pid=96349) log_opt_values /opt/stack/data/venv/lib/python3.12/site-packages/oslo_config/cfg.py:3253}}
Jul 03 11:48:20.037141 np0000004412 nova-scheduler[96351]: INFO nova.service [-] Starting scheduler node (version 33.1.0)
Jul 03 11:48:20.037168 np0000004412 nova-scheduler[96349]: DEBUG cotyledon.oslo_config_glue [-] oslo_messaging_rabbit.rabbit_quorum_queue = False {{(pid=96349) log_opt_values /opt/stack/data/venv/lib/python3.12/site-packages/oslo_config/cfg.py:3253}}
Jul 03 11:48:20.037168 np0000004412 nova-scheduler[96349]: DEBUG cotyledon.oslo_config_glue [-] oslo_messaging_rabbit.rabbit_retry_backoff = 2 {{(pid=96349) log_opt_values /opt/stack/data/venv/lib/python3.12/site-packages/oslo_config/cfg.py:3253}}
Jul 03 11:48:20.037168 np0000004412 nova-scheduler[96349]: DEBUG cotyledon.oslo_config_glue [-] oslo_messaging_rabbit.rabbit_retry_interval = 1 {{(pid=96349) log_opt_values /opt/stack/data/venv/lib/python3.12/site-packages/oslo_config/cfg.py:3253}}
Jul 03 11:48:20.037168 np0000004412 nova-scheduler[96349]: DEBUG cotyledon.oslo_config_glue [-] oslo_messaging_rabbit.rabbit_stream_fanout = False {{(pid=96349) log_opt_values /opt/stack/data/venv/lib/python3.12/site-packages/oslo_config/cfg.py:3253}}
Jul 03 11:48:20.037168 np0000004412 nova-scheduler[96349]: DEBUG cotyledon.oslo_config_glue [-] oslo_messaging_rabbit.rabbit_transient_queues_ttl = 1800 {{(pid=96349) log_opt_values /opt/stack/data/venv/lib/python3.12/site-packages/oslo_config/cfg.py:3253}}
Jul 03 11:48:20.037168 np0000004412 nova-scheduler[96349]: DEBUG cotyledon.oslo_config_glue [-] oslo_messaging_rabbit.rabbit_transient_quorum_queue = False {{(pid=96349) log_opt_values /opt/stack/data/venv/lib/python3.12/site-packages/oslo_config/cfg.py:3253}}
Jul 03 11:48:20.037168 np0000004412 nova-scheduler[96349]: DEBUG cotyledon.oslo_config_glue [-] oslo_messaging_rabbit.rpc_conn_pool_size = 30 {{(pid=96349) log_opt_values /opt/stack/data/venv/lib/python3.12/site-packages/oslo_config/cfg.py:3253}}
Jul 03 11:48:20.037168 np0000004412 nova-scheduler[96349]: DEBUG cotyledon.oslo_config_glue [-] oslo_messaging_rabbit.ssl = False {{(pid=96349) log_opt_values /opt/stack/data/venv/lib/python3.12/site-packages/oslo_config/cfg.py:3253}}
Jul 03 11:48:20.037168 np0000004412 nova-scheduler[96349]: DEBUG cotyledon.oslo_config_glue [-] oslo_messaging_rabbit.ssl_ca_file = {{(pid=96349) log_opt_values /opt/stack/data/venv/lib/python3.12/site-packages/oslo_config/cfg.py:3253}}
Jul 03 11:48:20.037381 np0000004412 nova-scheduler[96349]: DEBUG cotyledon.oslo_config_glue [-] oslo_messaging_rabbit.ssl_cert_file = {{(pid=96349) log_opt_values /opt/stack/data/venv/lib/python3.12/site-packages/oslo_config/cfg.py:3253}}
Jul 03 11:48:20.037381 np0000004412 nova-scheduler[96349]: DEBUG cotyledon.oslo_config_glue [-] oslo_messaging_rabbit.ssl_enforce_fips_mode = False {{(pid=96349) log_opt_values /opt/stack/data/venv/lib/python3.12/site-packages/oslo_config/cfg.py:3253}}
Jul 03 11:48:20.037381 np0000004412 nova-scheduler[96349]: DEBUG cotyledon.oslo_config_glue [-] oslo_messaging_rabbit.ssl_enforce_hostname_verification = True {{(pid=96349) log_opt_values /opt/stack/data/venv/lib/python3.12/site-packages/oslo_config/cfg.py:3253}}
Jul 03 11:48:20.037381 np0000004412 nova-scheduler[96349]: DEBUG cotyledon.oslo_config_glue [-] oslo_messaging_rabbit.ssl_key_file = {{(pid=96349) log_opt_values /opt/stack/data/venv/lib/python3.12/site-packages/oslo_config/cfg.py:3253}}
Jul 03 11:48:20.037381 np0000004412 nova-scheduler[96349]: DEBUG cotyledon.oslo_config_glue [-] oslo_messaging_rabbit.ssl_version = {{(pid=96349) log_opt_values /opt/stack/data/venv/lib/python3.12/site-packages/oslo_config/cfg.py:3253}}
Jul 03 11:48:20.037381 np0000004412 nova-scheduler[96349]: DEBUG cotyledon.oslo_config_glue [-] oslo_messaging_rabbit.use_queue_manager = False {{(pid=96349) log_opt_values /opt/stack/data/venv/lib/python3.12/site-packages/oslo_config/cfg.py:3253}}
Jul 03 11:48:20.037381 np0000004412 nova-scheduler[96349]: DEBUG cotyledon.oslo_config_glue [-] oslo_messaging_notifications.driver = ['messagingv2'] {{(pid=96349) log_opt_values /opt/stack/data/venv/lib/python3.12/site-packages/oslo_config/cfg.py:3253}}
Jul 03 11:48:20.037381 np0000004412 nova-scheduler[96349]: DEBUG cotyledon.oslo_config_glue [-] oslo_messaging_notifications.retry = -1 {{(pid=96349) log_opt_values /opt/stack/data/venv/lib/python3.12/site-packages/oslo_config/cfg.py:3253}}
Jul 03 11:48:20.037381 np0000004412 nova-scheduler[96349]: DEBUG cotyledon.oslo_config_glue [-] oslo_messaging_notifications.topics = ['notifications'] {{(pid=96349) log_opt_values /opt/stack/data/venv/lib/python3.12/site-packages/oslo_config/cfg.py:3253}}
Jul 03 11:48:20.037593 np0000004412 nova-scheduler[96349]: DEBUG cotyledon.oslo_config_glue [-] oslo_messaging_notifications.transport_url = **** {{(pid=96349) log_opt_values /opt/stack/data/venv/lib/python3.12/site-packages/oslo_config/cfg.py:3253}}
Jul 03 11:48:20.037593 np0000004412 nova-scheduler[96349]: DEBUG cotyledon.oslo_config_glue [-] oslo_limit.auth_section = None {{(pid=96349) log_opt_values /opt/stack/data/venv/lib/python3.12/site-packages/oslo_config/cfg.py:3253}}
Jul 03 11:48:20.037593 np0000004412 nova-scheduler[96349]: DEBUG cotyledon.oslo_config_glue [-] oslo_limit.auth_type = None {{(pid=96349) log_opt_values /opt/stack/data/venv/lib/python3.12/site-packages/oslo_config/cfg.py:3253}}
Jul 03 11:48:20.037593 np0000004412 nova-scheduler[96349]: DEBUG cotyledon.oslo_config_glue [-] oslo_limit.cafile = None {{(pid=96349) log_opt_values /opt/stack/data/venv/lib/python3.12/site-packages/oslo_config/cfg.py:3253}}
Jul 03 11:48:20.037593 np0000004412 nova-scheduler[96349]: DEBUG cotyledon.oslo_config_glue [-] oslo_limit.certfile = None {{(pid=96349) log_opt_values /opt/stack/data/venv/lib/python3.12/site-packages/oslo_config/cfg.py:3253}}
Jul 03 11:48:20.037593 np0000004412 nova-scheduler[96349]: DEBUG cotyledon.oslo_config_glue [-] oslo_limit.collect_timing = False {{(pid=96349) log_opt_values /opt/stack/data/venv/lib/python3.12/site-packages/oslo_config/cfg.py:3253}}
Jul 03 11:48:20.037593 np0000004412 nova-scheduler[96349]: DEBUG cotyledon.oslo_config_glue [-] oslo_limit.connect_retries = None {{(pid=96349) log_opt_values /opt/stack/data/venv/lib/python3.12/site-packages/oslo_config/cfg.py:3253}}
Jul 03 11:48:20.037593 np0000004412 nova-scheduler[96349]: DEBUG cotyledon.oslo_config_glue [-] oslo_limit.connect_retry_delay = None {{(pid=96349) log_opt_values /opt/stack/data/venv/lib/python3.12/site-packages/oslo_config/cfg.py:3253}}
Jul 03 11:48:20.037593 np0000004412 nova-scheduler[96349]: DEBUG cotyledon.oslo_config_glue [-] oslo_limit.endpoint_id = None {{(pid=96349) log_opt_values /opt/stack/data/venv/lib/python3.12/site-packages/oslo_config/cfg.py:3253}}
Jul 03 11:48:20.037777 np0000004412 nova-scheduler[96349]: DEBUG cotyledon.oslo_config_glue [-] oslo_limit.endpoint_interface = public {{(pid=96349) log_opt_values /opt/stack/data/venv/lib/python3.12/site-packages/oslo_config/cfg.py:3253}}
Jul 03 11:48:20.037777 np0000004412 nova-scheduler[96349]: DEBUG cotyledon.oslo_config_glue [-] oslo_limit.endpoint_override = None {{(pid=96349) log_opt_values /opt/stack/data/venv/lib/python3.12/site-packages/oslo_config/cfg.py:3253}}
Jul 03 11:48:20.037777 np0000004412 nova-scheduler[96349]: DEBUG cotyledon.oslo_config_glue [-] oslo_limit.endpoint_region_name = None {{(pid=96349) log_opt_values /opt/stack/data/venv/lib/python3.12/site-packages/oslo_config/cfg.py:3253}}
Jul 03 11:48:20.037777 np0000004412 nova-scheduler[96349]: DEBUG cotyledon.oslo_config_glue [-] oslo_limit.endpoint_service_name = None {{(pid=96349) log_opt_values /opt/stack/data/venv/lib/python3.12/site-packages/oslo_config/cfg.py:3253}}
Jul 03 11:48:20.037777 np0000004412 nova-scheduler[96349]: DEBUG cotyledon.oslo_config_glue [-] oslo_limit.endpoint_service_type = None {{(pid=96349) log_opt_values /opt/stack/data/venv/lib/python3.12/site-packages/oslo_config/cfg.py:3253}}
Jul 03 11:48:20.037777 np0000004412 nova-scheduler[96349]: DEBUG cotyledon.oslo_config_glue [-] oslo_limit.insecure = False {{(pid=96349) log_opt_values /opt/stack/data/venv/lib/python3.12/site-packages/oslo_config/cfg.py:3253}}
Jul 03 11:48:20.037777 np0000004412 nova-scheduler[96349]: DEBUG cotyledon.oslo_config_glue [-] oslo_limit.keyfile = None {{(pid=96349) log_opt_values /opt/stack/data/venv/lib/python3.12/site-packages/oslo_config/cfg.py:3253}}
Jul 03 11:48:20.037777 np0000004412 nova-scheduler[96349]: DEBUG cotyledon.oslo_config_glue [-] oslo_limit.max_version = None {{(pid=96349) log_opt_values /opt/stack/data/venv/lib/python3.12/site-packages/oslo_config/cfg.py:3253}}
Jul 03 11:48:20.037777 np0000004412 nova-scheduler[96349]: DEBUG cotyledon.oslo_config_glue [-] oslo_limit.min_version = None {{(pid=96349) log_opt_values /opt/stack/data/venv/lib/python3.12/site-packages/oslo_config/cfg.py:3253}}
Jul 03 11:48:20.038002 np0000004412 nova-scheduler[96349]: DEBUG cotyledon.oslo_config_glue [-] oslo_limit.region_name = None {{(pid=96349) log_opt_values /opt/stack/data/venv/lib/python3.12/site-packages/oslo_config/cfg.py:3253}}
Jul 03 11:48:20.038002 np0000004412 nova-scheduler[96349]: DEBUG cotyledon.oslo_config_glue [-] oslo_limit.retriable_status_codes = None {{(pid=96349) log_opt_values /opt/stack/data/venv/lib/python3.12/site-packages/oslo_config/cfg.py:3253}}
Jul 03 11:48:20.038002 np0000004412 nova-scheduler[96349]: DEBUG cotyledon.oslo_config_glue [-] oslo_limit.service_name = None {{(pid=96349) log_opt_values /opt/stack/data/venv/lib/python3.12/site-packages/oslo_config/cfg.py:3253}}
Jul 03 11:48:20.038002 np0000004412 nova-scheduler[96349]: DEBUG cotyledon.oslo_config_glue [-] oslo_limit.service_type = None {{(pid=96349) log_opt_values /opt/stack/data/venv/lib/python3.12/site-packages/oslo_config/cfg.py:3253}}
Jul 03 11:48:20.038002 np0000004412 nova-scheduler[96349]: DEBUG cotyledon.oslo_config_glue [-] oslo_limit.split_loggers = False {{(pid=96349) log_opt_values /opt/stack/data/venv/lib/python3.12/site-packages/oslo_config/cfg.py:3253}}
Jul 03 11:48:20.038002 np0000004412 nova-scheduler[96349]: DEBUG cotyledon.oslo_config_glue [-] oslo_limit.status_code_retries = None {{(pid=96349) log_opt_values /opt/stack/data/venv/lib/python3.12/site-packages/oslo_config/cfg.py:3253}}
Jul 03 11:48:20.038002 np0000004412 nova-scheduler[96349]: DEBUG cotyledon.oslo_config_glue [-] oslo_limit.status_code_retry_delay = None {{(pid=96349) log_opt_values /opt/stack/data/venv/lib/python3.12/site-packages/oslo_config/cfg.py:3253}}
Jul 03 11:48:20.038002 np0000004412 nova-scheduler[96349]: DEBUG cotyledon.oslo_config_glue [-] oslo_limit.timeout = None {{(pid=96349) log_opt_values /opt/stack/data/venv/lib/python3.12/site-packages/oslo_config/cfg.py:3253}}
Jul 03 11:48:20.038002 np0000004412 nova-scheduler[96349]: DEBUG cotyledon.oslo_config_glue [-] oslo_limit.valid_interfaces = None {{(pid=96349) log_opt_values /opt/stack/data/venv/lib/python3.12/site-packages/oslo_config/cfg.py:3253}}
Jul 03 11:48:20.038184 np0000004412 nova-scheduler[96349]: DEBUG cotyledon.oslo_config_glue [-] oslo_limit.version = None {{(pid=96349) log_opt_values /opt/stack/data/venv/lib/python3.12/site-packages/oslo_config/cfg.py:3253}}
Jul 03 11:48:20.038184 np0000004412 nova-scheduler[96349]: DEBUG cotyledon.oslo_config_glue [-] oslo_reports.file_event_handler = None {{(pid=96349) log_opt_values /opt/stack/data/venv/lib/python3.12/site-packages/oslo_config/cfg.py:3253}}
Jul 03 11:48:20.038184 np0000004412 nova-scheduler[96349]: DEBUG cotyledon.oslo_config_glue [-] oslo_reports.file_event_handler_interval = 1 {{(pid=96349) log_opt_values /opt/stack/data/venv/lib/python3.12/site-packages/oslo_config/cfg.py:3253}}
Jul 03 11:48:20.038184 np0000004412 nova-scheduler[96349]: DEBUG cotyledon.oslo_config_glue [-] oslo_reports.log_dir = None {{(pid=96349) log_opt_values /opt/stack/data/venv/lib/python3.12/site-packages/oslo_config/cfg.py:3253}}
Jul 03 11:48:20.038184 np0000004412 nova-scheduler[96349]: DEBUG cotyledon.oslo_config_glue [-] ******************************************************************************** {{(pid=96349) log_opt_values /opt/stack/data/venv/lib/python3.12/site-packages/oslo_config/cfg.py:3260}}
Jul 03 11:48:20.038184 np0000004412 nova-scheduler[96349]: DEBUG cotyledon._service_worker [-] Run service ServiceWrapper(2) [96349] {{(pid=96349) wait_forever /opt/stack/data/venv/lib/python3.12/site-packages/cotyledon/_service_worker.py:218}}
Jul 03 11:48:20.038184 np0000004412 nova-scheduler[96349]: INFO nova.service [-] Starting scheduler node (version 33.1.0)
Jul 03 11:48:20.038340 np0000004412 nova-scheduler[96351]: INFO dbcounter [None req-597f2571-1ea3-4714-be9c-421b4a0853b3 None None] Registered counter for database nova_cell0
Jul 03 11:48:20.038382 np0000004412 nova-scheduler[96320]: DEBUG oslo_db.sqlalchemy.engines [None req-fcd4a000-a7ff-412e-9e5e-d7c1a3f4412e None None] MySQL server mode set to STRICT_TRANS_TABLES,STRICT_ALL_TABLES,NO_ZERO_IN_DATE,NO_ZERO_DATE,ERROR_FOR_DIVISION_BY_ZERO,TRADITIONAL,NO_ENGINE_SUBSTITUTION {{(pid=96320) _check_effective_sql_mode /opt/stack/data/venv/lib/python3.12/site-packages/oslo_db/sqlalchemy/engines.py:325}}
Jul 03 11:48:20.038424 np0000004412 nova-scheduler[96349]: INFO dbcounter [None req-c8ec307b-8af3-492a-8c2b-84feee11d874 None None] Registered counter for database nova_cell0
Jul 03 11:48:20.038451 np0000004412 nova-scheduler[96320]: DEBUG dbcounter [-] [96320] Writer thread running {{(pid=96320) stat_writer /opt/stack/data/venv/lib/python3.12/site-packages/dbcounter.py:102}}
Jul 03 11:48:20.047402 np0000004412 nova-scheduler[96346]: DEBUG oslo_db.sqlalchemy.engines [None req-79fef272-afee-45a1-a569-bf84f39eba36 None None] MySQL server mode set to STRICT_TRANS_TABLES,STRICT_ALL_TABLES,NO_ZERO_IN_DATE,NO_ZERO_DATE,ERROR_FOR_DIVISION_BY_ZERO,TRADITIONAL,NO_ENGINE_SUBSTITUTION {{(pid=96346) _check_effective_sql_mode /opt/stack/data/venv/lib/python3.12/site-packages/oslo_db/sqlalchemy/engines.py:325}}
Jul 03 11:48:20.050688 np0000004412 nova-scheduler[96320]: DEBUG nova.service [None req-fcd4a000-a7ff-412e-9e5e-d7c1a3f4412e None None] Creating RPC server for service: nova-scheduler on topic: scheduler {{(pid=96320) start /opt/stack/nova/nova/service.py:196}}
Jul 03 11:48:20.056962 np0000004412 nova-scheduler[96346]: DEBUG dbcounter [-] [96346] Writer thread running {{(pid=96346) stat_writer /opt/stack/data/venv/lib/python3.12/site-packages/dbcounter.py:102}}
Jul 03 11:48:20.059698 np0000004412 nova-scheduler[96346]: DEBUG nova.service [None req-79fef272-afee-45a1-a569-bf84f39eba36 None None] Creating RPC server for service: nova-scheduler on topic: scheduler {{(pid=96346) start /opt/stack/nova/nova/service.py:196}}
Jul 03 11:48:20.062523 np0000004412 nova-scheduler[96349]: DEBUG oslo_db.sqlalchemy.engines [None req-c8ec307b-8af3-492a-8c2b-84feee11d874 None None] MySQL server mode set to STRICT_TRANS_TABLES,STRICT_ALL_TABLES,NO_ZERO_IN_DATE,NO_ZERO_DATE,ERROR_FOR_DIVISION_BY_ZERO,TRADITIONAL,NO_ENGINE_SUBSTITUTION {{(pid=96349) _check_effective_sql_mode /opt/stack/data/venv/lib/python3.12/site-packages/oslo_db/sqlalchemy/engines.py:325}}
Jul 03 11:48:20.069863 np0000004412 nova-scheduler[96351]: DEBUG oslo_db.sqlalchemy.engines [None req-597f2571-1ea3-4714-be9c-421b4a0853b3 None None] MySQL server mode set to STRICT_TRANS_TABLES,STRICT_ALL_TABLES,NO_ZERO_IN_DATE,NO_ZERO_DATE,ERROR_FOR_DIVISION_BY_ZERO,TRADITIONAL,NO_ENGINE_SUBSTITUTION {{(pid=96351) _check_effective_sql_mode /opt/stack/data/venv/lib/python3.12/site-packages/oslo_db/sqlalchemy/engines.py:325}}
Jul 03 11:48:20.072622 np0000004412 nova-scheduler[96349]: DEBUG dbcounter [-] [96349] Writer thread running {{(pid=96349) stat_writer /opt/stack/data/venv/lib/python3.12/site-packages/dbcounter.py:102}}
Jul 03 11:48:20.075574 np0000004412 nova-scheduler[96349]: DEBUG nova.service [None req-c8ec307b-8af3-492a-8c2b-84feee11d874 None None] Creating RPC server for service: nova-scheduler on topic: scheduler {{(pid=96349) start /opt/stack/nova/nova/service.py:196}}
Jul 03 11:48:20.079037 np0000004412 nova-scheduler[96320]: DEBUG nova.service [None req-fcd4a000-a7ff-412e-9e5e-d7c1a3f4412e None None] Join ServiceGroup membership for this service scheduler {{(pid=96320) start /opt/stack/nova/nova/service.py:222}}
Jul 03 11:48:20.079573 np0000004412 nova-scheduler[96320]: DEBUG nova.servicegroup.drivers.db [None req-fcd4a000-a7ff-412e-9e5e-d7c1a3f4412e None None] DB_Driver: join new ServiceGroup member np0000004412 to the scheduler group, service = {{(pid=96320) join /opt/stack/nova/nova/servicegroup/drivers/db.py:44}}
Jul 03 11:48:20.079648 np0000004412 nova-scheduler[96351]: DEBUG dbcounter [-] [96351] Writer thread running {{(pid=96351) stat_writer /opt/stack/data/venv/lib/python3.12/site-packages/dbcounter.py:102}}
Jul 03 11:48:20.080836 np0000004412 nova-scheduler[96346]: DEBUG nova.service [None req-79fef272-afee-45a1-a569-bf84f39eba36 None None] Join ServiceGroup membership for this service scheduler {{(pid=96346) start /opt/stack/nova/nova/service.py:222}}
Jul 03 11:48:20.081004 np0000004412 nova-scheduler[96346]: DEBUG nova.servicegroup.drivers.db [None req-79fef272-afee-45a1-a569-bf84f39eba36 None None] DB_Driver: join new ServiceGroup member np0000004412 to the scheduler group, service = {{(pid=96346) join /opt/stack/nova/nova/servicegroup/drivers/db.py:44}}
Jul 03 11:48:20.082164 np0000004412 nova-scheduler[96351]: DEBUG nova.service [None req-597f2571-1ea3-4714-be9c-421b4a0853b3 None None] Creating RPC server for service: nova-scheduler on topic: scheduler {{(pid=96351) start /opt/stack/nova/nova/service.py:196}}
Jul 03 11:48:20.093113 np0000004412 nova-scheduler[96349]: DEBUG nova.service [None req-c8ec307b-8af3-492a-8c2b-84feee11d874 None None] Join ServiceGroup membership for this service scheduler {{(pid=96349) start /opt/stack/nova/nova/service.py:222}}
Jul 03 11:48:20.093273 np0000004412 nova-scheduler[96349]: DEBUG nova.servicegroup.drivers.db [None req-c8ec307b-8af3-492a-8c2b-84feee11d874 None None] DB_Driver: join new ServiceGroup member np0000004412 to the scheduler group, service = {{(pid=96349) join /opt/stack/nova/nova/servicegroup/drivers/db.py:44}}
Jul 03 11:48:20.098008 np0000004412 nova-scheduler[96351]: DEBUG nova.service [None req-597f2571-1ea3-4714-be9c-421b4a0853b3 None None] Join ServiceGroup membership for this service scheduler {{(pid=96351) start /opt/stack/nova/nova/service.py:222}}
Jul 03 11:48:20.098298 np0000004412 nova-scheduler[96351]: DEBUG nova.servicegroup.drivers.db [None req-597f2571-1ea3-4714-be9c-421b4a0853b3 None None] DB_Driver: join new ServiceGroup member np0000004412 to the scheduler group, service = {{(pid=96351) join /opt/stack/nova/nova/servicegroup/drivers/db.py:44}}
Jul 03 11:48:22.083132 np0000004412 nova-scheduler[96346]: DEBUG oslo.service.backend._threading.loopingcall [None req-0c42bb6c-6290-4a22-b0e8-86bf91ec2e93 None None] Dynamic interval looping call 'nova.service.Service.periodic_tasks' sleeping for 60.00 seconds {{(pid=96346) _run_loop /opt/stack/data/venv/lib/python3.12/site-packages/oslo_service/backend/_threading/loopingcall.py:125}}
Jul 03 11:48:25.093731 np0000004412 nova-scheduler[96320]: DEBUG oslo.service.backend._threading.loopingcall [-] Fixed interval looping call 'nova.servicegroup.drivers.db.DbDriver._report_state' sleeping for 119.99 seconds {{(pid=96320) _run_loop /opt/stack/data/venv/lib/python3.12/site-packages/oslo_service/backend/_threading/loopingcall.py:125}}
Jul 03 11:48:25.094084 np0000004412 nova-scheduler[96346]: DEBUG oslo.service.backend._threading.loopingcall [-] Fixed interval looping call 'nova.servicegroup.drivers.db.DbDriver._report_state' sleeping for 119.99 seconds {{(pid=96346) _run_loop /opt/stack/data/venv/lib/python3.12/site-packages/oslo_service/backend/_threading/loopingcall.py:125}}
Jul 03 11:48:25.107854 np0000004412 nova-scheduler[96349]: DEBUG oslo.service.backend._threading.loopingcall [-] Fixed interval looping call 'nova.servicegroup.drivers.db.DbDriver._report_state' sleeping for 119.99 seconds {{(pid=96349) _run_loop /opt/stack/data/venv/lib/python3.12/site-packages/oslo_service/backend/_threading/loopingcall.py:125}}
Jul 03 11:48:25.110227 np0000004412 nova-scheduler[96351]: DEBUG oslo.service.backend._threading.loopingcall [-] Fixed interval looping call 'nova.servicegroup.drivers.db.DbDriver._report_state' sleeping for 119.99 seconds {{(pid=96351) _run_loop /opt/stack/data/venv/lib/python3.12/site-packages/oslo_service/backend/_threading/loopingcall.py:125}}
Jul 03 11:48:28.649442 np0000004412 nova-scheduler[95069]: DEBUG dbcounter [-] [95069] Writing DB stats nova_api:SELECT=3 {{(pid=95069) stat_writer /opt/stack/data/venv/lib/python3.12/site-packages/dbcounter.py:115}}
Jul 03 11:48:28.778487 np0000004412 nova-scheduler[95069]: DEBUG dbcounter [-] [95069] Writing DB stats nova_cell1:SELECT=1 {{(pid=95069) stat_writer /opt/stack/data/venv/lib/python3.12/site-packages/dbcounter.py:115}}
Jul 03 11:48:28.787455 np0000004412 nova-scheduler[95069]: DEBUG dbcounter [-] [95069] Writing DB stats nova_cell0:SELECT=1 {{(pid=95069) stat_writer /opt/stack/data/venv/lib/python3.12/site-packages/dbcounter.py:115}}
Jul 03 11:48:35.089345 np0000004412 nova-scheduler[96320]: DEBUG dbcounter [-] [96320] Writing DB stats nova_cell0:SELECT=4,nova_cell0:INSERT=1,nova_cell0:UPDATE=1 {{(pid=96320) stat_writer /opt/stack/data/venv/lib/python3.12/site-packages/dbcounter.py:115}}
Jul 03 11:48:35.095396 np0000004412 nova-scheduler[96346]: DEBUG dbcounter [-] [96346] Writing DB stats nova_cell0:SELECT=3,nova_cell0:UPDATE=1 {{(pid=96346) stat_writer /opt/stack/data/venv/lib/python3.12/site-packages/dbcounter.py:115}}
Jul 03 11:48:35.104066 np0000004412 nova-scheduler[96349]: DEBUG dbcounter [-] [96349] Writing DB stats nova_cell0:SELECT=3 {{(pid=96349) stat_writer /opt/stack/data/venv/lib/python3.12/site-packages/dbcounter.py:115}}
Jul 03 11:48:35.106421 np0000004412 nova-scheduler[96351]: DEBUG dbcounter [-] [96351] Writing DB stats nova_cell0:SELECT=3 {{(pid=96351) stat_writer /opt/stack/data/venv/lib/python3.12/site-packages/dbcounter.py:115}}
Jul 03 11:48:41.100256 np0000004412 nova-scheduler[96351]: DEBUG oslo.service.backend._threading.loopingcall [None req-0152fe4e-4820-4000-b282-26b79b47544a None None] Dynamic interval looping call 'nova.service.Service.periodic_tasks' sleeping for 60.00 seconds {{(pid=96351) _run_loop /opt/stack/data/venv/lib/python3.12/site-packages/oslo_service/backend/_threading/loopingcall.py:125}}
Jul 03 11:49:02.081528 np0000004412 nova-scheduler[96320]: DEBUG oslo.service.backend._threading.loopingcall [None req-41175f3d-455f-4f57-b3b7-46e4613ca422 None None] Dynamic interval looping call 'nova.service.Service.periodic_tasks' sleeping for 60.00 seconds {{(pid=96320) _run_loop /opt/stack/data/venv/lib/python3.12/site-packages/oslo_service/backend/_threading/loopingcall.py:125}}
Jul 03 11:49:15.095434 np0000004412 nova-scheduler[96349]: DEBUG oslo.service.backend._threading.loopingcall [None req-d1b9e446-d9e1-4041-9954-297381090350 None None] Dynamic interval looping call 'nova.service.Service.periodic_tasks' sleeping for 60.00 seconds {{(pid=96349) _run_loop /opt/stack/data/venv/lib/python3.12/site-packages/oslo_service/backend/_threading/loopingcall.py:125}}
Jul 03 11:49:22.083627 np0000004412 nova-scheduler[96346]: DEBUG oslo.service.backend._threading.loopingcall [None req-0c42bb6c-6290-4a22-b0e8-86bf91ec2e93 None None] Dynamic interval looping call 'nova.service.Service.periodic_tasks' sleeping for 60.00 seconds {{(pid=96346) _run_loop /opt/stack/data/venv/lib/python3.12/site-packages/oslo_service/backend/_threading/loopingcall.py:125}}
Jul 03 11:49:41.100888 np0000004412 nova-scheduler[96351]: DEBUG oslo.service.backend._threading.loopingcall [None req-0152fe4e-4820-4000-b282-26b79b47544a None None] Dynamic interval looping call 'nova.service.Service.periodic_tasks' sleeping for 60.00 seconds {{(pid=96351) _run_loop /opt/stack/data/venv/lib/python3.12/site-packages/oslo_service/backend/_threading/loopingcall.py:125}}
Jul 03 11:50:02.081967 np0000004412 nova-scheduler[96320]: DEBUG oslo.service.backend._threading.loopingcall [None req-41175f3d-455f-4f57-b3b7-46e4613ca422 None None] Dynamic interval looping call 'nova.service.Service.periodic_tasks' sleeping for 60.00 seconds {{(pid=96320) _run_loop /opt/stack/data/venv/lib/python3.12/site-packages/oslo_service/backend/_threading/loopingcall.py:125}}
Jul 03 11:50:15.096154 np0000004412 nova-scheduler[96349]: DEBUG oslo.service.backend._threading.loopingcall [None req-d1b9e446-d9e1-4041-9954-297381090350 None None] Dynamic interval looping call 'nova.service.Service.periodic_tasks' sleeping for 60.00 seconds {{(pid=96349) _run_loop /opt/stack/data/venv/lib/python3.12/site-packages/oslo_service/backend/_threading/loopingcall.py:125}}
Jul 03 11:50:22.084181 np0000004412 nova-scheduler[96346]: DEBUG oslo.service.backend._threading.loopingcall [None req-0c42bb6c-6290-4a22-b0e8-86bf91ec2e93 None None] Dynamic interval looping call 'nova.service.Service.periodic_tasks' sleeping for 60.00 seconds {{(pid=96346) _run_loop /opt/stack/data/venv/lib/python3.12/site-packages/oslo_service/backend/_threading/loopingcall.py:125}}
Jul 03 11:50:25.095732 np0000004412 nova-scheduler[96346]: DEBUG oslo.service.backend._threading.loopingcall [-] Fixed interval looping call 'nova.servicegroup.drivers.db.DbDriver._report_state' sleeping for 119.99 seconds {{(pid=96346) _run_loop /opt/stack/data/venv/lib/python3.12/site-packages/oslo_service/backend/_threading/loopingcall.py:125}}
Jul 03 11:50:25.096282 np0000004412 nova-scheduler[96320]: DEBUG oslo.service.backend._threading.loopingcall [-] Fixed interval looping call 'nova.servicegroup.drivers.db.DbDriver._report_state' sleeping for 119.99 seconds {{(pid=96320) _run_loop /opt/stack/data/venv/lib/python3.12/site-packages/oslo_service/backend/_threading/loopingcall.py:125}}
Jul 03 11:50:25.101715 np0000004412 nova-scheduler[96349]: DEBUG oslo.service.backend._threading.loopingcall [-] Fixed interval looping call 'nova.servicegroup.drivers.db.DbDriver._report_state' sleeping for 120.00 seconds {{(pid=96349) _run_loop /opt/stack/data/venv/lib/python3.12/site-packages/oslo_service/backend/_threading/loopingcall.py:125}}
Jul 03 11:50:25.107467 np0000004412 nova-scheduler[96351]: DEBUG oslo.service.backend._threading.loopingcall [-] Fixed interval looping call 'nova.servicegroup.drivers.db.DbDriver._report_state' sleeping for 119.99 seconds {{(pid=96351) _run_loop /opt/stack/data/venv/lib/python3.12/site-packages/oslo_service/backend/_threading/loopingcall.py:125}}
Jul 03 11:50:35.087432 np0000004412 nova-scheduler[96346]: DEBUG dbcounter [-] [96346] Writing DB stats nova_cell0:SELECT=1,nova_cell0:UPDATE=1 {{(pid=96346) stat_writer /opt/stack/data/venv/lib/python3.12/site-packages/dbcounter.py:115}}
Jul 03 11:50:35.089104 np0000004412 nova-scheduler[96320]: DEBUG dbcounter [-] [96320] Writing DB stats nova_cell0:SELECT=1,nova_cell0:UPDATE=1 {{(pid=96320) stat_writer /opt/stack/data/venv/lib/python3.12/site-packages/dbcounter.py:115}}
Jul 03 11:50:35.100464 np0000004412 nova-scheduler[96349]: DEBUG dbcounter [-] [96349] Writing DB stats nova_cell0:SELECT=1 {{(pid=96349) stat_writer /opt/stack/data/venv/lib/python3.12/site-packages/dbcounter.py:115}}
Jul 03 11:50:35.103443 np0000004412 nova-scheduler[96351]: DEBUG dbcounter [-] [96351] Writing DB stats nova_cell0:SELECT=1 {{(pid=96351) stat_writer /opt/stack/data/venv/lib/python3.12/site-packages/dbcounter.py:115}}
Jul 03 11:50:41.101355 np0000004412 nova-scheduler[96351]: DEBUG oslo.service.backend._threading.loopingcall [None req-0152fe4e-4820-4000-b282-26b79b47544a None None] Dynamic interval looping call 'nova.service.Service.periodic_tasks' sleeping for 60.00 seconds {{(pid=96351) _run_loop /opt/stack/data/venv/lib/python3.12/site-packages/oslo_service/backend/_threading/loopingcall.py:125}}
Jul 03 11:50:46.837681 np0000004412 nova-scheduler[96320]: DEBUG nova.scheduler.manager [None req-9c57b6de-a387-4ea6-9dd6-a532000a2ba2 tempest-ServerActionsTestOtherA-1737975659 tempest-ServerActionsTestOtherA-1737975659-project-member] Starting to schedule for instances: ['bcb8f345-6486-4e8e-a8c8-da3002c91954'] {{(pid=96320) select_destinations /opt/stack/nova/nova/scheduler/manager.py:209}}
Jul 03 11:50:46.838299 np0000004412 nova-scheduler[96320]: DEBUG nova.scheduler.request_filter [None req-9c57b6de-a387-4ea6-9dd6-a532000a2ba2 tempest-ServerActionsTestOtherA-1737975659 tempest-ServerActionsTestOtherA-1737975659-project-member] compute_status_filter request filter added forbidden trait COMPUTE_STATUS_DISABLED {{(pid=96320) compute_status_filter /opt/stack/nova/nova/scheduler/request_filter.py:253}}
Jul 03 11:50:46.838299 np0000004412 nova-scheduler[96320]: DEBUG nova.scheduler.request_filter [None req-9c57b6de-a387-4ea6-9dd6-a532000a2ba2 tempest-ServerActionsTestOtherA-1737975659 tempest-ServerActionsTestOtherA-1737975659-project-member] Request filter 'compute_status_filter' took 0.0 seconds {{(pid=96320) wrapper /opt/stack/nova/nova/scheduler/request_filter.py:46}}
Jul 03 11:50:46.838962 np0000004412 nova-scheduler[96320]: DEBUG nova.scheduler.request_filter [None req-9c57b6de-a387-4ea6-9dd6-a532000a2ba2 tempest-ServerActionsTestOtherA-1737975659 tempest-ServerActionsTestOtherA-1737975659-project-member] Request filter 'accelerators_filter' took 0.0 seconds {{(pid=96320) wrapper /opt/stack/nova/nova/scheduler/request_filter.py:46}}
Jul 03 11:50:46.839637 np0000004412 nova-scheduler[96320]: DEBUG nova.scheduler.request_filter [None req-9c57b6de-a387-4ea6-9dd6-a532000a2ba2 tempest-ServerActionsTestOtherA-1737975659 tempest-ServerActionsTestOtherA-1737975659-project-member] Request filter 'packed_virtqueue_filter' took 0.0 seconds {{(pid=96320) wrapper /opt/stack/nova/nova/scheduler/request_filter.py:46}}
Jul 03 11:50:46.839895 np0000004412 nova-scheduler[96320]: DEBUG nova.scheduler.request_filter [None req-9c57b6de-a387-4ea6-9dd6-a532000a2ba2 tempest-ServerActionsTestOtherA-1737975659 tempest-ServerActionsTestOtherA-1737975659-project-member] Request filter 'remote_managed_ports_filter' took 0.0 seconds {{(pid=96320) wrapper /opt/stack/nova/nova/scheduler/request_filter.py:46}}
Jul 03 11:50:46.840203 np0000004412 nova-scheduler[96320]: DEBUG nova.scheduler.request_filter [None req-9c57b6de-a387-4ea6-9dd6-a532000a2ba2 tempest-ServerActionsTestOtherA-1737975659 tempest-ServerActionsTestOtherA-1737975659-project-member] ephemeral_encryption_filter skipped {{(pid=96320) ephemeral_encryption_filter /opt/stack/nova/nova/scheduler/request_filter.py:426}}
Jul 03 11:50:46.840392 np0000004412 nova-scheduler[96320]: DEBUG nova.scheduler.request_filter [None req-9c57b6de-a387-4ea6-9dd6-a532000a2ba2 tempest-ServerActionsTestOtherA-1737975659 tempest-ServerActionsTestOtherA-1737975659-project-member] virtio_sound_filter skipped {{(pid=96320) virtio_sound_filter /opt/stack/nova/nova/scheduler/request_filter.py:460}}
Jul 03 11:50:46.840749 np0000004412 nova-scheduler[96320]: DEBUG nova.scheduler.request_filter [None req-9c57b6de-a387-4ea6-9dd6-a532000a2ba2 tempest-ServerActionsTestOtherA-1737975659 tempest-ServerActionsTestOtherA-1737975659-project-member] tpm_secret_security_filter skipped {{(pid=96320) tpm_secret_security_filter /opt/stack/nova/nova/scheduler/request_filter.py:477}}
Jul 03 11:50:47.642794 np0000004412 nova-scheduler[96320]: INFO nova.utils [None req-9c57b6de-a387-4ea6-9dd6-a532000a2ba2 tempest-ServerActionsTestOtherA-1737975659 tempest-ServerActionsTestOtherA-1737975659-project-member] The cell worker thread pool ForkProcess-1.cell_worker is initialized
Jul 03 11:50:47.644165 np0000004412 nova-scheduler[96320]: DEBUG oslo_concurrency.lockutils [None req-9c57b6de-a387-4ea6-9dd6-a532000a2ba2 tempest-ServerActionsTestOtherA-1737975659 tempest-ServerActionsTestOtherA-1737975659-project-member] Acquiring lock "88bc6217-a92b-488b-b109-5683a42b773d" by "nova.context.set_target_cell..get_or_set_cached_cell_and_set_connections" {{(pid=96320) inner /opt/stack/data/venv/lib/python3.12/site-packages/oslo_concurrency/lockutils.py:511}}
Jul 03 11:50:47.644491 np0000004412 nova-scheduler[96320]: DEBUG oslo_concurrency.lockutils [None req-9c57b6de-a387-4ea6-9dd6-a532000a2ba2 tempest-ServerActionsTestOtherA-1737975659 tempest-ServerActionsTestOtherA-1737975659-project-member] Lock "88bc6217-a92b-488b-b109-5683a42b773d" acquired by "nova.context.set_target_cell..get_or_set_cached_cell_and_set_connections" :: waited 0.001s {{(pid=96320) inner /opt/stack/data/venv/lib/python3.12/site-packages/oslo_concurrency/lockutils.py:524}}
Jul 03 11:50:47.646827 np0000004412 nova-scheduler[96320]: DEBUG oslo_concurrency.lockutils [None req-9c57b6de-a387-4ea6-9dd6-a532000a2ba2 tempest-ServerActionsTestOtherA-1737975659 tempest-ServerActionsTestOtherA-1737975659-project-member] Lock "88bc6217-a92b-488b-b109-5683a42b773d" "released" by "nova.context.set_target_cell..get_or_set_cached_cell_and_set_connections" :: held 0.002s {{(pid=96320) inner /opt/stack/data/venv/lib/python3.12/site-packages/oslo_concurrency/lockutils.py:543}}
Jul 03 11:50:47.648051 np0000004412 nova-scheduler[96320]: INFO dbcounter [None req-9c57b6de-a387-4ea6-9dd6-a532000a2ba2 tempest-ServerActionsTestOtherA-1737975659 tempest-ServerActionsTestOtherA-1737975659-project-member] Registered counter for database nova_cell1
Jul 03 11:50:47.696887 np0000004412 nova-scheduler[96320]: DEBUG oslo_db.sqlalchemy.engines [None req-9c57b6de-a387-4ea6-9dd6-a532000a2ba2 tempest-ServerActionsTestOtherA-1737975659 tempest-ServerActionsTestOtherA-1737975659-project-member] MySQL server mode set to STRICT_TRANS_TABLES,STRICT_ALL_TABLES,NO_ZERO_IN_DATE,NO_ZERO_DATE,ERROR_FOR_DIVISION_BY_ZERO,TRADITIONAL,NO_ENGINE_SUBSTITUTION {{(pid=96320) _check_effective_sql_mode /opt/stack/data/venv/lib/python3.12/site-packages/oslo_db/sqlalchemy/engines.py:325}}
Jul 03 11:50:47.702814 np0000004412 nova-scheduler[96320]: DEBUG dbcounter [-] [96320] Writer thread running {{(pid=96320) stat_writer /opt/stack/data/venv/lib/python3.12/site-packages/dbcounter.py:102}}
Jul 03 11:50:47.718114 np0000004412 nova-scheduler[96320]: DEBUG oslo_db.sqlalchemy.engines [None req-9c57b6de-a387-4ea6-9dd6-a532000a2ba2 tempest-ServerActionsTestOtherA-1737975659 tempest-ServerActionsTestOtherA-1737975659-project-member] Parent process 95069 forked (96320) with an open database connection, which is being discarded and recreated. {{(pid=96320) checkout /opt/stack/data/venv/lib/python3.12/site-packages/oslo_db/sqlalchemy/engines.py:402}}
Jul 03 11:50:47.775133 np0000004412 nova-scheduler[96320]: DEBUG dbcounter [-] [96320] Writer thread running {{(pid=96320) stat_writer /opt/stack/data/venv/lib/python3.12/site-packages/dbcounter.py:102}}
Jul 03 11:50:47.778123 np0000004412 nova-scheduler[96320]: DEBUG oslo_concurrency.lockutils [None req-9c57b6de-a387-4ea6-9dd6-a532000a2ba2 tempest-ServerActionsTestOtherA-1737975659 tempest-ServerActionsTestOtherA-1737975659-project-member] Acquiring lock "88bc6217-a92b-488b-b109-5683a42b773d" by "nova.context.set_target_cell..get_or_set_cached_cell_and_set_connections" {{(pid=96320) inner /opt/stack/data/venv/lib/python3.12/site-packages/oslo_concurrency/lockutils.py:511}}
Jul 03 11:50:47.778307 np0000004412 nova-scheduler[96320]: DEBUG oslo_concurrency.lockutils [None req-9c57b6de-a387-4ea6-9dd6-a532000a2ba2 tempest-ServerActionsTestOtherA-1737975659 tempest-ServerActionsTestOtherA-1737975659-project-member] Lock "88bc6217-a92b-488b-b109-5683a42b773d" acquired by "nova.context.set_target_cell..get_or_set_cached_cell_and_set_connections" :: waited 0.000s {{(pid=96320) inner /opt/stack/data/venv/lib/python3.12/site-packages/oslo_concurrency/lockutils.py:524}}
Jul 03 11:50:47.778454 np0000004412 nova-scheduler[96320]: DEBUG oslo_concurrency.lockutils [None req-9c57b6de-a387-4ea6-9dd6-a532000a2ba2 tempest-ServerActionsTestOtherA-1737975659 tempest-ServerActionsTestOtherA-1737975659-project-member] Lock "88bc6217-a92b-488b-b109-5683a42b773d" "released" by "nova.context.set_target_cell..get_or_set_cached_cell_and_set_connections" :: held 0.000s {{(pid=96320) inner /opt/stack/data/venv/lib/python3.12/site-packages/oslo_concurrency/lockutils.py:543}}
Jul 03 11:50:47.782841 np0000004412 nova-scheduler[96320]: DEBUG oslo_concurrency.lockutils [None req-9c57b6de-a387-4ea6-9dd6-a532000a2ba2 tempest-ServerActionsTestOtherA-1737975659 tempest-ServerActionsTestOtherA-1737975659-project-member] Acquiring lock "np0000004412-np0000004412" by "nova.scheduler.host_manager.HostState.update.._locked_update" {{(pid=96320) inner /opt/stack/data/venv/lib/python3.12/site-packages/oslo_concurrency/lockutils.py:511}}
Jul 03 11:50:47.783046 np0000004412 nova-scheduler[96320]: DEBUG oslo_concurrency.lockutils [None req-9c57b6de-a387-4ea6-9dd6-a532000a2ba2 tempest-ServerActionsTestOtherA-1737975659 tempest-ServerActionsTestOtherA-1737975659-project-member] Lock "np0000004412-np0000004412" acquired by "nova.scheduler.host_manager.HostState.update.._locked_update" :: waited 0.000s {{(pid=96320) inner /opt/stack/data/venv/lib/python3.12/site-packages/oslo_concurrency/lockutils.py:524}}
Jul 03 11:50:47.784606 np0000004412 nova-scheduler[96320]: DEBUG nova.scheduler.host_manager [None req-9c57b6de-a387-4ea6-9dd6-a532000a2ba2 tempest-ServerActionsTestOtherA-1737975659 tempest-ServerActionsTestOtherA-1737975659-project-member] Update host state from compute node: ComputeNode(cpu_allocation_ratio=4.0,cpu_info='{"arch": "x86_64", "model": "EPYC-Milan", "vendor": "AMD", "topology": {"cells": 1, "sockets": 16, "cores": 1, "threads": 1}, "maxphysaddr": {"mode": "emulate", "bits": 40}, "features": ["cr8legacy", "avx", "bmi2", "svme-addr-chk", "spec-ctrl", "msr", "pause-filter", "ssbd", "vgif", "hypervisor", "x2apic", "pku", "pge", "pni", "smep", "sse", "pclmuldq", "ibpb", "gds-no", "rdtscp", "xsavec", "mmxext", "svm", "cmov", "de", "fsrm", "pse", "rdrand", "apic", "clzero", "tsc_adjust", "amd-stibp", "rdseed", "xgetbv1", "mds-no", "flushbyasid", "cmp_legacy", "vmcb-clean", "skip-l1dfl-vmentry", "tsc", "abm", "fma", "npt", "rdpid", "cx8", "nx", "stibp-always-on", "xsave", "nrip-save", "xsaveerptr", "pat", "lfence-always-serializing", "topoext", "vaes", "tsc-deadline", "aes", "null-sel-clr-base", "umip", "arch-capabilities", "arat", "fxsr_opt", "fsgsbase", "pae", "no-nested-data-bp", "mmx", "pfthreshold", "vpclmulqdq", "syscall", "cx16", "sep", "invpcid", "bmi1", "amd-ssbd", "sse2", "rdctl-no", "smap", "ibrs", "perfctr_core", "lahf_lm", "sse4a", "misalignsse", "clwb", "pschange-mc-no", "pcid", "clflush", "popcnt", "fxsr", "lbrv", "ssse3", "erms", "mca", "tsc-scale", "lm", "mce", "vme", "movbe", "f16c", "adx", "v-vmsave-vmload", "avx2", "clflushopt", "sse4.1", "amd-psfd", "fpu", "stibp", "3dnowprefetch", "sha-ni", "xsaves", "pdpe1gb", "virt-ssbd", "mtrr", "wbnoinvd", "pse36", "xsaveopt", "sse4.2", "osvw"]}',created_at=2026-07-03T11:48:44Z,current_workload=0,deleted=False,deleted_at=None,disk_allocation_ratio=1.0,disk_available_least=75,free_disk_gb=95,free_ram_mb=63789,host='np0000004412',host_ip=10.4.3.170,hypervisor_hostname='np0000004412',hypervisor_type='QEMU',hypervisor_version=8002002,id=1,local_gb=95,local_gb_used=0,mapped=1,memory_mb=64301,memory_mb_used=512,metrics='[]',numa_topology='{"nova_object.name": "NUMATopology", "nova_object.namespace": "nova", "nova_object.version": "1.2", "nova_object.data": {"cells": [{"nova_object.name": "NUMACell", "nova_object.namespace": "nova", "nova_object.version": "1.5", "nova_object.data": {"id": 0, "cpuset": [0, 1, 2, 3, 4, 5, 6, 7, 8, 9, 10, 11, 12, 13, 14, 15], "pcpuset": [0, 1, 2, 3, 4, 5, 6, 7, 8, 9, 10, 11, 12, 13, 14, 15], "memory": 64301, "cpu_usage": 0, "memory_usage": 0, "pinned_cpus": [], "siblings": [[6], [12], [2], [15], [5], [11], [8], [14], [4], [1], [7], [10], [0], [13], [3], [9]], "mempages": [{"nova_object.name": "NUMAPagesTopology", "nova_object.namespace": "nova", "nova_object.version": "1.1", "nova_object.data": {"size_kb": 4, "total": 16461068, "used": 0, "reserved": 0}, "nova_object.changes": ["used", "size_kb", "reserved", "total"]}, {"nova_object.name": "NUMAPagesTopology", "nova_object.namespace": "nova", "nova_object.version": "1.1", "nova_object.data": {"size_kb": 2048, "total": 0, "used": 0, "reserved": 0}, "nova_object.changes": ["used", "size_kb", "reserved", "total"]}, {"nova_object.name": "NUMAPagesTopology", "nova_object.namespace": "nova", "nova_object.version": "1.1", "nova_object.data": {"size_kb": 1048576, "total": 0, "used": 0, "reserved": 0}, "nova_object.changes": ["used", "size_kb", "reserved", "total"]}], "network_metadata": {"nova_object.name": "NetworkMetadata", "nova_object.namespace": "nova", "nova_object.version": "1.0", "nova_object.data": {"physnets": [], "tunneled": false}, "nova_object.changes": ["physnets", "tunneled"]}, "socket": null}, "nova_object.changes": ["mempages", "pinned_cpus", "cpuset", "memory", "id", "siblings", "memory_usage", "pcpuset", "socket", "cpu_usage", "network_metadata"]}]}, "nova_object.changes": ["cells"]}',pci_device_pools=PciDevicePoolList,ram_allocation_ratio=1.0,running_vms=0,service_id=3,stats={failed_builds='0',uptime=' 11:50:30 up 25 min, 2 users, load average: 2.03, 1.75, 0.99
Jul 03 11:50:47.784606 np0000004412 nova-scheduler[96320]: '},supported_hv_specs=[HVSpec,HVSpec,HVSpec,HVSpec,HVSpec,HVSpec,HVSpec,HVSpec,HVSpec,HVSpec,HVSpec,HVSpec,HVSpec,HVSpec,HVSpec,HVSpec,HVSpec,HVSpec,HVSpec,HVSpec,HVSpec,HVSpec,HVSpec,HVSpec,HVSpec],updated_at=2026-07-03T11:50:32Z,uuid=06befdcb-9eb2-4582-842c-d65d8d38aa14,vcpus=16,vcpus_used=0) {{(pid=96320) _locked_update /opt/stack/nova/nova/scheduler/host_manager.py:168}}
Jul 03 11:50:47.785442 np0000004412 nova-scheduler[96320]: DEBUG nova.scheduler.host_manager [None req-9c57b6de-a387-4ea6-9dd6-a532000a2ba2 tempest-ServerActionsTestOtherA-1737975659 tempest-ServerActionsTestOtherA-1737975659-project-member] Update host state with aggregates: [] {{(pid=96320) _locked_update /opt/stack/nova/nova/scheduler/host_manager.py:171}}
