Jul 03 11:48:25.162263 np0000004412 nova-conductor[98716]: DEBUG cotyledon.oslo_config_glue [-] profiler.es_scroll_time = 2m {{(pid=98716) log_opt_values /opt/stack/data/venv/lib/python3.12/site-packages/oslo_config/cfg.py:3253}}
Jul 03 11:48:25.162263 np0000004412 nova-conductor[98716]: DEBUG cotyledon.oslo_config_glue [-] profiler.filter_error_trace = False {{(pid=98716) log_opt_values /opt/stack/data/venv/lib/python3.12/site-packages/oslo_config/cfg.py:3253}}
Jul 03 11:48:25.162791 np0000004412 nova-conductor[98716]: DEBUG cotyledon.oslo_config_glue [-] profiler.hmac_keys = **** {{(pid=98716) log_opt_values /opt/stack/data/venv/lib/python3.12/site-packages/oslo_config/cfg.py:3253}}
Jul 03 11:48:25.162791 np0000004412 nova-conductor[98716]: DEBUG cotyledon.oslo_config_glue [-] profiler.sentinel_service_name = mymaster {{(pid=98716) log_opt_values /opt/stack/data/venv/lib/python3.12/site-packages/oslo_config/cfg.py:3253}}
Jul 03 11:48:25.162791 np0000004412 nova-conductor[98716]: DEBUG cotyledon.oslo_config_glue [-] profiler.socket_timeout = 0.1 {{(pid=98716) log_opt_values /opt/stack/data/venv/lib/python3.12/site-packages/oslo_config/cfg.py:3253}}
Jul 03 11:48:25.162791 np0000004412 nova-conductor[98716]: DEBUG cotyledon.oslo_config_glue [-] profiler.trace_requests = False {{(pid=98716) log_opt_values /opt/stack/data/venv/lib/python3.12/site-packages/oslo_config/cfg.py:3253}}
Jul 03 11:48:25.162791 np0000004412 nova-conductor[98716]: DEBUG cotyledon.oslo_config_glue [-] profiler.trace_sqlalchemy = False {{(pid=98716) log_opt_values /opt/stack/data/venv/lib/python3.12/site-packages/oslo_config/cfg.py:3253}}
Jul 03 11:48:25.162791 np0000004412 nova-conductor[98716]: DEBUG cotyledon.oslo_config_glue [-] profiler_jaeger.process_tags = {} {{(pid=98716) log_opt_values /opt/stack/data/venv/lib/python3.12/site-packages/oslo_config/cfg.py:3253}}
Jul 03 11:48:25.162791 np0000004412 nova-conductor[98716]: DEBUG cotyledon.oslo_config_glue [-] profiler_jaeger.service_name_prefix = None {{(pid=98716) log_opt_values /opt/stack/data/venv/lib/python3.12/site-packages/oslo_config/cfg.py:3253}}
Jul 03 11:48:25.162791 np0000004412 nova-conductor[98716]: DEBUG cotyledon.oslo_config_glue [-] profiler_otlp.service_name_prefix = None {{(pid=98716) log_opt_values /opt/stack/data/venv/lib/python3.12/site-packages/oslo_config/cfg.py:3253}}
Jul 03 11:48:25.162791 np0000004412 nova-conductor[98716]: DEBUG cotyledon.oslo_config_glue [-] oslo_messaging_rabbit.amqp_auto_delete = False {{(pid=98716) log_opt_values /opt/stack/data/venv/lib/python3.12/site-packages/oslo_config/cfg.py:3253}}
Jul 03 11:48:25.163072 np0000004412 nova-conductor[98716]: DEBUG cotyledon.oslo_config_glue [-] oslo_messaging_rabbit.amqp_durable_queues = False {{(pid=98716) log_opt_values /opt/stack/data/venv/lib/python3.12/site-packages/oslo_config/cfg.py:3253}}
Jul 03 11:48:25.163072 np0000004412 nova-conductor[98716]: DEBUG cotyledon.oslo_config_glue [-] oslo_messaging_rabbit.conn_pool_min_size = 2 {{(pid=98716) log_opt_values /opt/stack/data/venv/lib/python3.12/site-packages/oslo_config/cfg.py:3253}}
Jul 03 11:48:25.163072 np0000004412 nova-conductor[98716]: DEBUG cotyledon.oslo_config_glue [-] oslo_messaging_rabbit.conn_pool_ttl = 1200 {{(pid=98716) log_opt_values /opt/stack/data/venv/lib/python3.12/site-packages/oslo_config/cfg.py:3253}}
Jul 03 11:48:25.163072 np0000004412 nova-conductor[98716]: DEBUG cotyledon.oslo_config_glue [-] oslo_messaging_rabbit.direct_mandatory_flag = True {{(pid=98716) log_opt_values /opt/stack/data/venv/lib/python3.12/site-packages/oslo_config/cfg.py:3253}}
Jul 03 11:48:25.163072 np0000004412 nova-conductor[98716]: DEBUG cotyledon.oslo_config_glue [-] oslo_messaging_rabbit.enable_cancel_on_failover = False {{(pid=98716) log_opt_values /opt/stack/data/venv/lib/python3.12/site-packages/oslo_config/cfg.py:3253}}
Jul 03 11:48:25.163072 np0000004412 nova-conductor[98716]: DEBUG cotyledon.oslo_config_glue [-] oslo_messaging_rabbit.heartbeat_rate = 3 {{(pid=98716) log_opt_values /opt/stack/data/venv/lib/python3.12/site-packages/oslo_config/cfg.py:3253}}
Jul 03 11:48:25.163072 np0000004412 nova-conductor[98716]: DEBUG cotyledon.oslo_config_glue [-] oslo_messaging_rabbit.heartbeat_timeout_threshold = 60 {{(pid=98716) log_opt_values /opt/stack/data/venv/lib/python3.12/site-packages/oslo_config/cfg.py:3253}}
Jul 03 11:48:25.163072 np0000004412 nova-conductor[98716]: DEBUG cotyledon.oslo_config_glue [-] oslo_messaging_rabbit.hostname = np0000004412 {{(pid=98716) log_opt_values /opt/stack/data/venv/lib/python3.12/site-packages/oslo_config/cfg.py:3253}}
Jul 03 11:48:25.163072 np0000004412 nova-conductor[98716]: DEBUG cotyledon.oslo_config_glue [-] oslo_messaging_rabbit.kombu_compression = None {{(pid=98716) log_opt_values /opt/stack/data/venv/lib/python3.12/site-packages/oslo_config/cfg.py:3253}}
Jul 03 11:48:25.163393 np0000004412 nova-conductor[98716]: DEBUG cotyledon.oslo_config_glue [-] oslo_messaging_rabbit.kombu_failover_strategy = round-robin {{(pid=98716) log_opt_values /opt/stack/data/venv/lib/python3.12/site-packages/oslo_config/cfg.py:3253}}
Jul 03 11:48:25.163393 np0000004412 nova-conductor[98716]: DEBUG cotyledon.oslo_config_glue [-] oslo_messaging_rabbit.kombu_missing_consumer_retry_timeout = 60 {{(pid=98716) log_opt_values /opt/stack/data/venv/lib/python3.12/site-packages/oslo_config/cfg.py:3253}}
Jul 03 11:48:25.163393 np0000004412 nova-conductor[98716]: DEBUG cotyledon.oslo_config_glue [-] oslo_messaging_rabbit.kombu_reconnect_delay = 1.0 {{(pid=98716) log_opt_values /opt/stack/data/venv/lib/python3.12/site-packages/oslo_config/cfg.py:3253}}
Jul 03 11:48:25.163393 np0000004412 nova-conductor[98716]: DEBUG cotyledon.oslo_config_glue [-] oslo_messaging_rabbit.kombu_reconnect_splay = 0.0 {{(pid=98716) log_opt_values /opt/stack/data/venv/lib/python3.12/site-packages/oslo_config/cfg.py:3253}}
Jul 03 11:48:25.163393 np0000004412 nova-conductor[98716]: DEBUG cotyledon.oslo_config_glue [-] oslo_messaging_rabbit.processname = nova-conductor {{(pid=98716) log_opt_values /opt/stack/data/venv/lib/python3.12/site-packages/oslo_config/cfg.py:3253}}
Jul 03 11:48:25.163393 np0000004412 nova-conductor[98716]: DEBUG cotyledon.oslo_config_glue [-] oslo_messaging_rabbit.rabbit_ha_queues = False {{(pid=98716) log_opt_values /opt/stack/data/venv/lib/python3.12/site-packages/oslo_config/cfg.py:3253}}
Jul 03 11:48:25.163393 np0000004412 nova-conductor[98716]: DEBUG cotyledon.oslo_config_glue [-] oslo_messaging_rabbit.rabbit_interval_max = 30 {{(pid=98716) log_opt_values /opt/stack/data/venv/lib/python3.12/site-packages/oslo_config/cfg.py:3253}}
Jul 03 11:48:25.163393 np0000004412 nova-conductor[98716]: DEBUG cotyledon.oslo_config_glue [-] oslo_messaging_rabbit.rabbit_login_method = AMQPLAIN {{(pid=98716) log_opt_values /opt/stack/data/venv/lib/python3.12/site-packages/oslo_config/cfg.py:3253}}
Jul 03 11:48:25.163393 np0000004412 nova-conductor[98716]: DEBUG cotyledon.oslo_config_glue [-] oslo_messaging_rabbit.rabbit_qos_prefetch_count = 0 {{(pid=98716) log_opt_values /opt/stack/data/venv/lib/python3.12/site-packages/oslo_config/cfg.py:3253}}
Jul 03 11:48:25.163695 np0000004412 nova-conductor[98716]: DEBUG cotyledon.oslo_config_glue [-] oslo_messaging_rabbit.rabbit_quorum_delivery_limit = 0 {{(pid=98716) log_opt_values /opt/stack/data/venv/lib/python3.12/site-packages/oslo_config/cfg.py:3253}}
Jul 03 11:48:25.163695 np0000004412 nova-conductor[98716]: DEBUG cotyledon.oslo_config_glue [-] oslo_messaging_rabbit.rabbit_quorum_max_memory_bytes = 0 {{(pid=98716) log_opt_values /opt/stack/data/venv/lib/python3.12/site-packages/oslo_config/cfg.py:3253}}
Jul 03 11:48:25.163695 np0000004412 nova-conductor[98716]: DEBUG cotyledon.oslo_config_glue [-] oslo_messaging_rabbit.rabbit_quorum_max_memory_length = 0 {{(pid=98716) log_opt_values /opt/stack/data/venv/lib/python3.12/site-packages/oslo_config/cfg.py:3253}}
Jul 03 11:48:25.163695 np0000004412 nova-conductor[98716]: DEBUG cotyledon.oslo_config_glue [-] oslo_messaging_rabbit.rabbit_quorum_queue = False {{(pid=98716) log_opt_values /opt/stack/data/venv/lib/python3.12/site-packages/oslo_config/cfg.py:3253}}
Jul 03 11:48:25.163695 np0000004412 nova-conductor[98716]: DEBUG cotyledon.oslo_config_glue [-] oslo_messaging_rabbit.rabbit_retry_backoff = 2 {{(pid=98716) log_opt_values /opt/stack/data/venv/lib/python3.12/site-packages/oslo_config/cfg.py:3253}}
Jul 03 11:48:25.163695 np0000004412 nova-conductor[98716]: DEBUG cotyledon.oslo_config_glue [-] oslo_messaging_rabbit.rabbit_retry_interval = 1 {{(pid=98716) log_opt_values /opt/stack/data/venv/lib/python3.12/site-packages/oslo_config/cfg.py:3253}}
Jul 03 11:48:25.163695 np0000004412 nova-conductor[98716]: DEBUG cotyledon.oslo_config_glue [-] oslo_messaging_rabbit.rabbit_stream_fanout = False {{(pid=98716) log_opt_values /opt/stack/data/venv/lib/python3.12/site-packages/oslo_config/cfg.py:3253}}
Jul 03 11:48:25.163695 np0000004412 nova-conductor[98716]: DEBUG cotyledon.oslo_config_glue [-] oslo_messaging_rabbit.rabbit_transient_queues_ttl = 1800 {{(pid=98716) log_opt_values /opt/stack/data/venv/lib/python3.12/site-packages/oslo_config/cfg.py:3253}}
Jul 03 11:48:25.163695 np0000004412 nova-conductor[98716]: DEBUG cotyledon.oslo_config_glue [-] oslo_messaging_rabbit.rabbit_transient_quorum_queue = False {{(pid=98716) log_opt_values /opt/stack/data/venv/lib/python3.12/site-packages/oslo_config/cfg.py:3253}}
Jul 03 11:48:25.163973 np0000004412 nova-conductor[98716]: DEBUG cotyledon.oslo_config_glue [-] oslo_messaging_rabbit.rpc_conn_pool_size = 30 {{(pid=98716) log_opt_values /opt/stack/data/venv/lib/python3.12/site-packages/oslo_config/cfg.py:3253}}
Jul 03 11:48:25.163973 np0000004412 nova-conductor[98716]: DEBUG cotyledon.oslo_config_glue [-] oslo_messaging_rabbit.ssl = False {{(pid=98716) log_opt_values /opt/stack/data/venv/lib/python3.12/site-packages/oslo_config/cfg.py:3253}}
Jul 03 11:48:25.163973 np0000004412 nova-conductor[98716]: DEBUG cotyledon.oslo_config_glue [-] oslo_messaging_rabbit.ssl_ca_file = {{(pid=98716) log_opt_values /opt/stack/data/venv/lib/python3.12/site-packages/oslo_config/cfg.py:3253}}
Jul 03 11:48:25.163973 np0000004412 nova-conductor[98716]: DEBUG cotyledon.oslo_config_glue [-] oslo_messaging_rabbit.ssl_cert_file = {{(pid=98716) log_opt_values /opt/stack/data/venv/lib/python3.12/site-packages/oslo_config/cfg.py:3253}}
Jul 03 11:48:25.163973 np0000004412 nova-conductor[98716]: DEBUG cotyledon.oslo_config_glue [-] oslo_messaging_rabbit.ssl_enforce_fips_mode = False {{(pid=98716) log_opt_values /opt/stack/data/venv/lib/python3.12/site-packages/oslo_config/cfg.py:3253}}
Jul 03 11:48:25.163973 np0000004412 nova-conductor[98716]: DEBUG cotyledon.oslo_config_glue [-] oslo_messaging_rabbit.ssl_enforce_hostname_verification = True {{(pid=98716) log_opt_values /opt/stack/data/venv/lib/python3.12/site-packages/oslo_config/cfg.py:3253}}
Jul 03 11:48:25.163973 np0000004412 nova-conductor[98716]: DEBUG cotyledon.oslo_config_glue [-] oslo_messaging_rabbit.ssl_key_file = {{(pid=98716) log_opt_values /opt/stack/data/venv/lib/python3.12/site-packages/oslo_config/cfg.py:3253}}
Jul 03 11:48:25.163973 np0000004412 nova-conductor[98716]: DEBUG cotyledon.oslo_config_glue [-] oslo_messaging_rabbit.ssl_version = {{(pid=98716) log_opt_values /opt/stack/data/venv/lib/python3.12/site-packages/oslo_config/cfg.py:3253}}
Jul 03 11:48:25.163973 np0000004412 nova-conductor[98716]: DEBUG cotyledon.oslo_config_glue [-] oslo_messaging_rabbit.use_queue_manager = False {{(pid=98716) log_opt_values /opt/stack/data/venv/lib/python3.12/site-packages/oslo_config/cfg.py:3253}}
Jul 03 11:48:25.164256 np0000004412 nova-conductor[98716]: DEBUG cotyledon.oslo_config_glue [-] oslo_messaging_notifications.driver = ['messagingv2'] {{(pid=98716) log_opt_values /opt/stack/data/venv/lib/python3.12/site-packages/oslo_config/cfg.py:3253}}
Jul 03 11:48:25.164256 np0000004412 nova-conductor[98716]: DEBUG cotyledon.oslo_config_glue [-] oslo_messaging_notifications.retry = -1 {{(pid=98716) log_opt_values /opt/stack/data/venv/lib/python3.12/site-packages/oslo_config/cfg.py:3253}}
Jul 03 11:48:25.164256 np0000004412 nova-conductor[98716]: DEBUG cotyledon.oslo_config_glue [-] oslo_messaging_notifications.topics = ['notifications'] {{(pid=98716) log_opt_values /opt/stack/data/venv/lib/python3.12/site-packages/oslo_config/cfg.py:3253}}
Jul 03 11:48:25.164256 np0000004412 nova-conductor[98716]: DEBUG cotyledon.oslo_config_glue [-] oslo_messaging_notifications.transport_url = **** {{(pid=98716) log_opt_values /opt/stack/data/venv/lib/python3.12/site-packages/oslo_config/cfg.py:3253}}
Jul 03 11:48:25.164256 np0000004412 nova-conductor[98716]: DEBUG cotyledon.oslo_config_glue [-] oslo_limit.auth_section = None {{(pid=98716) log_opt_values /opt/stack/data/venv/lib/python3.12/site-packages/oslo_config/cfg.py:3253}}
Jul 03 11:48:25.164256 np0000004412 nova-conductor[98716]: DEBUG cotyledon.oslo_config_glue [-] oslo_limit.auth_type = None {{(pid=98716) log_opt_values /opt/stack/data/venv/lib/python3.12/site-packages/oslo_config/cfg.py:3253}}
Jul 03 11:48:25.164256 np0000004412 nova-conductor[98716]: DEBUG cotyledon.oslo_config_glue [-] oslo_limit.cafile = None {{(pid=98716) log_opt_values /opt/stack/data/venv/lib/python3.12/site-packages/oslo_config/cfg.py:3253}}
Jul 03 11:48:25.164256 np0000004412 nova-conductor[98716]: DEBUG cotyledon.oslo_config_glue [-] oslo_limit.certfile = None {{(pid=98716) log_opt_values /opt/stack/data/venv/lib/python3.12/site-packages/oslo_config/cfg.py:3253}}
Jul 03 11:48:25.164256 np0000004412 nova-conductor[98716]: DEBUG cotyledon.oslo_config_glue [-] oslo_limit.collect_timing = False {{(pid=98716) log_opt_values /opt/stack/data/venv/lib/python3.12/site-packages/oslo_config/cfg.py:3253}}
Jul 03 11:48:25.164555 np0000004412 nova-conductor[98716]: DEBUG cotyledon.oslo_config_glue [-] oslo_limit.connect_retries = None {{(pid=98716) log_opt_values /opt/stack/data/venv/lib/python3.12/site-packages/oslo_config/cfg.py:3253}}
Jul 03 11:48:25.164555 np0000004412 nova-conductor[98716]: DEBUG cotyledon.oslo_config_glue [-] oslo_limit.connect_retry_delay = None {{(pid=98716) log_opt_values /opt/stack/data/venv/lib/python3.12/site-packages/oslo_config/cfg.py:3253}}
Jul 03 11:48:25.164555 np0000004412 nova-conductor[98716]: DEBUG cotyledon.oslo_config_glue [-] oslo_limit.endpoint_id = None {{(pid=98716) log_opt_values /opt/stack/data/venv/lib/python3.12/site-packages/oslo_config/cfg.py:3253}}
Jul 03 11:48:25.164555 np0000004412 nova-conductor[98716]: DEBUG cotyledon.oslo_config_glue [-] oslo_limit.endpoint_interface = public {{(pid=98716) log_opt_values /opt/stack/data/venv/lib/python3.12/site-packages/oslo_config/cfg.py:3253}}
Jul 03 11:48:25.164555 np0000004412 nova-conductor[98716]: DEBUG cotyledon.oslo_config_glue [-] oslo_limit.endpoint_override = None {{(pid=98716) log_opt_values /opt/stack/data/venv/lib/python3.12/site-packages/oslo_config/cfg.py:3253}}
Jul 03 11:48:25.164555 np0000004412 nova-conductor[98716]: DEBUG cotyledon.oslo_config_glue [-] oslo_limit.endpoint_region_name = None {{(pid=98716) log_opt_values /opt/stack/data/venv/lib/python3.12/site-packages/oslo_config/cfg.py:3253}}
Jul 03 11:48:25.164555 np0000004412 nova-conductor[98716]: DEBUG cotyledon.oslo_config_glue [-] oslo_limit.endpoint_service_name = None {{(pid=98716) log_opt_values /opt/stack/data/venv/lib/python3.12/site-packages/oslo_config/cfg.py:3253}}
Jul 03 11:48:25.164555 np0000004412 nova-conductor[98716]: DEBUG cotyledon.oslo_config_glue [-] oslo_limit.endpoint_service_type = None {{(pid=98716) log_opt_values /opt/stack/data/venv/lib/python3.12/site-packages/oslo_config/cfg.py:3253}}
Jul 03 11:48:25.164555 np0000004412 nova-conductor[98716]: DEBUG cotyledon.oslo_config_glue [-] oslo_limit.insecure = False {{(pid=98716) log_opt_values /opt/stack/data/venv/lib/python3.12/site-packages/oslo_config/cfg.py:3253}}
Jul 03 11:48:25.164722 np0000004412 nova-conductor[98716]: DEBUG cotyledon.oslo_config_glue [-] oslo_limit.keyfile = None {{(pid=98716) log_opt_values /opt/stack/data/venv/lib/python3.12/site-packages/oslo_config/cfg.py:3253}}
Jul 03 11:48:25.164722 np0000004412 nova-conductor[98716]: DEBUG cotyledon.oslo_config_glue [-] oslo_limit.max_version = None {{(pid=98716) log_opt_values /opt/stack/data/venv/lib/python3.12/site-packages/oslo_config/cfg.py:3253}}
Jul 03 11:48:25.164722 np0000004412 nova-conductor[98716]: DEBUG cotyledon.oslo_config_glue [-] oslo_limit.min_version = None {{(pid=98716) log_opt_values /opt/stack/data/venv/lib/python3.12/site-packages/oslo_config/cfg.py:3253}}
Jul 03 11:48:25.164722 np0000004412 nova-conductor[98716]: DEBUG cotyledon.oslo_config_glue [-] oslo_limit.region_name = None {{(pid=98716) log_opt_values /opt/stack/data/venv/lib/python3.12/site-packages/oslo_config/cfg.py:3253}}
Jul 03 11:48:25.164722 np0000004412 nova-conductor[98716]: DEBUG cotyledon.oslo_config_glue [-] oslo_limit.retriable_status_codes = None {{(pid=98716) log_opt_values /opt/stack/data/venv/lib/python3.12/site-packages/oslo_config/cfg.py:3253}}
Jul 03 11:48:25.164722 np0000004412 nova-conductor[98716]: DEBUG cotyledon.oslo_config_glue [-] oslo_limit.service_name = None {{(pid=98716) log_opt_values /opt/stack/data/venv/lib/python3.12/site-packages/oslo_config/cfg.py:3253}}
Jul 03 11:48:25.164722 np0000004412 nova-conductor[98716]: DEBUG cotyledon.oslo_config_glue [-] oslo_limit.service_type = None {{(pid=98716) log_opt_values /opt/stack/data/venv/lib/python3.12/site-packages/oslo_config/cfg.py:3253}}
Jul 03 11:48:25.164722 np0000004412 nova-conductor[98716]: DEBUG cotyledon.oslo_config_glue [-] oslo_limit.split_loggers = False {{(pid=98716) log_opt_values /opt/stack/data/venv/lib/python3.12/site-packages/oslo_config/cfg.py:3253}}
Jul 03 11:48:25.164722 np0000004412 nova-conductor[98716]: DEBUG cotyledon.oslo_config_glue [-] oslo_limit.status_code_retries = None {{(pid=98716) log_opt_values /opt/stack/data/venv/lib/python3.12/site-packages/oslo_config/cfg.py:3253}}
Jul 03 11:48:25.165010 np0000004412 nova-conductor[98716]: DEBUG cotyledon.oslo_config_glue [-] oslo_limit.status_code_retry_delay = None {{(pid=98716) log_opt_values /opt/stack/data/venv/lib/python3.12/site-packages/oslo_config/cfg.py:3253}}
Jul 03 11:48:25.165010 np0000004412 nova-conductor[98716]: DEBUG cotyledon.oslo_config_glue [-] oslo_limit.timeout = None {{(pid=98716) log_opt_values /opt/stack/data/venv/lib/python3.12/site-packages/oslo_config/cfg.py:3253}}
Jul 03 11:48:25.165010 np0000004412 nova-conductor[98716]: DEBUG cotyledon.oslo_config_glue [-] oslo_limit.valid_interfaces = None {{(pid=98716) log_opt_values /opt/stack/data/venv/lib/python3.12/site-packages/oslo_config/cfg.py:3253}}
Jul 03 11:48:25.165010 np0000004412 nova-conductor[98716]: DEBUG cotyledon.oslo_config_glue [-] oslo_limit.version = None {{(pid=98716) log_opt_values /opt/stack/data/venv/lib/python3.12/site-packages/oslo_config/cfg.py:3253}}
Jul 03 11:48:25.165010 np0000004412 nova-conductor[98716]: DEBUG cotyledon.oslo_config_glue [-] oslo_reports.file_event_handler = None {{(pid=98716) log_opt_values /opt/stack/data/venv/lib/python3.12/site-packages/oslo_config/cfg.py:3253}}
Jul 03 11:48:25.165010 np0000004412 nova-conductor[98716]: DEBUG cotyledon.oslo_config_glue [-] oslo_reports.file_event_handler_interval = 1 {{(pid=98716) log_opt_values /opt/stack/data/venv/lib/python3.12/site-packages/oslo_config/cfg.py:3253}}
Jul 03 11:48:25.165010 np0000004412 nova-conductor[98716]: DEBUG cotyledon.oslo_config_glue [-] oslo_reports.log_dir = None {{(pid=98716) log_opt_values /opt/stack/data/venv/lib/python3.12/site-packages/oslo_config/cfg.py:3253}}
Jul 03 11:48:25.165010 np0000004412 nova-conductor[98716]: DEBUG cotyledon.oslo_config_glue [-] ******************************************************************************** {{(pid=98716) log_opt_values /opt/stack/data/venv/lib/python3.12/site-packages/oslo_config/cfg.py:3260}}
Jul 03 11:48:25.165010 np0000004412 nova-conductor[98716]: DEBUG cotyledon._service_worker [-] Run service ServiceWrapper(3) [98716] {{(pid=98716) wait_forever /opt/stack/data/venv/lib/python3.12/site-packages/cotyledon/_service_worker.py:218}}
Jul 03 11:48:25.165396 np0000004412 nova-conductor[98692]: DEBUG oslo_db.sqlalchemy.engines [None req-541d0f0d-ac41-4473-a4d7-ed97f7047b13 None None] MySQL server mode set to STRICT_TRANS_TABLES,STRICT_ALL_TABLES,NO_ZERO_IN_DATE,NO_ZERO_DATE,ERROR_FOR_DIVISION_BY_ZERO,TRADITIONAL,NO_ENGINE_SUBSTITUTION {{(pid=98692) _check_effective_sql_mode /opt/stack/data/venv/lib/python3.12/site-packages/oslo_db/sqlalchemy/engines.py:325}}
Jul 03 11:48:25.165952 np0000004412 nova-conductor[98716]: INFO nova.service [-] Starting conductor node (version 33.1.0)
Jul 03 11:48:25.165952 np0000004412 nova-conductor[98716]: INFO dbcounter [None req-389f5d5f-8546-460c-a05e-260dd037411a None None] Registered counter for database nova_cell0
Jul 03 11:48:25.166087 np0000004412 nova-conductor[98692]: DEBUG dbcounter [-] [98692] Writer thread running {{(pid=98692) stat_writer /opt/stack/data/venv/lib/python3.12/site-packages/dbcounter.py:102}}
Jul 03 11:48:25.166087 np0000004412 nova-conductor[98692]: DEBUG nova.service [None req-541d0f0d-ac41-4473-a4d7-ed97f7047b13 None None] Creating RPC server for service: nova-conductor on topic: conductor {{(pid=98692) start /opt/stack/nova/nova/service.py:196}}
Jul 03 11:48:25.166137 np0000004412 nova-conductor[98706]: DEBUG oslo_db.sqlalchemy.engines [None req-3588dc6a-50ea-45eb-9e82-eae2d48b3147 None None] MySQL server mode set to STRICT_TRANS_TABLES,STRICT_ALL_TABLES,NO_ZERO_IN_DATE,NO_ZERO_DATE,ERROR_FOR_DIVISION_BY_ZERO,TRADITIONAL,NO_ENGINE_SUBSTITUTION {{(pid=98706) _check_effective_sql_mode /opt/stack/data/venv/lib/python3.12/site-packages/oslo_db/sqlalchemy/engines.py:325}}
Jul 03 11:48:25.166193 np0000004412 nova-conductor[98709]: DEBUG oslo_db.sqlalchemy.engines [None req-4718359d-9e05-49fa-86b3-f0668e73919c None None] MySQL server mode set to STRICT_TRANS_TABLES,STRICT_ALL_TABLES,NO_ZERO_IN_DATE,NO_ZERO_DATE,ERROR_FOR_DIVISION_BY_ZERO,TRADITIONAL,NO_ENGINE_SUBSTITUTION {{(pid=98709) _check_effective_sql_mode /opt/stack/data/venv/lib/python3.12/site-packages/oslo_db/sqlalchemy/engines.py:325}}
Jul 03 11:48:25.166225 np0000004412 nova-conductor[98706]: DEBUG dbcounter [-] [98706] Writer thread running {{(pid=98706) stat_writer /opt/stack/data/venv/lib/python3.12/site-packages/dbcounter.py:102}}
Jul 03 11:48:25.166246 np0000004412 nova-conductor[98709]: DEBUG dbcounter [-] [98709] Writer thread running {{(pid=98709) stat_writer /opt/stack/data/venv/lib/python3.12/site-packages/dbcounter.py:102}}
Jul 03 11:48:25.166267 np0000004412 nova-conductor[98706]: DEBUG nova.service [None req-3588dc6a-50ea-45eb-9e82-eae2d48b3147 None None] Creating RPC server for service: nova-conductor on topic: conductor {{(pid=98706) start /opt/stack/nova/nova/service.py:196}}
Jul 03 11:48:25.166288 np0000004412 nova-conductor[98709]: DEBUG nova.service [None req-4718359d-9e05-49fa-86b3-f0668e73919c None None] Creating RPC server for service: nova-conductor on topic: conductor {{(pid=98709) start /opt/stack/nova/nova/service.py:196}}
Jul 03 11:48:25.166309 np0000004412 nova-conductor[98692]: DEBUG nova.service [None req-541d0f0d-ac41-4473-a4d7-ed97f7047b13 None None] Join ServiceGroup membership for this service conductor {{(pid=98692) start /opt/stack/nova/nova/service.py:222}}
Jul 03 11:48:25.166309 np0000004412 nova-conductor[98692]: DEBUG nova.servicegroup.drivers.db [None req-541d0f0d-ac41-4473-a4d7-ed97f7047b13 None None] DB_Driver: join new ServiceGroup member np0000004412 to the conductor group, service = {{(pid=98692) join /opt/stack/nova/nova/servicegroup/drivers/db.py:44}}
Jul 03 11:48:25.166395 np0000004412 nova-conductor[98716]: DEBUG oslo_db.sqlalchemy.engines [None req-389f5d5f-8546-460c-a05e-260dd037411a None None] MySQL server mode set to STRICT_TRANS_TABLES,STRICT_ALL_TABLES,NO_ZERO_IN_DATE,NO_ZERO_DATE,ERROR_FOR_DIVISION_BY_ZERO,TRADITIONAL,NO_ENGINE_SUBSTITUTION {{(pid=98716) _check_effective_sql_mode /opt/stack/data/venv/lib/python3.12/site-packages/oslo_db/sqlalchemy/engines.py:325}}
Jul 03 11:48:25.174336 np0000004412 nova-conductor[98709]: DEBUG nova.service [None req-4718359d-9e05-49fa-86b3-f0668e73919c None None] Join ServiceGroup membership for this service conductor {{(pid=98709) start /opt/stack/nova/nova/service.py:222}}
Jul 03 11:48:25.174486 np0000004412 nova-conductor[98716]: DEBUG dbcounter [-] [98716] Writer thread running {{(pid=98716) stat_writer /opt/stack/data/venv/lib/python3.12/site-packages/dbcounter.py:102}}
Jul 03 11:48:25.174596 np0000004412 nova-conductor[98709]: DEBUG nova.servicegroup.drivers.db [None req-4718359d-9e05-49fa-86b3-f0668e73919c None None] DB_Driver: join new ServiceGroup member np0000004412 to the conductor group, service = {{(pid=98709) join /opt/stack/nova/nova/servicegroup/drivers/db.py:44}}
Jul 03 11:48:25.177463 np0000004412 nova-conductor[98716]: DEBUG nova.service [None req-389f5d5f-8546-460c-a05e-260dd037411a None None] Creating RPC server for service: nova-conductor on topic: conductor {{(pid=98716) start /opt/stack/nova/nova/service.py:196}}
Jul 03 11:48:25.177717 np0000004412 nova-conductor[98706]: DEBUG nova.service [None req-3588dc6a-50ea-45eb-9e82-eae2d48b3147 None None] Join ServiceGroup membership for this service conductor {{(pid=98706) start /opt/stack/nova/nova/service.py:222}}
Jul 03 11:48:25.177917 np0000004412 nova-conductor[98706]: DEBUG nova.servicegroup.drivers.db [None req-3588dc6a-50ea-45eb-9e82-eae2d48b3147 None None] DB_Driver: join new ServiceGroup member np0000004412 to the conductor group, service = {{(pid=98706) join /opt/stack/nova/nova/servicegroup/drivers/db.py:44}}
Jul 03 11:48:25.192451 np0000004412 nova-conductor[98716]: DEBUG nova.service [None req-389f5d5f-8546-460c-a05e-260dd037411a None None] Join ServiceGroup membership for this service conductor {{(pid=98716) start /opt/stack/nova/nova/service.py:222}}
Jul 03 11:48:25.192650 np0000004412 nova-conductor[98716]: DEBUG nova.servicegroup.drivers.db [None req-389f5d5f-8546-460c-a05e-260dd037411a None None] DB_Driver: join new ServiceGroup member np0000004412 to the conductor group, service = {{(pid=98716) join /opt/stack/nova/nova/servicegroup/drivers/db.py:44}}
Jul 03 11:48:30.175910 np0000004412 nova-conductor[98692]: DEBUG oslo.service.backend._threading.loopingcall [-] Fixed interval looping call 'nova.servicegroup.drivers.db.DbDriver._report_state' sleeping for 119.99 seconds {{(pid=98692) _run_loop /opt/stack/data/venv/lib/python3.12/site-packages/oslo_service/backend/_threading/loopingcall.py:125}}
Jul 03 11:48:30.185435 np0000004412 nova-conductor[98709]: DEBUG oslo.service.backend._threading.loopingcall [-] Fixed interval looping call 'nova.servicegroup.drivers.db.DbDriver._report_state' sleeping for 119.99 seconds {{(pid=98709) _run_loop /opt/stack/data/venv/lib/python3.12/site-packages/oslo_service/backend/_threading/loopingcall.py:125}}
Jul 03 11:48:30.191397 np0000004412 nova-conductor[98706]: DEBUG oslo.service.backend._threading.loopingcall [-] Fixed interval looping call 'nova.servicegroup.drivers.db.DbDriver._report_state' sleeping for 119.99 seconds {{(pid=98706) _run_loop /opt/stack/data/venv/lib/python3.12/site-packages/oslo_service/backend/_threading/loopingcall.py:125}}
Jul 03 11:48:30.202525 np0000004412 nova-conductor[98716]: DEBUG oslo.service.backend._threading.loopingcall [-] Fixed interval looping call 'nova.servicegroup.drivers.db.DbDriver._report_state' sleeping for 119.99 seconds {{(pid=98716) _run_loop /opt/stack/data/venv/lib/python3.12/site-packages/oslo_service/backend/_threading/loopingcall.py:125}}
Jul 03 11:48:33.747628 np0000004412 nova-conductor[97228]: DEBUG dbcounter [-] [97228] Writing DB stats nova_api:SELECT=1 {{(pid=97228) stat_writer /opt/stack/data/venv/lib/python3.12/site-packages/dbcounter.py:115}}
Jul 03 11:48:33.876731 np0000004412 nova-conductor[97228]: DEBUG dbcounter [-] [97228] Writing DB stats nova_cell0:SELECT=1 {{(pid=97228) stat_writer /opt/stack/data/venv/lib/python3.12/site-packages/dbcounter.py:115}}
Jul 03 11:48:33.882272 np0000004412 nova-conductor[97228]: DEBUG dbcounter [-] [97228] Writing DB stats nova_cell1:SELECT=1 {{(pid=97228) stat_writer /opt/stack/data/venv/lib/python3.12/site-packages/dbcounter.py:115}}
Jul 03 11:48:40.170498 np0000004412 nova-conductor[98692]: DEBUG dbcounter [-] [98692] Writing DB stats nova_cell0:SELECT=4,nova_cell0:INSERT=1,nova_cell0:UPDATE=1 {{(pid=98692) stat_writer /opt/stack/data/venv/lib/python3.12/site-packages/dbcounter.py:115}}
Jul 03 11:48:40.182630 np0000004412 nova-conductor[98709]: DEBUG dbcounter [-] [98709] Writing DB stats nova_cell0:SELECT=3 {{(pid=98709) stat_writer /opt/stack/data/venv/lib/python3.12/site-packages/dbcounter.py:115}}
Jul 03 11:48:40.188390 np0000004412 nova-conductor[98706]: DEBUG dbcounter [-] [98706] Writing DB stats nova_cell0:SELECT=3 {{(pid=98706) stat_writer /opt/stack/data/venv/lib/python3.12/site-packages/dbcounter.py:115}}
Jul 03 11:48:40.200116 np0000004412 nova-conductor[98716]: DEBUG dbcounter [-] [98716] Writing DB stats nova_cell0:SELECT=3 {{(pid=98716) stat_writer /opt/stack/data/venv/lib/python3.12/site-packages/dbcounter.py:115}}
Jul 03 11:48:41.176969 np0000004412 nova-conductor[98709]: DEBUG oslo.service.backend._threading.loopingcall [None req-67b5313e-d8a8-41c7-b959-0c44593ac2c4 None None] Dynamic interval looping call 'nova.service.Service.periodic_tasks' sleeping for 60.00 seconds {{(pid=98709) _run_loop /opt/stack/data/venv/lib/python3.12/site-packages/oslo_service/backend/_threading/loopingcall.py:125}}
Jul 03 11:49:06.180445 np0000004412 nova-conductor[98706]: DEBUG oslo.service.backend._threading.loopingcall [None req-79faf734-9c9d-4b80-803b-330977b48f22 None None] Dynamic interval looping call 'nova.service.Service.periodic_tasks' sleeping for 60.00 seconds {{(pid=98706) _run_loop /opt/stack/data/venv/lib/python3.12/site-packages/oslo_service/backend/_threading/loopingcall.py:125}}
Jul 03 11:49:09.194752 np0000004412 nova-conductor[98716]: DEBUG oslo.service.backend._threading.loopingcall [None req-511cb530-0160-4a66-8857-d3b25978e545 None None] Dynamic interval looping call 'nova.service.Service.periodic_tasks' sleeping for 60.00 seconds {{(pid=98716) _run_loop /opt/stack/data/venv/lib/python3.12/site-packages/oslo_service/backend/_threading/loopingcall.py:125}}
Jul 03 11:49:22.163015 np0000004412 nova-conductor[98692]: DEBUG oslo.service.backend._threading.loopingcall [None req-685d999f-6ebe-45ec-a469-c1179d80ccef None None] Dynamic interval looping call 'nova.service.Service.periodic_tasks' sleeping for 60.00 seconds {{(pid=98692) _run_loop /opt/stack/data/venv/lib/python3.12/site-packages/oslo_service/backend/_threading/loopingcall.py:125}}
Jul 03 11:49:41.177446 np0000004412 nova-conductor[98709]: DEBUG oslo.service.backend._threading.loopingcall [None req-67b5313e-d8a8-41c7-b959-0c44593ac2c4 None None] Dynamic interval looping call 'nova.service.Service.periodic_tasks' sleeping for 60.00 seconds {{(pid=98709) _run_loop /opt/stack/data/venv/lib/python3.12/site-packages/oslo_service/backend/_threading/loopingcall.py:125}}
Jul 03 11:50:06.180911 np0000004412 nova-conductor[98706]: DEBUG oslo.service.backend._threading.loopingcall [None req-79faf734-9c9d-4b80-803b-330977b48f22 None None] Dynamic interval looping call 'nova.service.Service.periodic_tasks' sleeping for 60.00 seconds {{(pid=98706) _run_loop /opt/stack/data/venv/lib/python3.12/site-packages/oslo_service/backend/_threading/loopingcall.py:125}}
Jul 03 11:50:09.195283 np0000004412 nova-conductor[98716]: DEBUG oslo.service.backend._threading.loopingcall [None req-511cb530-0160-4a66-8857-d3b25978e545 None None] Dynamic interval looping call 'nova.service.Service.periodic_tasks' sleeping for 60.00 seconds {{(pid=98716) _run_loop /opt/stack/data/venv/lib/python3.12/site-packages/oslo_service/backend/_threading/loopingcall.py:125}}
Jul 03 11:50:22.163481 np0000004412 nova-conductor[98692]: DEBUG oslo.service.backend._threading.loopingcall [None req-685d999f-6ebe-45ec-a469-c1179d80ccef None None] Dynamic interval looping call 'nova.service.Service.periodic_tasks' sleeping for 60.00 seconds {{(pid=98692) _run_loop /opt/stack/data/venv/lib/python3.12/site-packages/oslo_service/backend/_threading/loopingcall.py:125}}
Jul 03 11:50:30.172805 np0000004412 nova-conductor[98692]: DEBUG oslo.service.backend._threading.loopingcall [-] Fixed interval looping call 'nova.servicegroup.drivers.db.DbDriver._report_state' sleeping for 119.99 seconds {{(pid=98692) _run_loop /opt/stack/data/venv/lib/python3.12/site-packages/oslo_service/backend/_threading/loopingcall.py:125}}
Jul 03 11:50:30.178980 np0000004412 nova-conductor[98709]: DEBUG oslo.service.backend._threading.loopingcall [-] Fixed interval looping call 'nova.servicegroup.drivers.db.DbDriver._report_state' sleeping for 120.00 seconds {{(pid=98709) _run_loop /opt/stack/data/venv/lib/python3.12/site-packages/oslo_service/backend/_threading/loopingcall.py:125}}
Jul 03 11:50:30.185431 np0000004412 nova-conductor[98706]: DEBUG oslo.service.backend._threading.loopingcall [-] Fixed interval looping call 'nova.servicegroup.drivers.db.DbDriver._report_state' sleeping for 120.00 seconds {{(pid=98706) _run_loop /opt/stack/data/venv/lib/python3.12/site-packages/oslo_service/backend/_threading/loopingcall.py:125}}
Jul 03 11:50:30.198863 np0000004412 nova-conductor[98716]: DEBUG oslo.service.backend._threading.loopingcall [-] Fixed interval looping call 'nova.servicegroup.drivers.db.DbDriver._report_state' sleeping for 119.99 seconds {{(pid=98716) _run_loop /opt/stack/data/venv/lib/python3.12/site-packages/oslo_service/backend/_threading/loopingcall.py:125}}
Jul 03 11:50:40.170396 np0000004412 nova-conductor[98692]: DEBUG dbcounter [-] [98692] Writing DB stats nova_cell0:SELECT=1,nova_cell0:UPDATE=1 {{(pid=98692) stat_writer /opt/stack/data/venv/lib/python3.12/site-packages/dbcounter.py:115}}
Jul 03 11:50:40.178101 np0000004412 nova-conductor[98709]: DEBUG dbcounter [-] [98709] Writing DB stats nova_cell0:SELECT=1 {{(pid=98709) stat_writer /opt/stack/data/venv/lib/python3.12/site-packages/dbcounter.py:115}}
Jul 03 11:50:40.183520 np0000004412 nova-conductor[98706]: DEBUG dbcounter [-] [98706] Writing DB stats nova_cell0:SELECT=1 {{(pid=98706) stat_writer /opt/stack/data/venv/lib/python3.12/site-packages/dbcounter.py:115}}
Jul 03 11:50:40.195506 np0000004412 nova-conductor[98716]: DEBUG dbcounter [-] [98716] Writing DB stats nova_cell0:SELECT=1 {{(pid=98716) stat_writer /opt/stack/data/venv/lib/python3.12/site-packages/dbcounter.py:115}}
Jul 03 11:50:41.178124 np0000004412 nova-conductor[98709]: DEBUG oslo.service.backend._threading.loopingcall [None req-67b5313e-d8a8-41c7-b959-0c44593ac2c4 None None] Dynamic interval looping call 'nova.service.Service.periodic_tasks' sleeping for 60.00 seconds {{(pid=98709) _run_loop /opt/stack/data/venv/lib/python3.12/site-packages/oslo_service/backend/_threading/loopingcall.py:125}}
Jul 03 11:50:46.758164 np0000004412 nova-conductor[98692]: DEBUG oslo_db.sqlalchemy.engines [None req-9c57b6de-a387-4ea6-9dd6-a532000a2ba2 tempest-ServerActionsTestOtherA-1737975659 tempest-ServerActionsTestOtherA-1737975659-project-member] Parent process 97228 forked (98692) with an open database connection, which is being discarded and recreated. {{(pid=98692) checkout /opt/stack/data/venv/lib/python3.12/site-packages/oslo_db/sqlalchemy/engines.py:402}}
Jul 03 11:50:46.803886 np0000004412 nova-conductor[98692]: DEBUG dbcounter [-] [98692] Writer thread running {{(pid=98692) stat_writer /opt/stack/data/venv/lib/python3.12/site-packages/dbcounter.py:102}}
Jul 03 11:50:48.333694 np0000004412 nova-conductor[98692]: DEBUG nova.conductor.manager [None req-9c57b6de-a387-4ea6-9dd6-a532000a2ba2 tempest-ServerActionsTestOtherA-1737975659 tempest-ServerActionsTestOtherA-1737975659-project-member] Took 1.53 seconds to select destinations for 1 instance(s). {{(pid=98692) _schedule_instances /opt/stack/nova/nova/conductor/manager.py:968}}
Jul 03 11:50:48.369898 np0000004412 nova-conductor[98692]: DEBUG oslo_concurrency.lockutils [None req-9c57b6de-a387-4ea6-9dd6-a532000a2ba2 tempest-ServerActionsTestOtherA-1737975659 tempest-ServerActionsTestOtherA-1737975659-project-member] Acquiring lock "88bc6217-a92b-488b-b109-5683a42b773d" by "nova.context.set_target_cell..get_or_set_cached_cell_and_set_connections" {{(pid=98692) inner /opt/stack/data/venv/lib/python3.12/site-packages/oslo_concurrency/lockutils.py:511}}
Jul 03 11:50:48.369898 np0000004412 nova-conductor[98692]: DEBUG oslo_concurrency.lockutils [None req-9c57b6de-a387-4ea6-9dd6-a532000a2ba2 tempest-ServerActionsTestOtherA-1737975659 tempest-ServerActionsTestOtherA-1737975659-project-member] Lock "88bc6217-a92b-488b-b109-5683a42b773d" acquired by "nova.context.set_target_cell..get_or_set_cached_cell_and_set_connections" :: waited 0.000s {{(pid=98692) inner /opt/stack/data/venv/lib/python3.12/site-packages/oslo_concurrency/lockutils.py:524}}
Jul 03 11:50:48.371252 np0000004412 nova-conductor[98692]: DEBUG oslo_concurrency.lockutils [None req-9c57b6de-a387-4ea6-9dd6-a532000a2ba2 tempest-ServerActionsTestOtherA-1737975659 tempest-ServerActionsTestOtherA-1737975659-project-member] Lock "88bc6217-a92b-488b-b109-5683a42b773d" "released" by "nova.context.set_target_cell..get_or_set_cached_cell_and_set_connections" :: held 0.001s {{(pid=98692) inner /opt/stack/data/venv/lib/python3.12/site-packages/oslo_concurrency/lockutils.py:543}}
Jul 03 11:50:48.373692 np0000004412 nova-conductor[98692]: INFO dbcounter [None req-9c57b6de-a387-4ea6-9dd6-a532000a2ba2 tempest-ServerActionsTestOtherA-1737975659 tempest-ServerActionsTestOtherA-1737975659-project-member] Registered counter for database nova_cell1
Jul 03 11:50:48.416874 np0000004412 nova-conductor[98692]: DEBUG oslo_db.sqlalchemy.engines [None req-9c57b6de-a387-4ea6-9dd6-a532000a2ba2 tempest-ServerActionsTestOtherA-1737975659 tempest-ServerActionsTestOtherA-1737975659-project-member] MySQL server mode set to STRICT_TRANS_TABLES,STRICT_ALL_TABLES,NO_ZERO_IN_DATE,NO_ZERO_DATE,ERROR_FOR_DIVISION_BY_ZERO,TRADITIONAL,NO_ENGINE_SUBSTITUTION {{(pid=98692) _check_effective_sql_mode /opt/stack/data/venv/lib/python3.12/site-packages/oslo_db/sqlalchemy/engines.py:325}}
Jul 03 11:50:48.424247 np0000004412 nova-conductor[98692]: DEBUG dbcounter [-] [98692] Writer thread running {{(pid=98692) stat_writer /opt/stack/data/venv/lib/python3.12/site-packages/dbcounter.py:102}}
Jul 03 11:50:48.493888 np0000004412 nova-conductor[98692]: INFO nova.utils [None req-9c57b6de-a387-4ea6-9dd6-a532000a2ba2 tempest-ServerActionsTestOtherA-1737975659 tempest-ServerActionsTestOtherA-1737975659-project-member] The cell worker thread pool ForkProcess-1.cell_worker is initialized
Jul 03 11:50:48.494172 np0000004412 nova-conductor[98692]: DEBUG oslo_concurrency.lockutils [None req-9c57b6de-a387-4ea6-9dd6-a532000a2ba2 tempest-ServerActionsTestOtherA-1737975659 tempest-ServerActionsTestOtherA-1737975659-project-member] Acquiring lock "00000000-0000-0000-0000-000000000000" by "nova.context.set_target_cell..get_or_set_cached_cell_and_set_connections" {{(pid=98692) inner /opt/stack/data/venv/lib/python3.12/site-packages/oslo_concurrency/lockutils.py:511}}
Jul 03 11:50:48.494343 np0000004412 nova-conductor[98692]: DEBUG oslo_concurrency.lockutils [None req-9c57b6de-a387-4ea6-9dd6-a532000a2ba2 tempest-ServerActionsTestOtherA-1737975659 tempest-ServerActionsTestOtherA-1737975659-project-member] Lock "00000000-0000-0000-0000-000000000000" acquired by "nova.context.set_target_cell..get_or_set_cached_cell_and_set_connections" :: waited 0.000s {{(pid=98692) inner /opt/stack/data/venv/lib/python3.12/site-packages/oslo_concurrency/lockutils.py:524}}
Jul 03 11:50:48.494641 np0000004412 nova-conductor[98692]: DEBUG oslo_concurrency.lockutils [None req-9c57b6de-a387-4ea6-9dd6-a532000a2ba2 tempest-ServerActionsTestOtherA-1737975659 tempest-ServerActionsTestOtherA-1737975659-project-member] Lock "00000000-0000-0000-0000-000000000000" "released" by "nova.context.set_target_cell..get_or_set_cached_cell_and_set_connections" :: held 0.000s {{(pid=98692) inner /opt/stack/data/venv/lib/python3.12/site-packages/oslo_concurrency/lockutils.py:543}}
Jul 03 11:50:48.495306 np0000004412 nova-conductor[98692]: DEBUG oslo_concurrency.lockutils [None req-9c57b6de-a387-4ea6-9dd6-a532000a2ba2 tempest-ServerActionsTestOtherA-1737975659 tempest-ServerActionsTestOtherA-1737975659-project-member] Acquiring lock "88bc6217-a92b-488b-b109-5683a42b773d" by "nova.context.set_target_cell..get_or_set_cached_cell_and_set_connections" {{(pid=98692) inner /opt/stack/data/venv/lib/python3.12/site-packages/oslo_concurrency/lockutils.py:511}}
Jul 03 11:50:48.495439 np0000004412 nova-conductor[98692]: DEBUG oslo_concurrency.lockutils [None req-9c57b6de-a387-4ea6-9dd6-a532000a2ba2 tempest-ServerActionsTestOtherA-1737975659 tempest-ServerActionsTestOtherA-1737975659-project-member] Lock "88bc6217-a92b-488b-b109-5683a42b773d" acquired by "nova.context.set_target_cell..get_or_set_cached_cell_and_set_connections" :: waited 0.000s {{(pid=98692) inner /opt/stack/data/venv/lib/python3.12/site-packages/oslo_concurrency/lockutils.py:524}}
Jul 03 11:50:48.495554 np0000004412 nova-conductor[98692]: DEBUG oslo_concurrency.lockutils [None req-9c57b6de-a387-4ea6-9dd6-a532000a2ba2 tempest-ServerActionsTestOtherA-1737975659 tempest-ServerActionsTestOtherA-1737975659-project-member] Lock "88bc6217-a92b-488b-b109-5683a42b773d" "released" by "nova.context.set_target_cell..get_or_set_cached_cell_and_set_connections" :: held 0.000s {{(pid=98692) inner /opt/stack/data/venv/lib/python3.12/site-packages/oslo_concurrency/lockutils.py:543}}
Jul 03 11:50:48.497716 np0000004412 nova-conductor[98692]: INFO dbcounter [None req-9c57b6de-a387-4ea6-9dd6-a532000a2ba2 tempest-ServerActionsTestOtherA-1737975659 tempest-ServerActionsTestOtherA-1737975659-project-member] Registered counter for database nova_cell0
Jul 03 11:50:48.538671 np0000004412 nova-conductor[98692]: DEBUG oslo_db.sqlalchemy.engines [None req-9c57b6de-a387-4ea6-9dd6-a532000a2ba2 tempest-ServerActionsTestOtherA-1737975659 tempest-ServerActionsTestOtherA-1737975659-project-member] MySQL server mode set to STRICT_TRANS_TABLES,STRICT_ALL_TABLES,NO_ZERO_IN_DATE,NO_ZERO_DATE,ERROR_FOR_DIVISION_BY_ZERO,TRADITIONAL,NO_ENGINE_SUBSTITUTION {{(pid=98692) _check_effective_sql_mode /opt/stack/data/venv/lib/python3.12/site-packages/oslo_db/sqlalchemy/engines.py:325}}
Jul 03 11:50:48.545220 np0000004412 nova-conductor[98692]: DEBUG dbcounter [-] [98692] Writer thread running {{(pid=98692) stat_writer /opt/stack/data/venv/lib/python3.12/site-packages/dbcounter.py:102}}
Jul 03 11:50:48.553717 np0000004412 nova-conductor[98692]: DEBUG nova.quota [None req-9c57b6de-a387-4ea6-9dd6-a532000a2ba2 tempest-ServerActionsTestOtherA-1737975659 tempest-ServerActionsTestOtherA-1737975659-project-member] Getting quotas for project 45f6725c98cb4abbae61003b911a3c40. Resources: {'ram', 'instances', 'cores'} {{(pid=98692) _get_quotas /opt/stack/nova/nova/quota.py:389}}
Jul 03 11:50:48.558989 np0000004412 nova-conductor[98692]: DEBUG nova.quota [None req-9c57b6de-a387-4ea6-9dd6-a532000a2ba2 tempest-ServerActionsTestOtherA-1737975659 tempest-ServerActionsTestOtherA-1737975659-project-member] Getting quotas for user 2ac2e464c2cb47f0b819d8993ce2970c and project 45f6725c98cb4abbae61003b911a3c40. Resources: {'ram', 'instances', 'cores'} {{(pid=98692) _get_quotas /opt/stack/nova/nova/quota.py:379}}
Jul 03 11:50:48.568157 np0000004412 nova-conductor[98692]: DEBUG nova.conductor.manager [None req-9c57b6de-a387-4ea6-9dd6-a532000a2ba2 tempest-ServerActionsTestOtherA-1737975659 tempest-ServerActionsTestOtherA-1737975659-project-member] [instance: bcb8f345-6486-4e8e-a8c8-da3002c91954] Selected host: np0000004412; Selected node: np0000004412; Alternates: [] {{(pid=98692) schedule_and_build_instances /opt/stack/nova/nova/conductor/manager.py:1784}}
Jul 03 11:50:48.568742 np0000004412 nova-conductor[98692]: DEBUG oslo_concurrency.lockutils [None req-9c57b6de-a387-4ea6-9dd6-a532000a2ba2 tempest-ServerActionsTestOtherA-1737975659 tempest-ServerActionsTestOtherA-1737975659-project-member] Acquiring lock "88bc6217-a92b-488b-b109-5683a42b773d" by "nova.context.set_target_cell..get_or_set_cached_cell_and_set_connections" {{(pid=98692) inner /opt/stack/data/venv/lib/python3.12/site-packages/oslo_concurrency/lockutils.py:511}}
Jul 03 11:50:48.568950 np0000004412 nova-conductor[98692]: DEBUG oslo_concurrency.lockutils [None req-9c57b6de-a387-4ea6-9dd6-a532000a2ba2 tempest-ServerActionsTestOtherA-1737975659 tempest-ServerActionsTestOtherA-1737975659-project-member] Lock "88bc6217-a92b-488b-b109-5683a42b773d" acquired by "nova.context.set_target_cell..get_or_set_cached_cell_and_set_connections" :: waited 0.000s {{(pid=98692) inner /opt/stack/data/venv/lib/python3.12/site-packages/oslo_concurrency/lockutils.py:524}}
Jul 03 11:50:48.569106 np0000004412 nova-conductor[98692]: DEBUG oslo_concurrency.lockutils [None req-9c57b6de-a387-4ea6-9dd6-a532000a2ba2 tempest-ServerActionsTestOtherA-1737975659 tempest-ServerActionsTestOtherA-1737975659-project-member] Lock "88bc6217-a92b-488b-b109-5683a42b773d" "released" by "nova.context.set_target_cell..get_or_set_cached_cell_and_set_connections" :: held 0.000s {{(pid=98692) inner /opt/stack/data/venv/lib/python3.12/site-packages/oslo_concurrency/lockutils.py:543}}
Jul 03 11:50:48.582745 np0000004412 nova-conductor[98692]: DEBUG nova.conductor.manager [None req-9c57b6de-a387-4ea6-9dd6-a532000a2ba2 tempest-ServerActionsTestOtherA-1737975659 tempest-ServerActionsTestOtherA-1737975659-project-member] [instance: bcb8f345-6486-4e8e-a8c8-da3002c91954] block_device_mapping [BlockDeviceMapping(attachment_id=,boot_index=0,connection_info=None,created_at=,delete_on_termination=True,deleted=,deleted_at=,destination_type='local',device_name=None,device_type='disk',disk_bus=None,encrypted=False,encryption_format=None,encryption_options=None,encryption_secret_uuid=None,guest_format=None,id=,image_id='48389348-8e68-44a0-83ba-4923d2555ea9',instance=,instance_uuid=,no_device=False,snapshot_id=None,source_type='image',tag=None,updated_at=,uuid=,volume_id=None,volume_size=None,volume_type=None)] {{(pid=98692) _create_block_device_mapping /opt/stack/nova/nova/conductor/manager.py:1529}}
Jul 03 11:50:48.584121 np0000004412 nova-conductor[98692]: DEBUG oslo_concurrency.lockutils [None req-9c57b6de-a387-4ea6-9dd6-a532000a2ba2 tempest-ServerActionsTestOtherA-1737975659 tempest-ServerActionsTestOtherA-1737975659-project-member] Acquiring lock "88bc6217-a92b-488b-b109-5683a42b773d" by "nova.context.set_target_cell..get_or_set_cached_cell_and_set_connections" {{(pid=98692) inner /opt/stack/data/venv/lib/python3.12/site-packages/oslo_concurrency/lockutils.py:511}}
Jul 03 11:50:48.584338 np0000004412 nova-conductor[98692]: DEBUG oslo_concurrency.lockutils [None req-9c57b6de-a387-4ea6-9dd6-a532000a2ba2 tempest-ServerActionsTestOtherA-1737975659 tempest-ServerActionsTestOtherA-1737975659-project-member] Lock "88bc6217-a92b-488b-b109-5683a42b773d" acquired by "nova.context.set_target_cell..get_or_set_cached_cell_and_set_connections" :: waited 0.000s {{(pid=98692) inner /opt/stack/data/venv/lib/python3.12/site-packages/oslo_concurrency/lockutils.py:524}}
Jul 03 11:50:48.584523 np0000004412 nova-conductor[98692]: DEBUG oslo_concurrency.lockutils [None req-9c57b6de-a387-4ea6-9dd6-a532000a2ba2 tempest-ServerActionsTestOtherA-1737975659 tempest-ServerActionsTestOtherA-1737975659-project-member] Lock "88bc6217-a92b-488b-b109-5683a42b773d" "released" by "nova.context.set_target_cell..get_or_set_cached_cell_and_set_connections" :: held 0.000s {{(pid=98692) inner /opt/stack/data/venv/lib/python3.12/site-packages/oslo_concurrency/lockutils.py:543}}
Jul 03 11:50:48.628224 np0000004412 nova-conductor[98692]: DEBUG oslo_concurrency.lockutils [None req-9c57b6de-a387-4ea6-9dd6-a532000a2ba2 tempest-ServerActionsTestOtherA-1737975659 tempest-ServerActionsTestOtherA-1737975659-project-member] Acquiring lock "88bc6217-a92b-488b-b109-5683a42b773d" by "nova.context.set_target_cell..get_or_set_cached_cell_and_set_connections" {{(pid=98692) inner /opt/stack/data/venv/lib/python3.12/site-packages/oslo_concurrency/lockutils.py:511}}
Jul 03 11:50:48.628453 np0000004412 nova-conductor[98692]: DEBUG oslo_concurrency.lockutils [None req-9c57b6de-a387-4ea6-9dd6-a532000a2ba2 tempest-ServerActionsTestOtherA-1737975659 tempest-ServerActionsTestOtherA-1737975659-project-member] Lock "88bc6217-a92b-488b-b109-5683a42b773d" acquired by "nova.context.set_target_cell..get_or_set_cached_cell_and_set_connections" :: waited 0.000s {{(pid=98692) inner /opt/stack/data/venv/lib/python3.12/site-packages/oslo_concurrency/lockutils.py:524}}
Jul 03 11:50:48.628605 np0000004412 nova-conductor[98692]: DEBUG oslo_concurrency.lockutils [None req-9c57b6de-a387-4ea6-9dd6-a532000a2ba2 tempest-ServerActionsTestOtherA-1737975659 tempest-ServerActionsTestOtherA-1737975659-project-member] Lock "88bc6217-a92b-488b-b109-5683a42b773d" "released" by "nova.context.set_target_cell..get_or_set_cached_cell_and_set_connections" :: held 0.000s {{(pid=98692) inner /opt/stack/data/venv/lib/python3.12/site-packages/oslo_concurrency/lockutils.py:543}}
Jul 03 11:50:48.628843 np0000004412 nova-conductor[98692]: DEBUG oslo_concurrency.lockutils [None req-9c57b6de-a387-4ea6-9dd6-a532000a2ba2 tempest-ServerActionsTestOtherA-1737975659 tempest-ServerActionsTestOtherA-1737975659-project-member] Acquiring lock "compute-rpcapi-router" {{(pid=98692) lock /opt/stack/data/venv/lib/python3.12/site-packages/oslo_concurrency/lockutils.py:395}}
