Jun 25 04:38:24.325040 np0000003587 nova-scheduler[96317]: DEBUG cotyledon.oslo_config_glue [-] profiler.es_doc_type = notification {{(pid=96317) log_opt_values /opt/stack/data/venv/lib/python3.12/site-packages/oslo_config/cfg.py:3253}}
Jun 25 04:38:24.325040 np0000003587 nova-scheduler[96317]: DEBUG cotyledon.oslo_config_glue [-] profiler.es_scroll_size = 10000 {{(pid=96317) log_opt_values /opt/stack/data/venv/lib/python3.12/site-packages/oslo_config/cfg.py:3253}}
Jun 25 04:38:24.325040 np0000003587 nova-scheduler[96317]: DEBUG cotyledon.oslo_config_glue [-] profiler.es_scroll_time = 2m {{(pid=96317) log_opt_values /opt/stack/data/venv/lib/python3.12/site-packages/oslo_config/cfg.py:3253}}
Jun 25 04:38:24.325040 np0000003587 nova-scheduler[96317]: DEBUG cotyledon.oslo_config_glue [-] profiler.filter_error_trace = False {{(pid=96317) log_opt_values /opt/stack/data/venv/lib/python3.12/site-packages/oslo_config/cfg.py:3253}}
Jun 25 04:38:24.325040 np0000003587 nova-scheduler[96317]: DEBUG cotyledon.oslo_config_glue [-] profiler.hmac_keys = **** {{(pid=96317) log_opt_values /opt/stack/data/venv/lib/python3.12/site-packages/oslo_config/cfg.py:3253}}
Jun 25 04:38:24.325040 np0000003587 nova-scheduler[96317]: DEBUG cotyledon.oslo_config_glue [-] profiler.sentinel_service_name = mymaster {{(pid=96317) log_opt_values /opt/stack/data/venv/lib/python3.12/site-packages/oslo_config/cfg.py:3253}}
Jun 25 04:38:24.325040 np0000003587 nova-scheduler[96317]: DEBUG cotyledon.oslo_config_glue [-] profiler.socket_timeout = 0.1 {{(pid=96317) log_opt_values /opt/stack/data/venv/lib/python3.12/site-packages/oslo_config/cfg.py:3253}}
Jun 25 04:38:24.325040 np0000003587 nova-scheduler[96317]: DEBUG cotyledon.oslo_config_glue [-] profiler.trace_requests = False {{(pid=96317) log_opt_values /opt/stack/data/venv/lib/python3.12/site-packages/oslo_config/cfg.py:3253}}
Jun 25 04:38:24.325316 np0000003587 nova-scheduler[96317]: DEBUG cotyledon.oslo_config_glue [-] profiler.trace_sqlalchemy = False {{(pid=96317) log_opt_values /opt/stack/data/venv/lib/python3.12/site-packages/oslo_config/cfg.py:3253}}
Jun 25 04:38:24.325316 np0000003587 nova-scheduler[96317]: DEBUG cotyledon.oslo_config_glue [-] profiler_jaeger.process_tags = {} {{(pid=96317) log_opt_values /opt/stack/data/venv/lib/python3.12/site-packages/oslo_config/cfg.py:3253}}
Jun 25 04:38:24.325316 np0000003587 nova-scheduler[96317]: DEBUG cotyledon.oslo_config_glue [-] profiler_jaeger.service_name_prefix = None {{(pid=96317) log_opt_values /opt/stack/data/venv/lib/python3.12/site-packages/oslo_config/cfg.py:3253}}
Jun 25 04:38:24.325316 np0000003587 nova-scheduler[96317]: DEBUG cotyledon.oslo_config_glue [-] profiler_otlp.service_name_prefix = None {{(pid=96317) log_opt_values /opt/stack/data/venv/lib/python3.12/site-packages/oslo_config/cfg.py:3253}}
Jun 25 04:38:24.325316 np0000003587 nova-scheduler[96317]: DEBUG cotyledon.oslo_config_glue [-] oslo_messaging_rabbit.amqp_auto_delete = False {{(pid=96317) log_opt_values /opt/stack/data/venv/lib/python3.12/site-packages/oslo_config/cfg.py:3253}}
Jun 25 04:38:24.325316 np0000003587 nova-scheduler[96317]: DEBUG cotyledon.oslo_config_glue [-] oslo_messaging_rabbit.amqp_durable_queues = False {{(pid=96317) log_opt_values /opt/stack/data/venv/lib/python3.12/site-packages/oslo_config/cfg.py:3253}}
Jun 25 04:38:24.325316 np0000003587 nova-scheduler[96317]: DEBUG cotyledon.oslo_config_glue [-] oslo_messaging_rabbit.conn_pool_min_size = 2 {{(pid=96317) log_opt_values /opt/stack/data/venv/lib/python3.12/site-packages/oslo_config/cfg.py:3253}}
Jun 25 04:38:24.325316 np0000003587 nova-scheduler[96317]: DEBUG cotyledon.oslo_config_glue [-] oslo_messaging_rabbit.conn_pool_ttl = 1200 {{(pid=96317) log_opt_values /opt/stack/data/venv/lib/python3.12/site-packages/oslo_config/cfg.py:3253}}
Jun 25 04:38:24.325316 np0000003587 nova-scheduler[96317]: DEBUG cotyledon.oslo_config_glue [-] oslo_messaging_rabbit.direct_mandatory_flag = True {{(pid=96317) log_opt_values /opt/stack/data/venv/lib/python3.12/site-packages/oslo_config/cfg.py:3253}}
Jun 25 04:38:24.325684 np0000003587 nova-scheduler[96317]: DEBUG cotyledon.oslo_config_glue [-] oslo_messaging_rabbit.enable_cancel_on_failover = False {{(pid=96317) log_opt_values /opt/stack/data/venv/lib/python3.12/site-packages/oslo_config/cfg.py:3253}}
Jun 25 04:38:24.325684 np0000003587 nova-scheduler[96317]: DEBUG cotyledon.oslo_config_glue [-] oslo_messaging_rabbit.heartbeat_rate = 3 {{(pid=96317) log_opt_values /opt/stack/data/venv/lib/python3.12/site-packages/oslo_config/cfg.py:3253}}
Jun 25 04:38:24.325684 np0000003587 nova-scheduler[96317]: DEBUG cotyledon.oslo_config_glue [-] oslo_messaging_rabbit.heartbeat_timeout_threshold = 60 {{(pid=96317) log_opt_values /opt/stack/data/venv/lib/python3.12/site-packages/oslo_config/cfg.py:3253}}
Jun 25 04:38:24.325684 np0000003587 nova-scheduler[96317]: DEBUG cotyledon.oslo_config_glue [-] oslo_messaging_rabbit.hostname = np0000003587 {{(pid=96317) log_opt_values /opt/stack/data/venv/lib/python3.12/site-packages/oslo_config/cfg.py:3253}}
Jun 25 04:38:24.325684 np0000003587 nova-scheduler[96317]: DEBUG cotyledon.oslo_config_glue [-] oslo_messaging_rabbit.kombu_compression = None {{(pid=96317) log_opt_values /opt/stack/data/venv/lib/python3.12/site-packages/oslo_config/cfg.py:3253}}
Jun 25 04:38:24.325684 np0000003587 nova-scheduler[96317]: DEBUG cotyledon.oslo_config_glue [-] oslo_messaging_rabbit.kombu_failover_strategy = round-robin {{(pid=96317) log_opt_values /opt/stack/data/venv/lib/python3.12/site-packages/oslo_config/cfg.py:3253}}
Jun 25 04:38:24.325684 np0000003587 nova-scheduler[96317]: DEBUG cotyledon.oslo_config_glue [-] oslo_messaging_rabbit.kombu_missing_consumer_retry_timeout = 60 {{(pid=96317) log_opt_values /opt/stack/data/venv/lib/python3.12/site-packages/oslo_config/cfg.py:3253}}
Jun 25 04:38:24.325684 np0000003587 nova-scheduler[96317]: DEBUG cotyledon.oslo_config_glue [-] oslo_messaging_rabbit.kombu_reconnect_delay = 1.0 {{(pid=96317) log_opt_values /opt/stack/data/venv/lib/python3.12/site-packages/oslo_config/cfg.py:3253}}
Jun 25 04:38:24.325684 np0000003587 nova-scheduler[96317]: DEBUG cotyledon.oslo_config_glue [-] oslo_messaging_rabbit.kombu_reconnect_splay = 0.0 {{(pid=96317) log_opt_values /opt/stack/data/venv/lib/python3.12/site-packages/oslo_config/cfg.py:3253}}
Jun 25 04:38:24.325961 np0000003587 nova-scheduler[96317]: DEBUG cotyledon.oslo_config_glue [-] oslo_messaging_rabbit.processname = nova-scheduler {{(pid=96317) log_opt_values /opt/stack/data/venv/lib/python3.12/site-packages/oslo_config/cfg.py:3253}}
Jun 25 04:38:24.325961 np0000003587 nova-scheduler[96317]: DEBUG cotyledon.oslo_config_glue [-] oslo_messaging_rabbit.rabbit_ha_queues = False {{(pid=96317) log_opt_values /opt/stack/data/venv/lib/python3.12/site-packages/oslo_config/cfg.py:3253}}
Jun 25 04:38:24.325961 np0000003587 nova-scheduler[96317]: DEBUG cotyledon.oslo_config_glue [-] oslo_messaging_rabbit.rabbit_interval_max = 30 {{(pid=96317) log_opt_values /opt/stack/data/venv/lib/python3.12/site-packages/oslo_config/cfg.py:3253}}
Jun 25 04:38:24.325961 np0000003587 nova-scheduler[96317]: DEBUG cotyledon.oslo_config_glue [-] oslo_messaging_rabbit.rabbit_login_method = AMQPLAIN {{(pid=96317) log_opt_values /opt/stack/data/venv/lib/python3.12/site-packages/oslo_config/cfg.py:3253}}
Jun 25 04:38:24.325961 np0000003587 nova-scheduler[96317]: DEBUG cotyledon.oslo_config_glue [-] oslo_messaging_rabbit.rabbit_qos_prefetch_count = 0 {{(pid=96317) log_opt_values /opt/stack/data/venv/lib/python3.12/site-packages/oslo_config/cfg.py:3253}}
Jun 25 04:38:24.325961 np0000003587 nova-scheduler[96317]: DEBUG cotyledon.oslo_config_glue [-] oslo_messaging_rabbit.rabbit_quorum_delivery_limit = 0 {{(pid=96317) log_opt_values /opt/stack/data/venv/lib/python3.12/site-packages/oslo_config/cfg.py:3253}}
Jun 25 04:38:24.325961 np0000003587 nova-scheduler[96317]: DEBUG cotyledon.oslo_config_glue [-] oslo_messaging_rabbit.rabbit_quorum_max_memory_bytes = 0 {{(pid=96317) log_opt_values /opt/stack/data/venv/lib/python3.12/site-packages/oslo_config/cfg.py:3253}}
Jun 25 04:38:24.325961 np0000003587 nova-scheduler[96317]: DEBUG cotyledon.oslo_config_glue [-] oslo_messaging_rabbit.rabbit_quorum_max_memory_length = 0 {{(pid=96317) log_opt_values /opt/stack/data/venv/lib/python3.12/site-packages/oslo_config/cfg.py:3253}}
Jun 25 04:38:24.325961 np0000003587 nova-scheduler[96317]: DEBUG cotyledon.oslo_config_glue [-] oslo_messaging_rabbit.rabbit_quorum_queue = False {{(pid=96317) log_opt_values /opt/stack/data/venv/lib/python3.12/site-packages/oslo_config/cfg.py:3253}}
Jun 25 04:38:24.326216 np0000003587 nova-scheduler[96317]: DEBUG cotyledon.oslo_config_glue [-] oslo_messaging_rabbit.rabbit_retry_backoff = 2 {{(pid=96317) log_opt_values /opt/stack/data/venv/lib/python3.12/site-packages/oslo_config/cfg.py:3253}}
Jun 25 04:38:24.326216 np0000003587 nova-scheduler[96317]: DEBUG cotyledon.oslo_config_glue [-] oslo_messaging_rabbit.rabbit_retry_interval = 1 {{(pid=96317) log_opt_values /opt/stack/data/venv/lib/python3.12/site-packages/oslo_config/cfg.py:3253}}
Jun 25 04:38:24.326216 np0000003587 nova-scheduler[96317]: DEBUG cotyledon.oslo_config_glue [-] oslo_messaging_rabbit.rabbit_stream_fanout = False {{(pid=96317) log_opt_values /opt/stack/data/venv/lib/python3.12/site-packages/oslo_config/cfg.py:3253}}
Jun 25 04:38:24.326216 np0000003587 nova-scheduler[96317]: DEBUG cotyledon.oslo_config_glue [-] oslo_messaging_rabbit.rabbit_transient_queues_ttl = 1800 {{(pid=96317) log_opt_values /opt/stack/data/venv/lib/python3.12/site-packages/oslo_config/cfg.py:3253}}
Jun 25 04:38:24.326216 np0000003587 nova-scheduler[96317]: DEBUG cotyledon.oslo_config_glue [-] oslo_messaging_rabbit.rabbit_transient_quorum_queue = False {{(pid=96317) log_opt_values /opt/stack/data/venv/lib/python3.12/site-packages/oslo_config/cfg.py:3253}}
Jun 25 04:38:24.326216 np0000003587 nova-scheduler[96317]: DEBUG cotyledon.oslo_config_glue [-] oslo_messaging_rabbit.rpc_conn_pool_size = 30 {{(pid=96317) log_opt_values /opt/stack/data/venv/lib/python3.12/site-packages/oslo_config/cfg.py:3253}}
Jun 25 04:38:24.326216 np0000003587 nova-scheduler[96317]: DEBUG cotyledon.oslo_config_glue [-] oslo_messaging_rabbit.ssl = False {{(pid=96317) log_opt_values /opt/stack/data/venv/lib/python3.12/site-packages/oslo_config/cfg.py:3253}}
Jun 25 04:38:24.326216 np0000003587 nova-scheduler[96317]: DEBUG cotyledon.oslo_config_glue [-] oslo_messaging_rabbit.ssl_ca_file = {{(pid=96317) log_opt_values /opt/stack/data/venv/lib/python3.12/site-packages/oslo_config/cfg.py:3253}}
Jun 25 04:38:24.326216 np0000003587 nova-scheduler[96317]: DEBUG cotyledon.oslo_config_glue [-] oslo_messaging_rabbit.ssl_cert_file = {{(pid=96317) log_opt_values /opt/stack/data/venv/lib/python3.12/site-packages/oslo_config/cfg.py:3253}}
Jun 25 04:38:24.326529 np0000003587 nova-scheduler[96317]: DEBUG cotyledon.oslo_config_glue [-] oslo_messaging_rabbit.ssl_enforce_fips_mode = False {{(pid=96317) log_opt_values /opt/stack/data/venv/lib/python3.12/site-packages/oslo_config/cfg.py:3253}}
Jun 25 04:38:24.326529 np0000003587 nova-scheduler[96317]: DEBUG cotyledon.oslo_config_glue [-] oslo_messaging_rabbit.ssl_enforce_hostname_verification = True {{(pid=96317) log_opt_values /opt/stack/data/venv/lib/python3.12/site-packages/oslo_config/cfg.py:3253}}
Jun 25 04:38:24.326529 np0000003587 nova-scheduler[96317]: DEBUG cotyledon.oslo_config_glue [-] oslo_messaging_rabbit.ssl_key_file = {{(pid=96317) log_opt_values /opt/stack/data/venv/lib/python3.12/site-packages/oslo_config/cfg.py:3253}}
Jun 25 04:38:24.326529 np0000003587 nova-scheduler[96317]: DEBUG cotyledon.oslo_config_glue [-] oslo_messaging_rabbit.ssl_version = {{(pid=96317) log_opt_values /opt/stack/data/venv/lib/python3.12/site-packages/oslo_config/cfg.py:3253}}
Jun 25 04:38:24.326529 np0000003587 nova-scheduler[96317]: DEBUG cotyledon.oslo_config_glue [-] oslo_messaging_rabbit.use_queue_manager = False {{(pid=96317) log_opt_values /opt/stack/data/venv/lib/python3.12/site-packages/oslo_config/cfg.py:3253}}
Jun 25 04:38:24.326529 np0000003587 nova-scheduler[96317]: DEBUG cotyledon.oslo_config_glue [-] oslo_messaging_notifications.driver = ['messagingv2'] {{(pid=96317) log_opt_values /opt/stack/data/venv/lib/python3.12/site-packages/oslo_config/cfg.py:3253}}
Jun 25 04:38:24.326529 np0000003587 nova-scheduler[96317]: DEBUG cotyledon.oslo_config_glue [-] oslo_messaging_notifications.retry = -1 {{(pid=96317) log_opt_values /opt/stack/data/venv/lib/python3.12/site-packages/oslo_config/cfg.py:3253}}
Jun 25 04:38:24.326529 np0000003587 nova-scheduler[96317]: DEBUG cotyledon.oslo_config_glue [-] oslo_messaging_notifications.topics = ['notifications'] {{(pid=96317) log_opt_values /opt/stack/data/venv/lib/python3.12/site-packages/oslo_config/cfg.py:3253}}
Jun 25 04:38:24.326529 np0000003587 nova-scheduler[96317]: DEBUG cotyledon.oslo_config_glue [-] oslo_messaging_notifications.transport_url = **** {{(pid=96317) log_opt_values /opt/stack/data/venv/lib/python3.12/site-packages/oslo_config/cfg.py:3253}}
Jun 25 04:38:24.326839 np0000003587 nova-scheduler[96317]: DEBUG cotyledon.oslo_config_glue [-] oslo_limit.auth_section = None {{(pid=96317) log_opt_values /opt/stack/data/venv/lib/python3.12/site-packages/oslo_config/cfg.py:3253}}
Jun 25 04:38:24.326839 np0000003587 nova-scheduler[96317]: DEBUG cotyledon.oslo_config_glue [-] oslo_limit.auth_type = None {{(pid=96317) log_opt_values /opt/stack/data/venv/lib/python3.12/site-packages/oslo_config/cfg.py:3253}}
Jun 25 04:38:24.326839 np0000003587 nova-scheduler[96317]: DEBUG cotyledon.oslo_config_glue [-] oslo_limit.cafile = None {{(pid=96317) log_opt_values /opt/stack/data/venv/lib/python3.12/site-packages/oslo_config/cfg.py:3253}}
Jun 25 04:38:24.326839 np0000003587 nova-scheduler[96317]: DEBUG cotyledon.oslo_config_glue [-] oslo_limit.certfile = None {{(pid=96317) log_opt_values /opt/stack/data/venv/lib/python3.12/site-packages/oslo_config/cfg.py:3253}}
Jun 25 04:38:24.326839 np0000003587 nova-scheduler[96317]: DEBUG cotyledon.oslo_config_glue [-] oslo_limit.collect_timing = False {{(pid=96317) log_opt_values /opt/stack/data/venv/lib/python3.12/site-packages/oslo_config/cfg.py:3253}}
Jun 25 04:38:24.326839 np0000003587 nova-scheduler[96317]: DEBUG cotyledon.oslo_config_glue [-] oslo_limit.connect_retries = None {{(pid=96317) log_opt_values /opt/stack/data/venv/lib/python3.12/site-packages/oslo_config/cfg.py:3253}}
Jun 25 04:38:24.326839 np0000003587 nova-scheduler[96317]: DEBUG cotyledon.oslo_config_glue [-] oslo_limit.connect_retry_delay = None {{(pid=96317) log_opt_values /opt/stack/data/venv/lib/python3.12/site-packages/oslo_config/cfg.py:3253}}
Jun 25 04:38:24.326839 np0000003587 nova-scheduler[96317]: DEBUG cotyledon.oslo_config_glue [-] oslo_limit.endpoint_id = None {{(pid=96317) log_opt_values /opt/stack/data/venv/lib/python3.12/site-packages/oslo_config/cfg.py:3253}}
Jun 25 04:38:24.326839 np0000003587 nova-scheduler[96317]: DEBUG cotyledon.oslo_config_glue [-] oslo_limit.endpoint_interface = public {{(pid=96317) log_opt_values /opt/stack/data/venv/lib/python3.12/site-packages/oslo_config/cfg.py:3253}}
Jun 25 04:38:24.327096 np0000003587 nova-scheduler[96317]: DEBUG cotyledon.oslo_config_glue [-] oslo_limit.endpoint_override = None {{(pid=96317) log_opt_values /opt/stack/data/venv/lib/python3.12/site-packages/oslo_config/cfg.py:3253}}
Jun 25 04:38:24.327096 np0000003587 nova-scheduler[96317]: DEBUG cotyledon.oslo_config_glue [-] oslo_limit.endpoint_region_name = None {{(pid=96317) log_opt_values /opt/stack/data/venv/lib/python3.12/site-packages/oslo_config/cfg.py:3253}}
Jun 25 04:38:24.327096 np0000003587 nova-scheduler[96317]: DEBUG cotyledon.oslo_config_glue [-] oslo_limit.endpoint_service_name = None {{(pid=96317) log_opt_values /opt/stack/data/venv/lib/python3.12/site-packages/oslo_config/cfg.py:3253}}
Jun 25 04:38:24.327096 np0000003587 nova-scheduler[96317]: DEBUG cotyledon.oslo_config_glue [-] oslo_limit.endpoint_service_type = None {{(pid=96317) log_opt_values /opt/stack/data/venv/lib/python3.12/site-packages/oslo_config/cfg.py:3253}}
Jun 25 04:38:24.327096 np0000003587 nova-scheduler[96317]: DEBUG cotyledon.oslo_config_glue [-] oslo_limit.insecure = False {{(pid=96317) log_opt_values /opt/stack/data/venv/lib/python3.12/site-packages/oslo_config/cfg.py:3253}}
Jun 25 04:38:24.327096 np0000003587 nova-scheduler[96317]: DEBUG cotyledon.oslo_config_glue [-] oslo_limit.keyfile = None {{(pid=96317) log_opt_values /opt/stack/data/venv/lib/python3.12/site-packages/oslo_config/cfg.py:3253}}
Jun 25 04:38:24.327096 np0000003587 nova-scheduler[96317]: DEBUG cotyledon.oslo_config_glue [-] oslo_limit.max_version = None {{(pid=96317) log_opt_values /opt/stack/data/venv/lib/python3.12/site-packages/oslo_config/cfg.py:3253}}
Jun 25 04:38:24.327096 np0000003587 nova-scheduler[96317]: DEBUG cotyledon.oslo_config_glue [-] oslo_limit.min_version = None {{(pid=96317) log_opt_values /opt/stack/data/venv/lib/python3.12/site-packages/oslo_config/cfg.py:3253}}
Jun 25 04:38:24.327096 np0000003587 nova-scheduler[96317]: DEBUG cotyledon.oslo_config_glue [-] oslo_limit.region_name = None {{(pid=96317) log_opt_values /opt/stack/data/venv/lib/python3.12/site-packages/oslo_config/cfg.py:3253}}
Jun 25 04:38:24.327363 np0000003587 nova-scheduler[96317]: DEBUG cotyledon.oslo_config_glue [-] oslo_limit.retriable_status_codes = None {{(pid=96317) log_opt_values /opt/stack/data/venv/lib/python3.12/site-packages/oslo_config/cfg.py:3253}}
Jun 25 04:38:24.327363 np0000003587 nova-scheduler[96317]: DEBUG cotyledon.oslo_config_glue [-] oslo_limit.service_name = None {{(pid=96317) log_opt_values /opt/stack/data/venv/lib/python3.12/site-packages/oslo_config/cfg.py:3253}}
Jun 25 04:38:24.327363 np0000003587 nova-scheduler[96317]: DEBUG cotyledon.oslo_config_glue [-] oslo_limit.service_type = None {{(pid=96317) log_opt_values /opt/stack/data/venv/lib/python3.12/site-packages/oslo_config/cfg.py:3253}}
Jun 25 04:38:24.327363 np0000003587 nova-scheduler[96317]: DEBUG cotyledon.oslo_config_glue [-] oslo_limit.split_loggers = False {{(pid=96317) log_opt_values /opt/stack/data/venv/lib/python3.12/site-packages/oslo_config/cfg.py:3253}}
Jun 25 04:38:24.327363 np0000003587 nova-scheduler[96317]: DEBUG cotyledon.oslo_config_glue [-] oslo_limit.status_code_retries = None {{(pid=96317) log_opt_values /opt/stack/data/venv/lib/python3.12/site-packages/oslo_config/cfg.py:3253}}
Jun 25 04:38:24.327363 np0000003587 nova-scheduler[96317]: DEBUG cotyledon.oslo_config_glue [-] oslo_limit.status_code_retry_delay = None {{(pid=96317) log_opt_values /opt/stack/data/venv/lib/python3.12/site-packages/oslo_config/cfg.py:3253}}
Jun 25 04:38:24.327363 np0000003587 nova-scheduler[96317]: DEBUG cotyledon.oslo_config_glue [-] oslo_limit.timeout = None {{(pid=96317) log_opt_values /opt/stack/data/venv/lib/python3.12/site-packages/oslo_config/cfg.py:3253}}
Jun 25 04:38:24.327363 np0000003587 nova-scheduler[96317]: DEBUG cotyledon.oslo_config_glue [-] oslo_limit.valid_interfaces = None {{(pid=96317) log_opt_values /opt/stack/data/venv/lib/python3.12/site-packages/oslo_config/cfg.py:3253}}
Jun 25 04:38:24.327363 np0000003587 nova-scheduler[96317]: DEBUG cotyledon.oslo_config_glue [-] oslo_limit.version = None {{(pid=96317) log_opt_values /opt/stack/data/venv/lib/python3.12/site-packages/oslo_config/cfg.py:3253}}
Jun 25 04:38:24.327659 np0000003587 nova-scheduler[96317]: DEBUG cotyledon.oslo_config_glue [-] oslo_reports.file_event_handler = None {{(pid=96317) log_opt_values /opt/stack/data/venv/lib/python3.12/site-packages/oslo_config/cfg.py:3253}}
Jun 25 04:38:24.327659 np0000003587 nova-scheduler[96317]: DEBUG cotyledon.oslo_config_glue [-] oslo_reports.file_event_handler_interval = 1 {{(pid=96317) log_opt_values /opt/stack/data/venv/lib/python3.12/site-packages/oslo_config/cfg.py:3253}}
Jun 25 04:38:24.327659 np0000003587 nova-scheduler[96317]: DEBUG cotyledon.oslo_config_glue [-] oslo_reports.log_dir = None {{(pid=96317) log_opt_values /opt/stack/data/venv/lib/python3.12/site-packages/oslo_config/cfg.py:3253}}
Jun 25 04:38:24.327659 np0000003587 nova-scheduler[96317]: DEBUG cotyledon.oslo_config_glue [-] ******************************************************************************** {{(pid=96317) log_opt_values /opt/stack/data/venv/lib/python3.12/site-packages/oslo_config/cfg.py:3260}}
Jun 25 04:38:24.327659 np0000003587 nova-scheduler[96317]: DEBUG cotyledon._service_worker [-] Run service ServiceWrapper(3) [96317] {{(pid=96317) wait_forever /opt/stack/data/venv/lib/python3.12/site-packages/cotyledon/_service_worker.py:218}}
Jun 25 04:38:24.327659 np0000003587 nova-scheduler[96317]: INFO nova.service [-] Starting scheduler node (version 33.1.0)
Jun 25 04:38:24.327897 np0000003587 nova-scheduler[96269]: DEBUG dbcounter [-] [96269] Writer thread running {{(pid=96269) stat_writer /opt/stack/data/venv/lib/python3.12/site-packages/dbcounter.py:102}}
Jun 25 04:38:24.327943 np0000003587 nova-scheduler[96317]: INFO dbcounter [None req-d32016e4-06df-4982-818e-963bac21847e None None] Registered counter for database nova_cell0
Jun 25 04:38:24.327983 np0000003587 nova-scheduler[96271]: DEBUG oslo_db.sqlalchemy.engines [None req-6f9bbcb1-d38f-4e6a-a121-dac6f0593cd9 None None] MySQL server mode set to STRICT_TRANS_TABLES,STRICT_ALL_TABLES,NO_ZERO_IN_DATE,NO_ZERO_DATE,ERROR_FOR_DIVISION_BY_ZERO,TRADITIONAL,NO_ENGINE_SUBSTITUTION {{(pid=96271) _check_effective_sql_mode /opt/stack/data/venv/lib/python3.12/site-packages/oslo_db/sqlalchemy/engines.py:325}}
Jun 25 04:38:24.327983 np0000003587 nova-scheduler[96271]: DEBUG dbcounter [-] [96271] Writer thread running {{(pid=96271) stat_writer /opt/stack/data/venv/lib/python3.12/site-packages/dbcounter.py:102}}
Jun 25 04:38:24.328049 np0000003587 nova-scheduler[96292]: DEBUG oslo_db.sqlalchemy.engines [None req-37b24905-2a60-4824-9a47-947bc0355aaf None None] MySQL server mode set to STRICT_TRANS_TABLES,STRICT_ALL_TABLES,NO_ZERO_IN_DATE,NO_ZERO_DATE,ERROR_FOR_DIVISION_BY_ZERO,TRADITIONAL,NO_ENGINE_SUBSTITUTION {{(pid=96292) _check_effective_sql_mode /opt/stack/data/venv/lib/python3.12/site-packages/oslo_db/sqlalchemy/engines.py:325}}
Jun 25 04:38:24.328095 np0000003587 nova-scheduler[96269]: DEBUG nova.service [None req-a9407c80-a5c0-4882-91e4-c0f720cdc0f6 None None] Creating RPC server for service: nova-scheduler on topic: scheduler {{(pid=96269) start /opt/stack/nova/nova/service.py:196}}
Jun 25 04:38:24.328131 np0000003587 nova-scheduler[96292]: DEBUG dbcounter [-] [96292] Writer thread running {{(pid=96292) stat_writer /opt/stack/data/venv/lib/python3.12/site-packages/dbcounter.py:102}}
Jun 25 04:38:24.328131 np0000003587 nova-scheduler[96292]: DEBUG nova.service [None req-37b24905-2a60-4824-9a47-947bc0355aaf None None] Creating RPC server for service: nova-scheduler on topic: scheduler {{(pid=96292) start /opt/stack/nova/nova/service.py:196}}
Jun 25 04:38:24.328199 np0000003587 nova-scheduler[96271]: DEBUG nova.service [None req-6f9bbcb1-d38f-4e6a-a121-dac6f0593cd9 None None] Creating RPC server for service: nova-scheduler on topic: scheduler {{(pid=96271) start /opt/stack/nova/nova/service.py:196}}
Jun 25 04:38:24.341240 np0000003587 nova-scheduler[96317]: DEBUG oslo_db.sqlalchemy.engines [None req-d32016e4-06df-4982-818e-963bac21847e None None] MySQL server mode set to STRICT_TRANS_TABLES,STRICT_ALL_TABLES,NO_ZERO_IN_DATE,NO_ZERO_DATE,ERROR_FOR_DIVISION_BY_ZERO,TRADITIONAL,NO_ENGINE_SUBSTITUTION {{(pid=96317) _check_effective_sql_mode /opt/stack/data/venv/lib/python3.12/site-packages/oslo_db/sqlalchemy/engines.py:325}}
Jun 25 04:38:24.353002 np0000003587 nova-scheduler[96271]: DEBUG nova.service [None req-6f9bbcb1-d38f-4e6a-a121-dac6f0593cd9 None None] Join ServiceGroup membership for this service scheduler {{(pid=96271) start /opt/stack/nova/nova/service.py:222}}
Jun 25 04:38:24.353218 np0000003587 nova-scheduler[96271]: DEBUG nova.servicegroup.drivers.db [None req-6f9bbcb1-d38f-4e6a-a121-dac6f0593cd9 None None] DB_Driver: join new ServiceGroup member np0000003587 to the scheduler group, service = {{(pid=96271) join /opt/stack/nova/nova/servicegroup/drivers/db.py:44}}
Jun 25 04:38:24.357709 np0000003587 nova-scheduler[96317]: DEBUG dbcounter [-] [96317] Writer thread running {{(pid=96317) stat_writer /opt/stack/data/venv/lib/python3.12/site-packages/dbcounter.py:102}}
Jun 25 04:38:24.357795 np0000003587 nova-scheduler[96269]: DEBUG nova.service [None req-a9407c80-a5c0-4882-91e4-c0f720cdc0f6 None None] Join ServiceGroup membership for this service scheduler {{(pid=96269) start /opt/stack/nova/nova/service.py:222}}
Jun 25 04:38:24.358366 np0000003587 nova-scheduler[96269]: DEBUG nova.servicegroup.drivers.db [None req-a9407c80-a5c0-4882-91e4-c0f720cdc0f6 None None] DB_Driver: join new ServiceGroup member np0000003587 to the scheduler group, service = {{(pid=96269) join /opt/stack/nova/nova/servicegroup/drivers/db.py:44}}
Jun 25 04:38:24.358727 np0000003587 nova-scheduler[96292]: DEBUG nova.service [None req-37b24905-2a60-4824-9a47-947bc0355aaf None None] Join ServiceGroup membership for this service scheduler {{(pid=96292) start /opt/stack/nova/nova/service.py:222}}
Jun 25 04:38:24.358905 np0000003587 nova-scheduler[96292]: DEBUG nova.servicegroup.drivers.db [None req-37b24905-2a60-4824-9a47-947bc0355aaf None None] DB_Driver: join new ServiceGroup member np0000003587 to the scheduler group, service = {{(pid=96292) join /opt/stack/nova/nova/servicegroup/drivers/db.py:44}}
Jun 25 04:38:24.360907 np0000003587 nova-scheduler[96317]: DEBUG nova.service [None req-d32016e4-06df-4982-818e-963bac21847e None None] Creating RPC server for service: nova-scheduler on topic: scheduler {{(pid=96317) start /opt/stack/nova/nova/service.py:196}}
Jun 25 04:38:24.378140 np0000003587 nova-scheduler[96317]: DEBUG nova.service [None req-d32016e4-06df-4982-818e-963bac21847e None None] Join ServiceGroup membership for this service scheduler {{(pid=96317) start /opt/stack/nova/nova/service.py:222}}
Jun 25 04:38:24.378329 np0000003587 nova-scheduler[96317]: DEBUG nova.servicegroup.drivers.db [None req-d32016e4-06df-4982-818e-963bac21847e None None] DB_Driver: join new ServiceGroup member np0000003587 to the scheduler group, service = {{(pid=96317) join /opt/stack/nova/nova/servicegroup/drivers/db.py:44}}
Jun 25 04:38:29.367181 np0000003587 nova-scheduler[96271]: DEBUG oslo.service.backend._threading.loopingcall [-] Fixed interval looping call 'nova.servicegroup.drivers.db.DbDriver._report_state' sleeping for 119.99 seconds {{(pid=96271) _run_loop /opt/stack/data/venv/lib/python3.12/site-packages/oslo_service/backend/_threading/loopingcall.py:125}}
Jun 25 04:38:29.368526 np0000003587 nova-scheduler[96269]: DEBUG oslo.service.backend._threading.loopingcall [-] Fixed interval looping call 'nova.servicegroup.drivers.db.DbDriver._report_state' sleeping for 119.99 seconds {{(pid=96269) _run_loop /opt/stack/data/venv/lib/python3.12/site-packages/oslo_service/backend/_threading/loopingcall.py:125}}
Jun 25 04:38:29.370338 np0000003587 nova-scheduler[96292]: DEBUG oslo.service.backend._threading.loopingcall [-] Fixed interval looping call 'nova.servicegroup.drivers.db.DbDriver._report_state' sleeping for 119.99 seconds {{(pid=96292) _run_loop /opt/stack/data/venv/lib/python3.12/site-packages/oslo_service/backend/_threading/loopingcall.py:125}}
Jun 25 04:38:29.389450 np0000003587 nova-scheduler[96317]: DEBUG oslo.service.backend._threading.loopingcall [-] Fixed interval looping call 'nova.servicegroup.drivers.db.DbDriver._report_state' sleeping for 119.99 seconds {{(pid=96317) _run_loop /opt/stack/data/venv/lib/python3.12/site-packages/oslo_service/backend/_threading/loopingcall.py:125}}
Jun 25 04:38:32.888251 np0000003587 nova-scheduler[95071]: DEBUG dbcounter [-] [95071] Writing DB stats nova_api:SELECT=3 {{(pid=95071) stat_writer /opt/stack/data/venv/lib/python3.12/site-packages/dbcounter.py:115}}
Jun 25 04:38:33.016629 np0000003587 nova-scheduler[95071]: DEBUG dbcounter [-] [95071] Writing DB stats nova_cell0:SELECT=1 {{(pid=95071) stat_writer /opt/stack/data/venv/lib/python3.12/site-packages/dbcounter.py:115}}
Jun 25 04:38:33.026507 np0000003587 nova-scheduler[95071]: DEBUG dbcounter [-] [95071] Writing DB stats nova_cell1:SELECT=1 {{(pid=95071) stat_writer /opt/stack/data/venv/lib/python3.12/site-packages/dbcounter.py:115}}
Jun 25 04:38:34.359490 np0000003587 nova-scheduler[96269]: DEBUG oslo.service.backend._threading.loopingcall [None req-02123d60-2774-4cb1-a45d-93027ef4d77a None None] Dynamic interval looping call 'nova.service.Service.periodic_tasks' sleeping for 60.00 seconds {{(pid=96269) _run_loop /opt/stack/data/venv/lib/python3.12/site-packages/oslo_service/backend/_threading/loopingcall.py:125}}
Jun 25 04:38:39.362733 np0000003587 nova-scheduler[96271]: DEBUG dbcounter [-] [96271] Writing DB stats nova_cell0:SELECT=4,nova_cell0:INSERT=1,nova_cell0:UPDATE=1 {{(pid=96271) stat_writer /opt/stack/data/venv/lib/python3.12/site-packages/dbcounter.py:115}}
Jun 25 04:38:39.367635 np0000003587 nova-scheduler[96269]: DEBUG dbcounter [-] [96269] Writing DB stats nova_cell0:SELECT=4,nova_cell0:INSERT=1,nova_cell0:UPDATE=1 {{(pid=96269) stat_writer /opt/stack/data/venv/lib/python3.12/site-packages/dbcounter.py:115}}
Jun 25 04:38:39.369104 np0000003587 nova-scheduler[96292]: DEBUG dbcounter [-] [96292] Writing DB stats nova_cell0:SELECT=3,nova_cell0:UPDATE=1 {{(pid=96292) stat_writer /opt/stack/data/venv/lib/python3.12/site-packages/dbcounter.py:115}}
Jun 25 04:38:39.387820 np0000003587 nova-scheduler[96317]: DEBUG dbcounter [-] [96317] Writing DB stats nova_cell0:SELECT=3 {{(pid=96317) stat_writer /opt/stack/data/venv/lib/python3.12/site-packages/dbcounter.py:115}}
Jun 25 04:38:44.360823 np0000003587 nova-scheduler[96292]: DEBUG oslo.service.backend._threading.loopingcall [None req-9fca967d-0b07-4716-8c4e-b0be568b00df None None] Dynamic interval looping call 'nova.service.Service.periodic_tasks' sleeping for 60.00 seconds {{(pid=96292) _run_loop /opt/stack/data/venv/lib/python3.12/site-packages/oslo_service/backend/_threading/loopingcall.py:125}}
Jun 25 04:38:58.380513 np0000003587 nova-scheduler[96317]: DEBUG oslo.service.backend._threading.loopingcall [None req-ddbf2cb3-ce98-44da-9251-762ce808a191 None None] Dynamic interval looping call 'nova.service.Service.periodic_tasks' sleeping for 60.00 seconds {{(pid=96317) _run_loop /opt/stack/data/venv/lib/python3.12/site-packages/oslo_service/backend/_threading/loopingcall.py:125}}
Jun 25 04:39:14.355202 np0000003587 nova-scheduler[96271]: DEBUG oslo.service.backend._threading.loopingcall [None req-9757b488-b548-4455-a81b-03cc3bf0cae1 None None] Dynamic interval looping call 'nova.service.Service.periodic_tasks' sleeping for 60.00 seconds {{(pid=96271) _run_loop /opt/stack/data/venv/lib/python3.12/site-packages/oslo_service/backend/_threading/loopingcall.py:125}}
Jun 25 04:39:34.359970 np0000003587 nova-scheduler[96269]: DEBUG oslo.service.backend._threading.loopingcall [None req-02123d60-2774-4cb1-a45d-93027ef4d77a None None] Dynamic interval looping call 'nova.service.Service.periodic_tasks' sleeping for 60.00 seconds {{(pid=96269) _run_loop /opt/stack/data/venv/lib/python3.12/site-packages/oslo_service/backend/_threading/loopingcall.py:125}}
Jun 25 04:39:44.361342 np0000003587 nova-scheduler[96292]: DEBUG oslo.service.backend._threading.loopingcall [None req-9fca967d-0b07-4716-8c4e-b0be568b00df None None] Dynamic interval looping call 'nova.service.Service.periodic_tasks' sleeping for 60.00 seconds {{(pid=96292) _run_loop /opt/stack/data/venv/lib/python3.12/site-packages/oslo_service/backend/_threading/loopingcall.py:125}}
Jun 25 04:39:58.381011 np0000003587 nova-scheduler[96317]: DEBUG oslo.service.backend._threading.loopingcall [None req-ddbf2cb3-ce98-44da-9251-762ce808a191 None None] Dynamic interval looping call 'nova.service.Service.periodic_tasks' sleeping for 60.00 seconds {{(pid=96317) _run_loop /opt/stack/data/venv/lib/python3.12/site-packages/oslo_service/backend/_threading/loopingcall.py:125}}
Jun 25 04:40:14.356466 np0000003587 nova-scheduler[96271]: DEBUG oslo.service.backend._threading.loopingcall [None req-9757b488-b548-4455-a81b-03cc3bf0cae1 None None] Dynamic interval looping call 'nova.service.Service.periodic_tasks' sleeping for 60.00 seconds {{(pid=96271) _run_loop /opt/stack/data/venv/lib/python3.12/site-packages/oslo_service/backend/_threading/loopingcall.py:125}}
Jun 25 04:40:29.371088 np0000003587 nova-scheduler[96271]: DEBUG oslo.service.backend._threading.loopingcall [-] Fixed interval looping call 'nova.servicegroup.drivers.db.DbDriver._report_state' sleeping for 119.99 seconds {{(pid=96271) _run_loop /opt/stack/data/venv/lib/python3.12/site-packages/oslo_service/backend/_threading/loopingcall.py:125}}
Jun 25 04:40:29.371513 np0000003587 nova-scheduler[96269]: DEBUG oslo.service.backend._threading.loopingcall [-] Fixed interval looping call 'nova.servicegroup.drivers.db.DbDriver._report_state' sleeping for 119.99 seconds {{(pid=96269) _run_loop /opt/stack/data/venv/lib/python3.12/site-packages/oslo_service/backend/_threading/loopingcall.py:125}}
Jun 25 04:40:29.372283 np0000003587 nova-scheduler[96292]: DEBUG oslo.service.backend._threading.loopingcall [-] Fixed interval looping call 'nova.servicegroup.drivers.db.DbDriver._report_state' sleeping for 119.99 seconds {{(pid=96292) _run_loop /opt/stack/data/venv/lib/python3.12/site-packages/oslo_service/backend/_threading/loopingcall.py:125}}
Jun 25 04:40:29.383355 np0000003587 nova-scheduler[96317]: DEBUG oslo.service.backend._threading.loopingcall [-] Fixed interval looping call 'nova.servicegroup.drivers.db.DbDriver._report_state' sleeping for 120.00 seconds {{(pid=96317) _run_loop /opt/stack/data/venv/lib/python3.12/site-packages/oslo_service/backend/_threading/loopingcall.py:125}}
Jun 25 04:40:34.361042 np0000003587 nova-scheduler[96269]: DEBUG oslo.service.backend._threading.loopingcall [None req-02123d60-2774-4cb1-a45d-93027ef4d77a None None] Dynamic interval looping call 'nova.service.Service.periodic_tasks' sleeping for 60.00 seconds {{(pid=96269) _run_loop /opt/stack/data/venv/lib/python3.12/site-packages/oslo_service/backend/_threading/loopingcall.py:125}}
Jun 25 04:40:39.362062 np0000003587 nova-scheduler[96271]: DEBUG dbcounter [-] [96271] Writing DB stats nova_cell0:SELECT=1,nova_cell0:UPDATE=1 {{(pid=96271) stat_writer /opt/stack/data/venv/lib/python3.12/site-packages/dbcounter.py:115}}
Jun 25 04:40:39.362604 np0000003587 nova-scheduler[96269]: DEBUG dbcounter [-] [96269] Writing DB stats nova_cell0:SELECT=1,nova_cell0:UPDATE=1 {{(pid=96269) stat_writer /opt/stack/data/venv/lib/python3.12/site-packages/dbcounter.py:115}}
Jun 25 04:40:39.363922 np0000003587 nova-scheduler[96292]: DEBUG dbcounter [-] [96292] Writing DB stats nova_cell0:SELECT=1,nova_cell0:UPDATE=1 {{(pid=96292) stat_writer /opt/stack/data/venv/lib/python3.12/site-packages/dbcounter.py:115}}
Jun 25 04:40:39.381621 np0000003587 nova-scheduler[96317]: DEBUG dbcounter [-] [96317] Writing DB stats nova_cell0:SELECT=1 {{(pid=96317) stat_writer /opt/stack/data/venv/lib/python3.12/site-packages/dbcounter.py:115}}
Jun 25 04:40:44.362015 np0000003587 nova-scheduler[96292]: DEBUG oslo.service.backend._threading.loopingcall [None req-9fca967d-0b07-4716-8c4e-b0be568b00df None None] Dynamic interval looping call 'nova.service.Service.periodic_tasks' sleeping for 60.00 seconds {{(pid=96292) _run_loop /opt/stack/data/venv/lib/python3.12/site-packages/oslo_service/backend/_threading/loopingcall.py:125}}
Jun 25 04:40:58.381548 np0000003587 nova-scheduler[96317]: DEBUG oslo.service.backend._threading.loopingcall [None req-ddbf2cb3-ce98-44da-9251-762ce808a191 None None] Dynamic interval looping call 'nova.service.Service.periodic_tasks' sleeping for 60.00 seconds {{(pid=96317) _run_loop /opt/stack/data/venv/lib/python3.12/site-packages/oslo_service/backend/_threading/loopingcall.py:125}}
Jun 25 04:41:02.542693 np0000003587 nova-scheduler[96271]: DEBUG nova.scheduler.manager [None req-44a4c7fd-394c-44e0-a185-625cc653e038 tempest-ServerBootFromVolumeStableRescueTest-6878904 tempest-ServerBootFromVolumeStableRescueTest-6878904-project-member] Starting to schedule for instances: ['11145d6a-7a4f-4b00-8543-d9b51514d9de'] {{(pid=96271) select_destinations /opt/stack/nova/nova/scheduler/manager.py:210}}
Jun 25 04:41:02.543828 np0000003587 nova-scheduler[96271]: DEBUG nova.scheduler.request_filter [None req-44a4c7fd-394c-44e0-a185-625cc653e038 tempest-ServerBootFromVolumeStableRescueTest-6878904 tempest-ServerBootFromVolumeStableRescueTest-6878904-project-member] compute_status_filter request filter added forbidden trait COMPUTE_STATUS_DISABLED {{(pid=96271) compute_status_filter /opt/stack/nova/nova/scheduler/request_filter.py:253}}
Jun 25 04:41:02.545282 np0000003587 nova-scheduler[96271]: DEBUG nova.scheduler.request_filter [None req-44a4c7fd-394c-44e0-a185-625cc653e038 tempest-ServerBootFromVolumeStableRescueTest-6878904 tempest-ServerBootFromVolumeStableRescueTest-6878904-project-member] Request filter 'compute_status_filter' took 0.0 seconds {{(pid=96271) wrapper /opt/stack/nova/nova/scheduler/request_filter.py:46}}
Jun 25 04:41:02.545282 np0000003587 nova-scheduler[96271]: DEBUG nova.scheduler.request_filter [None req-44a4c7fd-394c-44e0-a185-625cc653e038 tempest-ServerBootFromVolumeStableRescueTest-6878904 tempest-ServerBootFromVolumeStableRescueTest-6878904-project-member] Request filter 'accelerators_filter' took 0.0 seconds {{(pid=96271) wrapper /opt/stack/nova/nova/scheduler/request_filter.py:46}}
Jun 25 04:41:02.545282 np0000003587 nova-scheduler[96271]: DEBUG nova.scheduler.request_filter [None req-44a4c7fd-394c-44e0-a185-625cc653e038 tempest-ServerBootFromVolumeStableRescueTest-6878904 tempest-ServerBootFromVolumeStableRescueTest-6878904-project-member] Request filter 'packed_virtqueue_filter' took 0.0 seconds {{(pid=96271) wrapper /opt/stack/nova/nova/scheduler/request_filter.py:46}}
Jun 25 04:41:02.545282 np0000003587 nova-scheduler[96271]: DEBUG nova.scheduler.request_filter [None req-44a4c7fd-394c-44e0-a185-625cc653e038 tempest-ServerBootFromVolumeStableRescueTest-6878904 tempest-ServerBootFromVolumeStableRescueTest-6878904-project-member] Request filter 'remote_managed_ports_filter' took 0.0 seconds {{(pid=96271) wrapper /opt/stack/nova/nova/scheduler/request_filter.py:46}}
Jun 25 04:41:02.545282 np0000003587 nova-scheduler[96271]: DEBUG nova.scheduler.request_filter [None req-44a4c7fd-394c-44e0-a185-625cc653e038 tempest-ServerBootFromVolumeStableRescueTest-6878904 tempest-ServerBootFromVolumeStableRescueTest-6878904-project-member] ephemeral_encryption_filter skipped {{(pid=96271) ephemeral_encryption_filter /opt/stack/nova/nova/scheduler/request_filter.py:426}}
Jun 25 04:41:02.547574 np0000003587 nova-scheduler[96271]: DEBUG nova.scheduler.request_filter [None req-44a4c7fd-394c-44e0-a185-625cc653e038 tempest-ServerBootFromVolumeStableRescueTest-6878904 tempest-ServerBootFromVolumeStableRescueTest-6878904-project-member] virtio_sound_filter skipped {{(pid=96271) virtio_sound_filter /opt/stack/nova/nova/scheduler/request_filter.py:460}}
Jun 25 04:41:02.547574 np0000003587 nova-scheduler[96271]: DEBUG nova.scheduler.request_filter [None req-44a4c7fd-394c-44e0-a185-625cc653e038 tempest-ServerBootFromVolumeStableRescueTest-6878904 tempest-ServerBootFromVolumeStableRescueTest-6878904-project-member] tpm_secret_security_filter skipped {{(pid=96271) tpm_secret_security_filter /opt/stack/nova/nova/scheduler/request_filter.py:477}}
Jun 25 04:41:03.206597 np0000003587 nova-scheduler[96271]: INFO nova.utils [None req-44a4c7fd-394c-44e0-a185-625cc653e038 tempest-ServerBootFromVolumeStableRescueTest-6878904 tempest-ServerBootFromVolumeStableRescueTest-6878904-project-member] The cell worker thread pool ForkProcess-2.cell_worker is initialized
Jun 25 04:41:03.206597 np0000003587 nova-scheduler[96271]: DEBUG oslo_concurrency.lockutils [None req-44a4c7fd-394c-44e0-a185-625cc653e038 tempest-ServerBootFromVolumeStableRescueTest-6878904 tempest-ServerBootFromVolumeStableRescueTest-6878904-project-member] Acquiring lock "0648a1b3-6dec-449a-82ac-5e4ef3877847" by "nova.context.set_target_cell..get_or_set_cached_cell_and_set_connections" {{(pid=96271) inner /opt/stack/data/venv/lib/python3.12/site-packages/oslo_concurrency/lockutils.py:511}}
Jun 25 04:41:03.206597 np0000003587 nova-scheduler[96271]: DEBUG oslo_concurrency.lockutils [None req-44a4c7fd-394c-44e0-a185-625cc653e038 tempest-ServerBootFromVolumeStableRescueTest-6878904 tempest-ServerBootFromVolumeStableRescueTest-6878904-project-member] Lock "0648a1b3-6dec-449a-82ac-5e4ef3877847" acquired by "nova.context.set_target_cell..get_or_set_cached_cell_and_set_connections" :: waited 0.000s {{(pid=96271) inner /opt/stack/data/venv/lib/python3.12/site-packages/oslo_concurrency/lockutils.py:524}}
Jun 25 04:41:03.208018 np0000003587 nova-scheduler[96271]: DEBUG oslo_concurrency.lockutils [None req-44a4c7fd-394c-44e0-a185-625cc653e038 tempest-ServerBootFromVolumeStableRescueTest-6878904 tempest-ServerBootFromVolumeStableRescueTest-6878904-project-member] Lock "0648a1b3-6dec-449a-82ac-5e4ef3877847" "released" by "nova.context.set_target_cell..get_or_set_cached_cell_and_set_connections" :: held 0.002s {{(pid=96271) inner /opt/stack/data/venv/lib/python3.12/site-packages/oslo_concurrency/lockutils.py:543}}
Jun 25 04:41:03.209815 np0000003587 nova-scheduler[96271]: INFO dbcounter [None req-44a4c7fd-394c-44e0-a185-625cc653e038 tempest-ServerBootFromVolumeStableRescueTest-6878904 tempest-ServerBootFromVolumeStableRescueTest-6878904-project-member] Registered counter for database nova_cell1
Jun 25 04:41:03.257646 np0000003587 nova-scheduler[96271]: DEBUG oslo_db.sqlalchemy.engines [None req-44a4c7fd-394c-44e0-a185-625cc653e038 tempest-ServerBootFromVolumeStableRescueTest-6878904 tempest-ServerBootFromVolumeStableRescueTest-6878904-project-member] MySQL server mode set to STRICT_TRANS_TABLES,STRICT_ALL_TABLES,NO_ZERO_IN_DATE,NO_ZERO_DATE,ERROR_FOR_DIVISION_BY_ZERO,TRADITIONAL,NO_ENGINE_SUBSTITUTION {{(pid=96271) _check_effective_sql_mode /opt/stack/data/venv/lib/python3.12/site-packages/oslo_db/sqlalchemy/engines.py:325}}
Jun 25 04:41:03.267090 np0000003587 nova-scheduler[96271]: DEBUG dbcounter [-] [96271] Writer thread running {{(pid=96271) stat_writer /opt/stack/data/venv/lib/python3.12/site-packages/dbcounter.py:102}}
Jun 25 04:41:03.287733 np0000003587 nova-scheduler[96271]: DEBUG oslo_db.sqlalchemy.engines [None req-44a4c7fd-394c-44e0-a185-625cc653e038 tempest-ServerBootFromVolumeStableRescueTest-6878904 tempest-ServerBootFromVolumeStableRescueTest-6878904-project-member] Parent process 95071 forked (96271) with an open database connection, which is being discarded and recreated. {{(pid=96271) checkout /opt/stack/data/venv/lib/python3.12/site-packages/oslo_db/sqlalchemy/engines.py:402}}
Jun 25 04:41:03.344456 np0000003587 nova-scheduler[96271]: DEBUG dbcounter [-] [96271] Writer thread running {{(pid=96271) stat_writer /opt/stack/data/venv/lib/python3.12/site-packages/dbcounter.py:102}}
Jun 25 04:41:03.349106 np0000003587 nova-scheduler[96271]: DEBUG oslo_concurrency.lockutils [None req-44a4c7fd-394c-44e0-a185-625cc653e038 tempest-ServerBootFromVolumeStableRescueTest-6878904 tempest-ServerBootFromVolumeStableRescueTest-6878904-project-member] Acquiring lock "0648a1b3-6dec-449a-82ac-5e4ef3877847" by "nova.context.set_target_cell..get_or_set_cached_cell_and_set_connections" {{(pid=96271) inner /opt/stack/data/venv/lib/python3.12/site-packages/oslo_concurrency/lockutils.py:511}}
Jun 25 04:41:03.349348 np0000003587 nova-scheduler[96271]: DEBUG oslo_concurrency.lockutils [None req-44a4c7fd-394c-44e0-a185-625cc653e038 tempest-ServerBootFromVolumeStableRescueTest-6878904 tempest-ServerBootFromVolumeStableRescueTest-6878904-project-member] Lock "0648a1b3-6dec-449a-82ac-5e4ef3877847" acquired by "nova.context.set_target_cell..get_or_set_cached_cell_and_set_connections" :: waited 0.000s {{(pid=96271) inner /opt/stack/data/venv/lib/python3.12/site-packages/oslo_concurrency/lockutils.py:524}}
Jun 25 04:41:03.349348 np0000003587 nova-scheduler[96271]: DEBUG oslo_concurrency.lockutils [None req-44a4c7fd-394c-44e0-a185-625cc653e038 tempest-ServerBootFromVolumeStableRescueTest-6878904 tempest-ServerBootFromVolumeStableRescueTest-6878904-project-member] Lock "0648a1b3-6dec-449a-82ac-5e4ef3877847" "released" by "nova.context.set_target_cell..get_or_set_cached_cell_and_set_connections" :: held 0.000s {{(pid=96271) inner /opt/stack/data/venv/lib/python3.12/site-packages/oslo_concurrency/lockutils.py:543}}
Jun 25 04:41:03.353598 np0000003587 nova-scheduler[96271]: DEBUG oslo_concurrency.lockutils [None req-44a4c7fd-394c-44e0-a185-625cc653e038 tempest-ServerBootFromVolumeStableRescueTest-6878904 tempest-ServerBootFromVolumeStableRescueTest-6878904-project-member] Acquiring lock "('np0000003587', 'np0000003587')" by "nova.scheduler.host_manager.HostState.update.._locked_update" {{(pid=96271) inner /opt/stack/data/venv/lib/python3.12/site-packages/oslo_concurrency/lockutils.py:511}}
Jun 25 04:41:03.353598 np0000003587 nova-scheduler[96271]: DEBUG oslo_concurrency.lockutils [None req-44a4c7fd-394c-44e0-a185-625cc653e038 tempest-ServerBootFromVolumeStableRescueTest-6878904 tempest-ServerBootFromVolumeStableRescueTest-6878904-project-member] Lock "('np0000003587', 'np0000003587')" acquired by "nova.scheduler.host_manager.HostState.update.._locked_update" :: waited 0.000s {{(pid=96271) inner /opt/stack/data/venv/lib/python3.12/site-packages/oslo_concurrency/lockutils.py:524}}
Jun 25 04:41:03.355051 np0000003587 nova-scheduler[96271]: DEBUG nova.scheduler.host_manager [None req-44a4c7fd-394c-44e0-a185-625cc653e038 tempest-ServerBootFromVolumeStableRescueTest-6878904 tempest-ServerBootFromVolumeStableRescueTest-6878904-project-member] Update host state from compute node: ComputeNode(cpu_allocation_ratio=4.0,cpu_info='{"arch": "x86_64", "model": "EPYC-Milan", "vendor": "AMD", "topology": {"cells": 1, "sockets": 16, "cores": 1, "threads": 1}, "maxphysaddr": {"mode": "emulate", "bits": 40}, "features": ["xsaveopt", "sse2", "skip-l1dfl-vmentry", "fsrm", "invpcid", "pat", "no-nested-data-bp", "clflushopt", "xgetbv1", "rdrand", "de", "amd-ssbd", "fsgsbase", "umip", "sse4a", "apic", "movbe", "pse36", "pku", "svm", "pclmuldq", "spec-ctrl", "ssse3", "cx16", "fpu", "sse4.2", "pschange-mc-no", "sep", "tsc-deadline", "clzero", "stibp", "pge", "stibp-always-on", "msr", "null-sel-clr-base", "smap", "rdtscp", "nrip-save", "perfctr_core", "v-vmsave-vmload", "vgif", "pcid", "bmi1", "sse4.1", "clwb", "lfence-always-serializing", "syscall", "rdctl-no", "smep", "cmp_legacy", "mca", "3dnowprefetch", "arat", "tsc_adjust", "mmx", "mce", "svme-addr-chk", "pfthreshold", "xsave", "ssbd", "topoext", "hypervisor", "lahf_lm", "vmcb-clean", "rdpid", "adx", "xsaveerptr", "cr8legacy", "sha-ni", "xsaves", "rdseed", "misalignsse", "vme", "mds-no", "vaes", "gds-no", "flushbyasid", "aes", "amd-stibp", "avx2", "tsc", "amd-psfd", "ibpb", "npt", "popcnt", "pse", "xsavec", "ibrs", "cx8", "mtrr", "sse", "cmov", "tsc-scale", "osvw", "erms", "bmi2", "avx", "fxsr_opt", "fxsr", "pni", "vpclmulqdq", "abm", "mmxext", "arch-capabilities", "nx", "pause-filter", "wbnoinvd", "f16c", "fma", "virt-ssbd", "lbrv", "pae", "pdpe1gb", "x2apic", "lm", "clflush"]}',created_at=2026-06-25T04:38:49Z,current_workload=0,deleted=False,deleted_at=None,disk_allocation_ratio=1.0,disk_available_least=74,free_disk_gb=95,free_ram_mb=63789,host='np0000003587',host_ip=10.4.3.80,hypervisor_hostname='np0000003587',hypervisor_type='QEMU',hypervisor_version=8002002,id=1,local_gb=95,local_gb_used=0,mapped=1,memory_mb=64301,memory_mb_used=512,metrics='[]',numa_topology='{"nova_object.name": "NUMATopology", "nova_object.namespace": "nova", "nova_object.version": "1.2", "nova_object.data": {"cells": [{"nova_object.name": "NUMACell", "nova_object.namespace": "nova", "nova_object.version": "1.5", "nova_object.data": {"id": 0, "cpuset": [0, 1, 2, 3, 4, 5, 6, 7, 8, 9, 10, 11, 12, 13, 14, 15], "pcpuset": [0, 1, 2, 3, 4, 5, 6, 7, 8, 9, 10, 11, 12, 13, 14, 15], "memory": 64301, "cpu_usage": 0, "memory_usage": 0, "pinned_cpus": [], "siblings": [[6], [12], [2], [15], [5], [11], [8], [14], [4], [1], [7], [10], [0], [13], [3], [9]], "mempages": [{"nova_object.name": "NUMAPagesTopology", "nova_object.namespace": "nova", "nova_object.version": "1.1", "nova_object.data": {"size_kb": 4, "total": 16461069, "used": 0, "reserved": 0}, "nova_object.changes": ["size_kb", "reserved", "used", "total"]}, {"nova_object.name": "NUMAPagesTopology", "nova_object.namespace": "nova", "nova_object.version": "1.1", "nova_object.data": {"size_kb": 2048, "total": 0, "used": 0, "reserved": 0}, "nova_object.changes": ["size_kb", "reserved", "used", "total"]}, {"nova_object.name": "NUMAPagesTopology", "nova_object.namespace": "nova", "nova_object.version": "1.1", "nova_object.data": {"size_kb": 1048576, "total": 0, "used": 0, "reserved": 0}, "nova_object.changes": ["size_kb", "reserved", "used", "total"]}], "network_metadata": {"nova_object.name": "NetworkMetadata", "nova_object.namespace": "nova", "nova_object.version": "1.0", "nova_object.data": {"physnets": [], "tunneled": false}, "nova_object.changes": ["tunneled", "physnets"]}, "socket": null}, "nova_object.changes": ["siblings", "cpu_usage", "memory_usage", "pcpuset", "cpuset", "socket", "pinned_cpus", "memory", "id", "network_metadata", "mempages"]}]}, "nova_object.changes": ["cells"]}',pci_device_pools=PciDevicePoolList,ram_allocation_ratio=1.0,running_vms=0,service_id=3,stats={failed_builds='0',uptime=' 04:40:35 up 25 min, 2 users, load average: 1.32, 1.40, 0.84
