Jun 25 04:38:29.524855 np0000003587 nova-conductor[98719]: DEBUG cotyledon.oslo_config_glue [-] profiler.es_scroll_size = 10000 {{(pid=98719) log_opt_values /opt/stack/data/venv/lib/python3.12/site-packages/oslo_config/cfg.py:3253}}
Jun 25 04:38:29.524855 np0000003587 nova-conductor[98719]: DEBUG cotyledon.oslo_config_glue [-] profiler.es_scroll_time = 2m {{(pid=98719) log_opt_values /opt/stack/data/venv/lib/python3.12/site-packages/oslo_config/cfg.py:3253}}
Jun 25 04:38:29.525121 np0000003587 nova-conductor[98705]: INFO dbcounter [None req-74b7242b-76e3-4858-ba2e-cb3af74790e3 None None] Registered counter for database nova_cell0
Jun 25 04:38:29.525170 np0000003587 nova-conductor[98719]: DEBUG cotyledon.oslo_config_glue [-] profiler.filter_error_trace = False {{(pid=98719) log_opt_values /opt/stack/data/venv/lib/python3.12/site-packages/oslo_config/cfg.py:3253}}
Jun 25 04:38:29.525170 np0000003587 nova-conductor[98719]: DEBUG cotyledon.oslo_config_glue [-] profiler.hmac_keys = **** {{(pid=98719) log_opt_values /opt/stack/data/venv/lib/python3.12/site-packages/oslo_config/cfg.py:3253}}
Jun 25 04:38:29.525170 np0000003587 nova-conductor[98719]: DEBUG cotyledon.oslo_config_glue [-] profiler.sentinel_service_name = mymaster {{(pid=98719) log_opt_values /opt/stack/data/venv/lib/python3.12/site-packages/oslo_config/cfg.py:3253}}
Jun 25 04:38:29.525170 np0000003587 nova-conductor[98719]: DEBUG cotyledon.oslo_config_glue [-] profiler.socket_timeout = 0.1 {{(pid=98719) log_opt_values /opt/stack/data/venv/lib/python3.12/site-packages/oslo_config/cfg.py:3253}}
Jun 25 04:38:29.525170 np0000003587 nova-conductor[98719]: DEBUG cotyledon.oslo_config_glue [-] profiler.trace_requests = False {{(pid=98719) log_opt_values /opt/stack/data/venv/lib/python3.12/site-packages/oslo_config/cfg.py:3253}}
Jun 25 04:38:29.525170 np0000003587 nova-conductor[98719]: DEBUG cotyledon.oslo_config_glue [-] profiler.trace_sqlalchemy = False {{(pid=98719) log_opt_values /opt/stack/data/venv/lib/python3.12/site-packages/oslo_config/cfg.py:3253}}
Jun 25 04:38:29.525170 np0000003587 nova-conductor[98719]: DEBUG cotyledon.oslo_config_glue [-] profiler_jaeger.process_tags = {} {{(pid=98719) log_opt_values /opt/stack/data/venv/lib/python3.12/site-packages/oslo_config/cfg.py:3253}}
Jun 25 04:38:29.525170 np0000003587 nova-conductor[98719]: DEBUG cotyledon.oslo_config_glue [-] profiler_jaeger.service_name_prefix = None {{(pid=98719) log_opt_values /opt/stack/data/venv/lib/python3.12/site-packages/oslo_config/cfg.py:3253}}
Jun 25 04:38:29.525170 np0000003587 nova-conductor[98719]: DEBUG cotyledon.oslo_config_glue [-] profiler_otlp.service_name_prefix = None {{(pid=98719) log_opt_values /opt/stack/data/venv/lib/python3.12/site-packages/oslo_config/cfg.py:3253}}
Jun 25 04:38:29.525468 np0000003587 nova-conductor[98719]: DEBUG cotyledon.oslo_config_glue [-] oslo_messaging_rabbit.amqp_auto_delete = False {{(pid=98719) log_opt_values /opt/stack/data/venv/lib/python3.12/site-packages/oslo_config/cfg.py:3253}}
Jun 25 04:38:29.525468 np0000003587 nova-conductor[98719]: DEBUG cotyledon.oslo_config_glue [-] oslo_messaging_rabbit.amqp_durable_queues = False {{(pid=98719) log_opt_values /opt/stack/data/venv/lib/python3.12/site-packages/oslo_config/cfg.py:3253}}
Jun 25 04:38:29.525468 np0000003587 nova-conductor[98719]: DEBUG cotyledon.oslo_config_glue [-] oslo_messaging_rabbit.conn_pool_min_size = 2 {{(pid=98719) log_opt_values /opt/stack/data/venv/lib/python3.12/site-packages/oslo_config/cfg.py:3253}}
Jun 25 04:38:29.525468 np0000003587 nova-conductor[98719]: DEBUG cotyledon.oslo_config_glue [-] oslo_messaging_rabbit.conn_pool_ttl = 1200 {{(pid=98719) log_opt_values /opt/stack/data/venv/lib/python3.12/site-packages/oslo_config/cfg.py:3253}}
Jun 25 04:38:29.525468 np0000003587 nova-conductor[98719]: DEBUG cotyledon.oslo_config_glue [-] oslo_messaging_rabbit.direct_mandatory_flag = True {{(pid=98719) log_opt_values /opt/stack/data/venv/lib/python3.12/site-packages/oslo_config/cfg.py:3253}}
Jun 25 04:38:29.525468 np0000003587 nova-conductor[98719]: DEBUG cotyledon.oslo_config_glue [-] oslo_messaging_rabbit.enable_cancel_on_failover = False {{(pid=98719) log_opt_values /opt/stack/data/venv/lib/python3.12/site-packages/oslo_config/cfg.py:3253}}
Jun 25 04:38:29.525468 np0000003587 nova-conductor[98719]: DEBUG cotyledon.oslo_config_glue [-] oslo_messaging_rabbit.heartbeat_rate = 3 {{(pid=98719) log_opt_values /opt/stack/data/venv/lib/python3.12/site-packages/oslo_config/cfg.py:3253}}
Jun 25 04:38:29.525468 np0000003587 nova-conductor[98719]: DEBUG cotyledon.oslo_config_glue [-] oslo_messaging_rabbit.heartbeat_timeout_threshold = 60 {{(pid=98719) log_opt_values /opt/stack/data/venv/lib/python3.12/site-packages/oslo_config/cfg.py:3253}}
Jun 25 04:38:29.525468 np0000003587 nova-conductor[98719]: DEBUG cotyledon.oslo_config_glue [-] oslo_messaging_rabbit.hostname = np0000003587 {{(pid=98719) log_opt_values /opt/stack/data/venv/lib/python3.12/site-packages/oslo_config/cfg.py:3253}}
Jun 25 04:38:29.525803 np0000003587 nova-conductor[98719]: DEBUG cotyledon.oslo_config_glue [-] oslo_messaging_rabbit.kombu_compression = None {{(pid=98719) log_opt_values /opt/stack/data/venv/lib/python3.12/site-packages/oslo_config/cfg.py:3253}}
Jun 25 04:38:29.525803 np0000003587 nova-conductor[98719]: DEBUG cotyledon.oslo_config_glue [-] oslo_messaging_rabbit.kombu_failover_strategy = round-robin {{(pid=98719) log_opt_values /opt/stack/data/venv/lib/python3.12/site-packages/oslo_config/cfg.py:3253}}
Jun 25 04:38:29.525803 np0000003587 nova-conductor[98719]: DEBUG cotyledon.oslo_config_glue [-] oslo_messaging_rabbit.kombu_missing_consumer_retry_timeout = 60 {{(pid=98719) log_opt_values /opt/stack/data/venv/lib/python3.12/site-packages/oslo_config/cfg.py:3253}}
Jun 25 04:38:29.525803 np0000003587 nova-conductor[98719]: DEBUG cotyledon.oslo_config_glue [-] oslo_messaging_rabbit.kombu_reconnect_delay = 1.0 {{(pid=98719) log_opt_values /opt/stack/data/venv/lib/python3.12/site-packages/oslo_config/cfg.py:3253}}
Jun 25 04:38:29.525803 np0000003587 nova-conductor[98719]: DEBUG cotyledon.oslo_config_glue [-] oslo_messaging_rabbit.kombu_reconnect_splay = 0.0 {{(pid=98719) log_opt_values /opt/stack/data/venv/lib/python3.12/site-packages/oslo_config/cfg.py:3253}}
Jun 25 04:38:29.525803 np0000003587 nova-conductor[98719]: DEBUG cotyledon.oslo_config_glue [-] oslo_messaging_rabbit.processname = nova-conductor {{(pid=98719) log_opt_values /opt/stack/data/venv/lib/python3.12/site-packages/oslo_config/cfg.py:3253}}
Jun 25 04:38:29.525803 np0000003587 nova-conductor[98719]: DEBUG cotyledon.oslo_config_glue [-] oslo_messaging_rabbit.rabbit_ha_queues = False {{(pid=98719) log_opt_values /opt/stack/data/venv/lib/python3.12/site-packages/oslo_config/cfg.py:3253}}
Jun 25 04:38:29.525803 np0000003587 nova-conductor[98719]: DEBUG cotyledon.oslo_config_glue [-] oslo_messaging_rabbit.rabbit_interval_max = 30 {{(pid=98719) log_opt_values /opt/stack/data/venv/lib/python3.12/site-packages/oslo_config/cfg.py:3253}}
Jun 25 04:38:29.525803 np0000003587 nova-conductor[98719]: DEBUG cotyledon.oslo_config_glue [-] oslo_messaging_rabbit.rabbit_login_method = AMQPLAIN {{(pid=98719) log_opt_values /opt/stack/data/venv/lib/python3.12/site-packages/oslo_config/cfg.py:3253}}
Jun 25 04:38:29.526105 np0000003587 nova-conductor[98719]: DEBUG cotyledon.oslo_config_glue [-] oslo_messaging_rabbit.rabbit_qos_prefetch_count = 0 {{(pid=98719) log_opt_values /opt/stack/data/venv/lib/python3.12/site-packages/oslo_config/cfg.py:3253}}
Jun 25 04:38:29.526105 np0000003587 nova-conductor[98719]: DEBUG cotyledon.oslo_config_glue [-] oslo_messaging_rabbit.rabbit_quorum_delivery_limit = 0 {{(pid=98719) log_opt_values /opt/stack/data/venv/lib/python3.12/site-packages/oslo_config/cfg.py:3253}}
Jun 25 04:38:29.526105 np0000003587 nova-conductor[98719]: DEBUG cotyledon.oslo_config_glue [-] oslo_messaging_rabbit.rabbit_quorum_max_memory_bytes = 0 {{(pid=98719) log_opt_values /opt/stack/data/venv/lib/python3.12/site-packages/oslo_config/cfg.py:3253}}
Jun 25 04:38:29.526105 np0000003587 nova-conductor[98719]: DEBUG cotyledon.oslo_config_glue [-] oslo_messaging_rabbit.rabbit_quorum_max_memory_length = 0 {{(pid=98719) log_opt_values /opt/stack/data/venv/lib/python3.12/site-packages/oslo_config/cfg.py:3253}}
Jun 25 04:38:29.526105 np0000003587 nova-conductor[98719]: DEBUG cotyledon.oslo_config_glue [-] oslo_messaging_rabbit.rabbit_quorum_queue = False {{(pid=98719) log_opt_values /opt/stack/data/venv/lib/python3.12/site-packages/oslo_config/cfg.py:3253}}
Jun 25 04:38:29.526105 np0000003587 nova-conductor[98719]: DEBUG cotyledon.oslo_config_glue [-] oslo_messaging_rabbit.rabbit_retry_backoff = 2 {{(pid=98719) log_opt_values /opt/stack/data/venv/lib/python3.12/site-packages/oslo_config/cfg.py:3253}}
Jun 25 04:38:29.526105 np0000003587 nova-conductor[98719]: DEBUG cotyledon.oslo_config_glue [-] oslo_messaging_rabbit.rabbit_retry_interval = 1 {{(pid=98719) log_opt_values /opt/stack/data/venv/lib/python3.12/site-packages/oslo_config/cfg.py:3253}}
Jun 25 04:38:29.526105 np0000003587 nova-conductor[98719]: DEBUG cotyledon.oslo_config_glue [-] oslo_messaging_rabbit.rabbit_stream_fanout = False {{(pid=98719) log_opt_values /opt/stack/data/venv/lib/python3.12/site-packages/oslo_config/cfg.py:3253}}
Jun 25 04:38:29.526373 np0000003587 nova-conductor[98719]: DEBUG cotyledon.oslo_config_glue [-] oslo_messaging_rabbit.rabbit_transient_queues_ttl = 1800 {{(pid=98719) log_opt_values /opt/stack/data/venv/lib/python3.12/site-packages/oslo_config/cfg.py:3253}}
Jun 25 04:38:29.526373 np0000003587 nova-conductor[98719]: DEBUG cotyledon.oslo_config_glue [-] oslo_messaging_rabbit.rabbit_transient_quorum_queue = False {{(pid=98719) log_opt_values /opt/stack/data/venv/lib/python3.12/site-packages/oslo_config/cfg.py:3253}}
Jun 25 04:38:29.526373 np0000003587 nova-conductor[98719]: DEBUG cotyledon.oslo_config_glue [-] oslo_messaging_rabbit.rpc_conn_pool_size = 30 {{(pid=98719) log_opt_values /opt/stack/data/venv/lib/python3.12/site-packages/oslo_config/cfg.py:3253}}
Jun 25 04:38:29.526373 np0000003587 nova-conductor[98719]: DEBUG cotyledon.oslo_config_glue [-] oslo_messaging_rabbit.ssl = False {{(pid=98719) log_opt_values /opt/stack/data/venv/lib/python3.12/site-packages/oslo_config/cfg.py:3253}}
Jun 25 04:38:29.526373 np0000003587 nova-conductor[98719]: DEBUG cotyledon.oslo_config_glue [-] oslo_messaging_rabbit.ssl_ca_file = {{(pid=98719) log_opt_values /opt/stack/data/venv/lib/python3.12/site-packages/oslo_config/cfg.py:3253}}
Jun 25 04:38:29.526373 np0000003587 nova-conductor[98719]: DEBUG cotyledon.oslo_config_glue [-] oslo_messaging_rabbit.ssl_cert_file = {{(pid=98719) log_opt_values /opt/stack/data/venv/lib/python3.12/site-packages/oslo_config/cfg.py:3253}}
Jun 25 04:38:29.526373 np0000003587 nova-conductor[98719]: DEBUG cotyledon.oslo_config_glue [-] oslo_messaging_rabbit.ssl_enforce_fips_mode = False {{(pid=98719) log_opt_values /opt/stack/data/venv/lib/python3.12/site-packages/oslo_config/cfg.py:3253}}
Jun 25 04:38:29.526373 np0000003587 nova-conductor[98719]: DEBUG cotyledon.oslo_config_glue [-] oslo_messaging_rabbit.ssl_enforce_hostname_verification = True {{(pid=98719) log_opt_values /opt/stack/data/venv/lib/python3.12/site-packages/oslo_config/cfg.py:3253}}
Jun 25 04:38:29.526373 np0000003587 nova-conductor[98719]: DEBUG cotyledon.oslo_config_glue [-] oslo_messaging_rabbit.ssl_key_file = {{(pid=98719) log_opt_values /opt/stack/data/venv/lib/python3.12/site-packages/oslo_config/cfg.py:3253}}
Jun 25 04:38:29.526680 np0000003587 nova-conductor[98719]: DEBUG cotyledon.oslo_config_glue [-] oslo_messaging_rabbit.ssl_version = {{(pid=98719) log_opt_values /opt/stack/data/venv/lib/python3.12/site-packages/oslo_config/cfg.py:3253}}
Jun 25 04:38:29.526680 np0000003587 nova-conductor[98719]: DEBUG cotyledon.oslo_config_glue [-] oslo_messaging_rabbit.use_queue_manager = False {{(pid=98719) log_opt_values /opt/stack/data/venv/lib/python3.12/site-packages/oslo_config/cfg.py:3253}}
Jun 25 04:38:29.526680 np0000003587 nova-conductor[98719]: DEBUG cotyledon.oslo_config_glue [-] oslo_messaging_notifications.driver = ['messagingv2'] {{(pid=98719) log_opt_values /opt/stack/data/venv/lib/python3.12/site-packages/oslo_config/cfg.py:3253}}
Jun 25 04:38:29.526680 np0000003587 nova-conductor[98719]: DEBUG cotyledon.oslo_config_glue [-] oslo_messaging_notifications.retry = -1 {{(pid=98719) log_opt_values /opt/stack/data/venv/lib/python3.12/site-packages/oslo_config/cfg.py:3253}}
Jun 25 04:38:29.526680 np0000003587 nova-conductor[98719]: DEBUG cotyledon.oslo_config_glue [-] oslo_messaging_notifications.topics = ['notifications'] {{(pid=98719) log_opt_values /opt/stack/data/venv/lib/python3.12/site-packages/oslo_config/cfg.py:3253}}
Jun 25 04:38:29.526680 np0000003587 nova-conductor[98719]: DEBUG cotyledon.oslo_config_glue [-] oslo_messaging_notifications.transport_url = **** {{(pid=98719) log_opt_values /opt/stack/data/venv/lib/python3.12/site-packages/oslo_config/cfg.py:3253}}
Jun 25 04:38:29.526680 np0000003587 nova-conductor[98719]: DEBUG cotyledon.oslo_config_glue [-] oslo_limit.auth_section = None {{(pid=98719) log_opt_values /opt/stack/data/venv/lib/python3.12/site-packages/oslo_config/cfg.py:3253}}
Jun 25 04:38:29.526680 np0000003587 nova-conductor[98719]: DEBUG cotyledon.oslo_config_glue [-] oslo_limit.auth_type = None {{(pid=98719) log_opt_values /opt/stack/data/venv/lib/python3.12/site-packages/oslo_config/cfg.py:3253}}
Jun 25 04:38:29.526680 np0000003587 nova-conductor[98719]: DEBUG cotyledon.oslo_config_glue [-] oslo_limit.cafile = None {{(pid=98719) log_opt_values /opt/stack/data/venv/lib/python3.12/site-packages/oslo_config/cfg.py:3253}}
Jun 25 04:38:29.527107 np0000003587 nova-conductor[98719]: DEBUG cotyledon.oslo_config_glue [-] oslo_limit.certfile = None {{(pid=98719) log_opt_values /opt/stack/data/venv/lib/python3.12/site-packages/oslo_config/cfg.py:3253}}
Jun 25 04:38:29.527107 np0000003587 nova-conductor[98719]: DEBUG cotyledon.oslo_config_glue [-] oslo_limit.collect_timing = False {{(pid=98719) log_opt_values /opt/stack/data/venv/lib/python3.12/site-packages/oslo_config/cfg.py:3253}}
Jun 25 04:38:29.527107 np0000003587 nova-conductor[98719]: DEBUG cotyledon.oslo_config_glue [-] oslo_limit.connect_retries = None {{(pid=98719) log_opt_values /opt/stack/data/venv/lib/python3.12/site-packages/oslo_config/cfg.py:3253}}
Jun 25 04:38:29.527107 np0000003587 nova-conductor[98719]: DEBUG cotyledon.oslo_config_glue [-] oslo_limit.connect_retry_delay = None {{(pid=98719) log_opt_values /opt/stack/data/venv/lib/python3.12/site-packages/oslo_config/cfg.py:3253}}
Jun 25 04:38:29.527107 np0000003587 nova-conductor[98719]: DEBUG cotyledon.oslo_config_glue [-] oslo_limit.endpoint_id = None {{(pid=98719) log_opt_values /opt/stack/data/venv/lib/python3.12/site-packages/oslo_config/cfg.py:3253}}
Jun 25 04:38:29.527107 np0000003587 nova-conductor[98719]: DEBUG cotyledon.oslo_config_glue [-] oslo_limit.endpoint_interface = public {{(pid=98719) log_opt_values /opt/stack/data/venv/lib/python3.12/site-packages/oslo_config/cfg.py:3253}}
Jun 25 04:38:29.527107 np0000003587 nova-conductor[98719]: DEBUG cotyledon.oslo_config_glue [-] oslo_limit.endpoint_override = None {{(pid=98719) log_opt_values /opt/stack/data/venv/lib/python3.12/site-packages/oslo_config/cfg.py:3253}}
Jun 25 04:38:29.527107 np0000003587 nova-conductor[98719]: DEBUG cotyledon.oslo_config_glue [-] oslo_limit.endpoint_region_name = None {{(pid=98719) log_opt_values /opt/stack/data/venv/lib/python3.12/site-packages/oslo_config/cfg.py:3253}}
Jun 25 04:38:29.527394 np0000003587 nova-conductor[98695]: DEBUG oslo_db.sqlalchemy.engines [None req-56d982ee-4ad8-47a7-bac0-72d0a6cc1b58 None None] MySQL server mode set to STRICT_TRANS_TABLES,STRICT_ALL_TABLES,NO_ZERO_IN_DATE,NO_ZERO_DATE,ERROR_FOR_DIVISION_BY_ZERO,TRADITIONAL,NO_ENGINE_SUBSTITUTION {{(pid=98695) _check_effective_sql_mode /opt/stack/data/venv/lib/python3.12/site-packages/oslo_db/sqlalchemy/engines.py:325}}
Jun 25 04:38:29.527442 np0000003587 nova-conductor[98719]: DEBUG cotyledon.oslo_config_glue [-] oslo_limit.endpoint_service_name = None {{(pid=98719) log_opt_values /opt/stack/data/venv/lib/python3.12/site-packages/oslo_config/cfg.py:3253}}
Jun 25 04:38:29.527442 np0000003587 nova-conductor[98719]: DEBUG cotyledon.oslo_config_glue [-] oslo_limit.endpoint_service_type = None {{(pid=98719) log_opt_values /opt/stack/data/venv/lib/python3.12/site-packages/oslo_config/cfg.py:3253}}
Jun 25 04:38:29.527442 np0000003587 nova-conductor[98719]: DEBUG cotyledon.oslo_config_glue [-] oslo_limit.insecure = False {{(pid=98719) log_opt_values /opt/stack/data/venv/lib/python3.12/site-packages/oslo_config/cfg.py:3253}}
Jun 25 04:38:29.527442 np0000003587 nova-conductor[98719]: DEBUG cotyledon.oslo_config_glue [-] oslo_limit.keyfile = None {{(pid=98719) log_opt_values /opt/stack/data/venv/lib/python3.12/site-packages/oslo_config/cfg.py:3253}}
Jun 25 04:38:29.527442 np0000003587 nova-conductor[98719]: DEBUG cotyledon.oslo_config_glue [-] oslo_limit.max_version = None {{(pid=98719) log_opt_values /opt/stack/data/venv/lib/python3.12/site-packages/oslo_config/cfg.py:3253}}
Jun 25 04:38:29.527442 np0000003587 nova-conductor[98719]: DEBUG cotyledon.oslo_config_glue [-] oslo_limit.min_version = None {{(pid=98719) log_opt_values /opt/stack/data/venv/lib/python3.12/site-packages/oslo_config/cfg.py:3253}}
Jun 25 04:38:29.527442 np0000003587 nova-conductor[98719]: DEBUG cotyledon.oslo_config_glue [-] oslo_limit.region_name = None {{(pid=98719) log_opt_values /opt/stack/data/venv/lib/python3.12/site-packages/oslo_config/cfg.py:3253}}
Jun 25 04:38:29.527442 np0000003587 nova-conductor[98719]: DEBUG cotyledon.oslo_config_glue [-] oslo_limit.retriable_status_codes = None {{(pid=98719) log_opt_values /opt/stack/data/venv/lib/python3.12/site-packages/oslo_config/cfg.py:3253}}
Jun 25 04:38:29.527442 np0000003587 nova-conductor[98719]: DEBUG cotyledon.oslo_config_glue [-] oslo_limit.service_name = None {{(pid=98719) log_opt_values /opt/stack/data/venv/lib/python3.12/site-packages/oslo_config/cfg.py:3253}}
Jun 25 04:38:29.527775 np0000003587 nova-conductor[98719]: DEBUG cotyledon.oslo_config_glue [-] oslo_limit.service_type = None {{(pid=98719) log_opt_values /opt/stack/data/venv/lib/python3.12/site-packages/oslo_config/cfg.py:3253}}
Jun 25 04:38:29.527775 np0000003587 nova-conductor[98719]: DEBUG cotyledon.oslo_config_glue [-] oslo_limit.split_loggers = False {{(pid=98719) log_opt_values /opt/stack/data/venv/lib/python3.12/site-packages/oslo_config/cfg.py:3253}}
Jun 25 04:38:29.527775 np0000003587 nova-conductor[98719]: DEBUG cotyledon.oslo_config_glue [-] oslo_limit.status_code_retries = None {{(pid=98719) log_opt_values /opt/stack/data/venv/lib/python3.12/site-packages/oslo_config/cfg.py:3253}}
Jun 25 04:38:29.527775 np0000003587 nova-conductor[98719]: DEBUG cotyledon.oslo_config_glue [-] oslo_limit.status_code_retry_delay = None {{(pid=98719) log_opt_values /opt/stack/data/venv/lib/python3.12/site-packages/oslo_config/cfg.py:3253}}
Jun 25 04:38:29.527775 np0000003587 nova-conductor[98719]: DEBUG cotyledon.oslo_config_glue [-] oslo_limit.timeout = None {{(pid=98719) log_opt_values /opt/stack/data/venv/lib/python3.12/site-packages/oslo_config/cfg.py:3253}}
Jun 25 04:38:29.527775 np0000003587 nova-conductor[98719]: DEBUG cotyledon.oslo_config_glue [-] oslo_limit.valid_interfaces = None {{(pid=98719) log_opt_values /opt/stack/data/venv/lib/python3.12/site-packages/oslo_config/cfg.py:3253}}
Jun 25 04:38:29.527775 np0000003587 nova-conductor[98719]: DEBUG cotyledon.oslo_config_glue [-] oslo_limit.version = None {{(pid=98719) log_opt_values /opt/stack/data/venv/lib/python3.12/site-packages/oslo_config/cfg.py:3253}}
Jun 25 04:38:29.527775 np0000003587 nova-conductor[98719]: DEBUG cotyledon.oslo_config_glue [-] oslo_reports.file_event_handler = None {{(pid=98719) log_opt_values /opt/stack/data/venv/lib/python3.12/site-packages/oslo_config/cfg.py:3253}}
Jun 25 04:38:29.527775 np0000003587 nova-conductor[98719]: DEBUG cotyledon.oslo_config_glue [-] oslo_reports.file_event_handler_interval = 1 {{(pid=98719) log_opt_values /opt/stack/data/venv/lib/python3.12/site-packages/oslo_config/cfg.py:3253}}
Jun 25 04:38:29.528069 np0000003587 nova-conductor[98719]: DEBUG cotyledon.oslo_config_glue [-] oslo_reports.log_dir = None {{(pid=98719) log_opt_values /opt/stack/data/venv/lib/python3.12/site-packages/oslo_config/cfg.py:3253}}
Jun 25 04:38:29.528069 np0000003587 nova-conductor[98719]: DEBUG cotyledon.oslo_config_glue [-] ******************************************************************************** {{(pid=98719) log_opt_values /opt/stack/data/venv/lib/python3.12/site-packages/oslo_config/cfg.py:3260}}
Jun 25 04:38:29.528069 np0000003587 nova-conductor[98719]: DEBUG cotyledon._service_worker [-] Run service ServiceWrapper(3) [98719] {{(pid=98719) wait_forever /opt/stack/data/venv/lib/python3.12/site-packages/cotyledon/_service_worker.py:218}}
Jun 25 04:38:29.528069 np0000003587 nova-conductor[98719]: INFO nova.service [-] Starting conductor node (version 33.1.0)
Jun 25 04:38:29.528069 np0000003587 nova-conductor[98719]: INFO dbcounter [None req-4343fc28-ef85-4203-8252-7e7b582b9154 None None] Registered counter for database nova_cell0
Jun 25 04:38:29.528215 np0000003587 nova-conductor[98695]: DEBUG dbcounter [-] [98695] Writer thread running {{(pid=98695) stat_writer /opt/stack/data/venv/lib/python3.12/site-packages/dbcounter.py:102}}
Jun 25 04:38:29.528251 np0000003587 nova-conductor[98699]: DEBUG oslo_db.sqlalchemy.engines [None req-650b393b-bb47-4ea5-8b1f-eea18d99c878 None None] MySQL server mode set to STRICT_TRANS_TABLES,STRICT_ALL_TABLES,NO_ZERO_IN_DATE,NO_ZERO_DATE,ERROR_FOR_DIVISION_BY_ZERO,TRADITIONAL,NO_ENGINE_SUBSTITUTION {{(pid=98699) _check_effective_sql_mode /opt/stack/data/venv/lib/python3.12/site-packages/oslo_db/sqlalchemy/engines.py:325}}
Jun 25 04:38:29.528251 np0000003587 nova-conductor[98699]: DEBUG dbcounter [-] [98699] Writer thread running {{(pid=98699) stat_writer /opt/stack/data/venv/lib/python3.12/site-packages/dbcounter.py:102}}
Jun 25 04:38:29.528324 np0000003587 nova-conductor[98695]: DEBUG nova.service [None req-56d982ee-4ad8-47a7-bac0-72d0a6cc1b58 None None] Creating RPC server for service: nova-conductor on topic: conductor {{(pid=98695) start /opt/stack/nova/nova/service.py:196}}
Jun 25 04:38:29.536228 np0000003587 nova-conductor[98699]: DEBUG nova.service [None req-650b393b-bb47-4ea5-8b1f-eea18d99c878 None None] Creating RPC server for service: nova-conductor on topic: conductor {{(pid=98699) start /opt/stack/nova/nova/service.py:196}}
Jun 25 04:38:29.536818 np0000003587 nova-conductor[98705]: DEBUG oslo_db.sqlalchemy.engines [None req-74b7242b-76e3-4858-ba2e-cb3af74790e3 None None] MySQL server mode set to STRICT_TRANS_TABLES,STRICT_ALL_TABLES,NO_ZERO_IN_DATE,NO_ZERO_DATE,ERROR_FOR_DIVISION_BY_ZERO,TRADITIONAL,NO_ENGINE_SUBSTITUTION {{(pid=98705) _check_effective_sql_mode /opt/stack/data/venv/lib/python3.12/site-packages/oslo_db/sqlalchemy/engines.py:325}}
Jun 25 04:38:29.547596 np0000003587 nova-conductor[98705]: DEBUG dbcounter [-] [98705] Writer thread running {{(pid=98705) stat_writer /opt/stack/data/venv/lib/python3.12/site-packages/dbcounter.py:102}}
Jun 25 04:38:29.551912 np0000003587 nova-conductor[98705]: DEBUG nova.service [None req-74b7242b-76e3-4858-ba2e-cb3af74790e3 None None] Creating RPC server for service: nova-conductor on topic: conductor {{(pid=98705) start /opt/stack/nova/nova/service.py:196}}
Jun 25 04:38:29.554523 np0000003587 nova-conductor[98695]: DEBUG nova.service [None req-56d982ee-4ad8-47a7-bac0-72d0a6cc1b58 None None] Join ServiceGroup membership for this service conductor {{(pid=98695) start /opt/stack/nova/nova/service.py:222}}
Jun 25 04:38:29.554794 np0000003587 nova-conductor[98695]: DEBUG nova.servicegroup.drivers.db [None req-56d982ee-4ad8-47a7-bac0-72d0a6cc1b58 None None] DB_Driver: join new ServiceGroup member np0000003587 to the conductor group, service = {{(pid=98695) join /opt/stack/nova/nova/servicegroup/drivers/db.py:44}}
Jun 25 04:38:29.557925 np0000003587 nova-conductor[98699]: DEBUG nova.service [None req-650b393b-bb47-4ea5-8b1f-eea18d99c878 None None] Join ServiceGroup membership for this service conductor {{(pid=98699) start /opt/stack/nova/nova/service.py:222}}
Jun 25 04:38:29.558124 np0000003587 nova-conductor[98699]: DEBUG nova.servicegroup.drivers.db [None req-650b393b-bb47-4ea5-8b1f-eea18d99c878 None None] DB_Driver: join new ServiceGroup member np0000003587 to the conductor group, service = {{(pid=98699) join /opt/stack/nova/nova/servicegroup/drivers/db.py:44}}
Jun 25 04:38:29.564038 np0000003587 nova-conductor[98719]: DEBUG oslo_db.sqlalchemy.engines [None req-4343fc28-ef85-4203-8252-7e7b582b9154 None None] MySQL server mode set to STRICT_TRANS_TABLES,STRICT_ALL_TABLES,NO_ZERO_IN_DATE,NO_ZERO_DATE,ERROR_FOR_DIVISION_BY_ZERO,TRADITIONAL,NO_ENGINE_SUBSTITUTION {{(pid=98719) _check_effective_sql_mode /opt/stack/data/venv/lib/python3.12/site-packages/oslo_db/sqlalchemy/engines.py:325}}
Jun 25 04:38:29.575473 np0000003587 nova-conductor[98705]: DEBUG nova.service [None req-74b7242b-76e3-4858-ba2e-cb3af74790e3 None None] Join ServiceGroup membership for this service conductor {{(pid=98705) start /opt/stack/nova/nova/service.py:222}}
Jun 25 04:38:29.575738 np0000003587 nova-conductor[98705]: DEBUG nova.servicegroup.drivers.db [None req-74b7242b-76e3-4858-ba2e-cb3af74790e3 None None] DB_Driver: join new ServiceGroup member np0000003587 to the conductor group, service = {{(pid=98705) join /opt/stack/nova/nova/servicegroup/drivers/db.py:44}}
Jun 25 04:38:29.577391 np0000003587 nova-conductor[98719]: DEBUG dbcounter [-] [98719] Writer thread running {{(pid=98719) stat_writer /opt/stack/data/venv/lib/python3.12/site-packages/dbcounter.py:102}}
Jun 25 04:38:29.580422 np0000003587 nova-conductor[98719]: DEBUG nova.service [None req-4343fc28-ef85-4203-8252-7e7b582b9154 None None] Creating RPC server for service: nova-conductor on topic: conductor {{(pid=98719) start /opt/stack/nova/nova/service.py:196}}
Jun 25 04:38:29.596419 np0000003587 nova-conductor[98719]: DEBUG nova.service [None req-4343fc28-ef85-4203-8252-7e7b582b9154 None None] Join ServiceGroup membership for this service conductor {{(pid=98719) start /opt/stack/nova/nova/service.py:222}}
Jun 25 04:38:29.596846 np0000003587 nova-conductor[98719]: DEBUG nova.servicegroup.drivers.db [None req-4343fc28-ef85-4203-8252-7e7b582b9154 None None] DB_Driver: join new ServiceGroup member np0000003587 to the conductor group, service = {{(pid=98719) join /opt/stack/nova/nova/servicegroup/drivers/db.py:44}}
Jun 25 04:38:31.560005 np0000003587 nova-conductor[98699]: DEBUG oslo.service.backend._threading.loopingcall [None req-7194e1ef-ebf7-4976-89d0-5d2ae3f91865 None None] Dynamic interval looping call 'nova.service.Service.periodic_tasks' sleeping for 60.00 seconds {{(pid=98699) _run_loop /opt/stack/data/venv/lib/python3.12/site-packages/oslo_service/backend/_threading/loopingcall.py:125}}
Jun 25 04:38:34.567711 np0000003587 nova-conductor[98695]: DEBUG oslo.service.backend._threading.loopingcall [-] Fixed interval looping call 'nova.servicegroup.drivers.db.DbDriver._report_state' sleeping for 119.99 seconds {{(pid=98695) _run_loop /opt/stack/data/venv/lib/python3.12/site-packages/oslo_service/backend/_threading/loopingcall.py:125}}
Jun 25 04:38:34.568527 np0000003587 nova-conductor[98699]: DEBUG oslo.service.backend._threading.loopingcall [-] Fixed interval looping call 'nova.servicegroup.drivers.db.DbDriver._report_state' sleeping for 119.99 seconds {{(pid=98699) _run_loop /opt/stack/data/venv/lib/python3.12/site-packages/oslo_service/backend/_threading/loopingcall.py:125}}
Jun 25 04:38:34.585474 np0000003587 nova-conductor[98705]: DEBUG oslo.service.backend._threading.loopingcall [-] Fixed interval looping call 'nova.servicegroup.drivers.db.DbDriver._report_state' sleeping for 119.99 seconds {{(pid=98705) _run_loop /opt/stack/data/venv/lib/python3.12/site-packages/oslo_service/backend/_threading/loopingcall.py:125}}
Jun 25 04:38:34.608593 np0000003587 nova-conductor[98719]: DEBUG oslo.service.backend._threading.loopingcall [-] Fixed interval looping call 'nova.servicegroup.drivers.db.DbDriver._report_state' sleeping for 119.99 seconds {{(pid=98719) _run_loop /opt/stack/data/venv/lib/python3.12/site-packages/oslo_service/backend/_threading/loopingcall.py:125}}
Jun 25 04:38:38.123179 np0000003587 nova-conductor[97223]: DEBUG dbcounter [-] [97223] Writing DB stats nova_api:SELECT=1 {{(pid=97223) stat_writer /opt/stack/data/venv/lib/python3.12/site-packages/dbcounter.py:115}}
Jun 25 04:38:38.262799 np0000003587 nova-conductor[97223]: DEBUG dbcounter [-] [97223] Writing DB stats nova_cell0:SELECT=1 {{(pid=97223) stat_writer /opt/stack/data/venv/lib/python3.12/site-packages/dbcounter.py:115}}
Jun 25 04:38:38.263707 np0000003587 nova-conductor[97223]: DEBUG dbcounter [-] [97223] Writing DB stats nova_cell1:SELECT=1 {{(pid=97223) stat_writer /opt/stack/data/venv/lib/python3.12/site-packages/dbcounter.py:115}}
Jun 25 04:38:44.563411 np0000003587 nova-conductor[98695]: DEBUG dbcounter [-] [98695] Writing DB stats nova_cell0:SELECT=4,nova_cell0:INSERT=1,nova_cell0:UPDATE=1 {{(pid=98695) stat_writer /opt/stack/data/venv/lib/python3.12/site-packages/dbcounter.py:115}}
Jun 25 04:38:44.565644 np0000003587 nova-conductor[98699]: DEBUG dbcounter [-] [98699] Writing DB stats nova_cell0:SELECT=4,nova_cell0:INSERT=1,nova_cell0:UPDATE=1 {{(pid=98699) stat_writer /opt/stack/data/venv/lib/python3.12/site-packages/dbcounter.py:115}}
Jun 25 04:38:44.584818 np0000003587 nova-conductor[98705]: DEBUG dbcounter [-] [98705] Writing DB stats nova_cell0:SELECT=3 {{(pid=98705) stat_writer /opt/stack/data/venv/lib/python3.12/site-packages/dbcounter.py:115}}
Jun 25 04:38:44.607587 np0000003587 nova-conductor[98719]: DEBUG dbcounter [-] [98719] Writing DB stats nova_cell0:SELECT=3 {{(pid=98719) stat_writer /opt/stack/data/venv/lib/python3.12/site-packages/dbcounter.py:115}}
Jun 25 04:38:51.556810 np0000003587 nova-conductor[98695]: DEBUG oslo.service.backend._threading.loopingcall [None req-33993842-e20d-4710-8b07-a75bff075f12 None None] Dynamic interval looping call 'nova.service.Service.periodic_tasks' sleeping for 60.00 seconds {{(pid=98695) _run_loop /opt/stack/data/venv/lib/python3.12/site-packages/oslo_service/backend/_threading/loopingcall.py:125}}
Jun 25 04:39:25.598740 np0000003587 nova-conductor[98719]: DEBUG oslo.service.backend._threading.loopingcall [None req-0a771220-3c95-43ce-93de-c98f7d7865ab None None] Dynamic interval looping call 'nova.service.Service.periodic_tasks' sleeping for 60.00 seconds {{(pid=98719) _run_loop /opt/stack/data/venv/lib/python3.12/site-packages/oslo_service/backend/_threading/loopingcall.py:125}}
Jun 25 04:39:29.578183 np0000003587 nova-conductor[98705]: DEBUG oslo.service.backend._threading.loopingcall [None req-8e83691a-fc23-43b2-a109-6c67b2ba2c0d None None] Dynamic interval looping call 'nova.service.Service.periodic_tasks' sleeping for 60.00 seconds {{(pid=98705) _run_loop /opt/stack/data/venv/lib/python3.12/site-packages/oslo_service/backend/_threading/loopingcall.py:125}}
Jun 25 04:39:31.560366 np0000003587 nova-conductor[98699]: DEBUG oslo.service.backend._threading.loopingcall [None req-7194e1ef-ebf7-4976-89d0-5d2ae3f91865 None None] Dynamic interval looping call 'nova.service.Service.periodic_tasks' sleeping for 60.00 seconds {{(pid=98699) _run_loop /opt/stack/data/venv/lib/python3.12/site-packages/oslo_service/backend/_threading/loopingcall.py:125}}
Jun 25 04:39:51.557241 np0000003587 nova-conductor[98695]: DEBUG oslo.service.backend._threading.loopingcall [None req-33993842-e20d-4710-8b07-a75bff075f12 None None] Dynamic interval looping call 'nova.service.Service.periodic_tasks' sleeping for 60.00 seconds {{(pid=98695) _run_loop /opt/stack/data/venv/lib/python3.12/site-packages/oslo_service/backend/_threading/loopingcall.py:125}}
Jun 25 04:40:25.599449 np0000003587 nova-conductor[98719]: DEBUG oslo.service.backend._threading.loopingcall [None req-0a771220-3c95-43ce-93de-c98f7d7865ab None None] Dynamic interval looping call 'nova.service.Service.periodic_tasks' sleeping for 60.00 seconds {{(pid=98719) _run_loop /opt/stack/data/venv/lib/python3.12/site-packages/oslo_service/backend/_threading/loopingcall.py:125}}
Jun 25 04:40:29.578767 np0000003587 nova-conductor[98705]: DEBUG oslo.service.backend._threading.loopingcall [None req-8e83691a-fc23-43b2-a109-6c67b2ba2c0d None None] Dynamic interval looping call 'nova.service.Service.periodic_tasks' sleeping for 60.00 seconds {{(pid=98705) _run_loop /opt/stack/data/venv/lib/python3.12/site-packages/oslo_service/backend/_threading/loopingcall.py:125}}
Jun 25 04:40:31.560822 np0000003587 nova-conductor[98699]: DEBUG oslo.service.backend._threading.loopingcall [None req-7194e1ef-ebf7-4976-89d0-5d2ae3f91865 None None] Dynamic interval looping call 'nova.service.Service.periodic_tasks' sleeping for 60.00 seconds {{(pid=98699) _run_loop /opt/stack/data/venv/lib/python3.12/site-packages/oslo_service/backend/_threading/loopingcall.py:125}}
Jun 25 04:40:34.564628 np0000003587 nova-conductor[98695]: DEBUG oslo.service.backend._threading.loopingcall [-] Fixed interval looping call 'nova.servicegroup.drivers.db.DbDriver._report_state' sleeping for 119.99 seconds {{(pid=98695) _run_loop /opt/stack/data/venv/lib/python3.12/site-packages/oslo_service/backend/_threading/loopingcall.py:125}}
Jun 25 04:40:34.565989 np0000003587 nova-conductor[98699]: DEBUG oslo.service.backend._threading.loopingcall [-] Fixed interval looping call 'nova.servicegroup.drivers.db.DbDriver._report_state' sleeping for 119.99 seconds {{(pid=98699) _run_loop /opt/stack/data/venv/lib/python3.12/site-packages/oslo_service/backend/_threading/loopingcall.py:125}}
Jun 25 04:40:34.578850 np0000003587 nova-conductor[98705]: DEBUG oslo.service.backend._threading.loopingcall [-] Fixed interval looping call 'nova.servicegroup.drivers.db.DbDriver._report_state' sleeping for 120.00 seconds {{(pid=98705) _run_loop /opt/stack/data/venv/lib/python3.12/site-packages/oslo_service/backend/_threading/loopingcall.py:125}}
Jun 25 04:40:34.601989 np0000003587 nova-conductor[98719]: DEBUG oslo.service.backend._threading.loopingcall [-] Fixed interval looping call 'nova.servicegroup.drivers.db.DbDriver._report_state' sleeping for 120.00 seconds {{(pid=98719) _run_loop /opt/stack/data/venv/lib/python3.12/site-packages/oslo_service/backend/_threading/loopingcall.py:125}}
Jun 25 04:40:44.561266 np0000003587 nova-conductor[98695]: DEBUG dbcounter [-] [98695] Writing DB stats nova_cell0:SELECT=1,nova_cell0:UPDATE=1 {{(pid=98695) stat_writer /opt/stack/data/venv/lib/python3.12/site-packages/dbcounter.py:115}}
Jun 25 04:40:44.562301 np0000003587 nova-conductor[98699]: DEBUG dbcounter [-] [98699] Writing DB stats nova_cell0:SELECT=1,nova_cell0:UPDATE=1 {{(pid=98699) stat_writer /opt/stack/data/venv/lib/python3.12/site-packages/dbcounter.py:115}}
Jun 25 04:40:44.577264 np0000003587 nova-conductor[98705]: DEBUG dbcounter [-] [98705] Writing DB stats nova_cell0:SELECT=1 {{(pid=98705) stat_writer /opt/stack/data/venv/lib/python3.12/site-packages/dbcounter.py:115}}
Jun 25 04:40:44.600285 np0000003587 nova-conductor[98719]: DEBUG dbcounter [-] [98719] Writing DB stats nova_cell0:SELECT=1 {{(pid=98719) stat_writer /opt/stack/data/venv/lib/python3.12/site-packages/dbcounter.py:115}}
Jun 25 04:40:51.631092 np0000003587 nova-conductor[98695]: DEBUG oslo.service.backend._threading.loopingcall [None req-33993842-e20d-4710-8b07-a75bff075f12 None None] Dynamic interval looping call 'nova.service.Service.periodic_tasks' sleeping for 60.00 seconds {{(pid=98695) _run_loop /opt/stack/data/venv/lib/python3.12/site-packages/oslo_service/backend/_threading/loopingcall.py:125}}
Jun 25 04:41:02.457988 np0000003587 nova-conductor[98695]: DEBUG oslo_db.sqlalchemy.engines [None req-44a4c7fd-394c-44e0-a185-625cc653e038 tempest-ServerBootFromVolumeStableRescueTest-6878904 tempest-ServerBootFromVolumeStableRescueTest-6878904-project-member] Parent process 97223 forked (98695) with an open database connection, which is being discarded and recreated. {{(pid=98695) checkout /opt/stack/data/venv/lib/python3.12/site-packages/oslo_db/sqlalchemy/engines.py:402}}
Jun 25 04:41:02.509510 np0000003587 nova-conductor[98695]: DEBUG dbcounter [-] [98695] Writer thread running {{(pid=98695) stat_writer /opt/stack/data/venv/lib/python3.12/site-packages/dbcounter.py:102}}
Jun 25 04:41:04.039593 np0000003587 nova-conductor[98695]: DEBUG nova.conductor.manager [None req-44a4c7fd-394c-44e0-a185-625cc653e038 tempest-ServerBootFromVolumeStableRescueTest-6878904 tempest-ServerBootFromVolumeStableRescueTest-6878904-project-member] Took 1.53 seconds to select destinations for 1 instance(s). {{(pid=98695) _schedule_instances /opt/stack/nova/nova/conductor/manager.py:968}}
Jun 25 04:41:04.069447 np0000003587 nova-conductor[98695]: DEBUG oslo_concurrency.lockutils [None req-44a4c7fd-394c-44e0-a185-625cc653e038 tempest-ServerBootFromVolumeStableRescueTest-6878904 tempest-ServerBootFromVolumeStableRescueTest-6878904-project-member] Acquiring lock "0648a1b3-6dec-449a-82ac-5e4ef3877847" by "nova.context.set_target_cell..get_or_set_cached_cell_and_set_connections" {{(pid=98695) inner /opt/stack/data/venv/lib/python3.12/site-packages/oslo_concurrency/lockutils.py:511}}
Jun 25 04:41:04.069447 np0000003587 nova-conductor[98695]: DEBUG oslo_concurrency.lockutils [None req-44a4c7fd-394c-44e0-a185-625cc653e038 tempest-ServerBootFromVolumeStableRescueTest-6878904 tempest-ServerBootFromVolumeStableRescueTest-6878904-project-member] Lock "0648a1b3-6dec-449a-82ac-5e4ef3877847" acquired by "nova.context.set_target_cell..get_or_set_cached_cell_and_set_connections" :: waited 0.000s {{(pid=98695) inner /opt/stack/data/venv/lib/python3.12/site-packages/oslo_concurrency/lockutils.py:524}}
Jun 25 04:41:04.070873 np0000003587 nova-conductor[98695]: DEBUG oslo_concurrency.lockutils [None req-44a4c7fd-394c-44e0-a185-625cc653e038 tempest-ServerBootFromVolumeStableRescueTest-6878904 tempest-ServerBootFromVolumeStableRescueTest-6878904-project-member] Lock "0648a1b3-6dec-449a-82ac-5e4ef3877847" "released" by "nova.context.set_target_cell..get_or_set_cached_cell_and_set_connections" :: held 0.001s {{(pid=98695) inner /opt/stack/data/venv/lib/python3.12/site-packages/oslo_concurrency/lockutils.py:543}}
Jun 25 04:41:04.073434 np0000003587 nova-conductor[98695]: INFO dbcounter [None req-44a4c7fd-394c-44e0-a185-625cc653e038 tempest-ServerBootFromVolumeStableRescueTest-6878904 tempest-ServerBootFromVolumeStableRescueTest-6878904-project-member] Registered counter for database nova_cell1
Jun 25 04:41:04.127412 np0000003587 nova-conductor[98695]: DEBUG oslo_db.sqlalchemy.engines [None req-44a4c7fd-394c-44e0-a185-625cc653e038 tempest-ServerBootFromVolumeStableRescueTest-6878904 tempest-ServerBootFromVolumeStableRescueTest-6878904-project-member] MySQL server mode set to STRICT_TRANS_TABLES,STRICT_ALL_TABLES,NO_ZERO_IN_DATE,NO_ZERO_DATE,ERROR_FOR_DIVISION_BY_ZERO,TRADITIONAL,NO_ENGINE_SUBSTITUTION {{(pid=98695) _check_effective_sql_mode /opt/stack/data/venv/lib/python3.12/site-packages/oslo_db/sqlalchemy/engines.py:325}}
Jun 25 04:41:04.135718 np0000003587 nova-conductor[98695]: DEBUG dbcounter [-] [98695] Writer thread running {{(pid=98695) stat_writer /opt/stack/data/venv/lib/python3.12/site-packages/dbcounter.py:102}}
Jun 25 04:41:04.222768 np0000003587 nova-conductor[98695]: INFO nova.utils [None req-44a4c7fd-394c-44e0-a185-625cc653e038 tempest-ServerBootFromVolumeStableRescueTest-6878904 tempest-ServerBootFromVolumeStableRescueTest-6878904-project-member] The cell worker thread pool ForkProcess-1.cell_worker is initialized
Jun 25 04:41:04.223073 np0000003587 nova-conductor[98695]: DEBUG oslo_concurrency.lockutils [None req-44a4c7fd-394c-44e0-a185-625cc653e038 tempest-ServerBootFromVolumeStableRescueTest-6878904 tempest-ServerBootFromVolumeStableRescueTest-6878904-project-member] Acquiring lock "00000000-0000-0000-0000-000000000000" by "nova.context.set_target_cell..get_or_set_cached_cell_and_set_connections" {{(pid=98695) inner /opt/stack/data/venv/lib/python3.12/site-packages/oslo_concurrency/lockutils.py:511}}
Jun 25 04:41:04.223309 np0000003587 nova-conductor[98695]: DEBUG oslo_concurrency.lockutils [None req-44a4c7fd-394c-44e0-a185-625cc653e038 tempest-ServerBootFromVolumeStableRescueTest-6878904 tempest-ServerBootFromVolumeStableRescueTest-6878904-project-member] Lock "00000000-0000-0000-0000-000000000000" acquired by "nova.context.set_target_cell..get_or_set_cached_cell_and_set_connections" :: waited 0.000s {{(pid=98695) inner /opt/stack/data/venv/lib/python3.12/site-packages/oslo_concurrency/lockutils.py:524}}
Jun 25 04:41:04.224072 np0000003587 nova-conductor[98695]: DEBUG oslo_concurrency.lockutils [None req-44a4c7fd-394c-44e0-a185-625cc653e038 tempest-ServerBootFromVolumeStableRescueTest-6878904 tempest-ServerBootFromVolumeStableRescueTest-6878904-project-member] Lock "00000000-0000-0000-0000-000000000000" "released" by "nova.context.set_target_cell..get_or_set_cached_cell_and_set_connections" :: held 0.001s {{(pid=98695) inner /opt/stack/data/venv/lib/python3.12/site-packages/oslo_concurrency/lockutils.py:543}}
Jun 25 04:41:04.224969 np0000003587 nova-conductor[98695]: DEBUG oslo_concurrency.lockutils [None req-44a4c7fd-394c-44e0-a185-625cc653e038 tempest-ServerBootFromVolumeStableRescueTest-6878904 tempest-ServerBootFromVolumeStableRescueTest-6878904-project-member] Acquiring lock "0648a1b3-6dec-449a-82ac-5e4ef3877847" by "nova.context.set_target_cell..get_or_set_cached_cell_and_set_connections" {{(pid=98695) inner /opt/stack/data/venv/lib/python3.12/site-packages/oslo_concurrency/lockutils.py:511}}
Jun 25 04:41:04.225150 np0000003587 nova-conductor[98695]: DEBUG oslo_concurrency.lockutils [None req-44a4c7fd-394c-44e0-a185-625cc653e038 tempest-ServerBootFromVolumeStableRescueTest-6878904 tempest-ServerBootFromVolumeStableRescueTest-6878904-project-member] Lock "0648a1b3-6dec-449a-82ac-5e4ef3877847" acquired by "nova.context.set_target_cell..get_or_set_cached_cell_and_set_connections" :: waited 0.000s {{(pid=98695) inner /opt/stack/data/venv/lib/python3.12/site-packages/oslo_concurrency/lockutils.py:524}}
Jun 25 04:41:04.225150 np0000003587 nova-conductor[98695]: DEBUG oslo_concurrency.lockutils [None req-44a4c7fd-394c-44e0-a185-625cc653e038 tempest-ServerBootFromVolumeStableRescueTest-6878904 tempest-ServerBootFromVolumeStableRescueTest-6878904-project-member] Lock "0648a1b3-6dec-449a-82ac-5e4ef3877847" "released" by "nova.context.set_target_cell..get_or_set_cached_cell_and_set_connections" :: held 0.000s {{(pid=98695) inner /opt/stack/data/venv/lib/python3.12/site-packages/oslo_concurrency/lockutils.py:543}}
Jun 25 04:41:04.227538 np0000003587 nova-conductor[98695]: INFO dbcounter [None req-44a4c7fd-394c-44e0-a185-625cc653e038 tempest-ServerBootFromVolumeStableRescueTest-6878904 tempest-ServerBootFromVolumeStableRescueTest-6878904-project-member] Registered counter for database nova_cell0
Jun 25 04:41:04.298338 np0000003587 nova-conductor[98695]: DEBUG oslo_db.sqlalchemy.engines [None req-44a4c7fd-394c-44e0-a185-625cc653e038 tempest-ServerBootFromVolumeStableRescueTest-6878904 tempest-ServerBootFromVolumeStableRescueTest-6878904-project-member] MySQL server mode set to STRICT_TRANS_TABLES,STRICT_ALL_TABLES,NO_ZERO_IN_DATE,NO_ZERO_DATE,ERROR_FOR_DIVISION_BY_ZERO,TRADITIONAL,NO_ENGINE_SUBSTITUTION {{(pid=98695) _check_effective_sql_mode /opt/stack/data/venv/lib/python3.12/site-packages/oslo_db/sqlalchemy/engines.py:325}}
Jun 25 04:41:04.308474 np0000003587 nova-conductor[98695]: DEBUG dbcounter [-] [98695] Writer thread running {{(pid=98695) stat_writer /opt/stack/data/venv/lib/python3.12/site-packages/dbcounter.py:102}}
Jun 25 04:41:04.323272 np0000003587 nova-conductor[98695]: DEBUG nova.quota [None req-44a4c7fd-394c-44e0-a185-625cc653e038 tempest-ServerBootFromVolumeStableRescueTest-6878904 tempest-ServerBootFromVolumeStableRescueTest-6878904-project-member] Getting quotas for project a5d52ed3b8de460eb65a8fb4ad1b015d. Resources: {'cores', 'instances', 'ram'} {{(pid=98695) _get_quotas /opt/stack/nova/nova/quota.py:392}}
Jun 25 04:41:04.329691 np0000003587 nova-conductor[98695]: DEBUG nova.quota [None req-44a4c7fd-394c-44e0-a185-625cc653e038 tempest-ServerBootFromVolumeStableRescueTest-6878904 tempest-ServerBootFromVolumeStableRescueTest-6878904-project-member] Getting quotas for user 27ebe4b23b624995a52b9313ff9e318a and project a5d52ed3b8de460eb65a8fb4ad1b015d. Resources: {'cores', 'instances', 'ram'} {{(pid=98695) _get_quotas /opt/stack/nova/nova/quota.py:382}}
Jun 25 04:41:04.340538 np0000003587 nova-conductor[98695]: DEBUG nova.conductor.manager [None req-44a4c7fd-394c-44e0-a185-625cc653e038 tempest-ServerBootFromVolumeStableRescueTest-6878904 tempest-ServerBootFromVolumeStableRescueTest-6878904-project-member] [instance: 11145d6a-7a4f-4b00-8543-d9b51514d9de] Selected host: np0000003587; Selected node: np0000003587; Alternates: [] {{(pid=98695) schedule_and_build_instances /opt/stack/nova/nova/conductor/manager.py:1784}}
Jun 25 04:41:04.341235 np0000003587 nova-conductor[98695]: DEBUG oslo_concurrency.lockutils [None req-44a4c7fd-394c-44e0-a185-625cc653e038 tempest-ServerBootFromVolumeStableRescueTest-6878904 tempest-ServerBootFromVolumeStableRescueTest-6878904-project-member] Acquiring lock "0648a1b3-6dec-449a-82ac-5e4ef3877847" by "nova.context.set_target_cell..get_or_set_cached_cell_and_set_connections" {{(pid=98695) inner /opt/stack/data/venv/lib/python3.12/site-packages/oslo_concurrency/lockutils.py:511}}
Jun 25 04:41:04.341386 np0000003587 nova-conductor[98695]: DEBUG oslo_concurrency.lockutils [None req-44a4c7fd-394c-44e0-a185-625cc653e038 tempest-ServerBootFromVolumeStableRescueTest-6878904 tempest-ServerBootFromVolumeStableRescueTest-6878904-project-member] Lock "0648a1b3-6dec-449a-82ac-5e4ef3877847" acquired by "nova.context.set_target_cell..get_or_set_cached_cell_and_set_connections" :: waited 0.000s {{(pid=98695) inner /opt/stack/data/venv/lib/python3.12/site-packages/oslo_concurrency/lockutils.py:524}}
Jun 25 04:41:04.341512 np0000003587 nova-conductor[98695]: DEBUG oslo_concurrency.lockutils [None req-44a4c7fd-394c-44e0-a185-625cc653e038 tempest-ServerBootFromVolumeStableRescueTest-6878904 tempest-ServerBootFromVolumeStableRescueTest-6878904-project-member] Lock "0648a1b3-6dec-449a-82ac-5e4ef3877847" "released" by "nova.context.set_target_cell..get_or_set_cached_cell_and_set_connections" :: held 0.000s {{(pid=98695) inner /opt/stack/data/venv/lib/python3.12/site-packages/oslo_concurrency/lockutils.py:543}}
Jun 25 04:41:04.363946 np0000003587 nova-conductor[98695]: DEBUG nova.conductor.manager [None req-44a4c7fd-394c-44e0-a185-625cc653e038 tempest-ServerBootFromVolumeStableRescueTest-6878904 tempest-ServerBootFromVolumeStableRescueTest-6878904-project-member] [instance: 11145d6a-7a4f-4b00-8543-d9b51514d9de] block_device_mapping [BlockDeviceMapping(attachment_id=,boot_index=0,connection_info=None,created_at=,delete_on_termination=True,deleted=,deleted_at=,destination_type='local',device_name=None,device_type='disk',disk_bus=None,encrypted=False,encryption_format=None,encryption_options=None,encryption_secret_uuid=None,guest_format=None,id=,image_id='4ecaf199-c1b9-4ce3-869c-178c170c1662',instance=,instance_uuid=,no_device=False,snapshot_id=None,source_type='image',tag=None,updated_at=,uuid=,volume_id=None,volume_size=None,volume_type=None)] {{(pid=98695) _create_block_device_mapping /opt/stack/nova/nova/conductor/manager.py:1529}}
Jun 25 04:41:04.365284 np0000003587 nova-conductor[98695]: DEBUG oslo_concurrency.lockutils [None req-44a4c7fd-394c-44e0-a185-625cc653e038 tempest-ServerBootFromVolumeStableRescueTest-6878904 tempest-ServerBootFromVolumeStableRescueTest-6878904-project-member] Acquiring lock "0648a1b3-6dec-449a-82ac-5e4ef3877847" by "nova.context.set_target_cell..get_or_set_cached_cell_and_set_connections" {{(pid=98695) inner /opt/stack/data/venv/lib/python3.12/site-packages/oslo_concurrency/lockutils.py:511}}
Jun 25 04:41:04.365396 np0000003587 nova-conductor[98695]: DEBUG oslo_concurrency.lockutils [None req-44a4c7fd-394c-44e0-a185-625cc653e038 tempest-ServerBootFromVolumeStableRescueTest-6878904 tempest-ServerBootFromVolumeStableRescueTest-6878904-project-member] Lock "0648a1b3-6dec-449a-82ac-5e4ef3877847" acquired by "nova.context.set_target_cell..get_or_set_cached_cell_and_set_connections" :: waited 0.000s {{(pid=98695) inner /opt/stack/data/venv/lib/python3.12/site-packages/oslo_concurrency/lockutils.py:524}}
Jun 25 04:41:04.365725 np0000003587 nova-conductor[98695]: DEBUG oslo_concurrency.lockutils [None req-44a4c7fd-394c-44e0-a185-625cc653e038 tempest-ServerBootFromVolumeStableRescueTest-6878904 tempest-ServerBootFromVolumeStableRescueTest-6878904-project-member] Lock "0648a1b3-6dec-449a-82ac-5e4ef3877847" "released" by "nova.context.set_target_cell..get_or_set_cached_cell_and_set_connections" :: held 0.000s {{(pid=98695) inner /opt/stack/data/venv/lib/python3.12/site-packages/oslo_concurrency/lockutils.py:543}}
Jun 25 04:41:04.447281 np0000003587 nova-conductor[98695]: DEBUG oslo_concurrency.lockutils [None req-44a4c7fd-394c-44e0-a185-625cc653e038 tempest-ServerBootFromVolumeStableRescueTest-6878904 tempest-ServerBootFromVolumeStableRescueTest-6878904-project-member] Acquiring lock "0648a1b3-6dec-449a-82ac-5e4ef3877847" by "nova.context.set_target_cell..get_or_set_cached_cell_and_set_connections" {{(pid=98695) inner /opt/stack/data/venv/lib/python3.12/site-packages/oslo_concurrency/lockutils.py:511}}
