Aug 03 11:05:11.850416 np0000006344 nova-scheduler[96670]: DEBUG cotyledon.oslo_config_glue [-] workarounds.handle_virt_lifecycle_events = True {{(pid=96670) log_opt_values /opt/stack/data/venv/lib/python3.12/site-packages/oslo_config/cfg.py:3253}}
Aug 03 11:05:11.850416 np0000006344 nova-scheduler[96670]: DEBUG cotyledon.oslo_config_glue [-] workarounds.libvirt_disable_apic = False {{(pid=96670) log_opt_values /opt/stack/data/venv/lib/python3.12/site-packages/oslo_config/cfg.py:3253}}
Aug 03 11:05:11.850416 np0000006344 nova-scheduler[96670]: DEBUG cotyledon.oslo_config_glue [-] workarounds.never_download_image_if_on_rbd = False {{(pid=96670) log_opt_values /opt/stack/data/venv/lib/python3.12/site-packages/oslo_config/cfg.py:3253}}
Aug 03 11:05:11.850416 np0000006344 nova-scheduler[96670]: DEBUG cotyledon.oslo_config_glue [-] workarounds.qemu_monitor_announce_self_count = 3 {{(pid=96670) log_opt_values /opt/stack/data/venv/lib/python3.12/site-packages/oslo_config/cfg.py:3253}}
Aug 03 11:05:11.850416 np0000006344 nova-scheduler[96670]: DEBUG cotyledon.oslo_config_glue [-] workarounds.qemu_monitor_announce_self_interval = 1 {{(pid=96670) log_opt_values /opt/stack/data/venv/lib/python3.12/site-packages/oslo_config/cfg.py:3253}}
Aug 03 11:05:11.850416 np0000006344 nova-scheduler[96670]: DEBUG cotyledon.oslo_config_glue [-] workarounds.reserve_disk_resource_for_image_cache = False {{(pid=96670) log_opt_values /opt/stack/data/venv/lib/python3.12/site-packages/oslo_config/cfg.py:3253}}
Aug 03 11:05:11.850416 np0000006344 nova-scheduler[96670]: DEBUG cotyledon.oslo_config_glue [-] workarounds.skip_cpu_compare_at_startup = False {{(pid=96670) log_opt_values /opt/stack/data/venv/lib/python3.12/site-packages/oslo_config/cfg.py:3253}}
Aug 03 11:05:11.850708 np0000006344 nova-scheduler[96670]: DEBUG cotyledon.oslo_config_glue [-] workarounds.skip_cpu_compare_on_dest = False {{(pid=96670) log_opt_values /opt/stack/data/venv/lib/python3.12/site-packages/oslo_config/cfg.py:3253}}
Aug 03 11:05:11.850708 np0000006344 nova-scheduler[96670]: DEBUG cotyledon.oslo_config_glue [-] workarounds.skip_hypervisor_version_check_on_lm = False {{(pid=96670) log_opt_values /opt/stack/data/venv/lib/python3.12/site-packages/oslo_config/cfg.py:3253}}
Aug 03 11:05:11.850708 np0000006344 nova-scheduler[96670]: DEBUG cotyledon.oslo_config_glue [-] workarounds.skip_reserve_in_use_ironic_nodes = False {{(pid=96670) log_opt_values /opt/stack/data/venv/lib/python3.12/site-packages/oslo_config/cfg.py:3253}}
Aug 03 11:05:11.850708 np0000006344 nova-scheduler[96670]: DEBUG cotyledon.oslo_config_glue [-] workarounds.unified_limits_count_pcpu_as_vcpu = False {{(pid=96670) log_opt_values /opt/stack/data/venv/lib/python3.12/site-packages/oslo_config/cfg.py:3253}}
Aug 03 11:05:11.850708 np0000006344 nova-scheduler[96670]: DEBUG cotyledon.oslo_config_glue [-] workarounds.wait_for_vif_plugged_event_during_hard_reboot = [] {{(pid=96670) log_opt_values /opt/stack/data/venv/lib/python3.12/site-packages/oslo_config/cfg.py:3253}}
Aug 03 11:05:11.850708 np0000006344 nova-scheduler[96670]: DEBUG cotyledon.oslo_config_glue [-] wsgi.api_paste_config = /etc/nova/api-paste.ini {{(pid=96670) log_opt_values /opt/stack/data/venv/lib/python3.12/site-packages/oslo_config/cfg.py:3253}}
Aug 03 11:05:11.850708 np0000006344 nova-scheduler[96670]: DEBUG cotyledon.oslo_config_glue [-] wsgi.secure_proxy_ssl_header = None {{(pid=96670) log_opt_values /opt/stack/data/venv/lib/python3.12/site-packages/oslo_config/cfg.py:3253}}
Aug 03 11:05:11.850708 np0000006344 nova-scheduler[96670]: DEBUG cotyledon.oslo_config_glue [-] zvm.ca_file = None {{(pid=96670) log_opt_values /opt/stack/data/venv/lib/python3.12/site-packages/oslo_config/cfg.py:3253}}
Aug 03 11:05:11.850708 np0000006344 nova-scheduler[96670]: DEBUG cotyledon.oslo_config_glue [-] zvm.cloud_connector_url = None {{(pid=96670) log_opt_values /opt/stack/data/venv/lib/python3.12/site-packages/oslo_config/cfg.py:3253}}
Aug 03 11:05:11.851012 np0000006344 nova-scheduler[96670]: DEBUG cotyledon.oslo_config_glue [-] zvm.image_tmp_path = /opt/stack/data/nova/images {{(pid=96670) log_opt_values /opt/stack/data/venv/lib/python3.12/site-packages/oslo_config/cfg.py:3253}}
Aug 03 11:05:11.851012 np0000006344 nova-scheduler[96670]: DEBUG cotyledon.oslo_config_glue [-] zvm.reachable_timeout = 300 {{(pid=96670) log_opt_values /opt/stack/data/venv/lib/python3.12/site-packages/oslo_config/cfg.py:3253}}
Aug 03 11:05:11.851012 np0000006344 nova-scheduler[96670]: DEBUG cotyledon.oslo_config_glue [-] oslo_versionedobjects.fatal_exception_format_errors = False {{(pid=96670) log_opt_values /opt/stack/data/venv/lib/python3.12/site-packages/oslo_config/cfg.py:3253}}
Aug 03 11:05:11.851012 np0000006344 nova-scheduler[96670]: DEBUG cotyledon.oslo_config_glue [-] oslo_middleware.http_basic_auth_user_file = /etc/htpasswd {{(pid=96670) log_opt_values /opt/stack/data/venv/lib/python3.12/site-packages/oslo_config/cfg.py:3253}}
Aug 03 11:05:11.851012 np0000006344 nova-scheduler[96670]: DEBUG cotyledon.oslo_config_glue [-] oslo_messaging_metrics.metrics_buffer_size = 1000 {{(pid=96670) log_opt_values /opt/stack/data/venv/lib/python3.12/site-packages/oslo_config/cfg.py:3253}}
Aug 03 11:05:11.851012 np0000006344 nova-scheduler[96670]: DEBUG cotyledon.oslo_config_glue [-] oslo_messaging_metrics.metrics_enabled = False {{(pid=96670) log_opt_values /opt/stack/data/venv/lib/python3.12/site-packages/oslo_config/cfg.py:3253}}
Aug 03 11:05:11.851012 np0000006344 nova-scheduler[96670]: DEBUG cotyledon.oslo_config_glue [-] oslo_messaging_metrics.metrics_process_name = {{(pid=96670) log_opt_values /opt/stack/data/venv/lib/python3.12/site-packages/oslo_config/cfg.py:3253}}
Aug 03 11:05:11.851012 np0000006344 nova-scheduler[96670]: DEBUG cotyledon.oslo_config_glue [-] oslo_messaging_metrics.metrics_socket_file = /var/tmp/metrics_collector.sock {{(pid=96670) log_opt_values /opt/stack/data/venv/lib/python3.12/site-packages/oslo_config/cfg.py:3253}}
Aug 03 11:05:11.851266 np0000006344 nova-scheduler[96670]: DEBUG cotyledon.oslo_config_glue [-] oslo_messaging_metrics.metrics_thread_stop_timeout = 10 {{(pid=96670) log_opt_values /opt/stack/data/venv/lib/python3.12/site-packages/oslo_config/cfg.py:3253}}
Aug 03 11:05:11.851266 np0000006344 nova-scheduler[96670]: DEBUG cotyledon.oslo_config_glue [-] profiler.connection_string = messaging:// {{(pid=96670) log_opt_values /opt/stack/data/venv/lib/python3.12/site-packages/oslo_config/cfg.py:3253}}
Aug 03 11:05:11.851266 np0000006344 nova-scheduler[96670]: DEBUG cotyledon.oslo_config_glue [-] profiler.enabled = False {{(pid=96670) log_opt_values /opt/stack/data/venv/lib/python3.12/site-packages/oslo_config/cfg.py:3253}}
Aug 03 11:05:11.851266 np0000006344 nova-scheduler[96670]: DEBUG cotyledon.oslo_config_glue [-] profiler.es_doc_type = notification {{(pid=96670) log_opt_values /opt/stack/data/venv/lib/python3.12/site-packages/oslo_config/cfg.py:3253}}
Aug 03 11:05:11.851266 np0000006344 nova-scheduler[96670]: DEBUG cotyledon.oslo_config_glue [-] profiler.es_scroll_size = 10000 {{(pid=96670) log_opt_values /opt/stack/data/venv/lib/python3.12/site-packages/oslo_config/cfg.py:3253}}
Aug 03 11:05:11.851266 np0000006344 nova-scheduler[96670]: DEBUG cotyledon.oslo_config_glue [-] profiler.es_scroll_time = 2m {{(pid=96670) log_opt_values /opt/stack/data/venv/lib/python3.12/site-packages/oslo_config/cfg.py:3253}}
Aug 03 11:05:11.851266 np0000006344 nova-scheduler[96670]: DEBUG cotyledon.oslo_config_glue [-] profiler.filter_error_trace = False {{(pid=96670) log_opt_values /opt/stack/data/venv/lib/python3.12/site-packages/oslo_config/cfg.py:3253}}
Aug 03 11:05:11.851266 np0000006344 nova-scheduler[96670]: DEBUG cotyledon.oslo_config_glue [-] profiler.hmac_keys = **** {{(pid=96670) log_opt_values /opt/stack/data/venv/lib/python3.12/site-packages/oslo_config/cfg.py:3253}}
Aug 03 11:05:11.851266 np0000006344 nova-scheduler[96670]: DEBUG cotyledon.oslo_config_glue [-] profiler.sentinel_service_name = mymaster {{(pid=96670) log_opt_values /opt/stack/data/venv/lib/python3.12/site-packages/oslo_config/cfg.py:3253}}
Aug 03 11:05:11.851563 np0000006344 nova-scheduler[96670]: DEBUG cotyledon.oslo_config_glue [-] profiler.socket_timeout = 0.1 {{(pid=96670) log_opt_values /opt/stack/data/venv/lib/python3.12/site-packages/oslo_config/cfg.py:3253}}
Aug 03 11:05:11.851563 np0000006344 nova-scheduler[96670]: DEBUG cotyledon.oslo_config_glue [-] profiler.trace_requests = False {{(pid=96670) log_opt_values /opt/stack/data/venv/lib/python3.12/site-packages/oslo_config/cfg.py:3253}}
Aug 03 11:05:11.851563 np0000006344 nova-scheduler[96670]: DEBUG cotyledon.oslo_config_glue [-] profiler.trace_sqlalchemy = False {{(pid=96670) log_opt_values /opt/stack/data/venv/lib/python3.12/site-packages/oslo_config/cfg.py:3253}}
Aug 03 11:05:11.851563 np0000006344 nova-scheduler[96670]: DEBUG cotyledon.oslo_config_glue [-] profiler_jaeger.process_tags = {} {{(pid=96670) log_opt_values /opt/stack/data/venv/lib/python3.12/site-packages/oslo_config/cfg.py:3253}}
Aug 03 11:05:11.851563 np0000006344 nova-scheduler[96670]: DEBUG cotyledon.oslo_config_glue [-] profiler_jaeger.service_name_prefix = None {{(pid=96670) log_opt_values /opt/stack/data/venv/lib/python3.12/site-packages/oslo_config/cfg.py:3253}}
Aug 03 11:05:11.851563 np0000006344 nova-scheduler[96670]: DEBUG cotyledon.oslo_config_glue [-] profiler_otlp.service_name_prefix = None {{(pid=96670) log_opt_values /opt/stack/data/venv/lib/python3.12/site-packages/oslo_config/cfg.py:3253}}
Aug 03 11:05:11.851563 np0000006344 nova-scheduler[96670]: DEBUG cotyledon.oslo_config_glue [-] oslo_messaging_rabbit.amqp_auto_delete = False {{(pid=96670) log_opt_values /opt/stack/data/venv/lib/python3.12/site-packages/oslo_config/cfg.py:3253}}
Aug 03 11:05:11.851563 np0000006344 nova-scheduler[96670]: DEBUG cotyledon.oslo_config_glue [-] oslo_messaging_rabbit.amqp_durable_queues = False {{(pid=96670) log_opt_values /opt/stack/data/venv/lib/python3.12/site-packages/oslo_config/cfg.py:3253}}
Aug 03 11:05:11.851563 np0000006344 nova-scheduler[96670]: DEBUG cotyledon.oslo_config_glue [-] oslo_messaging_rabbit.conn_pool_min_size = 2 {{(pid=96670) log_opt_values /opt/stack/data/venv/lib/python3.12/site-packages/oslo_config/cfg.py:3253}}
Aug 03 11:05:11.851862 np0000006344 nova-scheduler[96670]: DEBUG cotyledon.oslo_config_glue [-] oslo_messaging_rabbit.conn_pool_ttl = 1200 {{(pid=96670) log_opt_values /opt/stack/data/venv/lib/python3.12/site-packages/oslo_config/cfg.py:3253}}
Aug 03 11:05:11.851862 np0000006344 nova-scheduler[96670]: DEBUG cotyledon.oslo_config_glue [-] oslo_messaging_rabbit.direct_mandatory_flag = True {{(pid=96670) log_opt_values /opt/stack/data/venv/lib/python3.12/site-packages/oslo_config/cfg.py:3253}}
Aug 03 11:05:11.851862 np0000006344 nova-scheduler[96670]: DEBUG cotyledon.oslo_config_glue [-] oslo_messaging_rabbit.enable_cancel_on_failover = False {{(pid=96670) log_opt_values /opt/stack/data/venv/lib/python3.12/site-packages/oslo_config/cfg.py:3253}}
Aug 03 11:05:11.851862 np0000006344 nova-scheduler[96670]: DEBUG cotyledon.oslo_config_glue [-] oslo_messaging_rabbit.heartbeat_rate = 3 {{(pid=96670) log_opt_values /opt/stack/data/venv/lib/python3.12/site-packages/oslo_config/cfg.py:3253}}
Aug 03 11:05:11.851862 np0000006344 nova-scheduler[96670]: DEBUG cotyledon.oslo_config_glue [-] oslo_messaging_rabbit.heartbeat_timeout_threshold = 60 {{(pid=96670) log_opt_values /opt/stack/data/venv/lib/python3.12/site-packages/oslo_config/cfg.py:3253}}
Aug 03 11:05:11.851862 np0000006344 nova-scheduler[96670]: DEBUG cotyledon.oslo_config_glue [-] oslo_messaging_rabbit.hostname = np0000006344 {{(pid=96670) log_opt_values /opt/stack/data/venv/lib/python3.12/site-packages/oslo_config/cfg.py:3253}}
Aug 03 11:05:11.851862 np0000006344 nova-scheduler[96670]: DEBUG cotyledon.oslo_config_glue [-] oslo_messaging_rabbit.kombu_compression = None {{(pid=96670) log_opt_values /opt/stack/data/venv/lib/python3.12/site-packages/oslo_config/cfg.py:3253}}
Aug 03 11:05:11.851862 np0000006344 nova-scheduler[96670]: DEBUG cotyledon.oslo_config_glue [-] oslo_messaging_rabbit.kombu_failover_strategy = round-robin {{(pid=96670) log_opt_values /opt/stack/data/venv/lib/python3.12/site-packages/oslo_config/cfg.py:3253}}
Aug 03 11:05:11.851862 np0000006344 nova-scheduler[96670]: DEBUG cotyledon.oslo_config_glue [-] oslo_messaging_rabbit.kombu_missing_consumer_retry_timeout = 60 {{(pid=96670) log_opt_values /opt/stack/data/venv/lib/python3.12/site-packages/oslo_config/cfg.py:3253}}
Aug 03 11:05:11.852163 np0000006344 nova-scheduler[96670]: DEBUG cotyledon.oslo_config_glue [-] oslo_messaging_rabbit.kombu_reconnect_delay = 1.0 {{(pid=96670) log_opt_values /opt/stack/data/venv/lib/python3.12/site-packages/oslo_config/cfg.py:3253}}
Aug 03 11:05:11.852163 np0000006344 nova-scheduler[96670]: DEBUG cotyledon.oslo_config_glue [-] oslo_messaging_rabbit.kombu_reconnect_splay = 0.0 {{(pid=96670) log_opt_values /opt/stack/data/venv/lib/python3.12/site-packages/oslo_config/cfg.py:3253}}
Aug 03 11:05:11.852163 np0000006344 nova-scheduler[96670]: DEBUG cotyledon.oslo_config_glue [-] oslo_messaging_rabbit.processname = nova-scheduler {{(pid=96670) log_opt_values /opt/stack/data/venv/lib/python3.12/site-packages/oslo_config/cfg.py:3253}}
Aug 03 11:05:11.852163 np0000006344 nova-scheduler[96670]: DEBUG cotyledon.oslo_config_glue [-] oslo_messaging_rabbit.rabbit_ha_queues = False {{(pid=96670) log_opt_values /opt/stack/data/venv/lib/python3.12/site-packages/oslo_config/cfg.py:3253}}
Aug 03 11:05:11.852163 np0000006344 nova-scheduler[96670]: DEBUG cotyledon.oslo_config_glue [-] oslo_messaging_rabbit.rabbit_interval_max = 30 {{(pid=96670) log_opt_values /opt/stack/data/venv/lib/python3.12/site-packages/oslo_config/cfg.py:3253}}
Aug 03 11:05:11.852163 np0000006344 nova-scheduler[96670]: DEBUG cotyledon.oslo_config_glue [-] oslo_messaging_rabbit.rabbit_login_method = AMQPLAIN {{(pid=96670) log_opt_values /opt/stack/data/venv/lib/python3.12/site-packages/oslo_config/cfg.py:3253}}
Aug 03 11:05:11.852163 np0000006344 nova-scheduler[96670]: DEBUG cotyledon.oslo_config_glue [-] oslo_messaging_rabbit.rabbit_qos_prefetch_count = 0 {{(pid=96670) log_opt_values /opt/stack/data/venv/lib/python3.12/site-packages/oslo_config/cfg.py:3253}}
Aug 03 11:05:11.852163 np0000006344 nova-scheduler[96670]: DEBUG cotyledon.oslo_config_glue [-] oslo_messaging_rabbit.rabbit_quorum_delivery_limit = 0 {{(pid=96670) log_opt_values /opt/stack/data/venv/lib/python3.12/site-packages/oslo_config/cfg.py:3253}}
Aug 03 11:05:11.852163 np0000006344 nova-scheduler[96670]: DEBUG cotyledon.oslo_config_glue [-] oslo_messaging_rabbit.rabbit_quorum_max_memory_bytes = 0 {{(pid=96670) log_opt_values /opt/stack/data/venv/lib/python3.12/site-packages/oslo_config/cfg.py:3253}}
Aug 03 11:05:11.852454 np0000006344 nova-scheduler[96670]: DEBUG cotyledon.oslo_config_glue [-] oslo_messaging_rabbit.rabbit_quorum_max_memory_length = 0 {{(pid=96670) log_opt_values /opt/stack/data/venv/lib/python3.12/site-packages/oslo_config/cfg.py:3253}}
Aug 03 11:05:11.852454 np0000006344 nova-scheduler[96670]: DEBUG cotyledon.oslo_config_glue [-] oslo_messaging_rabbit.rabbit_quorum_queue = False {{(pid=96670) log_opt_values /opt/stack/data/venv/lib/python3.12/site-packages/oslo_config/cfg.py:3253}}
Aug 03 11:05:11.852454 np0000006344 nova-scheduler[96670]: DEBUG cotyledon.oslo_config_glue [-] oslo_messaging_rabbit.rabbit_retry_backoff = 2 {{(pid=96670) log_opt_values /opt/stack/data/venv/lib/python3.12/site-packages/oslo_config/cfg.py:3253}}
Aug 03 11:05:11.852454 np0000006344 nova-scheduler[96670]: DEBUG cotyledon.oslo_config_glue [-] oslo_messaging_rabbit.rabbit_retry_interval = 1 {{(pid=96670) log_opt_values /opt/stack/data/venv/lib/python3.12/site-packages/oslo_config/cfg.py:3253}}
Aug 03 11:05:11.852454 np0000006344 nova-scheduler[96670]: DEBUG cotyledon.oslo_config_glue [-] oslo_messaging_rabbit.rabbit_stream_fanout = False {{(pid=96670) log_opt_values /opt/stack/data/venv/lib/python3.12/site-packages/oslo_config/cfg.py:3253}}
Aug 03 11:05:11.852454 np0000006344 nova-scheduler[96670]: DEBUG cotyledon.oslo_config_glue [-] oslo_messaging_rabbit.rabbit_transient_queues_ttl = 1800 {{(pid=96670) log_opt_values /opt/stack/data/venv/lib/python3.12/site-packages/oslo_config/cfg.py:3253}}
Aug 03 11:05:11.852454 np0000006344 nova-scheduler[96670]: DEBUG cotyledon.oslo_config_glue [-] oslo_messaging_rabbit.rabbit_transient_quorum_queue = False {{(pid=96670) log_opt_values /opt/stack/data/venv/lib/python3.12/site-packages/oslo_config/cfg.py:3253}}
Aug 03 11:05:11.852454 np0000006344 nova-scheduler[96670]: DEBUG cotyledon.oslo_config_glue [-] oslo_messaging_rabbit.rpc_conn_pool_size = 30 {{(pid=96670) log_opt_values /opt/stack/data/venv/lib/python3.12/site-packages/oslo_config/cfg.py:3253}}
Aug 03 11:05:11.852454 np0000006344 nova-scheduler[96670]: DEBUG cotyledon.oslo_config_glue [-] oslo_messaging_rabbit.ssl = False {{(pid=96670) log_opt_values /opt/stack/data/venv/lib/python3.12/site-packages/oslo_config/cfg.py:3253}}
Aug 03 11:05:11.852743 np0000006344 nova-scheduler[96670]: DEBUG cotyledon.oslo_config_glue [-] oslo_messaging_rabbit.ssl_ca_file = {{(pid=96670) log_opt_values /opt/stack/data/venv/lib/python3.12/site-packages/oslo_config/cfg.py:3253}}
Aug 03 11:05:11.852743 np0000006344 nova-scheduler[96670]: DEBUG cotyledon.oslo_config_glue [-] oslo_messaging_rabbit.ssl_cert_file = {{(pid=96670) log_opt_values /opt/stack/data/venv/lib/python3.12/site-packages/oslo_config/cfg.py:3253}}
Aug 03 11:05:11.852743 np0000006344 nova-scheduler[96670]: DEBUG cotyledon.oslo_config_glue [-] oslo_messaging_rabbit.ssl_enforce_fips_mode = False {{(pid=96670) log_opt_values /opt/stack/data/venv/lib/python3.12/site-packages/oslo_config/cfg.py:3253}}
Aug 03 11:05:11.852743 np0000006344 nova-scheduler[96670]: DEBUG cotyledon.oslo_config_glue [-] oslo_messaging_rabbit.ssl_enforce_hostname_verification = True {{(pid=96670) log_opt_values /opt/stack/data/venv/lib/python3.12/site-packages/oslo_config/cfg.py:3253}}
Aug 03 11:05:11.852743 np0000006344 nova-scheduler[96670]: DEBUG cotyledon.oslo_config_glue [-] oslo_messaging_rabbit.ssl_key_file = {{(pid=96670) log_opt_values /opt/stack/data/venv/lib/python3.12/site-packages/oslo_config/cfg.py:3253}}
Aug 03 11:05:11.852743 np0000006344 nova-scheduler[96670]: DEBUG cotyledon.oslo_config_glue [-] oslo_messaging_rabbit.ssl_version = {{(pid=96670) log_opt_values /opt/stack/data/venv/lib/python3.12/site-packages/oslo_config/cfg.py:3253}}
Aug 03 11:05:11.852743 np0000006344 nova-scheduler[96670]: DEBUG cotyledon.oslo_config_glue [-] oslo_messaging_rabbit.use_queue_manager = False {{(pid=96670) log_opt_values /opt/stack/data/venv/lib/python3.12/site-packages/oslo_config/cfg.py:3253}}
Aug 03 11:05:11.852743 np0000006344 nova-scheduler[96670]: DEBUG cotyledon.oslo_config_glue [-] oslo_messaging_notifications.driver = ['messagingv2'] {{(pid=96670) log_opt_values /opt/stack/data/venv/lib/python3.12/site-packages/oslo_config/cfg.py:3253}}
Aug 03 11:05:11.852743 np0000006344 nova-scheduler[96670]: DEBUG cotyledon.oslo_config_glue [-] oslo_messaging_notifications.retry = -1 {{(pid=96670) log_opt_values /opt/stack/data/venv/lib/python3.12/site-packages/oslo_config/cfg.py:3253}}
Aug 03 11:05:11.853049 np0000006344 nova-scheduler[96670]: DEBUG cotyledon.oslo_config_glue [-] oslo_messaging_notifications.topics = ['notifications'] {{(pid=96670) log_opt_values /opt/stack/data/venv/lib/python3.12/site-packages/oslo_config/cfg.py:3253}}
Aug 03 11:05:11.853049 np0000006344 nova-scheduler[96670]: DEBUG cotyledon.oslo_config_glue [-] oslo_messaging_notifications.transport_url = **** {{(pid=96670) log_opt_values /opt/stack/data/venv/lib/python3.12/site-packages/oslo_config/cfg.py:3253}}
Aug 03 11:05:11.853049 np0000006344 nova-scheduler[96670]: DEBUG cotyledon.oslo_config_glue [-] oslo_limit.auth_section = None {{(pid=96670) log_opt_values /opt/stack/data/venv/lib/python3.12/site-packages/oslo_config/cfg.py:3253}}
Aug 03 11:05:11.853049 np0000006344 nova-scheduler[96670]: DEBUG cotyledon.oslo_config_glue [-] oslo_limit.auth_type = None {{(pid=96670) log_opt_values /opt/stack/data/venv/lib/python3.12/site-packages/oslo_config/cfg.py:3253}}
Aug 03 11:05:11.853049 np0000006344 nova-scheduler[96670]: DEBUG cotyledon.oslo_config_glue [-] oslo_limit.cafile = None {{(pid=96670) log_opt_values /opt/stack/data/venv/lib/python3.12/site-packages/oslo_config/cfg.py:3253}}
Aug 03 11:05:11.853049 np0000006344 nova-scheduler[96670]: DEBUG cotyledon.oslo_config_glue [-] oslo_limit.certfile = None {{(pid=96670) log_opt_values /opt/stack/data/venv/lib/python3.12/site-packages/oslo_config/cfg.py:3253}}
Aug 03 11:05:11.853049 np0000006344 nova-scheduler[96670]: DEBUG cotyledon.oslo_config_glue [-] oslo_limit.collect_timing = False {{(pid=96670) log_opt_values /opt/stack/data/venv/lib/python3.12/site-packages/oslo_config/cfg.py:3253}}
Aug 03 11:05:11.853049 np0000006344 nova-scheduler[96670]: DEBUG cotyledon.oslo_config_glue [-] oslo_limit.connect_retries = None {{(pid=96670) log_opt_values /opt/stack/data/venv/lib/python3.12/site-packages/oslo_config/cfg.py:3253}}
Aug 03 11:05:11.853049 np0000006344 nova-scheduler[96670]: DEBUG cotyledon.oslo_config_glue [-] oslo_limit.connect_retry_delay = None {{(pid=96670) log_opt_values /opt/stack/data/venv/lib/python3.12/site-packages/oslo_config/cfg.py:3253}}
Aug 03 11:05:11.853342 np0000006344 nova-scheduler[96670]: DEBUG cotyledon.oslo_config_glue [-] oslo_limit.endpoint_id = None {{(pid=96670) log_opt_values /opt/stack/data/venv/lib/python3.12/site-packages/oslo_config/cfg.py:3253}}
Aug 03 11:05:11.853342 np0000006344 nova-scheduler[96670]: DEBUG cotyledon.oslo_config_glue [-] oslo_limit.endpoint_interface = public {{(pid=96670) log_opt_values /opt/stack/data/venv/lib/python3.12/site-packages/oslo_config/cfg.py:3253}}
Aug 03 11:05:11.853342 np0000006344 nova-scheduler[96670]: DEBUG cotyledon.oslo_config_glue [-] oslo_limit.endpoint_override = None {{(pid=96670) log_opt_values /opt/stack/data/venv/lib/python3.12/site-packages/oslo_config/cfg.py:3253}}
Aug 03 11:05:11.853342 np0000006344 nova-scheduler[96670]: DEBUG cotyledon.oslo_config_glue [-] oslo_limit.endpoint_region_name = None {{(pid=96670) log_opt_values /opt/stack/data/venv/lib/python3.12/site-packages/oslo_config/cfg.py:3253}}
Aug 03 11:05:11.853342 np0000006344 nova-scheduler[96670]: DEBUG cotyledon.oslo_config_glue [-] oslo_limit.endpoint_service_name = None {{(pid=96670) log_opt_values /opt/stack/data/venv/lib/python3.12/site-packages/oslo_config/cfg.py:3253}}
Aug 03 11:05:11.853342 np0000006344 nova-scheduler[96670]: DEBUG cotyledon.oslo_config_glue [-] oslo_limit.endpoint_service_type = None {{(pid=96670) log_opt_values /opt/stack/data/venv/lib/python3.12/site-packages/oslo_config/cfg.py:3253}}
Aug 03 11:05:11.853342 np0000006344 nova-scheduler[96670]: DEBUG cotyledon.oslo_config_glue [-] oslo_limit.insecure = False {{(pid=96670) log_opt_values /opt/stack/data/venv/lib/python3.12/site-packages/oslo_config/cfg.py:3253}}
Aug 03 11:05:11.853342 np0000006344 nova-scheduler[96670]: DEBUG cotyledon.oslo_config_glue [-] oslo_limit.keyfile = None {{(pid=96670) log_opt_values /opt/stack/data/venv/lib/python3.12/site-packages/oslo_config/cfg.py:3253}}
Aug 03 11:05:11.853342 np0000006344 nova-scheduler[96670]: DEBUG cotyledon.oslo_config_glue [-] oslo_limit.max_version = None {{(pid=96670) log_opt_values /opt/stack/data/venv/lib/python3.12/site-packages/oslo_config/cfg.py:3253}}
Aug 03 11:05:11.853668 np0000006344 nova-scheduler[96670]: DEBUG cotyledon.oslo_config_glue [-] oslo_limit.min_version = None {{(pid=96670) log_opt_values /opt/stack/data/venv/lib/python3.12/site-packages/oslo_config/cfg.py:3253}}
Aug 03 11:05:11.853668 np0000006344 nova-scheduler[96670]: DEBUG cotyledon.oslo_config_glue [-] oslo_limit.region_name = None {{(pid=96670) log_opt_values /opt/stack/data/venv/lib/python3.12/site-packages/oslo_config/cfg.py:3253}}
Aug 03 11:05:11.853668 np0000006344 nova-scheduler[96670]: DEBUG cotyledon.oslo_config_glue [-] oslo_limit.retriable_status_codes = None {{(pid=96670) log_opt_values /opt/stack/data/venv/lib/python3.12/site-packages/oslo_config/cfg.py:3253}}
Aug 03 11:05:11.853668 np0000006344 nova-scheduler[96670]: DEBUG cotyledon.oslo_config_glue [-] oslo_limit.service_name = None {{(pid=96670) log_opt_values /opt/stack/data/venv/lib/python3.12/site-packages/oslo_config/cfg.py:3253}}
Aug 03 11:05:11.853668 np0000006344 nova-scheduler[96670]: DEBUG cotyledon.oslo_config_glue [-] oslo_limit.service_type = None {{(pid=96670) log_opt_values /opt/stack/data/venv/lib/python3.12/site-packages/oslo_config/cfg.py:3253}}
Aug 03 11:05:11.853864 np0000006344 nova-scheduler[96666]: DEBUG oslo_db.sqlalchemy.engines [None req-dbcbe7cb-064b-49ff-bae0-566324bf3ef7 None None] MySQL server mode set to STRICT_TRANS_TABLES,STRICT_ALL_TABLES,NO_ZERO_IN_DATE,NO_ZERO_DATE,ERROR_FOR_DIVISION_BY_ZERO,TRADITIONAL,NO_ENGINE_SUBSTITUTION {{(pid=96666) _check_effective_sql_mode /opt/stack/data/venv/lib/python3.12/site-packages/oslo_db/sqlalchemy/engines.py:325}}
Aug 03 11:05:11.853946 np0000006344 nova-scheduler[96670]: DEBUG cotyledon.oslo_config_glue [-] oslo_limit.split_loggers = False {{(pid=96670) log_opt_values /opt/stack/data/venv/lib/python3.12/site-packages/oslo_config/cfg.py:3253}}
Aug 03 11:05:11.853946 np0000006344 nova-scheduler[96670]: DEBUG cotyledon.oslo_config_glue [-] oslo_limit.status_code_retries = None {{(pid=96670) log_opt_values /opt/stack/data/venv/lib/python3.12/site-packages/oslo_config/cfg.py:3253}}
Aug 03 11:05:11.853946 np0000006344 nova-scheduler[96670]: DEBUG cotyledon.oslo_config_glue [-] oslo_limit.status_code_retry_delay = None {{(pid=96670) log_opt_values /opt/stack/data/venv/lib/python3.12/site-packages/oslo_config/cfg.py:3253}}
Aug 03 11:05:11.853946 np0000006344 nova-scheduler[96670]: DEBUG cotyledon.oslo_config_glue [-] oslo_limit.timeout = None {{(pid=96670) log_opt_values /opt/stack/data/venv/lib/python3.12/site-packages/oslo_config/cfg.py:3253}}
Aug 03 11:05:11.853946 np0000006344 nova-scheduler[96670]: DEBUG cotyledon.oslo_config_glue [-] oslo_limit.valid_interfaces = None {{(pid=96670) log_opt_values /opt/stack/data/venv/lib/python3.12/site-packages/oslo_config/cfg.py:3253}}
Aug 03 11:05:11.853946 np0000006344 nova-scheduler[96670]: DEBUG cotyledon.oslo_config_glue [-] oslo_limit.version = None {{(pid=96670) log_opt_values /opt/stack/data/venv/lib/python3.12/site-packages/oslo_config/cfg.py:3253}}
Aug 03 11:05:11.853946 np0000006344 nova-scheduler[96670]: DEBUG cotyledon.oslo_config_glue [-] oslo_reports.file_event_handler = None {{(pid=96670) log_opt_values /opt/stack/data/venv/lib/python3.12/site-packages/oslo_config/cfg.py:3253}}
Aug 03 11:05:11.853946 np0000006344 nova-scheduler[96670]: DEBUG cotyledon.oslo_config_glue [-] oslo_reports.file_event_handler_interval = 1 {{(pid=96670) log_opt_values /opt/stack/data/venv/lib/python3.12/site-packages/oslo_config/cfg.py:3253}}
Aug 03 11:05:11.853946 np0000006344 nova-scheduler[96670]: DEBUG cotyledon.oslo_config_glue [-] oslo_reports.log_dir = None {{(pid=96670) log_opt_values /opt/stack/data/venv/lib/python3.12/site-packages/oslo_config/cfg.py:3253}}
Aug 03 11:05:11.854252 np0000006344 nova-scheduler[96670]: DEBUG cotyledon.oslo_config_glue [-] ******************************************************************************** {{(pid=96670) log_opt_values /opt/stack/data/venv/lib/python3.12/site-packages/oslo_config/cfg.py:3260}}
Aug 03 11:05:11.854252 np0000006344 nova-scheduler[96670]: DEBUG cotyledon._service_worker [-] Run service ServiceWrapper(3) [96670] {{(pid=96670) wait_forever /opt/stack/data/venv/lib/python3.12/site-packages/cotyledon/_service_worker.py:218}}
Aug 03 11:05:11.854252 np0000006344 nova-scheduler[96670]: INFO nova.service [-] Starting scheduler node (version 33.1.0)
Aug 03 11:05:11.854373 np0000006344 nova-scheduler[96664]: DEBUG oslo_db.sqlalchemy.engines [None req-02145cf6-301a-46ef-abed-8d8170f919bb None None] MySQL server mode set to STRICT_TRANS_TABLES,STRICT_ALL_TABLES,NO_ZERO_IN_DATE,NO_ZERO_DATE,ERROR_FOR_DIVISION_BY_ZERO,TRADITIONAL,NO_ENGINE_SUBSTITUTION {{(pid=96664) _check_effective_sql_mode /opt/stack/data/venv/lib/python3.12/site-packages/oslo_db/sqlalchemy/engines.py:325}}
Aug 03 11:05:11.854414 np0000006344 nova-scheduler[96670]: INFO dbcounter [None req-acc5da09-7115-4107-a35c-72497cb8c126 None None] Registered counter for database nova_cell0
Aug 03 11:05:11.854452 np0000006344 nova-scheduler[96666]: DEBUG dbcounter [-] [96666] Writer thread running {{(pid=96666) stat_writer /opt/stack/data/venv/lib/python3.12/site-packages/dbcounter.py:102}}
Aug 03 11:05:11.854492 np0000006344 nova-scheduler[96664]: DEBUG dbcounter [-] [96664] Writer thread running {{(pid=96664) stat_writer /opt/stack/data/venv/lib/python3.12/site-packages/dbcounter.py:102}}
Aug 03 11:05:11.854528 np0000006344 nova-scheduler[96666]: DEBUG nova.service [None req-dbcbe7cb-064b-49ff-bae0-566324bf3ef7 None None] Creating RPC server for service: nova-scheduler on topic: scheduler {{(pid=96666) start /opt/stack/nova/nova/service.py:196}}
Aug 03 11:05:11.861828 np0000006344 nova-scheduler[96668]: DEBUG oslo_db.sqlalchemy.engines [None req-f10d51a5-a660-46d6-af3b-f93a283f6617 None None] MySQL server mode set to STRICT_TRANS_TABLES,STRICT_ALL_TABLES,NO_ZERO_IN_DATE,NO_ZERO_DATE,ERROR_FOR_DIVISION_BY_ZERO,TRADITIONAL,NO_ENGINE_SUBSTITUTION {{(pid=96668) _check_effective_sql_mode /opt/stack/data/venv/lib/python3.12/site-packages/oslo_db/sqlalchemy/engines.py:325}}
Aug 03 11:05:11.867321 np0000006344 nova-scheduler[96664]: DEBUG nova.service [None req-02145cf6-301a-46ef-abed-8d8170f919bb None None] Creating RPC server for service: nova-scheduler on topic: scheduler {{(pid=96664) start /opt/stack/nova/nova/service.py:196}}
Aug 03 11:05:11.876657 np0000006344 nova-scheduler[96668]: DEBUG dbcounter [-] [96668] Writer thread running {{(pid=96668) stat_writer /opt/stack/data/venv/lib/python3.12/site-packages/dbcounter.py:102}}
Aug 03 11:05:11.880344 np0000006344 nova-scheduler[96668]: DEBUG nova.service [None req-f10d51a5-a660-46d6-af3b-f93a283f6617 None None] Creating RPC server for service: nova-scheduler on topic: scheduler {{(pid=96668) start /opt/stack/nova/nova/service.py:196}}
Aug 03 11:05:11.888014 np0000006344 nova-scheduler[96664]: DEBUG nova.service [None req-02145cf6-301a-46ef-abed-8d8170f919bb None None] Join ServiceGroup membership for this service scheduler {{(pid=96664) start /opt/stack/nova/nova/service.py:222}}
Aug 03 11:05:11.888344 np0000006344 nova-scheduler[96664]: DEBUG nova.servicegroup.drivers.db [None req-02145cf6-301a-46ef-abed-8d8170f919bb None None] DB_Driver: join new ServiceGroup member np0000006344 to the scheduler group, service = {{(pid=96664) join /opt/stack/nova/nova/servicegroup/drivers/db.py:44}}
Aug 03 11:05:11.898719 np0000006344 nova-scheduler[96670]: DEBUG oslo_db.sqlalchemy.engines [None req-acc5da09-7115-4107-a35c-72497cb8c126 None None] MySQL server mode set to STRICT_TRANS_TABLES,STRICT_ALL_TABLES,NO_ZERO_IN_DATE,NO_ZERO_DATE,ERROR_FOR_DIVISION_BY_ZERO,TRADITIONAL,NO_ENGINE_SUBSTITUTION {{(pid=96670) _check_effective_sql_mode /opt/stack/data/venv/lib/python3.12/site-packages/oslo_db/sqlalchemy/engines.py:325}}
Aug 03 11:05:11.900224 np0000006344 nova-scheduler[96666]: DEBUG nova.service [None req-dbcbe7cb-064b-49ff-bae0-566324bf3ef7 None None] Join ServiceGroup membership for this service scheduler {{(pid=96666) start /opt/stack/nova/nova/service.py:222}}
Aug 03 11:05:11.900447 np0000006344 nova-scheduler[96666]: DEBUG nova.servicegroup.drivers.db [None req-dbcbe7cb-064b-49ff-bae0-566324bf3ef7 None None] DB_Driver: join new ServiceGroup member np0000006344 to the scheduler group, service = {{(pid=96666) join /opt/stack/nova/nova/servicegroup/drivers/db.py:44}}
Aug 03 11:05:11.903082 np0000006344 nova-scheduler[96666]: DEBUG oslo.service.backend._threading.loopingcall [None req-3da03086-018d-42b5-9b05-5c40f84f170f None None] Dynamic interval looping call 'nova.service.Service.periodic_tasks' sleeping for 60.00 seconds {{(pid=96666) _run_loop /opt/stack/data/venv/lib/python3.12/site-packages/oslo_service/backend/_threading/loopingcall.py:125}}
Aug 03 11:05:11.903554 np0000006344 nova-scheduler[96668]: DEBUG nova.service [None req-f10d51a5-a660-46d6-af3b-f93a283f6617 None None] Join ServiceGroup membership for this service scheduler {{(pid=96668) start /opt/stack/nova/nova/service.py:222}}
Aug 03 11:05:11.904056 np0000006344 nova-scheduler[96668]: DEBUG nova.servicegroup.drivers.db [None req-f10d51a5-a660-46d6-af3b-f93a283f6617 None None] DB_Driver: join new ServiceGroup member np0000006344 to the scheduler group, service = {{(pid=96668) join /opt/stack/nova/nova/servicegroup/drivers/db.py:44}}
Aug 03 11:05:11.910075 np0000006344 nova-scheduler[96670]: DEBUG dbcounter [-] [96670] Writer thread running {{(pid=96670) stat_writer /opt/stack/data/venv/lib/python3.12/site-packages/dbcounter.py:102}}
Aug 03 11:05:11.913164 np0000006344 nova-scheduler[96670]: DEBUG nova.service [None req-acc5da09-7115-4107-a35c-72497cb8c126 None None] Creating RPC server for service: nova-scheduler on topic: scheduler {{(pid=96670) start /opt/stack/nova/nova/service.py:196}}
Aug 03 11:05:11.931699 np0000006344 nova-scheduler[96670]: DEBUG nova.service [None req-acc5da09-7115-4107-a35c-72497cb8c126 None None] Join ServiceGroup membership for this service scheduler {{(pid=96670) start /opt/stack/nova/nova/service.py:222}}
Aug 03 11:05:11.931973 np0000006344 nova-scheduler[96670]: DEBUG nova.servicegroup.drivers.db [None req-acc5da09-7115-4107-a35c-72497cb8c126 None None] DB_Driver: join new ServiceGroup member np0000006344 to the scheduler group, service = {{(pid=96670) join /opt/stack/nova/nova/servicegroup/drivers/db.py:44}}
Aug 03 11:05:16.910099 np0000006344 nova-scheduler[96664]: DEBUG oslo.service.backend._threading.loopingcall [-] Fixed interval looping call 'nova.servicegroup.drivers.db.DbDriver._report_state' sleeping for 119.98 seconds {{(pid=96664) _run_loop /opt/stack/data/venv/lib/python3.12/site-packages/oslo_service/backend/_threading/loopingcall.py:125}}
Aug 03 11:05:16.911889 np0000006344 nova-scheduler[96666]: DEBUG oslo.service.backend._threading.loopingcall [-] Fixed interval looping call 'nova.servicegroup.drivers.db.DbDriver._report_state' sleeping for 119.99 seconds {{(pid=96666) _run_loop /opt/stack/data/venv/lib/python3.12/site-packages/oslo_service/backend/_threading/loopingcall.py:125}}
Aug 03 11:05:16.918654 np0000006344 nova-scheduler[96668]: DEBUG oslo.service.backend._threading.loopingcall [-] Fixed interval looping call 'nova.servicegroup.drivers.db.DbDriver._report_state' sleeping for 119.99 seconds {{(pid=96668) _run_loop /opt/stack/data/venv/lib/python3.12/site-packages/oslo_service/backend/_threading/loopingcall.py:125}}
Aug 03 11:05:16.942199 np0000006344 nova-scheduler[96670]: DEBUG oslo.service.backend._threading.loopingcall [-] Fixed interval looping call 'nova.servicegroup.drivers.db.DbDriver._report_state' sleeping for 119.99 seconds {{(pid=96670) _run_loop /opt/stack/data/venv/lib/python3.12/site-packages/oslo_service/backend/_threading/loopingcall.py:125}}
Aug 03 11:05:20.400246 np0000006344 nova-scheduler[95469]: DEBUG dbcounter [-] [95469] Writing DB stats nova_api:SELECT=3 {{(pid=95469) stat_writer /opt/stack/data/venv/lib/python3.12/site-packages/dbcounter.py:115}}
Aug 03 11:05:20.559605 np0000006344 nova-scheduler[95469]: DEBUG dbcounter [-] [95469] Writing DB stats nova_cell0:SELECT=1 {{(pid=95469) stat_writer /opt/stack/data/venv/lib/python3.12/site-packages/dbcounter.py:115}}
Aug 03 11:05:20.563828 np0000006344 nova-scheduler[95469]: DEBUG dbcounter [-] [95469] Writing DB stats nova_cell1:SELECT=1 {{(pid=95469) stat_writer /opt/stack/data/venv/lib/python3.12/site-packages/dbcounter.py:115}}
Aug 03 11:05:21.934854 np0000006344 nova-scheduler[96670]: DEBUG oslo.service.backend._threading.loopingcall [None req-98f54d8c-db74-4bc4-a99b-d04dbdabcd49 None None] Dynamic interval looping call 'nova.service.Service.periodic_tasks' sleeping for 60.00 seconds {{(pid=96670) _run_loop /opt/stack/data/venv/lib/python3.12/site-packages/oslo_service/backend/_threading/loopingcall.py:125}}
Aug 03 11:05:26.902154 np0000006344 nova-scheduler[96664]: DEBUG dbcounter [-] [96664] Writing DB stats nova_cell0:SELECT=5,nova_cell0:INSERT=1,nova_cell0:UPDATE=1 {{(pid=96664) stat_writer /opt/stack/data/venv/lib/python3.12/site-packages/dbcounter.py:115}}
Aug 03 11:05:26.910369 np0000006344 nova-scheduler[96666]: DEBUG dbcounter [-] [96666] Writing DB stats nova_cell0:SELECT=4,nova_cell0:INSERT=1,nova_cell0:UPDATE=1 {{(pid=96666) stat_writer /opt/stack/data/venv/lib/python3.12/site-packages/dbcounter.py:115}}
Aug 03 11:05:26.918841 np0000006344 nova-scheduler[96668]: DEBUG dbcounter [-] [96668] Writing DB stats nova_cell0:SELECT=3 {{(pid=96668) stat_writer /opt/stack/data/venv/lib/python3.12/site-packages/dbcounter.py:115}}
Aug 03 11:05:26.939626 np0000006344 nova-scheduler[96670]: DEBUG dbcounter [-] [96670] Writing DB stats nova_cell0:SELECT=3 {{(pid=96670) stat_writer /opt/stack/data/venv/lib/python3.12/site-packages/dbcounter.py:115}}
Aug 03 11:05:36.890770 np0000006344 nova-scheduler[96664]: DEBUG oslo.service.backend._threading.loopingcall [None req-23fdafbb-394e-423b-88c0-7a480b2c2460 None None] Dynamic interval looping call 'nova.service.Service.periodic_tasks' sleeping for 60.00 seconds {{(pid=96664) _run_loop /opt/stack/data/venv/lib/python3.12/site-packages/oslo_service/backend/_threading/loopingcall.py:125}}
Aug 03 11:06:03.906223 np0000006344 nova-scheduler[96668]: DEBUG oslo.service.backend._threading.loopingcall [None req-d0aab276-0275-45e1-8792-4ba1dee92014 None None] Dynamic interval looping call 'nova.service.Service.periodic_tasks' sleeping for 60.00 seconds {{(pid=96668) _run_loop /opt/stack/data/venv/lib/python3.12/site-packages/oslo_service/backend/_threading/loopingcall.py:125}}
Aug 03 11:06:11.903500 np0000006344 nova-scheduler[96666]: DEBUG oslo.service.backend._threading.loopingcall [None req-3da03086-018d-42b5-9b05-5c40f84f170f None None] Dynamic interval looping call 'nova.service.Service.periodic_tasks' sleeping for 60.00 seconds {{(pid=96666) _run_loop /opt/stack/data/venv/lib/python3.12/site-packages/oslo_service/backend/_threading/loopingcall.py:125}}
Aug 03 11:06:21.934672 np0000006344 nova-scheduler[96670]: DEBUG oslo.service.backend._threading.loopingcall [None req-98f54d8c-db74-4bc4-a99b-d04dbdabcd49 None None] Dynamic interval looping call 'nova.service.Service.periodic_tasks' sleeping for 60.00 seconds {{(pid=96670) _run_loop /opt/stack/data/venv/lib/python3.12/site-packages/oslo_service/backend/_threading/loopingcall.py:125}}
Aug 03 11:06:36.891379 np0000006344 nova-scheduler[96664]: DEBUG oslo.service.backend._threading.loopingcall [None req-23fdafbb-394e-423b-88c0-7a480b2c2460 None None] Dynamic interval looping call 'nova.service.Service.periodic_tasks' sleeping for 60.00 seconds {{(pid=96664) _run_loop /opt/stack/data/venv/lib/python3.12/site-packages/oslo_service/backend/_threading/loopingcall.py:125}}
Aug 03 11:07:03.906847 np0000006344 nova-scheduler[96668]: DEBUG oslo.service.backend._threading.loopingcall [None req-d0aab276-0275-45e1-8792-4ba1dee92014 None None] Dynamic interval looping call 'nova.service.Service.periodic_tasks' sleeping for 60.00 seconds {{(pid=96668) _run_loop /opt/stack/data/venv/lib/python3.12/site-packages/oslo_service/backend/_threading/loopingcall.py:125}}
Aug 03 11:07:11.904189 np0000006344 nova-scheduler[96666]: DEBUG oslo.service.backend._threading.loopingcall [None req-3da03086-018d-42b5-9b05-5c40f84f170f None None] Dynamic interval looping call 'nova.service.Service.periodic_tasks' sleeping for 60.00 seconds {{(pid=96666) _run_loop /opt/stack/data/venv/lib/python3.12/site-packages/oslo_service/backend/_threading/loopingcall.py:125}}
Aug 03 11:07:16.897401 np0000006344 nova-scheduler[96664]: DEBUG oslo.service.backend._threading.loopingcall [-] Fixed interval looping call 'nova.servicegroup.drivers.db.DbDriver._report_state' sleeping for 119.99 seconds {{(pid=96664) _run_loop /opt/stack/data/venv/lib/python3.12/site-packages/oslo_service/backend/_threading/loopingcall.py:125}}
Aug 03 11:07:16.907242 np0000006344 nova-scheduler[96666]: DEBUG oslo.service.backend._threading.loopingcall [-] Fixed interval looping call 'nova.servicegroup.drivers.db.DbDriver._report_state' sleeping for 120.00 seconds {{(pid=96666) _run_loop /opt/stack/data/venv/lib/python3.12/site-packages/oslo_service/backend/_threading/loopingcall.py:125}}
Aug 03 11:07:16.913237 np0000006344 nova-scheduler[96668]: DEBUG oslo.service.backend._threading.loopingcall [-] Fixed interval looping call 'nova.servicegroup.drivers.db.DbDriver._report_state' sleeping for 120.00 seconds {{(pid=96668) _run_loop /opt/stack/data/venv/lib/python3.12/site-packages/oslo_service/backend/_threading/loopingcall.py:125}}
Aug 03 11:07:16.938064 np0000006344 nova-scheduler[96670]: DEBUG oslo.service.backend._threading.loopingcall [-] Fixed interval looping call 'nova.servicegroup.drivers.db.DbDriver._report_state' sleeping for 120.00 seconds {{(pid=96670) _run_loop /opt/stack/data/venv/lib/python3.12/site-packages/oslo_service/backend/_threading/loopingcall.py:125}}
Aug 03 11:07:21.935385 np0000006344 nova-scheduler[96670]: DEBUG oslo.service.backend._threading.loopingcall [None req-98f54d8c-db74-4bc4-a99b-d04dbdabcd49 None None] Dynamic interval looping call 'nova.service.Service.periodic_tasks' sleeping for 60.00 seconds {{(pid=96670) _run_loop /opt/stack/data/venv/lib/python3.12/site-packages/oslo_service/backend/_threading/loopingcall.py:125}}
Aug 03 11:07:26.893151 np0000006344 nova-scheduler[96664]: DEBUG dbcounter [-] [96664] Writing DB stats nova_cell0:SELECT=1,nova_cell0:UPDATE=1 {{(pid=96664) stat_writer /opt/stack/data/venv/lib/python3.12/site-packages/dbcounter.py:115}}
Aug 03 11:07:26.904187 np0000006344 nova-scheduler[96666]: DEBUG dbcounter [-] [96666] Writing DB stats nova_cell0:SELECT=1 {{(pid=96666) stat_writer /opt/stack/data/venv/lib/python3.12/site-packages/dbcounter.py:115}}
Aug 03 11:07:26.911144 np0000006344 nova-scheduler[96668]: DEBUG dbcounter [-] [96668] Writing DB stats nova_cell0:SELECT=1 {{(pid=96668) stat_writer /opt/stack/data/venv/lib/python3.12/site-packages/dbcounter.py:115}}
Aug 03 11:07:26.935212 np0000006344 nova-scheduler[96670]: DEBUG dbcounter [-] [96670] Writing DB stats nova_cell0:SELECT=1 {{(pid=96670) stat_writer /opt/stack/data/venv/lib/python3.12/site-packages/dbcounter.py:115}}
Aug 03 11:07:32.323097 np0000006344 nova-scheduler[96664]: DEBUG nova.scheduler.manager [None req-073053d0-c789-4c09-8c1e-fcb0f2ca47f6 tempest-ServerActionsTestOtherA-1396751777 tempest-ServerActionsTestOtherA-1396751777-project-member] Starting to schedule for instances: ['9ddac84a-713c-4604-9e86-96e708e07328'] {{(pid=96664) select_destinations /opt/stack/nova/nova/scheduler/manager.py:209}}
Aug 03 11:07:32.324876 np0000006344 nova-scheduler[96664]: DEBUG nova.scheduler.request_filter [None req-073053d0-c789-4c09-8c1e-fcb0f2ca47f6 tempest-ServerActionsTestOtherA-1396751777 tempest-ServerActionsTestOtherA-1396751777-project-member] compute_status_filter request filter added forbidden trait COMPUTE_STATUS_DISABLED {{(pid=96664) compute_status_filter /opt/stack/nova/nova/scheduler/request_filter.py:253}}
Aug 03 11:07:32.324876 np0000006344 nova-scheduler[96664]: DEBUG nova.scheduler.request_filter [None req-073053d0-c789-4c09-8c1e-fcb0f2ca47f6 tempest-ServerActionsTestOtherA-1396751777 tempest-ServerActionsTestOtherA-1396751777-project-member] Request filter 'compute_status_filter' took 0.0 seconds {{(pid=96664) wrapper /opt/stack/nova/nova/scheduler/request_filter.py:46}}
Aug 03 11:07:32.324876 np0000006344 nova-scheduler[96664]: DEBUG nova.scheduler.request_filter [None req-073053d0-c789-4c09-8c1e-fcb0f2ca47f6 tempest-ServerActionsTestOtherA-1396751777 tempest-ServerActionsTestOtherA-1396751777-project-member] Request filter 'accelerators_filter' took 0.0 seconds {{(pid=96664) wrapper /opt/stack/nova/nova/scheduler/request_filter.py:46}}
Aug 03 11:07:32.324876 np0000006344 nova-scheduler[96664]: DEBUG nova.scheduler.request_filter [None req-073053d0-c789-4c09-8c1e-fcb0f2ca47f6 tempest-ServerActionsTestOtherA-1396751777 tempest-ServerActionsTestOtherA-1396751777-project-member] Request filter 'packed_virtqueue_filter' took 0.0 seconds {{(pid=96664) wrapper /opt/stack/nova/nova/scheduler/request_filter.py:46}}
Aug 03 11:07:32.324876 np0000006344 nova-scheduler[96664]: DEBUG nova.scheduler.request_filter [None req-073053d0-c789-4c09-8c1e-fcb0f2ca47f6 tempest-ServerActionsTestOtherA-1396751777 tempest-ServerActionsTestOtherA-1396751777-project-member] Request filter 'remote_managed_ports_filter' took 0.0 seconds {{(pid=96664) wrapper /opt/stack/nova/nova/scheduler/request_filter.py:46}}
Aug 03 11:07:32.325231 np0000006344 nova-scheduler[96664]: DEBUG nova.scheduler.request_filter [None req-073053d0-c789-4c09-8c1e-fcb0f2ca47f6 tempest-ServerActionsTestOtherA-1396751777 tempest-ServerActionsTestOtherA-1396751777-project-member] ephemeral_encryption_filter skipped {{(pid=96664) ephemeral_encryption_filter /opt/stack/nova/nova/scheduler/request_filter.py:426}}
Aug 03 11:07:32.325231 np0000006344 nova-scheduler[96664]: DEBUG nova.scheduler.request_filter [None req-073053d0-c789-4c09-8c1e-fcb0f2ca47f6 tempest-ServerActionsTestOtherA-1396751777 tempest-ServerActionsTestOtherA-1396751777-project-member] virtio_sound_filter skipped {{(pid=96664) virtio_sound_filter /opt/stack/nova/nova/scheduler/request_filter.py:460}}
Aug 03 11:07:32.325231 np0000006344 nova-scheduler[96664]: DEBUG nova.scheduler.request_filter [None req-073053d0-c789-4c09-8c1e-fcb0f2ca47f6 tempest-ServerActionsTestOtherA-1396751777 tempest-ServerActionsTestOtherA-1396751777-project-member] tpm_secret_security_filter skipped {{(pid=96664) tpm_secret_security_filter /opt/stack/nova/nova/scheduler/request_filter.py:477}}
Aug 03 11:07:32.958237 np0000006344 nova-scheduler[96664]: INFO nova.utils [None req-073053d0-c789-4c09-8c1e-fcb0f2ca47f6 tempest-ServerActionsTestOtherA-1396751777 tempest-ServerActionsTestOtherA-1396751777-project-member] The cell worker thread pool ForkProcess-1.cell_worker is initialized
Aug 03 11:07:32.958237 np0000006344 nova-scheduler[96664]: DEBUG oslo_concurrency.lockutils [None req-073053d0-c789-4c09-8c1e-fcb0f2ca47f6 tempest-ServerActionsTestOtherA-1396751777 tempest-ServerActionsTestOtherA-1396751777-project-member] Acquiring lock "be53fd0b-4be8-41ee-b73d-4eeb7a0f0909" by "nova.context.set_target_cell..get_or_set_cached_cell_and_set_connections" {{(pid=96664) inner /opt/stack/data/venv/lib/python3.12/site-packages/oslo_concurrency/lockutils.py:512}}
Aug 03 11:07:32.958460 np0000006344 nova-scheduler[96664]: DEBUG oslo_concurrency.lockutils [None req-073053d0-c789-4c09-8c1e-fcb0f2ca47f6 tempest-ServerActionsTestOtherA-1396751777 tempest-ServerActionsTestOtherA-1396751777-project-member] Lock "be53fd0b-4be8-41ee-b73d-4eeb7a0f0909" acquired by "nova.context.set_target_cell..get_or_set_cached_cell_and_set_connections" :: waited 0.000s {{(pid=96664) inner /opt/stack/data/venv/lib/python3.12/site-packages/oslo_concurrency/lockutils.py:525}}
Aug 03 11:07:32.960055 np0000006344 nova-scheduler[96664]: DEBUG oslo_concurrency.lockutils [None req-073053d0-c789-4c09-8c1e-fcb0f2ca47f6 tempest-ServerActionsTestOtherA-1396751777 tempest-ServerActionsTestOtherA-1396751777-project-member] Lock "be53fd0b-4be8-41ee-b73d-4eeb7a0f0909" "released" by "nova.context.set_target_cell..get_or_set_cached_cell_and_set_connections" :: held 0.001s {{(pid=96664) inner /opt/stack/data/venv/lib/python3.12/site-packages/oslo_concurrency/lockutils.py:544}}
Aug 03 11:07:32.963203 np0000006344 nova-scheduler[96664]: INFO dbcounter [None req-073053d0-c789-4c09-8c1e-fcb0f2ca47f6 tempest-ServerActionsTestOtherA-1396751777 tempest-ServerActionsTestOtherA-1396751777-project-member] Registered counter for database nova_cell1
Aug 03 11:07:33.017149 np0000006344 nova-scheduler[96664]: DEBUG oslo_db.sqlalchemy.engines [None req-073053d0-c789-4c09-8c1e-fcb0f2ca47f6 tempest-ServerActionsTestOtherA-1396751777 tempest-ServerActionsTestOtherA-1396751777-project-member] MySQL server mode set to STRICT_TRANS_TABLES,STRICT_ALL_TABLES,NO_ZERO_IN_DATE,NO_ZERO_DATE,ERROR_FOR_DIVISION_BY_ZERO,TRADITIONAL,NO_ENGINE_SUBSTITUTION {{(pid=96664) _check_effective_sql_mode /opt/stack/data/venv/lib/python3.12/site-packages/oslo_db/sqlalchemy/engines.py:325}}
Aug 03 11:07:33.027683 np0000006344 nova-scheduler[96664]: DEBUG dbcounter [-] [96664] Writer thread running {{(pid=96664) stat_writer /opt/stack/data/venv/lib/python3.12/site-packages/dbcounter.py:102}}
Aug 03 11:07:33.043694 np0000006344 nova-scheduler[96664]: DEBUG oslo_db.sqlalchemy.engines [None req-073053d0-c789-4c09-8c1e-fcb0f2ca47f6 tempest-ServerActionsTestOtherA-1396751777 tempest-ServerActionsTestOtherA-1396751777-project-member] Parent process 95469 forked (96664) with an open database connection, which is being discarded and recreated. {{(pid=96664) checkout /opt/stack/data/venv/lib/python3.12/site-packages/oslo_db/sqlalchemy/engines.py:402}}
Aug 03 11:07:33.094216 np0000006344 nova-scheduler[96664]: DEBUG dbcounter [-] [96664] Writer thread running {{(pid=96664) stat_writer /opt/stack/data/venv/lib/python3.12/site-packages/dbcounter.py:102}}
