Jul 27 17:10:52.686670 np0000005930 devstack@g-api.service[103509]: DEBUG glance.api.middleware.version_negotiation [None req-901a6a33-8d7b-411d-9262-319625e1dfb1 tempest-ServerBootFromVolumeStableRescueTest-1268808924 tempest-ServerBootFromVolumeStableRescueTest-1268808924-project-member] Determining version of request: GET /v2/images/e51cc2b5-39b4-4f44-9389-b773781b02c8 Accept: */* {{(pid=103509) process_request /opt/stack/glance/glance/api/middleware/version_negotiation.py:44}}
Jul 27 17:10:52.687089 np0000005930 devstack@g-api.service[103509]: DEBUG glance.api.middleware.version_negotiation [None req-901a6a33-8d7b-411d-9262-319625e1dfb1 tempest-ServerBootFromVolumeStableRescueTest-1268808924 tempest-ServerBootFromVolumeStableRescueTest-1268808924-project-member] Using url versioning {{(pid=103509) process_request /opt/stack/glance/glance/api/middleware/version_negotiation.py:57}}
Jul 27 17:10:52.687144 np0000005930 devstack@g-api.service[103509]: DEBUG glance.api.middleware.version_negotiation [None req-901a6a33-8d7b-411d-9262-319625e1dfb1 tempest-ServerBootFromVolumeStableRescueTest-1268808924 tempest-ServerBootFromVolumeStableRescueTest-1268808924-project-member] Matched version: v2 {{(pid=103509) process_request /opt/stack/glance/glance/api/middleware/version_negotiation.py:69}}
Jul 27 17:10:52.687580 np0000005930 devstack@g-api.service[103509]: DEBUG glance.api.middleware.version_negotiation [None req-901a6a33-8d7b-411d-9262-319625e1dfb1 tempest-ServerBootFromVolumeStableRescueTest-1268808924 tempest-ServerBootFromVolumeStableRescueTest-1268808924-project-member] new path /v2/images/e51cc2b5-39b4-4f44-9389-b773781b02c8 {{(pid=103509) process_request /opt/stack/glance/glance/api/middleware/version_negotiation.py:70}}
Jul 27 17:10:52.700693 np0000005930 devstack@g-api.service[103509]: [pid: 103509|app: 0|req: 66/254] 127.0.0.1 () {44 vars in 1115 bytes} [Mon Jul 27 17:10:52 2026] GET /v2/images/e51cc2b5-39b4-4f44-9389-b773781b02c8 => generated 1044 bytes in 14 msecs (HTTP/1.1 200) 4 headers in 158 bytes (1 switches on core 0)
Jul 27 17:10:52.737027 np0000005930 devstack@g-api.service[103508]: DEBUG glance.api.middleware.version_negotiation [None req-901a6a33-8d7b-411d-9262-319625e1dfb1 tempest-ServerBootFromVolumeStableRescueTest-1268808924 tempest-ServerBootFromVolumeStableRescueTest-1268808924-project-member] Determining version of request: GET /v2/schemas/image Accept: */* {{(pid=103508) process_request /opt/stack/glance/glance/api/middleware/version_negotiation.py:44}}
Jul 27 17:10:52.737459 np0000005930 devstack@g-api.service[103508]: DEBUG glance.api.middleware.version_negotiation [None req-901a6a33-8d7b-411d-9262-319625e1dfb1 tempest-ServerBootFromVolumeStableRescueTest-1268808924 tempest-ServerBootFromVolumeStableRescueTest-1268808924-project-member] Using url versioning {{(pid=103508) process_request /opt/stack/glance/glance/api/middleware/version_negotiation.py:57}}
Jul 27 17:10:52.737459 np0000005930 devstack@g-api.service[103508]: DEBUG glance.api.middleware.version_negotiation [None req-901a6a33-8d7b-411d-9262-319625e1dfb1 tempest-ServerBootFromVolumeStableRescueTest-1268808924 tempest-ServerBootFromVolumeStableRescueTest-1268808924-project-member] Matched version: v2 {{(pid=103508) process_request /opt/stack/glance/glance/api/middleware/version_negotiation.py:69}}
Jul 27 17:10:52.737459 np0000005930 devstack@g-api.service[103508]: DEBUG glance.api.middleware.version_negotiation [None req-901a6a33-8d7b-411d-9262-319625e1dfb1 tempest-ServerBootFromVolumeStableRescueTest-1268808924 tempest-ServerBootFromVolumeStableRescueTest-1268808924-project-member] new path /v2/schemas/image {{(pid=103508) process_request /opt/stack/glance/glance/api/middleware/version_negotiation.py:70}}
Jul 27 17:10:52.741130 np0000005930 devstack@g-api.service[103508]: [pid: 103508|app: 0|req: 59/255] 127.0.0.1 () {44 vars in 1055 bytes} [Mon Jul 27 17:10:52 2026] GET /v2/schemas/image => generated 6083 bytes in 4 msecs (HTTP/1.1 200) 4 headers in 158 bytes (1 switches on core 0)
Jul 27 17:10:58.564398 np0000005930 devstack@g-api.service[103508]: DEBUG dbcounter [-] [103508] Writing DB stats glance:SELECT=17,glance:UPDATE=2,glance:INSERT=2 {{(pid=103508) stat_writer /opt/stack/data/venv/lib/python3.12/site-packages/dbcounter.py:115}}
Jul 27 17:10:59.211286 np0000005930 devstack@g-api.service[103507]: DEBUG dbcounter [-] [103507] Writing DB stats glance:SELECT=8 {{(pid=103507) stat_writer /opt/stack/data/venv/lib/python3.12/site-packages/dbcounter.py:115}}
Jul 27 17:11:02.697754 np0000005930 devstack@g-api.service[103509]: DEBUG dbcounter [-] [103509] Writing DB stats glance:SELECT=18,glance:UPDATE=2,glance:INSERT=1 {{(pid=103509) stat_writer /opt/stack/data/venv/lib/python3.12/site-packages/dbcounter.py:115}}
Jul 27 17:11:04.408979 np0000005930 devstack@g-api.service[103507]: DEBUG glance.api.middleware.version_negotiation [None req-901a6a33-8d7b-411d-9262-319625e1dfb1 tempest-ServerBootFromVolumeStableRescueTest-1268808924 tempest-ServerBootFromVolumeStableRescueTest-1268808924-project-member] Determining version of request: GET /v2/images/e51cc2b5-39b4-4f44-9389-b773781b02c8 Accept: application/json {{(pid=103507) process_request /opt/stack/glance/glance/api/middleware/version_negotiation.py:44}}
Jul 27 17:11:04.409364 np0000005930 devstack@g-api.service[103507]: DEBUG glance.api.middleware.version_negotiation [None req-901a6a33-8d7b-411d-9262-319625e1dfb1 tempest-ServerBootFromVolumeStableRescueTest-1268808924 tempest-ServerBootFromVolumeStableRescueTest-1268808924-project-member] Using url versioning {{(pid=103507) process_request /opt/stack/glance/glance/api/middleware/version_negotiation.py:57}}
Jul 27 17:11:04.409364 np0000005930 devstack@g-api.service[103507]: DEBUG glance.api.middleware.version_negotiation [None req-901a6a33-8d7b-411d-9262-319625e1dfb1 tempest-ServerBootFromVolumeStableRescueTest-1268808924 tempest-ServerBootFromVolumeStableRescueTest-1268808924-project-member] Matched version: v2 {{(pid=103507) process_request /opt/stack/glance/glance/api/middleware/version_negotiation.py:69}}
Jul 27 17:11:04.409364 np0000005930 devstack@g-api.service[103507]: DEBUG glance.api.middleware.version_negotiation [None req-901a6a33-8d7b-411d-9262-319625e1dfb1 tempest-ServerBootFromVolumeStableRescueTest-1268808924 tempest-ServerBootFromVolumeStableRescueTest-1268808924-project-member] new path /v2/images/e51cc2b5-39b4-4f44-9389-b773781b02c8 {{(pid=103507) process_request /opt/stack/glance/glance/api/middleware/version_negotiation.py:70}}
Jul 27 17:11:04.529011 np0000005930 devstack@g-api.service[103507]: [pid: 103507|app: 0|req: 66/256] 127.0.0.1 () {40 vars in 838 bytes} [Mon Jul 27 17:11:04 2026] GET /v2/images/e51cc2b5-39b4-4f44-9389-b773781b02c8 => generated 1044 bytes in 120 msecs (HTTP/1.1 200) 4 headers in 158 bytes (1 switches on core 0)
Jul 27 17:11:04.549488 np0000005930 devstack@g-api.service[103506]: DEBUG glance.api.middleware.version_negotiation [None req-901a6a33-8d7b-411d-9262-319625e1dfb1 tempest-ServerBootFromVolumeStableRescueTest-1268808924 tempest-ServerBootFromVolumeStableRescueTest-1268808924-project-member] Determining version of request: GET /v2/images/e51cc2b5-39b4-4f44-9389-b773781b02c8 Accept: */* {{(pid=103506) process_request /opt/stack/glance/glance/api/middleware/version_negotiation.py:44}}
Jul 27 17:11:04.550659 np0000005930 devstack@g-api.service[103506]: DEBUG glance.api.middleware.version_negotiation [None req-901a6a33-8d7b-411d-9262-319625e1dfb1 tempest-ServerBootFromVolumeStableRescueTest-1268808924 tempest-ServerBootFromVolumeStableRescueTest-1268808924-project-member] Using url versioning {{(pid=103506) process_request /opt/stack/glance/glance/api/middleware/version_negotiation.py:57}}
Jul 27 17:11:04.550659 np0000005930 devstack@g-api.service[103506]: DEBUG glance.api.middleware.version_negotiation [None req-901a6a33-8d7b-411d-9262-319625e1dfb1 tempest-ServerBootFromVolumeStableRescueTest-1268808924 tempest-ServerBootFromVolumeStableRescueTest-1268808924-project-member] Matched version: v2 {{(pid=103506) process_request /opt/stack/glance/glance/api/middleware/version_negotiation.py:69}}
Jul 27 17:11:04.550659 np0000005930 devstack@g-api.service[103506]: DEBUG glance.api.middleware.version_negotiation [None req-901a6a33-8d7b-411d-9262-319625e1dfb1 tempest-ServerBootFromVolumeStableRescueTest-1268808924 tempest-ServerBootFromVolumeStableRescueTest-1268808924-project-member] new path /v2/images/e51cc2b5-39b4-4f44-9389-b773781b02c8 {{(pid=103506) process_request /opt/stack/glance/glance/api/middleware/version_negotiation.py:70}}
Jul 27 17:11:04.562463 np0000005930 devstack@g-api.service[103506]: [pid: 103506|app: 0|req: 66/257] 127.0.0.1 () {44 vars in 1115 bytes} [Mon Jul 27 17:11:04 2026] GET /v2/images/e51cc2b5-39b4-4f44-9389-b773781b02c8 => generated 1044 bytes in 13 msecs (HTTP/1.1 200) 4 headers in 158 bytes (1 switches on core 0)
Jul 27 17:11:04.572046 np0000005930 devstack@g-api.service[103509]: DEBUG glance.api.middleware.version_negotiation [None req-79372463-d55e-44b2-879c-65bee6010cad tempest-AttachVolumeMultiAttachTest-148550293 tempest-AttachVolumeMultiAttachTest-148550293-project-member] Determining version of request: GET /v2/schemas/image Accept: */* {{(pid=103509) process_request /opt/stack/glance/glance/api/middleware/version_negotiation.py:44}}
Jul 27 17:11:04.572499 np0000005930 devstack@g-api.service[103509]: DEBUG glance.api.middleware.version_negotiation [None req-79372463-d55e-44b2-879c-65bee6010cad tempest-AttachVolumeMultiAttachTest-148550293 tempest-AttachVolumeMultiAttachTest-148550293-project-member] Using url versioning {{(pid=103509) process_request /opt/stack/glance/glance/api/middleware/version_negotiation.py:57}}
Jul 27 17:11:04.572499 np0000005930 devstack@g-api.service[103509]: DEBUG glance.api.middleware.version_negotiation [None req-79372463-d55e-44b2-879c-65bee6010cad tempest-AttachVolumeMultiAttachTest-148550293 tempest-AttachVolumeMultiAttachTest-148550293-project-member] Matched version: v2 {{(pid=103509) process_request /opt/stack/glance/glance/api/middleware/version_negotiation.py:69}}
Jul 27 17:11:04.572499 np0000005930 devstack@g-api.service[103509]: DEBUG glance.api.middleware.version_negotiation [None req-79372463-d55e-44b2-879c-65bee6010cad tempest-AttachVolumeMultiAttachTest-148550293 tempest-AttachVolumeMultiAttachTest-148550293-project-member] new path /v2/schemas/image {{(pid=103509) process_request /opt/stack/glance/glance/api/middleware/version_negotiation.py:70}}
Jul 27 17:11:04.575137 np0000005930 devstack@g-api.service[103509]: [pid: 103509|app: 0|req: 67/258] 127.0.0.1 () {44 vars in 1055 bytes} [Mon Jul 27 17:11:04 2026] GET /v2/schemas/image => generated 6083 bytes in 3 msecs (HTTP/1.1 200) 4 headers in 158 bytes (1 switches on core 0)
Jul 27 17:11:04.583888 np0000005930 devstack@g-api.service[103508]: DEBUG glance.api.middleware.version_negotiation [None req-79372463-d55e-44b2-879c-65bee6010cad tempest-AttachVolumeMultiAttachTest-148550293 tempest-AttachVolumeMultiAttachTest-148550293-project-member] Determining version of request: GET /v2/schemas/image Accept: */* {{(pid=103508) process_request /opt/stack/glance/glance/api/middleware/version_negotiation.py:44}}
Jul 27 17:11:04.584236 np0000005930 devstack@g-api.service[103508]: DEBUG glance.api.middleware.version_negotiation [None req-79372463-d55e-44b2-879c-65bee6010cad tempest-AttachVolumeMultiAttachTest-148550293 tempest-AttachVolumeMultiAttachTest-148550293-project-member] Using url versioning {{(pid=103508) process_request /opt/stack/glance/glance/api/middleware/version_negotiation.py:57}}
Jul 27 17:11:04.584565 np0000005930 devstack@g-api.service[103508]: DEBUG glance.api.middleware.version_negotiation [None req-79372463-d55e-44b2-879c-65bee6010cad tempest-AttachVolumeMultiAttachTest-148550293 tempest-AttachVolumeMultiAttachTest-148550293-project-member] Matched version: v2 {{(pid=103508) process_request /opt/stack/glance/glance/api/middleware/version_negotiation.py:69}}
Jul 27 17:11:04.584606 np0000005930 devstack@g-api.service[103507]: DEBUG glance.api.middleware.version_negotiation [None req-965be5aa-ab0c-4db6-bda2-54cb700a3bdf tempest-VolumesCloneTest-474828770 tempest-VolumesCloneTest-474828770-project-member] Determining version of request: DELETE /v2/images/c23e277d-3058-4745-9658-fff4ea87510a Accept: application/json {{(pid=103507) process_request /opt/stack/glance/glance/api/middleware/version_negotiation.py:44}}
Jul 27 17:11:04.584765 np0000005930 devstack@g-api.service[103507]: DEBUG glance.api.middleware.version_negotiation [None req-965be5aa-ab0c-4db6-bda2-54cb700a3bdf tempest-VolumesCloneTest-474828770 tempest-VolumesCloneTest-474828770-project-member] Using url versioning {{(pid=103507) process_request /opt/stack/glance/glance/api/middleware/version_negotiation.py:57}}
Jul 27 17:11:04.584883 np0000005930 devstack@g-api.service[103507]: DEBUG glance.api.middleware.version_negotiation [None req-965be5aa-ab0c-4db6-bda2-54cb700a3bdf tempest-VolumesCloneTest-474828770 tempest-VolumesCloneTest-474828770-project-member] Matched version: v2 {{(pid=103507) process_request /opt/stack/glance/glance/api/middleware/version_negotiation.py:69}}
Jul 27 17:11:04.584968 np0000005930 devstack@g-api.service[103507]: DEBUG glance.api.middleware.version_negotiation [None req-965be5aa-ab0c-4db6-bda2-54cb700a3bdf tempest-VolumesCloneTest-474828770 tempest-VolumesCloneTest-474828770-project-member] new path /v2/images/c23e277d-3058-4745-9658-fff4ea87510a {{(pid=103507) process_request /opt/stack/glance/glance/api/middleware/version_negotiation.py:70}}
Jul 27 17:11:04.584998 np0000005930 devstack@g-api.service[103508]: DEBUG glance.api.middleware.version_negotiation [None req-79372463-d55e-44b2-879c-65bee6010cad tempest-AttachVolumeMultiAttachTest-148550293 tempest-AttachVolumeMultiAttachTest-148550293-project-member] new path /v2/schemas/image {{(pid=103508) process_request /opt/stack/glance/glance/api/middleware/version_negotiation.py:70}}
Jul 27 17:11:04.587416 np0000005930 devstack@g-api.service[103508]: [pid: 103508|app: 0|req: 60/259] 127.0.0.1 () {44 vars in 1055 bytes} [Mon Jul 27 17:11:04 2026] GET /v2/schemas/image => generated 6083 bytes in 4 msecs (HTTP/1.1 200) 4 headers in 158 bytes (1 switches on core 0)
Jul 27 17:11:04.595670 np0000005930 devstack@g-api.service[103506]: DEBUG glance.api.middleware.version_negotiation [None req-28803d60-8e9a-4295-b5cf-42996275a1fe tempest-VolumesCloneTest-474828770 tempest-VolumesCloneTest-474828770-project-member] Determining version of request: GET /v2/images/e51cc2b5-39b4-4f44-9389-b773781b02c8 Accept: */* {{(pid=103506) process_request /opt/stack/glance/glance/api/middleware/version_negotiation.py:44}}
Jul 27 17:11:04.595793 np0000005930 devstack@g-api.service[103507]: WARNING glance.api.v2.images [None req-eafa1d3a-baf5-469b-bc51-5d10880c8086 tempest-ServerBootFromVolumeStableRescueTest-1268808924 tempest-ServerBootFromVolumeStableRescueTest-1268808924-project-member] After upload to backend, deletion of staged image data has failed because it cannot be found at /tmp/staging//c23e277d-3058-4745-9658-fff4ea87510a
Jul 27 17:11:04.595835 np0000005930 devstack@g-api.service[103506]: DEBUG glance.api.middleware.version_negotiation [None req-28803d60-8e9a-4295-b5cf-42996275a1fe tempest-VolumesCloneTest-474828770 tempest-VolumesCloneTest-474828770-project-member] Using url versioning {{(pid=103506) process_request /opt/stack/glance/glance/api/middleware/version_negotiation.py:57}}
Jul 27 17:11:04.595835 np0000005930 devstack@g-api.service[103506]: DEBUG glance.api.middleware.version_negotiation [None req-28803d60-8e9a-4295-b5cf-42996275a1fe tempest-VolumesCloneTest-474828770 tempest-VolumesCloneTest-474828770-project-member] Matched version: v2 {{(pid=103506) process_request /opt/stack/glance/glance/api/middleware/version_negotiation.py:69}}
Jul 27 17:11:04.595835 np0000005930 devstack@g-api.service[103506]: DEBUG glance.api.middleware.version_negotiation [None req-28803d60-8e9a-4295-b5cf-42996275a1fe tempest-VolumesCloneTest-474828770 tempest-VolumesCloneTest-474828770-project-member] new path /v2/images/e51cc2b5-39b4-4f44-9389-b773781b02c8 {{(pid=103506) process_request /opt/stack/glance/glance/api/middleware/version_negotiation.py:70}}
Jul 27 17:11:04.595910 np0000005930 devstack@g-api.service[103507]: DEBUG glance_store.backend [None req-eafa1d3a-baf5-469b-bc51-5d10880c8086 tempest-ServerBootFromVolumeStableRescueTest-1268808924 tempest-ServerBootFromVolumeStableRescueTest-1268808924-project-member] Attempting to import store swift {{(pid=103507) _load_store /opt/stack/data/venv/lib/python3.12/site-packages/glance_store/backend.py:215}}
Jul 27 17:11:04.597048 np0000005930 devstack@g-api.service[103507]: DEBUG glance_store.capabilities [None req-eafa1d3a-baf5-469b-bc51-5d10880c8086 tempest-ServerBootFromVolumeStableRescueTest-1268808924 tempest-ServerBootFromVolumeStableRescueTest-1268808924-project-member] Store glance_store._drivers.swift.store.SingleTenantStore doesn't support updating dynamic storage capabilities. Please overwrite 'update_capabilities' method of the store to implement updating logics if needed. {{(pid=103507) update_capabilities /opt/stack/data/venv/lib/python3.12/site-packages/glance_store/capabilities.py:91}}
Jul 27 17:11:04.597206 np0000005930 devstack@g-api.service[103507]: DEBUG glance_store.driver [None req-eafa1d3a-baf5-469b-bc51-5d10880c8086 tempest-ServerBootFromVolumeStableRescueTest-1268808924 tempest-ServerBootFromVolumeStableRescueTest-1268808924-project-member] Late loading location class glance_store._drivers.swift.store.StoreLocation {{(pid=103507) get_store_location_class /opt/stack/data/venv/lib/python3.12/site-packages/glance_store/driver.py:134}}
Jul 27 17:11:04.597352 np0000005930 devstack@g-api.service[103507]: DEBUG glance_store.location [None req-eafa1d3a-baf5-469b-bc51-5d10880c8086 tempest-ServerBootFromVolumeStableRescueTest-1268808924 tempest-ServerBootFromVolumeStableRescueTest-1268808924-project-member] Registering scheme swift+https with {'store': , 'location_class': , 'store_entry': 'swift'} {{(pid=103507) register_scheme_map /opt/stack/data/venv/lib/python3.12/site-packages/glance_store/location.py:146}}
Jul 27 17:11:04.597442 np0000005930 devstack@g-api.service[103507]: DEBUG glance_store.location [None req-eafa1d3a-baf5-469b-bc51-5d10880c8086 tempest-ServerBootFromVolumeStableRescueTest-1268808924 tempest-ServerBootFromVolumeStableRescueTest-1268808924-project-member] Registering scheme swift+https with {'store': , 'location_class': , 'store_entry': 'swift'} {{(pid=103507) register_scheme_map /opt/stack/data/venv/lib/python3.12/site-packages/glance_store/location.py:146}}
Jul 27 17:11:04.597570 np0000005930 devstack@g-api.service[103507]: DEBUG glance_store.location [None req-eafa1d3a-baf5-469b-bc51-5d10880c8086 tempest-ServerBootFromVolumeStableRescueTest-1268808924 tempest-ServerBootFromVolumeStableRescueTest-1268808924-project-member] Registering scheme swift with {'store': , 'location_class': , 'store_entry': 'swift'} {{(pid=103507) register_scheme_map /opt/stack/data/venv/lib/python3.12/site-packages/glance_store/location.py:146}}
Jul 27 17:11:04.597741 np0000005930 devstack@g-api.service[103507]: DEBUG glance_store.location [None req-eafa1d3a-baf5-469b-bc51-5d10880c8086 tempest-ServerBootFromVolumeStableRescueTest-1268808924 tempest-ServerBootFromVolumeStableRescueTest-1268808924-project-member] Registering scheme swift+https with {'store': , 'location_class': , 'store_entry': 'swift'} {{(pid=103507) register_scheme_map /opt/stack/data/venv/lib/python3.12/site-packages/glance_store/location.py:146}}
Jul 27 17:11:04.597858 np0000005930 devstack@g-api.service[103507]: DEBUG glance_store.location [None req-eafa1d3a-baf5-469b-bc51-5d10880c8086 tempest-ServerBootFromVolumeStableRescueTest-1268808924 tempest-ServerBootFromVolumeStableRescueTest-1268808924-project-member] Registering scheme swift with {'store': , 'location_class': , 'store_entry': 'swift'} {{(pid=103507) register_scheme_map /opt/stack/data/venv/lib/python3.12/site-packages/glance_store/location.py:146}}
Jul 27 17:11:04.597963 np0000005930 devstack@g-api.service[103507]: DEBUG glance_store.location [None req-eafa1d3a-baf5-469b-bc51-5d10880c8086 tempest-ServerBootFromVolumeStableRescueTest-1268808924 tempest-ServerBootFromVolumeStableRescueTest-1268808924-project-member] Registering scheme swift+http with {'store': , 'location_class': , 'store_entry': 'swift'} {{(pid=103507) register_scheme_map /opt/stack/data/venv/lib/python3.12/site-packages/glance_store/location.py:146}}
Jul 27 17:11:04.598064 np0000005930 devstack@g-api.service[103507]: DEBUG glance_store.location [None req-eafa1d3a-baf5-469b-bc51-5d10880c8086 tempest-ServerBootFromVolumeStableRescueTest-1268808924 tempest-ServerBootFromVolumeStableRescueTest-1268808924-project-member] Registering scheme swift+https with {'store': , 'location_class': , 'store_entry': 'swift'} {{(pid=103507) register_scheme_map /opt/stack/data/venv/lib/python3.12/site-packages/glance_store/location.py:146}}
Jul 27 17:11:04.599062 np0000005930 devstack@g-api.service[103507]: DEBUG glance_store.location [None req-eafa1d3a-baf5-469b-bc51-5d10880c8086 tempest-ServerBootFromVolumeStableRescueTest-1268808924 tempest-ServerBootFromVolumeStableRescueTest-1268808924-project-member] Registering scheme swift with {'store': , 'location_class': , 'store_entry': 'swift'} {{(pid=103507) register_scheme_map /opt/stack/data/venv/lib/python3.12/site-packages/glance_store/location.py:146}}
Jul 27 17:11:04.599062 np0000005930 devstack@g-api.service[103507]: DEBUG glance_store.location [None req-eafa1d3a-baf5-469b-bc51-5d10880c8086 tempest-ServerBootFromVolumeStableRescueTest-1268808924 tempest-ServerBootFromVolumeStableRescueTest-1268808924-project-member] Registering scheme swift+http with {'store': , 'location_class': , 'store_entry': 'swift'} {{(pid=103507) register_scheme_map /opt/stack/data/venv/lib/python3.12/site-packages/glance_store/location.py:146}}
Jul 27 17:11:04.599062 np0000005930 devstack@g-api.service[103507]: DEBUG glance_store.location [None req-eafa1d3a-baf5-469b-bc51-5d10880c8086 tempest-ServerBootFromVolumeStableRescueTest-1268808924 tempest-ServerBootFromVolumeStableRescueTest-1268808924-project-member] Registering scheme swift+config with {'store': , 'location_class': , 'store_entry': 'swift'} {{(pid=103507) register_scheme_map /opt/stack/data/venv/lib/python3.12/site-packages/glance_store/location.py:146}}
Jul 27 17:11:04.599062 np0000005930 devstack@g-api.service[103507]: DEBUG keystoneclient.auth.identity.v3.base [None req-eafa1d3a-baf5-469b-bc51-5d10880c8086 tempest-ServerBootFromVolumeStableRescueTest-1268808924 tempest-ServerBootFromVolumeStableRescueTest-1268808924-project-member] Making authentication request to https://10.4.3.253/identity/v3/auth/tokens {{(pid=103507) get_auth_ref /opt/stack/data/venv/lib/python3.12/site-packages/keystoneclient/auth/identity/v3/base.py:185}}
Jul 27 17:11:04.612831 np0000005930 devstack@g-api.service[103506]: [pid: 103506|app: 0|req: 67/260] 127.0.0.1 () {44 vars in 1115 bytes} [Mon Jul 27 17:11:04 2026] GET /v2/images/e51cc2b5-39b4-4f44-9389-b773781b02c8 => generated 1044 bytes in 18 msecs (HTTP/1.1 200) 4 headers in 158 bytes (1 switches on core 0)
Jul 27 17:11:04.628534 np0000005930 devstack@g-api.service[103509]: DEBUG glance.api.middleware.version_negotiation [None req-28803d60-8e9a-4295-b5cf-42996275a1fe tempest-VolumesCloneTest-474828770 tempest-VolumesCloneTest-474828770-project-member] Determining version of request: GET /v2/schemas/image Accept: */* {{(pid=103509) process_request /opt/stack/glance/glance/api/middleware/version_negotiation.py:44}}
Jul 27 17:11:04.628534 np0000005930 devstack@g-api.service[103509]: DEBUG glance.api.middleware.version_negotiation [None req-28803d60-8e9a-4295-b5cf-42996275a1fe tempest-VolumesCloneTest-474828770 tempest-VolumesCloneTest-474828770-project-member] Using url versioning {{(pid=103509) process_request /opt/stack/glance/glance/api/middleware/version_negotiation.py:57}}
Jul 27 17:11:04.628534 np0000005930 devstack@g-api.service[103509]: DEBUG glance.api.middleware.version_negotiation [None req-28803d60-8e9a-4295-b5cf-42996275a1fe tempest-VolumesCloneTest-474828770 tempest-VolumesCloneTest-474828770-project-member] Matched version: v2 {{(pid=103509) process_request /opt/stack/glance/glance/api/middleware/version_negotiation.py:69}}
Jul 27 17:11:04.628534 np0000005930 devstack@g-api.service[103509]: DEBUG glance.api.middleware.version_negotiation [None req-28803d60-8e9a-4295-b5cf-42996275a1fe tempest-VolumesCloneTest-474828770 tempest-VolumesCloneTest-474828770-project-member] new path /v2/schemas/image {{(pid=103509) process_request /opt/stack/glance/glance/api/middleware/version_negotiation.py:70}}
Jul 27 17:11:04.630839 np0000005930 devstack@g-api.service[103509]: [pid: 103509|app: 0|req: 68/261] 127.0.0.1 () {44 vars in 1055 bytes} [Mon Jul 27 17:11:04 2026] GET /v2/schemas/image => generated 6083 bytes in 5 msecs (HTTP/1.1 200) 4 headers in 158 bytes (1 switches on core 0)
Jul 27 17:11:04.640562 np0000005930 devstack@g-api.service[103508]: DEBUG glance.api.middleware.version_negotiation [None req-28803d60-8e9a-4295-b5cf-42996275a1fe tempest-VolumesCloneTest-474828770 tempest-VolumesCloneTest-474828770-project-member] Determining version of request: GET /v2/schemas/image Accept: */* {{(pid=103508) process_request /opt/stack/glance/glance/api/middleware/version_negotiation.py:44}}
Jul 27 17:11:04.641525 np0000005930 devstack@g-api.service[103508]: DEBUG glance.api.middleware.version_negotiation [None req-28803d60-8e9a-4295-b5cf-42996275a1fe tempest-VolumesCloneTest-474828770 tempest-VolumesCloneTest-474828770-project-member] Using url versioning {{(pid=103508) process_request /opt/stack/glance/glance/api/middleware/version_negotiation.py:57}}
Jul 27 17:11:04.641766 np0000005930 devstack@g-api.service[103508]: DEBUG glance.api.middleware.version_negotiation [None req-28803d60-8e9a-4295-b5cf-42996275a1fe tempest-VolumesCloneTest-474828770 tempest-VolumesCloneTest-474828770-project-member] Matched version: v2 {{(pid=103508) process_request /opt/stack/glance/glance/api/middleware/version_negotiation.py:69}}
Jul 27 17:11:04.642607 np0000005930 devstack@g-api.service[103508]: DEBUG glance.api.middleware.version_negotiation [None req-28803d60-8e9a-4295-b5cf-42996275a1fe tempest-VolumesCloneTest-474828770 tempest-VolumesCloneTest-474828770-project-member] new path /v2/schemas/image {{(pid=103508) process_request /opt/stack/glance/glance/api/middleware/version_negotiation.py:70}}
Jul 27 17:11:04.648619 np0000005930 devstack@g-api.service[103508]: [pid: 103508|app: 0|req: 61/262] 127.0.0.1 () {44 vars in 1055 bytes} [Mon Jul 27 17:11:04 2026] GET /v2/schemas/image => generated 6083 bytes in 8 msecs (HTTP/1.1 200) 4 headers in 158 bytes (1 switches on core 0)
Jul 27 17:11:04.669733 np0000005930 devstack@g-api.service[103506]: DEBUG glance.api.middleware.version_negotiation [None req-28803d60-8e9a-4295-b5cf-42996275a1fe tempest-VolumesCloneTest-474828770 tempest-VolumesCloneTest-474828770-project-member] Determining version of request: GET /v2/images/e51cc2b5-39b4-4f44-9389-b773781b02c8 Accept: */* {{(pid=103506) process_request /opt/stack/glance/glance/api/middleware/version_negotiation.py:44}}
Jul 27 17:11:04.670887 np0000005930 devstack@g-api.service[103506]: DEBUG glance.api.middleware.version_negotiation [None req-28803d60-8e9a-4295-b5cf-42996275a1fe tempest-VolumesCloneTest-474828770 tempest-VolumesCloneTest-474828770-project-member] Using url versioning {{(pid=103506) process_request /opt/stack/glance/glance/api/middleware/version_negotiation.py:57}}
Jul 27 17:11:04.671094 np0000005930 devstack@g-api.service[103506]: DEBUG glance.api.middleware.version_negotiation [None req-28803d60-8e9a-4295-b5cf-42996275a1fe tempest-VolumesCloneTest-474828770 tempest-VolumesCloneTest-474828770-project-member] Matched version: v2 {{(pid=103506) process_request /opt/stack/glance/glance/api/middleware/version_negotiation.py:69}}
Jul 27 17:11:04.671259 np0000005930 devstack@g-api.service[103506]: DEBUG glance.api.middleware.version_negotiation [None req-28803d60-8e9a-4295-b5cf-42996275a1fe tempest-VolumesCloneTest-474828770 tempest-VolumesCloneTest-474828770-project-member] new path /v2/images/e51cc2b5-39b4-4f44-9389-b773781b02c8 {{(pid=103506) process_request /opt/stack/glance/glance/api/middleware/version_negotiation.py:70}}
Jul 27 17:11:04.686605 np0000005930 devstack@g-api.service[103506]: [pid: 103506|app: 0|req: 68/263] 127.0.0.1 () {44 vars in 1115 bytes} [Mon Jul 27 17:11:04 2026] GET /v2/images/e51cc2b5-39b4-4f44-9389-b773781b02c8 => generated 1044 bytes in 17 msecs (HTTP/1.1 200) 4 headers in 158 bytes (1 switches on core 0)
Jul 27 17:11:04.699136 np0000005930 devstack@g-api.service[103509]: DEBUG glance.api.middleware.version_negotiation [None req-28803d60-8e9a-4295-b5cf-42996275a1fe tempest-VolumesCloneTest-474828770 tempest-VolumesCloneTest-474828770-project-member] Determining version of request: GET /v2/schemas/image Accept: */* {{(pid=103509) process_request /opt/stack/glance/glance/api/middleware/version_negotiation.py:44}}
Jul 27 17:11:04.699379 np0000005930 devstack@g-api.service[103509]: DEBUG glance.api.middleware.version_negotiation [None req-28803d60-8e9a-4295-b5cf-42996275a1fe tempest-VolumesCloneTest-474828770 tempest-VolumesCloneTest-474828770-project-member] Using url versioning {{(pid=103509) process_request /opt/stack/glance/glance/api/middleware/version_negotiation.py:57}}
Jul 27 17:11:04.699508 np0000005930 devstack@g-api.service[103509]: DEBUG glance.api.middleware.version_negotiation [None req-28803d60-8e9a-4295-b5cf-42996275a1fe tempest-VolumesCloneTest-474828770 tempest-VolumesCloneTest-474828770-project-member] Matched version: v2 {{(pid=103509) process_request /opt/stack/glance/glance/api/middleware/version_negotiation.py:69}}
Jul 27 17:11:04.699627 np0000005930 devstack@g-api.service[103509]: DEBUG glance.api.middleware.version_negotiation [None req-28803d60-8e9a-4295-b5cf-42996275a1fe tempest-VolumesCloneTest-474828770 tempest-VolumesCloneTest-474828770-project-member] new path /v2/schemas/image {{(pid=103509) process_request /opt/stack/glance/glance/api/middleware/version_negotiation.py:70}}
Jul 27 17:11:04.705909 np0000005930 devstack@g-api.service[103507]: DEBUG keystoneclient.auth.identity.v3.base [None req-eafa1d3a-baf5-469b-bc51-5d10880c8086 tempest-ServerBootFromVolumeStableRescueTest-1268808924 tempest-ServerBootFromVolumeStableRescueTest-1268808924-project-member] {"token": {"methods": ["password"], "user": {"domain": {"id": "default", "name": "Default"}, "id": "f45b50d00f56454986e764f9d4d5abaf", "name": "glance-swift", "password_expires_at": null}, "audit_ids": ["WCc9o9_sRqOloe9TnLjaPA"], "expires_at": "2026-07-27T18:11:04.000000Z", "issued_at": "2026-07-27T17:11:04.000000Z", "project": {"domain": {"id": "default", "name": "Default"}, "id": "90c032759e264b1386f047bd33f0797a", "name": "service"}, "is_domain": false, "roles": [{"id": "3142d67c2a0540a4b39f0144aa124a1e", "name": "ResellerAdmin"}, {"id": "7cf6330ced8f43a49a02a1e4420b72dc", "name": "service"}], "catalog": [{"endpoints": [{"id": "c719e7c2d9b7419cbe57fa4bd335b3fa", "interface": "public", "region_id": "RegionOne", "url": "https://10.4.3.253/compute/v2.1", "region": "RegionOne"}], "id": "25f2ccc6552a4c618c4304c516dda3a1", "type": "compute", "name": "nova"}, {"endpoints": [{"id": "5981137296a74bae9448db31552f403d", "interface": "public", "region_id": "RegionOne", "url": "https://10.4.3.253/compute/v2/90c032759e264b1386f047bd33f0797a", "region": "RegionOne"}], "id": "507b27a90cfd42e59645aab77004337c", "type": "compute_legacy", "name": "nova_legacy"}, {"endpoints": [{"id": "89e5eec64f274a3c80589ff62d6cf6c8", "interface": "admin", "region_id": "RegionOne", "url": "https://10.4.3.253:8080", "region": "RegionOne"}, {"id": "cdd89e70755e4915831f3c9a40d70a28", "interface": "public", "region_id": "RegionOne", "url": "https://10.4.3.253:8080/v1/AUTH_90c032759e264b1386f047bd33f0797a", "region": "RegionOne"}], "id": "7fee7417464f47dc8f82f1018ed6966c", "type": "object-store", "name": "swift"}, {"endpoints": [{"id": "328eb1a0ce8b43da8e3d08d0fd129cc5", "interface": "public", "region_id": "RegionOne", "url": "https://10.4.3.253/networking", "region": "RegionOne"}], "id": "85041bf977a3487db2b20a9b5925ade8", "type": "network", "name": "neutron"}, {"endpoints": [{"id": "dbbaf627e40c43c89c4cbffdc6d55a95", "interface": "public", "region_id": "RegionOne", "url": "https://10.4.3.253/volume/v3", "region": "RegionOne"}], "id": "d4ba711e811c4397951519e55ce20918", "type": "block-storage", "name": "cinder"}, {"endpoints": [{"id": "6c88e3c3b3304b2a8f10b1191de9c77c", "interface": "public", "region_id": "RegionOne", "url": "https://10.4.3.253/image", "region": "RegionOne"}], "id": "e64e0fd026b946fca609c344639efafa", "type": "image", "name": "glance"}, {"endpoints": [{"id": "26b9f6d609d043afbc1af06ade72ef77", "interface": "public", "region_id": "RegionOne", "url": "https://10.4.3.253/placement", "region": "RegionOne"}], "id": "eb3c553f9e1e47288c7249bd1c870a7c", "type": "placement", "name": "placement"}, {"endpoints": [{"id": "ec2641d6ecd944a9aeb76eb63781b681", "interface": "public", "region_id": "RegionOne", "url": "https://10.4.3.253/identity", "region": "RegionOne"}], "id": "feb38a6ecce240efab2f0204b35a7f09", "type": "identity", "name": "keystone"}]}} {{(pid=103507) get_auth_ref /opt/stack/data/venv/lib/python3.12/site-packages/keystoneclient/auth/identity/v3/base.py:190}}
Jul 27 17:11:04.706055 np0000005930 devstack@g-api.service[103509]: [pid: 103509|app: 0|req: 69/264] 127.0.0.1 () {44 vars in 1055 bytes} [Mon Jul 27 17:11:04 2026] GET /v2/schemas/image => generated 6083 bytes in 7 msecs (HTTP/1.1 200) 4 headers in 158 bytes (1 switches on core 0)
Jul 27 17:11:04.706382 np0000005930 devstack@g-api.service[103507]: DEBUG keystoneclient.httpclient [None req-eafa1d3a-baf5-469b-bc51-5d10880c8086 tempest-ServerBootFromVolumeStableRescueTest-1268808924 tempest-ServerBootFromVolumeStableRescueTest-1268808924-project-member] Failed to find endpoint for management url admin endpoint for identity service not found {{(pid=103507) _process_management_url /opt/stack/data/venv/lib/python3.12/site-packages/keystoneclient/httpclient.py:670}}
Jul 27 17:11:04.839182 np0000005930 devstack@g-api.service[103507]: DEBUG swiftclient [None req-eafa1d3a-baf5-469b-bc51-5d10880c8086 tempest-ServerBootFromVolumeStableRescueTest-1268808924 tempest-ServerBootFromVolumeStableRescueTest-1268808924-project-member] REQ: curl -i https://10.4.3.253:8080/v1/AUTH_90c032759e264b1386f047bd33f0797a/glance/c23e277d-3058-4745-9658-fff4ea87510a -I -H "X-Auth-Token: gAAAAABqZ5Eo9xSl..." {{(pid=103507) http_log /opt/stack/data/venv/lib/python3.12/site-packages/swiftclient/client.py:160}}
Jul 27 17:11:04.839327 np0000005930 devstack@g-api.service[103507]: DEBUG swiftclient [None req-eafa1d3a-baf5-469b-bc51-5d10880c8086 tempest-ServerBootFromVolumeStableRescueTest-1268808924 tempest-ServerBootFromVolumeStableRescueTest-1268808924-project-member] RESP STATUS: 200 OK {{(pid=103507) http_log /opt/stack/data/venv/lib/python3.12/site-packages/swiftclient/client.py:161}}
Jul 27 17:11:04.839516 np0000005930 devstack@g-api.service[103507]: DEBUG swiftclient [None req-eafa1d3a-baf5-469b-bc51-5d10880c8086 tempest-ServerBootFromVolumeStableRescueTest-1268808924 tempest-ServerBootFromVolumeStableRescueTest-1268808924-project-member] RESP HEADERS: {'Date': 'Mon, 27 Jul 2026 17:11:04 GMT', 'Server': 'Apache/2.4.58 (Ubuntu)', 'Content-Type': 'application/octet-stream', 'Content-Length': '23527424', 'X-Object-Manifest': 'glance/c23e277d-3058-4745-9658-fff4ea87510a-', 'Last-Modified': 'Mon, 27 Jul 2026 17:10:27 GMT', 'X-Timestamp': '1785172226.46211', 'Accept-Ranges': 'bytes', 'Etag': '"9c424351ecc3b84373f916fa8ecd34a2"', 'X-Trans-Id': 'tx586baa0f82554f6987edf-006a679128', 'X-Openstack-Request-Id': 'tx586baa0f82554f6987edf-006a679128', 'Connection': 'close'} {{(pid=103507) http_log /opt/stack/data/venv/lib/python3.12/site-packages/swiftclient/client.py:162}}
Jul 27 17:11:04.856275 np0000005930 devstack@g-api.service[103507]: DEBUG swiftclient [None req-eafa1d3a-baf5-469b-bc51-5d10880c8086 tempest-ServerBootFromVolumeStableRescueTest-1268808924 tempest-ServerBootFromVolumeStableRescueTest-1268808924-project-member] REQ: curl -i https://10.4.3.253:8080/v1/AUTH_90c032759e264b1386f047bd33f0797a/glance?format=json&prefix=c23e277d-3058-4745-9658-fff4ea87510a- -X GET -H "X-Auth-Token: gAAAAABqZ5Eo9xSl..." -H "Accept-Encoding: gzip" {{(pid=103507) http_log /opt/stack/data/venv/lib/python3.12/site-packages/swiftclient/client.py:160}}
Jul 27 17:11:04.856359 np0000005930 devstack@g-api.service[103507]: DEBUG swiftclient [None req-eafa1d3a-baf5-469b-bc51-5d10880c8086 tempest-ServerBootFromVolumeStableRescueTest-1268808924 tempest-ServerBootFromVolumeStableRescueTest-1268808924-project-member] RESP STATUS: 200 OK {{(pid=103507) http_log /opt/stack/data/venv/lib/python3.12/site-packages/swiftclient/client.py:161}}
Jul 27 17:11:04.856519 np0000005930 devstack@g-api.service[103507]: DEBUG swiftclient [None req-eafa1d3a-baf5-469b-bc51-5d10880c8086 tempest-ServerBootFromVolumeStableRescueTest-1268808924 tempest-ServerBootFromVolumeStableRescueTest-1268808924-project-member] RESP HEADERS: {'Date': 'Mon, 27 Jul 2026 17:11:04 GMT', 'Server': 'Apache/2.4.58 (Ubuntu)', 'Content-Type': 'application/json; charset=utf-8', 'Content-Length': '210', 'X-Container-Object-Count': '9', 'X-Container-Bytes-Used': '133103616', 'X-Timestamp': '1785171962.84896', 'Last-Modified': 'Mon, 27 Jul 2026 17:06:03 GMT', 'Accept-Ranges': 'bytes', 'X-Storage-Policy': 'Policy-0', 'X-Container-Sharding': 'False', 'X-Trans-Id': 'txc310b96e5316471d952b7-006a679128', 'X-Openstack-Request-Id': 'txc310b96e5316471d952b7-006a679128', 'Connection': 'close'} {{(pid=103507) http_log /opt/stack/data/venv/lib/python3.12/site-packages/swiftclient/client.py:162}}
Jul 27 17:11:04.856664 np0000005930 devstack@g-api.service[103507]: DEBUG swiftclient [None req-eafa1d3a-baf5-469b-bc51-5d10880c8086 tempest-ServerBootFromVolumeStableRescueTest-1268808924 tempest-ServerBootFromVolumeStableRescueTest-1268808924-project-member] RESP BODY: b'[{"bytes": 23527424, "hash": "4fa343ee581d8d2e78533191fd1ac3e1", "name": "c23e277d-3058-4745-9658-fff4ea87510a-00001", "content_type": "application/octet-stream", "last_modified": "2026-07-27T17:10:26.186510"}]' {{(pid=103507) http_log /opt/stack/data/venv/lib/python3.12/site-packages/swiftclient/client.py:166}}
Jul 27 17:11:04.878668 np0000005930 devstack@g-api.service[103507]: DEBUG swiftclient [None req-eafa1d3a-baf5-469b-bc51-5d10880c8086 tempest-ServerBootFromVolumeStableRescueTest-1268808924 tempest-ServerBootFromVolumeStableRescueTest-1268808924-project-member] REQ: curl -i https://10.4.3.253:8080/v1/AUTH_90c032759e264b1386f047bd33f0797a/glance/c23e277d-3058-4745-9658-fff4ea87510a-00001 DELETE -H "X-Auth-Token: gAAAAABqZ5Eo9xSl..." {{(pid=103507) http_log /opt/stack/data/venv/lib/python3.12/site-packages/swiftclient/client.py:160}}
Jul 27 17:11:04.878827 np0000005930 devstack@g-api.service[103507]: DEBUG swiftclient [None req-eafa1d3a-baf5-469b-bc51-5d10880c8086 tempest-ServerBootFromVolumeStableRescueTest-1268808924 tempest-ServerBootFromVolumeStableRescueTest-1268808924-project-member] RESP STATUS: 204 No Content {{(pid=103507) http_log /opt/stack/data/venv/lib/python3.12/site-packages/swiftclient/client.py:161}}
Jul 27 17:11:04.878983 np0000005930 devstack@g-api.service[103507]: DEBUG swiftclient [None req-eafa1d3a-baf5-469b-bc51-5d10880c8086 tempest-ServerBootFromVolumeStableRescueTest-1268808924 tempest-ServerBootFromVolumeStableRescueTest-1268808924-project-member] RESP HEADERS: {'Date': 'Mon, 27 Jul 2026 17:11:04 GMT', 'Server': 'Apache/2.4.58 (Ubuntu)', 'Content-Type': 'text/html; charset=UTF-8', 'X-Trans-Id': 'tx7fdf9235ced344d59d312-006a679128', 'X-Openstack-Request-Id': 'tx7fdf9235ced344d59d312-006a679128', 'Connection': 'close'} {{(pid=103507) http_log /opt/stack/data/venv/lib/python3.12/site-packages/swiftclient/client.py:162}}
Jul 27 17:11:04.900589 np0000005930 devstack@g-api.service[103507]: DEBUG swiftclient [None req-eafa1d3a-baf5-469b-bc51-5d10880c8086 tempest-ServerBootFromVolumeStableRescueTest-1268808924 tempest-ServerBootFromVolumeStableRescueTest-1268808924-project-member] REQ: curl -i https://10.4.3.253:8080/v1/AUTH_90c032759e264b1386f047bd33f0797a/glance/c23e277d-3058-4745-9658-fff4ea87510a DELETE -H "X-Auth-Token: gAAAAABqZ5Eo9xSl..." {{(pid=103507) http_log /opt/stack/data/venv/lib/python3.12/site-packages/swiftclient/client.py:160}}
Jul 27 17:11:04.900754 np0000005930 devstack@g-api.service[103507]: DEBUG swiftclient [None req-eafa1d3a-baf5-469b-bc51-5d10880c8086 tempest-ServerBootFromVolumeStableRescueTest-1268808924 tempest-ServerBootFromVolumeStableRescueTest-1268808924-project-member] RESP STATUS: 204 No Content {{(pid=103507) http_log /opt/stack/data/venv/lib/python3.12/site-packages/swiftclient/client.py:161}}
Jul 27 17:11:04.900946 np0000005930 devstack@g-api.service[103507]: DEBUG swiftclient [None req-eafa1d3a-baf5-469b-bc51-5d10880c8086 tempest-ServerBootFromVolumeStableRescueTest-1268808924 tempest-ServerBootFromVolumeStableRescueTest-1268808924-project-member] RESP HEADERS: {'Date': 'Mon, 27 Jul 2026 17:11:04 GMT', 'Server': 'Apache/2.4.58 (Ubuntu)', 'Content-Type': 'text/html; charset=UTF-8', 'X-Trans-Id': 'tx396f1d243eca44cfaadf6-006a679128', 'X-Openstack-Request-Id': 'tx396f1d243eca44cfaadf6-006a679128', 'Connection': 'close'} {{(pid=103507) http_log /opt/stack/data/venv/lib/python3.12/site-packages/swiftclient/client.py:162}}
Jul 27 17:11:05.009917 np0000005930 devstack@g-api.service[103507]: DEBUG glance.api.middleware.cache [None req-eafa1d3a-baf5-469b-bc51-5d10880c8086 tempest-ServerBootFromVolumeStableRescueTest-1268808924 tempest-ServerBootFromVolumeStableRescueTest-1268808924-project-member] Removing image c23e277d-3058-4745-9658-fff4ea87510a from cache {{(pid=103507) _process_DELETE_response /opt/stack/glance/glance/api/middleware/cache.py:264}}
Jul 27 17:11:05.013167 np0000005930 devstack@g-api.service[103507]: DEBUG glance.image_cache.drivers.centralized_db [None req-eafa1d3a-baf5-469b-bc51-5d10880c8086 tempest-ServerBootFromVolumeStableRescueTest-1268808924 tempest-ServerBootFromVolumeStableRescueTest-1268808924-project-member] Deleting image cache file '/opt/stack/data/glance/cache/c23e277d-3058-4745-9658-fff4ea87510a' {{(pid=103507) delete_cached_file /opt/stack/glance/glance/image_cache/drivers/centralized_db.py:400}}
Jul 27 17:11:05.037030 np0000005930 devstack@g-api.service[103507]: [pid: 103507|app: 0|req: 67/265] 127.0.0.1 () {40 vars in 841 bytes} [Mon Jul 27 17:11:04 2026] DELETE /v2/images/c23e277d-3058-4745-9658-fff4ea87510a => generated 0 bytes in 452 msecs (HTTP/1.1 204) 4 headers in 171 bytes (1 switches on core 0)
Jul 27 17:11:05.084072 np0000005930 devstack@g-api.service[103508]: DEBUG glance.api.middleware.version_negotiation [None req-28803d60-8e9a-4295-b5cf-42996275a1fe tempest-VolumesCloneTest-474828770 tempest-VolumesCloneTest-474828770-project-member] Determining version of request: GET /versions Accept: */* {{(pid=103508) process_request /opt/stack/glance/glance/api/middleware/version_negotiation.py:44}}
Jul 27 17:11:05.084711 np0000005930 devstack@g-api.service[103508]: [pid: 103508|app: 0|req: 62/266] 127.0.0.1 () {44 vars in 1039 bytes} [Mon Jul 27 17:11:05 2026] GET /versions => generated 1515 bytes in 1 msecs (HTTP/1.1 200) 3 headers in 92 bytes (1 switches on core 0)
Jul 27 17:11:05.093910 np0000005930 devstack@g-api.service[103506]: DEBUG glance.api.middleware.version_negotiation [None req-28803d60-8e9a-4295-b5cf-42996275a1fe tempest-VolumesCloneTest-474828770 tempest-VolumesCloneTest-474828770-project-member] Determining version of request: GET /v2/images/e51cc2b5-39b4-4f44-9389-b773781b02c8/locations Accept: */* {{(pid=103506) process_request /opt/stack/glance/glance/api/middleware/version_negotiation.py:44}}
Jul 27 17:11:05.094138 np0000005930 devstack@g-api.service[103506]: DEBUG glance.api.middleware.version_negotiation [None req-28803d60-8e9a-4295-b5cf-42996275a1fe tempest-VolumesCloneTest-474828770 tempest-VolumesCloneTest-474828770-project-member] Using url versioning {{(pid=103506) process_request /opt/stack/glance/glance/api/middleware/version_negotiation.py:57}}
Jul 27 17:11:05.094365 np0000005930 devstack@g-api.service[103506]: DEBUG glance.api.middleware.version_negotiation [None req-28803d60-8e9a-4295-b5cf-42996275a1fe tempest-VolumesCloneTest-474828770 tempest-VolumesCloneTest-474828770-project-member] Matched version: v2 {{(pid=103506) process_request /opt/stack/glance/glance/api/middleware/version_negotiation.py:69}}
Jul 27 17:11:05.094498 np0000005930 devstack@g-api.service[103506]: DEBUG glance.api.middleware.version_negotiation [None req-28803d60-8e9a-4295-b5cf-42996275a1fe tempest-VolumesCloneTest-474828770 tempest-VolumesCloneTest-474828770-project-member] new path /v2/images/e51cc2b5-39b4-4f44-9389-b773781b02c8/locations {{(pid=103506) process_request /opt/stack/glance/glance/api/middleware/version_negotiation.py:70}}
Jul 27 17:11:05.155101 np0000005930 devstack@g-api.service[103506]: [pid: 103506|app: 0|req: 69/267] 127.0.0.1 () {44 vars in 1135 bytes} [Mon Jul 27 17:11:05 2026] GET /v2/images/e51cc2b5-39b4-4f44-9389-b773781b02c8/locations => generated 92 bytes in 61 msecs (HTTP/1.1 200) 4 headers in 156 bytes (1 switches on core 0)
Jul 27 17:11:05.165237 np0000005930 devstack@g-api.service[103509]: DEBUG glance.api.middleware.version_negotiation [None req-28803d60-8e9a-4295-b5cf-42996275a1fe tempest-VolumesCloneTest-474828770 tempest-VolumesCloneTest-474828770-project-member] Determining version of request: GET /v2/images/e51cc2b5-39b4-4f44-9389-b773781b02c8 Accept: */* {{(pid=103509) process_request /opt/stack/glance/glance/api/middleware/version_negotiation.py:44}}
Jul 27 17:11:05.165466 np0000005930 devstack@g-api.service[103509]: DEBUG glance.api.middleware.version_negotiation [None req-28803d60-8e9a-4295-b5cf-42996275a1fe tempest-VolumesCloneTest-474828770 tempest-VolumesCloneTest-474828770-project-member] Using url versioning {{(pid=103509) process_request /opt/stack/glance/glance/api/middleware/version_negotiation.py:57}}
Jul 27 17:11:05.165656 np0000005930 devstack@g-api.service[103509]: DEBUG glance.api.middleware.version_negotiation [None req-28803d60-8e9a-4295-b5cf-42996275a1fe tempest-VolumesCloneTest-474828770 tempest-VolumesCloneTest-474828770-project-member] Matched version: v2 {{(pid=103509) process_request /opt/stack/glance/glance/api/middleware/version_negotiation.py:69}}
Jul 27 17:11:05.165796 np0000005930 devstack@g-api.service[103509]: DEBUG glance.api.middleware.version_negotiation [None req-28803d60-8e9a-4295-b5cf-42996275a1fe tempest-VolumesCloneTest-474828770 tempest-VolumesCloneTest-474828770-project-member] new path /v2/images/e51cc2b5-39b4-4f44-9389-b773781b02c8 {{(pid=103509) process_request /opt/stack/glance/glance/api/middleware/version_negotiation.py:70}}
Jul 27 17:11:05.179442 np0000005930 devstack@g-api.service[103509]: [pid: 103509|app: 0|req: 70/268] 127.0.0.1 () {44 vars in 1115 bytes} [Mon Jul 27 17:11:05 2026] GET /v2/images/e51cc2b5-39b4-4f44-9389-b773781b02c8 => generated 1044 bytes in 14 msecs (HTTP/1.1 200) 4 headers in 158 bytes (1 switches on core 0)
Jul 27 17:11:05.188630 np0000005930 devstack@g-api.service[103507]: DEBUG glance.api.middleware.version_negotiation [None req-eafa1d3a-baf5-469b-bc51-5d10880c8086 tempest-ServerBootFromVolumeStableRescueTest-1268808924 tempest-ServerBootFromVolumeStableRescueTest-1268808924-project-member] Determining version of request: GET /v2/schemas/image Accept: */* {{(pid=103507) process_request /opt/stack/glance/glance/api/middleware/version_negotiation.py:44}}
Jul 27 17:11:05.188630 np0000005930 devstack@g-api.service[103507]: DEBUG glance.api.middleware.version_negotiation [None req-eafa1d3a-baf5-469b-bc51-5d10880c8086 tempest-ServerBootFromVolumeStableRescueTest-1268808924 tempest-ServerBootFromVolumeStableRescueTest-1268808924-project-member] Using url versioning {{(pid=103507) process_request /opt/stack/glance/glance/api/middleware/version_negotiation.py:57}}
Jul 27 17:11:05.188630 np0000005930 devstack@g-api.service[103507]: DEBUG glance.api.middleware.version_negotiation [None req-eafa1d3a-baf5-469b-bc51-5d10880c8086 tempest-ServerBootFromVolumeStableRescueTest-1268808924 tempest-ServerBootFromVolumeStableRescueTest-1268808924-project-member] Matched version: v2 {{(pid=103507) process_request /opt/stack/glance/glance/api/middleware/version_negotiation.py:69}}
Jul 27 17:11:05.188630 np0000005930 devstack@g-api.service[103507]: DEBUG glance.api.middleware.version_negotiation [None req-eafa1d3a-baf5-469b-bc51-5d10880c8086 tempest-ServerBootFromVolumeStableRescueTest-1268808924 tempest-ServerBootFromVolumeStableRescueTest-1268808924-project-member] new path /v2/schemas/image {{(pid=103507) process_request /opt/stack/glance/glance/api/middleware/version_negotiation.py:70}}
Jul 27 17:11:05.194011 np0000005930 devstack@g-api.service[103507]: [pid: 103507|app: 0|req: 68/269] 127.0.0.1 () {44 vars in 1055 bytes} [Mon Jul 27 17:11:05 2026] GET /v2/schemas/image => generated 6083 bytes in 6 msecs (HTTP/1.1 200) 4 headers in 158 bytes (1 switches on core 0)
