Jul 27 17:05:39.972862 np0000005930 nova-conductor[99578]: DEBUG cotyledon.oslo_config_glue [-] workarounds.disable_fallback_pcpu_query = False {{(pid=99578) log_opt_values /opt/stack/data/venv/lib/python3.12/site-packages/oslo_config/cfg.py:3253}}
Jul 27 17:05:39.972862 np0000005930 nova-conductor[99578]: DEBUG cotyledon.oslo_config_glue [-] workarounds.disable_group_policy_check_upcall = False {{(pid=99578) log_opt_values /opt/stack/data/venv/lib/python3.12/site-packages/oslo_config/cfg.py:3253}}
Jul 27 17:05:39.972862 np0000005930 nova-conductor[99578]: DEBUG cotyledon.oslo_config_glue [-] workarounds.disable_libvirt_livesnapshot = False {{(pid=99578) log_opt_values /opt/stack/data/venv/lib/python3.12/site-packages/oslo_config/cfg.py:3253}}
Jul 27 17:05:39.972862 np0000005930 nova-conductor[99578]: DEBUG cotyledon.oslo_config_glue [-] workarounds.disable_rootwrap = False {{(pid=99578) log_opt_values /opt/stack/data/venv/lib/python3.12/site-packages/oslo_config/cfg.py:3253}}
Jul 27 17:05:39.972862 np0000005930 nova-conductor[99578]: DEBUG cotyledon.oslo_config_glue [-] workarounds.enable_numa_live_migration = False {{(pid=99578) log_opt_values /opt/stack/data/venv/lib/python3.12/site-packages/oslo_config/cfg.py:3253}}
Jul 27 17:05:39.972862 np0000005930 nova-conductor[99578]: DEBUG cotyledon.oslo_config_glue [-] workarounds.enable_qemu_monitor_announce_self = False {{(pid=99578) log_opt_values /opt/stack/data/venv/lib/python3.12/site-packages/oslo_config/cfg.py:3253}}
Jul 27 17:05:39.972862 np0000005930 nova-conductor[99578]: DEBUG cotyledon.oslo_config_glue [-] workarounds.ensure_libvirt_rbd_instance_dir_cleanup = False {{(pid=99578) log_opt_values /opt/stack/data/venv/lib/python3.12/site-packages/oslo_config/cfg.py:3253}}
Jul 27 17:05:39.972862 np0000005930 nova-conductor[99578]: DEBUG cotyledon.oslo_config_glue [-] workarounds.handle_virt_lifecycle_events = True {{(pid=99578) log_opt_values /opt/stack/data/venv/lib/python3.12/site-packages/oslo_config/cfg.py:3253}}
Jul 27 17:05:39.972862 np0000005930 nova-conductor[99578]: DEBUG cotyledon.oslo_config_glue [-] workarounds.libvirt_disable_apic = False {{(pid=99578) log_opt_values /opt/stack/data/venv/lib/python3.12/site-packages/oslo_config/cfg.py:3253}}
Jul 27 17:05:39.973206 np0000005930 nova-conductor[99578]: DEBUG cotyledon.oslo_config_glue [-] workarounds.never_download_image_if_on_rbd = False {{(pid=99578) log_opt_values /opt/stack/data/venv/lib/python3.12/site-packages/oslo_config/cfg.py:3253}}
Jul 27 17:05:39.973206 np0000005930 nova-conductor[99578]: DEBUG cotyledon.oslo_config_glue [-] workarounds.qemu_monitor_announce_self_count = 3 {{(pid=99578) log_opt_values /opt/stack/data/venv/lib/python3.12/site-packages/oslo_config/cfg.py:3253}}
Jul 27 17:05:39.973206 np0000005930 nova-conductor[99578]: DEBUG cotyledon.oslo_config_glue [-] workarounds.qemu_monitor_announce_self_interval = 1 {{(pid=99578) log_opt_values /opt/stack/data/venv/lib/python3.12/site-packages/oslo_config/cfg.py:3253}}
Jul 27 17:05:39.973206 np0000005930 nova-conductor[99578]: DEBUG cotyledon.oslo_config_glue [-] workarounds.reserve_disk_resource_for_image_cache = False {{(pid=99578) log_opt_values /opt/stack/data/venv/lib/python3.12/site-packages/oslo_config/cfg.py:3253}}
Jul 27 17:05:39.973206 np0000005930 nova-conductor[99578]: DEBUG cotyledon.oslo_config_glue [-] workarounds.skip_cpu_compare_at_startup = False {{(pid=99578) log_opt_values /opt/stack/data/venv/lib/python3.12/site-packages/oslo_config/cfg.py:3253}}
Jul 27 17:05:39.973206 np0000005930 nova-conductor[99578]: DEBUG cotyledon.oslo_config_glue [-] workarounds.skip_cpu_compare_on_dest = False {{(pid=99578) log_opt_values /opt/stack/data/venv/lib/python3.12/site-packages/oslo_config/cfg.py:3253}}
Jul 27 17:05:39.973206 np0000005930 nova-conductor[99578]: DEBUG cotyledon.oslo_config_glue [-] workarounds.skip_hypervisor_version_check_on_lm = False {{(pid=99578) log_opt_values /opt/stack/data/venv/lib/python3.12/site-packages/oslo_config/cfg.py:3253}}
Jul 27 17:05:39.973206 np0000005930 nova-conductor[99578]: DEBUG cotyledon.oslo_config_glue [-] workarounds.skip_reserve_in_use_ironic_nodes = False {{(pid=99578) log_opt_values /opt/stack/data/venv/lib/python3.12/site-packages/oslo_config/cfg.py:3253}}
Jul 27 17:05:39.973206 np0000005930 nova-conductor[99578]: DEBUG cotyledon.oslo_config_glue [-] workarounds.unified_limits_count_pcpu_as_vcpu = False {{(pid=99578) log_opt_values /opt/stack/data/venv/lib/python3.12/site-packages/oslo_config/cfg.py:3253}}
Jul 27 17:05:39.973496 np0000005930 nova-conductor[99578]: DEBUG cotyledon.oslo_config_glue [-] workarounds.wait_for_vif_plugged_event_during_hard_reboot = [] {{(pid=99578) log_opt_values /opt/stack/data/venv/lib/python3.12/site-packages/oslo_config/cfg.py:3253}}
Jul 27 17:05:39.973496 np0000005930 nova-conductor[99578]: DEBUG cotyledon.oslo_config_glue [-] wsgi.api_paste_config = /etc/nova/api-paste.ini {{(pid=99578) log_opt_values /opt/stack/data/venv/lib/python3.12/site-packages/oslo_config/cfg.py:3253}}
Jul 27 17:05:39.973496 np0000005930 nova-conductor[99578]: DEBUG cotyledon.oslo_config_glue [-] wsgi.secure_proxy_ssl_header = None {{(pid=99578) log_opt_values /opt/stack/data/venv/lib/python3.12/site-packages/oslo_config/cfg.py:3253}}
Jul 27 17:05:39.973496 np0000005930 nova-conductor[99578]: DEBUG cotyledon.oslo_config_glue [-] zvm.ca_file = None {{(pid=99578) log_opt_values /opt/stack/data/venv/lib/python3.12/site-packages/oslo_config/cfg.py:3253}}
Jul 27 17:05:39.973496 np0000005930 nova-conductor[99578]: DEBUG cotyledon.oslo_config_glue [-] zvm.cloud_connector_url = None {{(pid=99578) log_opt_values /opt/stack/data/venv/lib/python3.12/site-packages/oslo_config/cfg.py:3253}}
Jul 27 17:05:39.973496 np0000005930 nova-conductor[99578]: DEBUG cotyledon.oslo_config_glue [-] zvm.image_tmp_path = /opt/stack/data/nova/images {{(pid=99578) log_opt_values /opt/stack/data/venv/lib/python3.12/site-packages/oslo_config/cfg.py:3253}}
Jul 27 17:05:39.973496 np0000005930 nova-conductor[99578]: DEBUG cotyledon.oslo_config_glue [-] zvm.reachable_timeout = 300 {{(pid=99578) log_opt_values /opt/stack/data/venv/lib/python3.12/site-packages/oslo_config/cfg.py:3253}}
Jul 27 17:05:39.973496 np0000005930 nova-conductor[99578]: DEBUG cotyledon.oslo_config_glue [-] oslo_versionedobjects.fatal_exception_format_errors = False {{(pid=99578) log_opt_values /opt/stack/data/venv/lib/python3.12/site-packages/oslo_config/cfg.py:3253}}
Jul 27 17:05:39.973496 np0000005930 nova-conductor[99578]: DEBUG cotyledon.oslo_config_glue [-] oslo_middleware.http_basic_auth_user_file = /etc/htpasswd {{(pid=99578) log_opt_values /opt/stack/data/venv/lib/python3.12/site-packages/oslo_config/cfg.py:3253}}
Jul 27 17:05:39.973787 np0000005930 nova-conductor[99578]: DEBUG cotyledon.oslo_config_glue [-] profiler.connection_string = messaging:// {{(pid=99578) log_opt_values /opt/stack/data/venv/lib/python3.12/site-packages/oslo_config/cfg.py:3253}}
Jul 27 17:05:39.973787 np0000005930 nova-conductor[99578]: DEBUG cotyledon.oslo_config_glue [-] profiler.enabled = False {{(pid=99578) log_opt_values /opt/stack/data/venv/lib/python3.12/site-packages/oslo_config/cfg.py:3253}}
Jul 27 17:05:39.973787 np0000005930 nova-conductor[99578]: DEBUG cotyledon.oslo_config_glue [-] profiler.es_doc_type = notification {{(pid=99578) log_opt_values /opt/stack/data/venv/lib/python3.12/site-packages/oslo_config/cfg.py:3253}}
Jul 27 17:05:39.973787 np0000005930 nova-conductor[99578]: DEBUG cotyledon.oslo_config_glue [-] profiler.es_scroll_size = 10000 {{(pid=99578) log_opt_values /opt/stack/data/venv/lib/python3.12/site-packages/oslo_config/cfg.py:3253}}
Jul 27 17:05:39.973787 np0000005930 nova-conductor[99578]: DEBUG cotyledon.oslo_config_glue [-] profiler.es_scroll_time = 2m {{(pid=99578) log_opt_values /opt/stack/data/venv/lib/python3.12/site-packages/oslo_config/cfg.py:3253}}
Jul 27 17:05:39.973787 np0000005930 nova-conductor[99578]: DEBUG cotyledon.oslo_config_glue [-] profiler.filter_error_trace = False {{(pid=99578) log_opt_values /opt/stack/data/venv/lib/python3.12/site-packages/oslo_config/cfg.py:3253}}
Jul 27 17:05:39.973787 np0000005930 nova-conductor[99578]: DEBUG cotyledon.oslo_config_glue [-] profiler.hmac_keys = **** {{(pid=99578) log_opt_values /opt/stack/data/venv/lib/python3.12/site-packages/oslo_config/cfg.py:3253}}
Jul 27 17:05:39.973787 np0000005930 nova-conductor[99578]: DEBUG cotyledon.oslo_config_glue [-] profiler.sentinel_service_name = mymaster {{(pid=99578) log_opt_values /opt/stack/data/venv/lib/python3.12/site-packages/oslo_config/cfg.py:3253}}
Jul 27 17:05:39.973787 np0000005930 nova-conductor[99578]: DEBUG cotyledon.oslo_config_glue [-] profiler.socket_timeout = 0.1 {{(pid=99578) log_opt_values /opt/stack/data/venv/lib/python3.12/site-packages/oslo_config/cfg.py:3253}}
Jul 27 17:05:39.974083 np0000005930 nova-conductor[99578]: DEBUG cotyledon.oslo_config_glue [-] profiler.trace_requests = False {{(pid=99578) log_opt_values /opt/stack/data/venv/lib/python3.12/site-packages/oslo_config/cfg.py:3253}}
Jul 27 17:05:39.974083 np0000005930 nova-conductor[99578]: DEBUG cotyledon.oslo_config_glue [-] profiler.trace_sqlalchemy = False {{(pid=99578) log_opt_values /opt/stack/data/venv/lib/python3.12/site-packages/oslo_config/cfg.py:3253}}
Jul 27 17:05:39.974083 np0000005930 nova-conductor[99578]: DEBUG cotyledon.oslo_config_glue [-] profiler_jaeger.process_tags = {} {{(pid=99578) log_opt_values /opt/stack/data/venv/lib/python3.12/site-packages/oslo_config/cfg.py:3253}}
Jul 27 17:05:39.974083 np0000005930 nova-conductor[99578]: DEBUG cotyledon.oslo_config_glue [-] profiler_jaeger.service_name_prefix = None {{(pid=99578) log_opt_values /opt/stack/data/venv/lib/python3.12/site-packages/oslo_config/cfg.py:3253}}
Jul 27 17:05:39.974083 np0000005930 nova-conductor[99578]: DEBUG cotyledon.oslo_config_glue [-] profiler_otlp.service_name_prefix = None {{(pid=99578) log_opt_values /opt/stack/data/venv/lib/python3.12/site-packages/oslo_config/cfg.py:3253}}
Jul 27 17:05:39.974083 np0000005930 nova-conductor[99578]: DEBUG cotyledon.oslo_config_glue [-] oslo_messaging_rabbit.amqp_auto_delete = False {{(pid=99578) log_opt_values /opt/stack/data/venv/lib/python3.12/site-packages/oslo_config/cfg.py:3253}}
Jul 27 17:05:39.974083 np0000005930 nova-conductor[99578]: DEBUG cotyledon.oslo_config_glue [-] oslo_messaging_rabbit.amqp_durable_queues = False {{(pid=99578) log_opt_values /opt/stack/data/venv/lib/python3.12/site-packages/oslo_config/cfg.py:3253}}
Jul 27 17:05:39.974083 np0000005930 nova-conductor[99578]: DEBUG cotyledon.oslo_config_glue [-] oslo_messaging_rabbit.conn_pool_min_size = 2 {{(pid=99578) log_opt_values /opt/stack/data/venv/lib/python3.12/site-packages/oslo_config/cfg.py:3253}}
Jul 27 17:05:39.974083 np0000005930 nova-conductor[99578]: DEBUG cotyledon.oslo_config_glue [-] oslo_messaging_rabbit.conn_pool_ttl = 1200 {{(pid=99578) log_opt_values /opt/stack/data/venv/lib/python3.12/site-packages/oslo_config/cfg.py:3253}}
Jul 27 17:05:39.974397 np0000005930 nova-conductor[99578]: DEBUG cotyledon.oslo_config_glue [-] oslo_messaging_rabbit.direct_mandatory_flag = True {{(pid=99578) log_opt_values /opt/stack/data/venv/lib/python3.12/site-packages/oslo_config/cfg.py:3253}}
Jul 27 17:05:39.974397 np0000005930 nova-conductor[99578]: DEBUG cotyledon.oslo_config_glue [-] oslo_messaging_rabbit.enable_cancel_on_failover = False {{(pid=99578) log_opt_values /opt/stack/data/venv/lib/python3.12/site-packages/oslo_config/cfg.py:3253}}
Jul 27 17:05:39.974397 np0000005930 nova-conductor[99578]: DEBUG cotyledon.oslo_config_glue [-] oslo_messaging_rabbit.heartbeat_rate = 3 {{(pid=99578) log_opt_values /opt/stack/data/venv/lib/python3.12/site-packages/oslo_config/cfg.py:3253}}
Jul 27 17:05:39.974397 np0000005930 nova-conductor[99578]: DEBUG cotyledon.oslo_config_glue [-] oslo_messaging_rabbit.heartbeat_timeout_threshold = 60 {{(pid=99578) log_opt_values /opt/stack/data/venv/lib/python3.12/site-packages/oslo_config/cfg.py:3253}}
Jul 27 17:05:39.974397 np0000005930 nova-conductor[99578]: DEBUG cotyledon.oslo_config_glue [-] oslo_messaging_rabbit.hostname = np0000005930 {{(pid=99578) log_opt_values /opt/stack/data/venv/lib/python3.12/site-packages/oslo_config/cfg.py:3253}}
Jul 27 17:05:39.974397 np0000005930 nova-conductor[99578]: DEBUG cotyledon.oslo_config_glue [-] oslo_messaging_rabbit.kombu_compression = None {{(pid=99578) log_opt_values /opt/stack/data/venv/lib/python3.12/site-packages/oslo_config/cfg.py:3253}}
Jul 27 17:05:39.974397 np0000005930 nova-conductor[99578]: DEBUG cotyledon.oslo_config_glue [-] oslo_messaging_rabbit.kombu_failover_strategy = round-robin {{(pid=99578) log_opt_values /opt/stack/data/venv/lib/python3.12/site-packages/oslo_config/cfg.py:3253}}
Jul 27 17:05:39.974397 np0000005930 nova-conductor[99578]: DEBUG cotyledon.oslo_config_glue [-] oslo_messaging_rabbit.kombu_missing_consumer_retry_timeout = 60 {{(pid=99578) log_opt_values /opt/stack/data/venv/lib/python3.12/site-packages/oslo_config/cfg.py:3253}}
Jul 27 17:05:39.974397 np0000005930 nova-conductor[99578]: DEBUG cotyledon.oslo_config_glue [-] oslo_messaging_rabbit.kombu_reconnect_delay = 1.0 {{(pid=99578) log_opt_values /opt/stack/data/venv/lib/python3.12/site-packages/oslo_config/cfg.py:3253}}
Jul 27 17:05:39.974673 np0000005930 nova-conductor[99578]: DEBUG cotyledon.oslo_config_glue [-] oslo_messaging_rabbit.kombu_reconnect_splay = 0.0 {{(pid=99578) log_opt_values /opt/stack/data/venv/lib/python3.12/site-packages/oslo_config/cfg.py:3253}}
Jul 27 17:05:39.974673 np0000005930 nova-conductor[99578]: DEBUG cotyledon.oslo_config_glue [-] oslo_messaging_rabbit.processname = nova-conductor {{(pid=99578) log_opt_values /opt/stack/data/venv/lib/python3.12/site-packages/oslo_config/cfg.py:3253}}
Jul 27 17:05:39.974673 np0000005930 nova-conductor[99578]: DEBUG cotyledon.oslo_config_glue [-] oslo_messaging_rabbit.rabbit_ha_queues = False {{(pid=99578) log_opt_values /opt/stack/data/venv/lib/python3.12/site-packages/oslo_config/cfg.py:3253}}
Jul 27 17:05:39.974673 np0000005930 nova-conductor[99578]: DEBUG cotyledon.oslo_config_glue [-] oslo_messaging_rabbit.rabbit_interval_max = 30 {{(pid=99578) log_opt_values /opt/stack/data/venv/lib/python3.12/site-packages/oslo_config/cfg.py:3253}}
Jul 27 17:05:39.974673 np0000005930 nova-conductor[99578]: DEBUG cotyledon.oslo_config_glue [-] oslo_messaging_rabbit.rabbit_login_method = AMQPLAIN {{(pid=99578) log_opt_values /opt/stack/data/venv/lib/python3.12/site-packages/oslo_config/cfg.py:3253}}
Jul 27 17:05:39.974673 np0000005930 nova-conductor[99578]: DEBUG cotyledon.oslo_config_glue [-] oslo_messaging_rabbit.rabbit_qos_prefetch_count = 0 {{(pid=99578) log_opt_values /opt/stack/data/venv/lib/python3.12/site-packages/oslo_config/cfg.py:3253}}
Jul 27 17:05:39.974673 np0000005930 nova-conductor[99578]: DEBUG cotyledon.oslo_config_glue [-] oslo_messaging_rabbit.rabbit_quorum_delivery_limit = 0 {{(pid=99578) log_opt_values /opt/stack/data/venv/lib/python3.12/site-packages/oslo_config/cfg.py:3253}}
Jul 27 17:05:39.974673 np0000005930 nova-conductor[99578]: DEBUG cotyledon.oslo_config_glue [-] oslo_messaging_rabbit.rabbit_quorum_max_memory_bytes = 0 {{(pid=99578) log_opt_values /opt/stack/data/venv/lib/python3.12/site-packages/oslo_config/cfg.py:3253}}
Jul 27 17:05:39.974673 np0000005930 nova-conductor[99578]: DEBUG cotyledon.oslo_config_glue [-] oslo_messaging_rabbit.rabbit_quorum_max_memory_length = 0 {{(pid=99578) log_opt_values /opt/stack/data/venv/lib/python3.12/site-packages/oslo_config/cfg.py:3253}}
Jul 27 17:05:39.974967 np0000005930 nova-conductor[99578]: DEBUG cotyledon.oslo_config_glue [-] oslo_messaging_rabbit.rabbit_quorum_queue = False {{(pid=99578) log_opt_values /opt/stack/data/venv/lib/python3.12/site-packages/oslo_config/cfg.py:3253}}
Jul 27 17:05:39.974967 np0000005930 nova-conductor[99578]: DEBUG cotyledon.oslo_config_glue [-] oslo_messaging_rabbit.rabbit_retry_backoff = 2 {{(pid=99578) log_opt_values /opt/stack/data/venv/lib/python3.12/site-packages/oslo_config/cfg.py:3253}}
Jul 27 17:05:39.974967 np0000005930 nova-conductor[99578]: DEBUG cotyledon.oslo_config_glue [-] oslo_messaging_rabbit.rabbit_retry_interval = 1 {{(pid=99578) log_opt_values /opt/stack/data/venv/lib/python3.12/site-packages/oslo_config/cfg.py:3253}}
Jul 27 17:05:39.974967 np0000005930 nova-conductor[99578]: DEBUG cotyledon.oslo_config_glue [-] oslo_messaging_rabbit.rabbit_stream_fanout = False {{(pid=99578) log_opt_values /opt/stack/data/venv/lib/python3.12/site-packages/oslo_config/cfg.py:3253}}
Jul 27 17:05:39.974967 np0000005930 nova-conductor[99578]: DEBUG cotyledon.oslo_config_glue [-] oslo_messaging_rabbit.rabbit_transient_queues_ttl = 1800 {{(pid=99578) log_opt_values /opt/stack/data/venv/lib/python3.12/site-packages/oslo_config/cfg.py:3253}}
Jul 27 17:05:39.974967 np0000005930 nova-conductor[99578]: DEBUG cotyledon.oslo_config_glue [-] oslo_messaging_rabbit.rabbit_transient_quorum_queue = False {{(pid=99578) log_opt_values /opt/stack/data/venv/lib/python3.12/site-packages/oslo_config/cfg.py:3253}}
Jul 27 17:05:39.974967 np0000005930 nova-conductor[99578]: DEBUG cotyledon.oslo_config_glue [-] oslo_messaging_rabbit.rpc_conn_pool_size = 30 {{(pid=99578) log_opt_values /opt/stack/data/venv/lib/python3.12/site-packages/oslo_config/cfg.py:3253}}
Jul 27 17:05:39.974967 np0000005930 nova-conductor[99578]: DEBUG cotyledon.oslo_config_glue [-] oslo_messaging_rabbit.ssl = False {{(pid=99578) log_opt_values /opt/stack/data/venv/lib/python3.12/site-packages/oslo_config/cfg.py:3253}}
Jul 27 17:05:39.974967 np0000005930 nova-conductor[99578]: DEBUG cotyledon.oslo_config_glue [-] oslo_messaging_rabbit.ssl_ca_file = {{(pid=99578) log_opt_values /opt/stack/data/venv/lib/python3.12/site-packages/oslo_config/cfg.py:3253}}
Jul 27 17:05:39.975278 np0000005930 nova-conductor[99578]: DEBUG cotyledon.oslo_config_glue [-] oslo_messaging_rabbit.ssl_cert_file = {{(pid=99578) log_opt_values /opt/stack/data/venv/lib/python3.12/site-packages/oslo_config/cfg.py:3253}}
Jul 27 17:05:39.975278 np0000005930 nova-conductor[99578]: DEBUG cotyledon.oslo_config_glue [-] oslo_messaging_rabbit.ssl_enforce_fips_mode = False {{(pid=99578) log_opt_values /opt/stack/data/venv/lib/python3.12/site-packages/oslo_config/cfg.py:3253}}
Jul 27 17:05:39.975278 np0000005930 nova-conductor[99578]: DEBUG cotyledon.oslo_config_glue [-] oslo_messaging_rabbit.ssl_enforce_hostname_verification = True {{(pid=99578) log_opt_values /opt/stack/data/venv/lib/python3.12/site-packages/oslo_config/cfg.py:3253}}
Jul 27 17:05:39.975278 np0000005930 nova-conductor[99578]: DEBUG cotyledon.oslo_config_glue [-] oslo_messaging_rabbit.ssl_key_file = {{(pid=99578) log_opt_values /opt/stack/data/venv/lib/python3.12/site-packages/oslo_config/cfg.py:3253}}
Jul 27 17:05:39.975278 np0000005930 nova-conductor[99578]: DEBUG cotyledon.oslo_config_glue [-] oslo_messaging_rabbit.ssl_version = {{(pid=99578) log_opt_values /opt/stack/data/venv/lib/python3.12/site-packages/oslo_config/cfg.py:3253}}
Jul 27 17:05:39.975278 np0000005930 nova-conductor[99578]: DEBUG cotyledon.oslo_config_glue [-] oslo_messaging_rabbit.use_queue_manager = False {{(pid=99578) log_opt_values /opt/stack/data/venv/lib/python3.12/site-packages/oslo_config/cfg.py:3253}}
Jul 27 17:05:39.975278 np0000005930 nova-conductor[99578]: DEBUG cotyledon.oslo_config_glue [-] oslo_messaging_notifications.driver = ['messagingv2'] {{(pid=99578) log_opt_values /opt/stack/data/venv/lib/python3.12/site-packages/oslo_config/cfg.py:3253}}
Jul 27 17:05:39.975278 np0000005930 nova-conductor[99578]: DEBUG cotyledon.oslo_config_glue [-] oslo_messaging_notifications.retry = -1 {{(pid=99578) log_opt_values /opt/stack/data/venv/lib/python3.12/site-packages/oslo_config/cfg.py:3253}}
Jul 27 17:05:39.975278 np0000005930 nova-conductor[99578]: DEBUG cotyledon.oslo_config_glue [-] oslo_messaging_notifications.topics = ['notifications'] {{(pid=99578) log_opt_values /opt/stack/data/venv/lib/python3.12/site-packages/oslo_config/cfg.py:3253}}
Jul 27 17:05:39.975591 np0000005930 nova-conductor[99578]: DEBUG cotyledon.oslo_config_glue [-] oslo_messaging_notifications.transport_url = **** {{(pid=99578) log_opt_values /opt/stack/data/venv/lib/python3.12/site-packages/oslo_config/cfg.py:3253}}
Jul 27 17:05:39.975591 np0000005930 nova-conductor[99578]: DEBUG cotyledon.oslo_config_glue [-] oslo_limit.auth_section = None {{(pid=99578) log_opt_values /opt/stack/data/venv/lib/python3.12/site-packages/oslo_config/cfg.py:3253}}
Jul 27 17:05:39.975591 np0000005930 nova-conductor[99578]: DEBUG cotyledon.oslo_config_glue [-] oslo_limit.auth_type = None {{(pid=99578) log_opt_values /opt/stack/data/venv/lib/python3.12/site-packages/oslo_config/cfg.py:3253}}
Jul 27 17:05:39.975591 np0000005930 nova-conductor[99578]: DEBUG cotyledon.oslo_config_glue [-] oslo_limit.cafile = None {{(pid=99578) log_opt_values /opt/stack/data/venv/lib/python3.12/site-packages/oslo_config/cfg.py:3253}}
Jul 27 17:05:39.975591 np0000005930 nova-conductor[99578]: DEBUG cotyledon.oslo_config_glue [-] oslo_limit.certfile = None {{(pid=99578) log_opt_values /opt/stack/data/venv/lib/python3.12/site-packages/oslo_config/cfg.py:3253}}
Jul 27 17:05:39.975591 np0000005930 nova-conductor[99578]: DEBUG cotyledon.oslo_config_glue [-] oslo_limit.collect_timing = False {{(pid=99578) log_opt_values /opt/stack/data/venv/lib/python3.12/site-packages/oslo_config/cfg.py:3253}}
Jul 27 17:05:39.975591 np0000005930 nova-conductor[99578]: DEBUG cotyledon.oslo_config_glue [-] oslo_limit.connect_retries = None {{(pid=99578) log_opt_values /opt/stack/data/venv/lib/python3.12/site-packages/oslo_config/cfg.py:3253}}
Jul 27 17:05:39.975591 np0000005930 nova-conductor[99578]: DEBUG cotyledon.oslo_config_glue [-] oslo_limit.connect_retry_delay = None {{(pid=99578) log_opt_values /opt/stack/data/venv/lib/python3.12/site-packages/oslo_config/cfg.py:3253}}
Jul 27 17:05:39.975591 np0000005930 nova-conductor[99578]: DEBUG cotyledon.oslo_config_glue [-] oslo_limit.endpoint_id = None {{(pid=99578) log_opt_values /opt/stack/data/venv/lib/python3.12/site-packages/oslo_config/cfg.py:3253}}
Jul 27 17:05:39.975883 np0000005930 nova-conductor[99578]: DEBUG cotyledon.oslo_config_glue [-] oslo_limit.endpoint_interface = public {{(pid=99578) log_opt_values /opt/stack/data/venv/lib/python3.12/site-packages/oslo_config/cfg.py:3253}}
Jul 27 17:05:39.975883 np0000005930 nova-conductor[99578]: DEBUG cotyledon.oslo_config_glue [-] oslo_limit.endpoint_override = None {{(pid=99578) log_opt_values /opt/stack/data/venv/lib/python3.12/site-packages/oslo_config/cfg.py:3253}}
Jul 27 17:05:39.975883 np0000005930 nova-conductor[99578]: DEBUG cotyledon.oslo_config_glue [-] oslo_limit.endpoint_region_name = None {{(pid=99578) log_opt_values /opt/stack/data/venv/lib/python3.12/site-packages/oslo_config/cfg.py:3253}}
Jul 27 17:05:39.975883 np0000005930 nova-conductor[99578]: DEBUG cotyledon.oslo_config_glue [-] oslo_limit.endpoint_service_name = None {{(pid=99578) log_opt_values /opt/stack/data/venv/lib/python3.12/site-packages/oslo_config/cfg.py:3253}}
Jul 27 17:05:39.975883 np0000005930 nova-conductor[99578]: DEBUG cotyledon.oslo_config_glue [-] oslo_limit.endpoint_service_type = None {{(pid=99578) log_opt_values /opt/stack/data/venv/lib/python3.12/site-packages/oslo_config/cfg.py:3253}}
Jul 27 17:05:39.975883 np0000005930 nova-conductor[99578]: DEBUG cotyledon.oslo_config_glue [-] oslo_limit.insecure = False {{(pid=99578) log_opt_values /opt/stack/data/venv/lib/python3.12/site-packages/oslo_config/cfg.py:3253}}
Jul 27 17:05:39.975883 np0000005930 nova-conductor[99578]: DEBUG cotyledon.oslo_config_glue [-] oslo_limit.keyfile = None {{(pid=99578) log_opt_values /opt/stack/data/venv/lib/python3.12/site-packages/oslo_config/cfg.py:3253}}
Jul 27 17:05:39.975883 np0000005930 nova-conductor[99578]: DEBUG cotyledon.oslo_config_glue [-] oslo_limit.max_version = None {{(pid=99578) log_opt_values /opt/stack/data/venv/lib/python3.12/site-packages/oslo_config/cfg.py:3253}}
Jul 27 17:05:39.975883 np0000005930 nova-conductor[99578]: DEBUG cotyledon.oslo_config_glue [-] oslo_limit.min_version = None {{(pid=99578) log_opt_values /opt/stack/data/venv/lib/python3.12/site-packages/oslo_config/cfg.py:3253}}
Jul 27 17:05:39.976219 np0000005930 nova-conductor[99578]: DEBUG cotyledon.oslo_config_glue [-] oslo_limit.region_name = None {{(pid=99578) log_opt_values /opt/stack/data/venv/lib/python3.12/site-packages/oslo_config/cfg.py:3253}}
Jul 27 17:05:39.976219 np0000005930 nova-conductor[99578]: DEBUG cotyledon.oslo_config_glue [-] oslo_limit.retriable_status_codes = None {{(pid=99578) log_opt_values /opt/stack/data/venv/lib/python3.12/site-packages/oslo_config/cfg.py:3253}}
Jul 27 17:05:39.976219 np0000005930 nova-conductor[99578]: DEBUG cotyledon.oslo_config_glue [-] oslo_limit.service_name = None {{(pid=99578) log_opt_values /opt/stack/data/venv/lib/python3.12/site-packages/oslo_config/cfg.py:3253}}
Jul 27 17:05:39.976219 np0000005930 nova-conductor[99578]: DEBUG cotyledon.oslo_config_glue [-] oslo_limit.service_type = None {{(pid=99578) log_opt_values /opt/stack/data/venv/lib/python3.12/site-packages/oslo_config/cfg.py:3253}}
Jul 27 17:05:39.976219 np0000005930 nova-conductor[99578]: DEBUG cotyledon.oslo_config_glue [-] oslo_limit.split_loggers = False {{(pid=99578) log_opt_values /opt/stack/data/venv/lib/python3.12/site-packages/oslo_config/cfg.py:3253}}
Jul 27 17:05:39.976219 np0000005930 nova-conductor[99578]: DEBUG cotyledon.oslo_config_glue [-] oslo_limit.status_code_retries = None {{(pid=99578) log_opt_values /opt/stack/data/venv/lib/python3.12/site-packages/oslo_config/cfg.py:3253}}
Jul 27 17:05:39.976219 np0000005930 nova-conductor[99578]: DEBUG cotyledon.oslo_config_glue [-] oslo_limit.status_code_retry_delay = None {{(pid=99578) log_opt_values /opt/stack/data/venv/lib/python3.12/site-packages/oslo_config/cfg.py:3253}}
Jul 27 17:05:39.976219 np0000005930 nova-conductor[99578]: DEBUG cotyledon.oslo_config_glue [-] oslo_limit.timeout = None {{(pid=99578) log_opt_values /opt/stack/data/venv/lib/python3.12/site-packages/oslo_config/cfg.py:3253}}
Jul 27 17:05:39.976219 np0000005930 nova-conductor[99578]: DEBUG cotyledon.oslo_config_glue [-] oslo_limit.valid_interfaces = None {{(pid=99578) log_opt_values /opt/stack/data/venv/lib/python3.12/site-packages/oslo_config/cfg.py:3253}}
Jul 27 17:05:39.976510 np0000005930 nova-conductor[99578]: DEBUG cotyledon.oslo_config_glue [-] oslo_limit.version = None {{(pid=99578) log_opt_values /opt/stack/data/venv/lib/python3.12/site-packages/oslo_config/cfg.py:3253}}
Jul 27 17:05:39.976510 np0000005930 nova-conductor[99578]: DEBUG cotyledon.oslo_config_glue [-] oslo_reports.file_event_handler = None {{(pid=99578) log_opt_values /opt/stack/data/venv/lib/python3.12/site-packages/oslo_config/cfg.py:3253}}
Jul 27 17:05:39.976510 np0000005930 nova-conductor[99578]: DEBUG cotyledon.oslo_config_glue [-] oslo_reports.file_event_handler_interval = 1 {{(pid=99578) log_opt_values /opt/stack/data/venv/lib/python3.12/site-packages/oslo_config/cfg.py:3253}}
Jul 27 17:05:39.976510 np0000005930 nova-conductor[99578]: DEBUG cotyledon.oslo_config_glue [-] oslo_reports.log_dir = None {{(pid=99578) log_opt_values /opt/stack/data/venv/lib/python3.12/site-packages/oslo_config/cfg.py:3253}}
Jul 27 17:05:39.976510 np0000005930 nova-conductor[99578]: DEBUG cotyledon.oslo_config_glue [-] ******************************************************************************** {{(pid=99578) log_opt_values /opt/stack/data/venv/lib/python3.12/site-packages/oslo_config/cfg.py:3260}}
Jul 27 17:05:39.976510 np0000005930 nova-conductor[99578]: DEBUG cotyledon._service_worker [-] Run service ServiceWrapper(3) [99578] {{(pid=99578) wait_forever /opt/stack/data/venv/lib/python3.12/site-packages/cotyledon/_service_worker.py:218}}
Jul 27 17:05:39.976510 np0000005930 nova-conductor[99578]: INFO nova.service [-] Starting conductor node (version 33.1.0)
Jul 27 17:05:39.976781 np0000005930 nova-conductor[99566]: DEBUG oslo_db.sqlalchemy.engines [None req-326e0028-32b0-4cc1-8df9-32aa0e9d741f None None] MySQL server mode set to STRICT_TRANS_TABLES,STRICT_ALL_TABLES,NO_ZERO_IN_DATE,NO_ZERO_DATE,ERROR_FOR_DIVISION_BY_ZERO,TRADITIONAL,NO_ENGINE_SUBSTITUTION {{(pid=99566) _check_effective_sql_mode /opt/stack/data/venv/lib/python3.12/site-packages/oslo_db/sqlalchemy/engines.py:325}}
Jul 27 17:05:39.976829 np0000005930 nova-conductor[99578]: INFO dbcounter [None req-9633b2c5-e509-435d-8ca7-30c874e23ed6 None None] Registered counter for database nova_cell0
Jul 27 17:05:39.976867 np0000005930 nova-conductor[99573]: DEBUG oslo_db.sqlalchemy.engines [None req-063fc10f-4105-4ddc-9a31-dadbcff76f5d None None] MySQL server mode set to STRICT_TRANS_TABLES,STRICT_ALL_TABLES,NO_ZERO_IN_DATE,NO_ZERO_DATE,ERROR_FOR_DIVISION_BY_ZERO,TRADITIONAL,NO_ENGINE_SUBSTITUTION {{(pid=99573) _check_effective_sql_mode /opt/stack/data/venv/lib/python3.12/site-packages/oslo_db/sqlalchemy/engines.py:325}}
Jul 27 17:05:39.976912 np0000005930 nova-conductor[99566]: DEBUG dbcounter [-] [99566] Writer thread running {{(pid=99566) stat_writer /opt/stack/data/venv/lib/python3.12/site-packages/dbcounter.py:102}}
Jul 27 17:05:39.976952 np0000005930 nova-conductor[99573]: DEBUG dbcounter [-] [99573] Writer thread running {{(pid=99573) stat_writer /opt/stack/data/venv/lib/python3.12/site-packages/dbcounter.py:102}}
Jul 27 17:05:39.979732 np0000005930 nova-conductor[99566]: DEBUG nova.service [None req-326e0028-32b0-4cc1-8df9-32aa0e9d741f None None] Creating RPC server for service: nova-conductor on topic: conductor {{(pid=99566) start /opt/stack/nova/nova/service.py:196}}
Jul 27 17:05:39.987888 np0000005930 nova-conductor[99573]: DEBUG nova.service [None req-063fc10f-4105-4ddc-9a31-dadbcff76f5d None None] Creating RPC server for service: nova-conductor on topic: conductor {{(pid=99573) start /opt/stack/nova/nova/service.py:196}}
Jul 27 17:05:39.996234 np0000005930 nova-conductor[99578]: DEBUG oslo_db.sqlalchemy.engines [None req-9633b2c5-e509-435d-8ca7-30c874e23ed6 None None] MySQL server mode set to STRICT_TRANS_TABLES,STRICT_ALL_TABLES,NO_ZERO_IN_DATE,NO_ZERO_DATE,ERROR_FOR_DIVISION_BY_ZERO,TRADITIONAL,NO_ENGINE_SUBSTITUTION {{(pid=99578) _check_effective_sql_mode /opt/stack/data/venv/lib/python3.12/site-packages/oslo_db/sqlalchemy/engines.py:325}}
Jul 27 17:05:40.000286 np0000005930 nova-conductor[99575]: DEBUG oslo_db.sqlalchemy.engines [None req-69ce5ef4-9a07-44e8-905f-98ba86ed8d6d None None] MySQL server mode set to STRICT_TRANS_TABLES,STRICT_ALL_TABLES,NO_ZERO_IN_DATE,NO_ZERO_DATE,ERROR_FOR_DIVISION_BY_ZERO,TRADITIONAL,NO_ENGINE_SUBSTITUTION {{(pid=99575) _check_effective_sql_mode /opt/stack/data/venv/lib/python3.12/site-packages/oslo_db/sqlalchemy/engines.py:325}}
Jul 27 17:05:40.009717 np0000005930 nova-conductor[99566]: DEBUG nova.service [None req-326e0028-32b0-4cc1-8df9-32aa0e9d741f None None] Join ServiceGroup membership for this service conductor {{(pid=99566) start /opt/stack/nova/nova/service.py:222}}
Jul 27 17:05:40.009927 np0000005930 nova-conductor[99566]: DEBUG nova.servicegroup.drivers.db [None req-326e0028-32b0-4cc1-8df9-32aa0e9d741f None None] DB_Driver: join new ServiceGroup member np0000005930 to the conductor group, service = {{(pid=99566) join /opt/stack/nova/nova/servicegroup/drivers/db.py:44}}
Jul 27 17:05:40.010043 np0000005930 nova-conductor[99573]: DEBUG nova.service [None req-063fc10f-4105-4ddc-9a31-dadbcff76f5d None None] Join ServiceGroup membership for this service conductor {{(pid=99573) start /opt/stack/nova/nova/service.py:222}}
Jul 27 17:05:40.010284 np0000005930 nova-conductor[99573]: DEBUG nova.servicegroup.drivers.db [None req-063fc10f-4105-4ddc-9a31-dadbcff76f5d None None] DB_Driver: join new ServiceGroup member np0000005930 to the conductor group, service = {{(pid=99573) join /opt/stack/nova/nova/servicegroup/drivers/db.py:44}}
Jul 27 17:05:40.010536 np0000005930 nova-conductor[99578]: DEBUG dbcounter [-] [99578] Writer thread running {{(pid=99578) stat_writer /opt/stack/data/venv/lib/python3.12/site-packages/dbcounter.py:102}}
Jul 27 17:05:40.013490 np0000005930 nova-conductor[99575]: DEBUG dbcounter [-] [99575] Writer thread running {{(pid=99575) stat_writer /opt/stack/data/venv/lib/python3.12/site-packages/dbcounter.py:102}}
Jul 27 17:05:40.013670 np0000005930 nova-conductor[99578]: DEBUG nova.service [None req-9633b2c5-e509-435d-8ca7-30c874e23ed6 None None] Creating RPC server for service: nova-conductor on topic: conductor {{(pid=99578) start /opt/stack/nova/nova/service.py:196}}
Jul 27 17:05:40.016372 np0000005930 nova-conductor[99575]: DEBUG nova.service [None req-69ce5ef4-9a07-44e8-905f-98ba86ed8d6d None None] Creating RPC server for service: nova-conductor on topic: conductor {{(pid=99575) start /opt/stack/nova/nova/service.py:196}}
Jul 27 17:05:40.031201 np0000005930 nova-conductor[99578]: DEBUG nova.service [None req-9633b2c5-e509-435d-8ca7-30c874e23ed6 None None] Join ServiceGroup membership for this service conductor {{(pid=99578) start /opt/stack/nova/nova/service.py:222}}
Jul 27 17:05:40.031361 np0000005930 nova-conductor[99578]: DEBUG nova.servicegroup.drivers.db [None req-9633b2c5-e509-435d-8ca7-30c874e23ed6 None None] DB_Driver: join new ServiceGroup member np0000005930 to the conductor group, service = {{(pid=99578) join /opt/stack/nova/nova/servicegroup/drivers/db.py:44}}
Jul 27 17:05:40.034200 np0000005930 nova-conductor[99575]: DEBUG nova.service [None req-69ce5ef4-9a07-44e8-905f-98ba86ed8d6d None None] Join ServiceGroup membership for this service conductor {{(pid=99575) start /opt/stack/nova/nova/service.py:222}}
Jul 27 17:05:40.034414 np0000005930 nova-conductor[99575]: DEBUG nova.servicegroup.drivers.db [None req-69ce5ef4-9a07-44e8-905f-98ba86ed8d6d None None] DB_Driver: join new ServiceGroup member np0000005930 to the conductor group, service = {{(pid=99575) join /opt/stack/nova/nova/servicegroup/drivers/db.py:44}}
Jul 27 17:05:44.012325 np0000005930 nova-conductor[99573]: DEBUG oslo.service.backend._threading.loopingcall [None req-00b7bd1b-d542-4d31-87a5-03e546db53ed None None] Dynamic interval looping call 'nova.service.Service.periodic_tasks' sleeping for 60.00 seconds {{(pid=99573) _run_loop /opt/stack/data/venv/lib/python3.12/site-packages/oslo_service/backend/_threading/loopingcall.py:125}}
Jul 27 17:05:45.025528 np0000005930 nova-conductor[99566]: DEBUG oslo.service.backend._threading.loopingcall [-] Fixed interval looping call 'nova.servicegroup.drivers.db.DbDriver._report_state' sleeping for 119.99 seconds {{(pid=99566) _run_loop /opt/stack/data/venv/lib/python3.12/site-packages/oslo_service/backend/_threading/loopingcall.py:125}}
Jul 27 17:05:45.026799 np0000005930 nova-conductor[99573]: DEBUG oslo.service.backend._threading.loopingcall [-] Fixed interval looping call 'nova.servicegroup.drivers.db.DbDriver._report_state' sleeping for 119.99 seconds {{(pid=99573) _run_loop /opt/stack/data/venv/lib/python3.12/site-packages/oslo_service/backend/_threading/loopingcall.py:125}}
Jul 27 17:05:45.045632 np0000005930 nova-conductor[99578]: DEBUG oslo.service.backend._threading.loopingcall [-] Fixed interval looping call 'nova.servicegroup.drivers.db.DbDriver._report_state' sleeping for 119.99 seconds {{(pid=99578) _run_loop /opt/stack/data/venv/lib/python3.12/site-packages/oslo_service/backend/_threading/loopingcall.py:125}}
Jul 27 17:05:45.049296 np0000005930 nova-conductor[99575]: DEBUG oslo.service.backend._threading.loopingcall [-] Fixed interval looping call 'nova.servicegroup.drivers.db.DbDriver._report_state' sleeping for 119.99 seconds {{(pid=99575) _run_loop /opt/stack/data/venv/lib/python3.12/site-packages/oslo_service/backend/_threading/loopingcall.py:125}}
Jul 27 17:05:48.589310 np0000005930 nova-conductor[98053]: DEBUG dbcounter [-] [98053] Writing DB stats nova_api:SELECT=1 {{(pid=98053) stat_writer /opt/stack/data/venv/lib/python3.12/site-packages/dbcounter.py:115}}
Jul 27 17:05:48.721696 np0000005930 nova-conductor[98053]: DEBUG dbcounter [-] [98053] Writing DB stats nova_cell0:SELECT=1 {{(pid=98053) stat_writer /opt/stack/data/venv/lib/python3.12/site-packages/dbcounter.py:115}}
Jul 27 17:05:48.725390 np0000005930 nova-conductor[98053]: DEBUG dbcounter [-] [98053] Writing DB stats nova_cell1:SELECT=1 {{(pid=98053) stat_writer /opt/stack/data/venv/lib/python3.12/site-packages/dbcounter.py:115}}
Jul 27 17:05:54.011840 np0000005930 nova-conductor[99566]: DEBUG oslo.service.backend._threading.loopingcall [None req-ea15bebe-dafa-4809-863d-9e621064f363 None None] Dynamic interval looping call 'nova.service.Service.periodic_tasks' sleeping for 60.00 seconds {{(pid=99566) _run_loop /opt/stack/data/venv/lib/python3.12/site-packages/oslo_service/backend/_threading/loopingcall.py:125}}
Jul 27 17:05:54.033776 np0000005930 nova-conductor[99578]: DEBUG oslo.service.backend._threading.loopingcall [None req-97cdabcb-a85e-4b38-bc6b-cc830d183395 None None] Dynamic interval looping call 'nova.service.Service.periodic_tasks' sleeping for 60.00 seconds {{(pid=99578) _run_loop /opt/stack/data/venv/lib/python3.12/site-packages/oslo_service/backend/_threading/loopingcall.py:125}}
Jul 27 17:05:55.019001 np0000005930 nova-conductor[99566]: DEBUG dbcounter [-] [99566] Writing DB stats nova_cell0:SELECT=4,nova_cell0:INSERT=1,nova_cell0:UPDATE=1 {{(pid=99566) stat_writer /opt/stack/data/venv/lib/python3.12/site-packages/dbcounter.py:115}}
Jul 27 17:05:55.021949 np0000005930 nova-conductor[99573]: DEBUG dbcounter [-] [99573] Writing DB stats nova_cell0:SELECT=5,nova_cell0:INSERT=1,nova_cell0:UPDATE=1 {{(pid=99573) stat_writer /opt/stack/data/venv/lib/python3.12/site-packages/dbcounter.py:115}}
Jul 27 17:05:55.039959 np0000005930 nova-conductor[99578]: DEBUG dbcounter [-] [99578] Writing DB stats nova_cell0:SELECT=3 {{(pid=99578) stat_writer /opt/stack/data/venv/lib/python3.12/site-packages/dbcounter.py:115}}
Jul 27 17:05:55.045501 np0000005930 nova-conductor[99575]: DEBUG dbcounter [-] [99575] Writing DB stats nova_cell0:SELECT=3 {{(pid=99575) stat_writer /opt/stack/data/venv/lib/python3.12/site-packages/dbcounter.py:115}}
Jul 27 17:06:36.036463 np0000005930 nova-conductor[99575]: DEBUG oslo.service.backend._threading.loopingcall [None req-91af676a-7955-40e2-92bc-db5dd660f01f None None] Dynamic interval looping call 'nova.service.Service.periodic_tasks' sleeping for 60.00 seconds {{(pid=99575) _run_loop /opt/stack/data/venv/lib/python3.12/site-packages/oslo_service/backend/_threading/loopingcall.py:125}}
Jul 27 17:06:44.012825 np0000005930 nova-conductor[99573]: DEBUG oslo.service.backend._threading.loopingcall [None req-00b7bd1b-d542-4d31-87a5-03e546db53ed None None] Dynamic interval looping call 'nova.service.Service.periodic_tasks' sleeping for 60.00 seconds {{(pid=99573) _run_loop /opt/stack/data/venv/lib/python3.12/site-packages/oslo_service/backend/_threading/loopingcall.py:125}}
Jul 27 17:06:54.012277 np0000005930 nova-conductor[99566]: DEBUG oslo.service.backend._threading.loopingcall [None req-ea15bebe-dafa-4809-863d-9e621064f363 None None] Dynamic interval looping call 'nova.service.Service.periodic_tasks' sleeping for 60.00 seconds {{(pid=99566) _run_loop /opt/stack/data/venv/lib/python3.12/site-packages/oslo_service/backend/_threading/loopingcall.py:125}}
Jul 27 17:06:54.034110 np0000005930 nova-conductor[99578]: DEBUG oslo.service.backend._threading.loopingcall [None req-97cdabcb-a85e-4b38-bc6b-cc830d183395 None None] Dynamic interval looping call 'nova.service.Service.periodic_tasks' sleeping for 60.00 seconds {{(pid=99578) _run_loop /opt/stack/data/venv/lib/python3.12/site-packages/oslo_service/backend/_threading/loopingcall.py:125}}
Jul 27 17:07:36.037039 np0000005930 nova-conductor[99575]: DEBUG oslo.service.backend._threading.loopingcall [None req-91af676a-7955-40e2-92bc-db5dd660f01f None None] Dynamic interval looping call 'nova.service.Service.periodic_tasks' sleeping for 60.00 seconds {{(pid=99575) _run_loop /opt/stack/data/venv/lib/python3.12/site-packages/oslo_service/backend/_threading/loopingcall.py:125}}
Jul 27 17:07:44.013309 np0000005930 nova-conductor[99573]: DEBUG oslo.service.backend._threading.loopingcall [None req-00b7bd1b-d542-4d31-87a5-03e546db53ed None None] Dynamic interval looping call 'nova.service.Service.periodic_tasks' sleeping for 60.00 seconds {{(pid=99573) _run_loop /opt/stack/data/venv/lib/python3.12/site-packages/oslo_service/backend/_threading/loopingcall.py:125}}
Jul 27 17:07:45.035945 np0000005930 nova-conductor[99566]: DEBUG oslo.service.backend._threading.loopingcall [-] Fixed interval looping call 'nova.servicegroup.drivers.db.DbDriver._report_state' sleeping for 119.98 seconds {{(pid=99566) _run_loop /opt/stack/data/venv/lib/python3.12/site-packages/oslo_service/backend/_threading/loopingcall.py:125}}
Jul 27 17:07:45.036325 np0000005930 nova-conductor[99573]: DEBUG oslo.service.backend._threading.loopingcall [-] Fixed interval looping call 'nova.servicegroup.drivers.db.DbDriver._report_state' sleeping for 119.98 seconds {{(pid=99573) _run_loop /opt/stack/data/venv/lib/python3.12/site-packages/oslo_service/backend/_threading/loopingcall.py:125}}
Jul 27 17:07:45.039667 np0000005930 nova-conductor[99578]: DEBUG oslo.service.backend._threading.loopingcall [-] Fixed interval looping call 'nova.servicegroup.drivers.db.DbDriver._report_state' sleeping for 120.00 seconds {{(pid=99578) _run_loop /opt/stack/data/venv/lib/python3.12/site-packages/oslo_service/backend/_threading/loopingcall.py:125}}
Jul 27 17:07:45.044097 np0000005930 nova-conductor[99575]: DEBUG oslo.service.backend._threading.loopingcall [-] Fixed interval looping call 'nova.servicegroup.drivers.db.DbDriver._report_state' sleeping for 120.00 seconds {{(pid=99575) _run_loop /opt/stack/data/venv/lib/python3.12/site-packages/oslo_service/backend/_threading/loopingcall.py:125}}
Jul 27 17:07:50.928882 np0000005930 nova-conductor[99566]: DEBUG oslo_db.sqlalchemy.engines [None req-5cafdff8-8094-4678-8a9e-689c30d2ae6c tempest-ServerRescueNegativeTestJSON-2092531441 tempest-ServerRescueNegativeTestJSON-2092531441-project-member] Parent process 98053 forked (99566) with an open database connection, which is being discarded and recreated. {{(pid=99566) checkout /opt/stack/data/venv/lib/python3.12/site-packages/oslo_db/sqlalchemy/engines.py:402}}
Jul 27 17:07:50.972356 np0000005930 nova-conductor[99566]: DEBUG dbcounter [-] [99566] Writer thread running {{(pid=99566) stat_writer /opt/stack/data/venv/lib/python3.12/site-packages/dbcounter.py:102}}
Jul 27 17:07:51.067189 np0000005930 nova-conductor[99573]: DEBUG dbcounter [-] [99573] Writer thread running {{(pid=99573) stat_writer /opt/stack/data/venv/lib/python3.12/site-packages/dbcounter.py:102}}
Jul 27 17:07:51.846168 np0000005930 nova-conductor[99573]: DEBUG nova.conductor.manager [None req-d9b1eb20-ef14-4eaf-a985-63985da097c4 tempest-ServerActionsTestOtherB-825651039 tempest-ServerActionsTestOtherB-825651039-project-member] Took 0.78 seconds to select destinations for 1 instance(s). {{(pid=99573) _schedule_instances /opt/stack/nova/nova/conductor/manager.py:968}}
Jul 27 17:07:51.871175 np0000005930 nova-conductor[99573]: DEBUG oslo_concurrency.lockutils [None req-d9b1eb20-ef14-4eaf-a985-63985da097c4 tempest-ServerActionsTestOtherB-825651039 tempest-ServerActionsTestOtherB-825651039-project-member] Acquiring lock "abd1f84e-b0e5-4aac-a27d-9c0287c506f7" by "nova.context.set_target_cell..get_or_set_cached_cell_and_set_connections" {{(pid=99573) inner /opt/stack/data/venv/lib/python3.12/site-packages/oslo_concurrency/lockutils.py:512}}
Jul 27 17:07:51.871175 np0000005930 nova-conductor[99573]: DEBUG oslo_concurrency.lockutils [None req-d9b1eb20-ef14-4eaf-a985-63985da097c4 tempest-ServerActionsTestOtherB-825651039 tempest-ServerActionsTestOtherB-825651039-project-member] Lock "abd1f84e-b0e5-4aac-a27d-9c0287c506f7" acquired by "nova.context.set_target_cell..get_or_set_cached_cell_and_set_connections" :: waited 0.000s {{(pid=99573) inner /opt/stack/data/venv/lib/python3.12/site-packages/oslo_concurrency/lockutils.py:525}}
Jul 27 17:07:51.871175 np0000005930 nova-conductor[99573]: DEBUG oslo_concurrency.lockutils [None req-d9b1eb20-ef14-4eaf-a985-63985da097c4 tempest-ServerActionsTestOtherB-825651039 tempest-ServerActionsTestOtherB-825651039-project-member] Lock "abd1f84e-b0e5-4aac-a27d-9c0287c506f7" "released" by "nova.context.set_target_cell..get_or_set_cached_cell_and_set_connections" :: held 0.001s {{(pid=99573) inner /opt/stack/data/venv/lib/python3.12/site-packages/oslo_concurrency/lockutils.py:544}}
Jul 27 17:07:51.872498 np0000005930 nova-conductor[99573]: INFO dbcounter [None req-d9b1eb20-ef14-4eaf-a985-63985da097c4 tempest-ServerActionsTestOtherB-825651039 tempest-ServerActionsTestOtherB-825651039-project-member] Registered counter for database nova_cell1
Jul 27 17:07:51.902715 np0000005930 nova-conductor[99566]: DEBUG nova.conductor.manager [None req-5cafdff8-8094-4678-8a9e-689c30d2ae6c tempest-ServerRescueNegativeTestJSON-2092531441 tempest-ServerRescueNegativeTestJSON-2092531441-project-member] Took 0.92 seconds to select destinations for 1 instance(s). {{(pid=99566) _schedule_instances /opt/stack/nova/nova/conductor/manager.py:968}}
Jul 27 17:07:51.922992 np0000005930 nova-conductor[99573]: DEBUG oslo_db.sqlalchemy.engines [None req-d9b1eb20-ef14-4eaf-a985-63985da097c4 tempest-ServerActionsTestOtherB-825651039 tempest-ServerActionsTestOtherB-825651039-project-member] MySQL server mode set to STRICT_TRANS_TABLES,STRICT_ALL_TABLES,NO_ZERO_IN_DATE,NO_ZERO_DATE,ERROR_FOR_DIVISION_BY_ZERO,TRADITIONAL,NO_ENGINE_SUBSTITUTION {{(pid=99573) _check_effective_sql_mode /opt/stack/data/venv/lib/python3.12/site-packages/oslo_db/sqlalchemy/engines.py:325}}
Jul 27 17:07:51.930081 np0000005930 nova-conductor[99573]: DEBUG dbcounter [-] [99573] Writer thread running {{(pid=99573) stat_writer /opt/stack/data/venv/lib/python3.12/site-packages/dbcounter.py:102}}
Jul 27 17:07:51.933112 np0000005930 nova-conductor[99566]: DEBUG oslo_concurrency.lockutils [None req-5cafdff8-8094-4678-8a9e-689c30d2ae6c tempest-ServerRescueNegativeTestJSON-2092531441 tempest-ServerRescueNegativeTestJSON-2092531441-project-member] Acquiring lock "abd1f84e-b0e5-4aac-a27d-9c0287c506f7" by "nova.context.set_target_cell..get_or_set_cached_cell_and_set_connections" {{(pid=99566) inner /opt/stack/data/venv/lib/python3.12/site-packages/oslo_concurrency/lockutils.py:512}}
Jul 27 17:07:51.933597 np0000005930 nova-conductor[99566]: DEBUG oslo_concurrency.lockutils [None req-5cafdff8-8094-4678-8a9e-689c30d2ae6c tempest-ServerRescueNegativeTestJSON-2092531441 tempest-ServerRescueNegativeTestJSON-2092531441-project-member] Lock "abd1f84e-b0e5-4aac-a27d-9c0287c506f7" acquired by "nova.context.set_target_cell..get_or_set_cached_cell_and_set_connections" :: waited 0.000s {{(pid=99566) inner /opt/stack/data/venv/lib/python3.12/site-packages/oslo_concurrency/lockutils.py:525}}
Jul 27 17:07:51.934867 np0000005930 nova-conductor[99566]: DEBUG oslo_concurrency.lockutils [None req-5cafdff8-8094-4678-8a9e-689c30d2ae6c tempest-ServerRescueNegativeTestJSON-2092531441 tempest-ServerRescueNegativeTestJSON-2092531441-project-member] Lock "abd1f84e-b0e5-4aac-a27d-9c0287c506f7" "released" by "nova.context.set_target_cell..get_or_set_cached_cell_and_set_connections" :: held 0.001s {{(pid=99566) inner /opt/stack/data/venv/lib/python3.12/site-packages/oslo_concurrency/lockutils.py:544}}
Jul 27 17:07:51.937182 np0000005930 nova-conductor[99566]: INFO dbcounter [None req-5cafdff8-8094-4678-8a9e-689c30d2ae6c tempest-ServerRescueNegativeTestJSON-2092531441 tempest-ServerRescueNegativeTestJSON-2092531441-project-member] Registered counter for database nova_cell1
Jul 27 17:07:51.986265 np0000005930 nova-conductor[99566]: DEBUG oslo_db.sqlalchemy.engines [None req-5cafdff8-8094-4678-8a9e-689c30d2ae6c tempest-ServerRescueNegativeTestJSON-2092531441 tempest-ServerRescueNegativeTestJSON-2092531441-project-member] MySQL server mode set to STRICT_TRANS_TABLES,STRICT_ALL_TABLES,NO_ZERO_IN_DATE,NO_ZERO_DATE,ERROR_FOR_DIVISION_BY_ZERO,TRADITIONAL,NO_ENGINE_SUBSTITUTION {{(pid=99566) _check_effective_sql_mode /opt/stack/data/venv/lib/python3.12/site-packages/oslo_db/sqlalchemy/engines.py:325}}
Jul 27 17:07:51.991851 np0000005930 nova-conductor[99566]: DEBUG dbcounter [-] [99566] Writer thread running {{(pid=99566) stat_writer /opt/stack/data/venv/lib/python3.12/site-packages/dbcounter.py:102}}
Jul 27 17:07:52.025562 np0000005930 nova-conductor[99573]: INFO nova.utils [None req-d9b1eb20-ef14-4eaf-a985-63985da097c4 tempest-ServerActionsTestOtherB-825651039 tempest-ServerActionsTestOtherB-825651039-project-member] The cell worker thread pool ForkProcess-2.cell_worker is initialized
Jul 27 17:07:52.025868 np0000005930 nova-conductor[99573]: DEBUG oslo_concurrency.lockutils [None req-d9b1eb20-ef14-4eaf-a985-63985da097c4 tempest-ServerActionsTestOtherB-825651039 tempest-ServerActionsTestOtherB-825651039-project-member] Acquiring lock "00000000-0000-0000-0000-000000000000" by "nova.context.set_target_cell..get_or_set_cached_cell_and_set_connections" {{(pid=99573) inner /opt/stack/data/venv/lib/python3.12/site-packages/oslo_concurrency/lockutils.py:512}}
Jul 27 17:07:52.026833 np0000005930 nova-conductor[99573]: DEBUG oslo_concurrency.lockutils [None req-d9b1eb20-ef14-4eaf-a985-63985da097c4 tempest-ServerActionsTestOtherB-825651039 tempest-ServerActionsTestOtherB-825651039-project-member] Lock "00000000-0000-0000-0000-000000000000" acquired by "nova.context.set_target_cell..get_or_set_cached_cell_and_set_connections" :: waited 0.000s {{(pid=99573) inner /opt/stack/data/venv/lib/python3.12/site-packages/oslo_concurrency/lockutils.py:525}}
