May 30 22:47:52.629314 np0000001799 devstack@g-api.service[102055]: DEBUG glance_store.location [-] Registering scheme swift+config with {'store': , 'location_class': , 'store_entry': 'swift'} {{(pid=102055) register_scheme_map /opt/stack/data/venv/lib/python3.12/site-packages/glance_store/location.py:146}}
May 30 22:47:52.629356 np0000001799 devstack@g-api.service[102055]: DEBUG glance_store.backend [-] Attempting to import store file {{(pid=102055) _load_store /opt/stack/data/venv/lib/python3.12/site-packages/glance_store/backend.py:215}}
May 30 22:47:52.629838 np0000001799 devstack@g-api.service[102055]: DEBUG glance_store.capabilities [-] Store glance_store._drivers.filesystem.Store doesn't support updating dynamic storage capabilities. Please overwrite 'update_capabilities' method of the store to implement updating logics if needed. {{(pid=102055) update_capabilities /opt/stack/data/venv/lib/python3.12/site-packages/glance_store/capabilities.py:91}}
May 30 22:47:52.629895 np0000001799 devstack@g-api.service[102055]: DEBUG glance_store.backend [-] Registering store file with schemes ('file', 'filesystem') {{(pid=102055) create_stores /opt/stack/data/venv/lib/python3.12/site-packages/glance_store/backend.py:261}}
May 30 22:47:52.629944 np0000001799 devstack@g-api.service[102055]: DEBUG glance_store.driver [-] Late loading location class glance_store._drivers.filesystem.StoreLocation {{(pid=102055) get_store_location_class /opt/stack/data/venv/lib/python3.12/site-packages/glance_store/driver.py:134}}
May 30 22:47:52.630000 np0000001799 devstack@g-api.service[102055]: DEBUG glance_store.location [-] Registering scheme file with {'store': , 'location_class': , 'store_entry': 'file'} {{(pid=102055) register_scheme_map /opt/stack/data/venv/lib/python3.12/site-packages/glance_store/location.py:146}}
May 30 22:47:52.630078 np0000001799 devstack@g-api.service[102055]: DEBUG glance_store.location [-] Registering scheme filesystem with {'store': , 'location_class': , 'store_entry': 'file'} {{(pid=102055) register_scheme_map /opt/stack/data/venv/lib/python3.12/site-packages/glance_store/location.py:146}}
May 30 22:47:52.630131 np0000001799 devstack@g-api.service[102055]: DEBUG glance_store.backend [-] Attempting to import store http {{(pid=102055) _load_store /opt/stack/data/venv/lib/python3.12/site-packages/glance_store/backend.py:215}}
May 30 22:47:52.630307 np0000001799 devstack@g-api.service[102055]: DEBUG glance_store.capabilities [-] Store glance_store._drivers.http.Store doesn't support updating dynamic storage capabilities. Please overwrite 'update_capabilities' method of the store to implement updating logics if needed. {{(pid=102055) update_capabilities /opt/stack/data/venv/lib/python3.12/site-packages/glance_store/capabilities.py:91}}
May 30 22:47:52.630375 np0000001799 devstack@g-api.service[102055]: DEBUG glance_store.backend [-] Registering store http with schemes ('http', 'https') {{(pid=102055) create_stores /opt/stack/data/venv/lib/python3.12/site-packages/glance_store/backend.py:261}}
May 30 22:47:52.630375 np0000001799 devstack@g-api.service[102055]: DEBUG glance_store.driver [-] Late loading location class glance_store._drivers.http.StoreLocation {{(pid=102055) get_store_location_class /opt/stack/data/venv/lib/python3.12/site-packages/glance_store/driver.py:134}}
May 30 22:47:52.630458 np0000001799 devstack@g-api.service[102055]: DEBUG glance_store.location [-] Registering scheme http with {'store': , 'location_class': , 'store_entry': 'http'} {{(pid=102055) register_scheme_map /opt/stack/data/venv/lib/python3.12/site-packages/glance_store/location.py:146}}
May 30 22:47:52.630512 np0000001799 devstack@g-api.service[102055]: DEBUG glance_store.location [-] Registering scheme https with {'store': , 'location_class': , 'store_entry': 'http'} {{(pid=102055) register_scheme_map /opt/stack/data/venv/lib/python3.12/site-packages/glance_store/location.py:146}}
May 30 22:47:52.630573 np0000001799 devstack@g-api.service[102055]: DEBUG glance_store.backend [-] Attempting to import store swift {{(pid=102055) _load_store /opt/stack/data/venv/lib/python3.12/site-packages/glance_store/backend.py:215}}
May 30 22:47:52.631643 np0000001799 devstack@g-api.service[102055]: DEBUG glance_store.capabilities [-] Store glance_store._drivers.swift.store.SingleTenantStore doesn't support updating dynamic storage capabilities. Please overwrite 'update_capabilities' method of the store to implement updating logics if needed. {{(pid=102055) update_capabilities /opt/stack/data/venv/lib/python3.12/site-packages/glance_store/capabilities.py:91}}
May 30 22:47:52.631700 np0000001799 devstack@g-api.service[102055]: DEBUG glance_store.driver [-] Late loading location class glance_store._drivers.swift.store.StoreLocation {{(pid=102055) get_store_location_class /opt/stack/data/venv/lib/python3.12/site-packages/glance_store/driver.py:134}}
May 30 22:47:52.631794 np0000001799 devstack@g-api.service[102055]: DEBUG glance_store.location [-] Registering scheme swift+https with {'store': , 'location_class': , 'store_entry': 'swift'} {{(pid=102055) register_scheme_map /opt/stack/data/venv/lib/python3.12/site-packages/glance_store/location.py:146}}
May 30 22:47:52.631838 np0000001799 devstack@g-api.service[102055]: DEBUG glance_store.location [-] Registering scheme swift+https with {'store': , 'location_class': , 'store_entry': 'swift'} {{(pid=102055) register_scheme_map /opt/stack/data/venv/lib/python3.12/site-packages/glance_store/location.py:146}}
May 30 22:47:52.631887 np0000001799 devstack@g-api.service[102055]: DEBUG glance_store.location [-] Registering scheme swift with {'store': , 'location_class': , 'store_entry': 'swift'} {{(pid=102055) register_scheme_map /opt/stack/data/venv/lib/python3.12/site-packages/glance_store/location.py:146}}
May 30 22:47:52.631943 np0000001799 devstack@g-api.service[102055]: DEBUG glance_store.location [-] Registering scheme swift+https with {'store': , 'location_class': , 'store_entry': 'swift'} {{(pid=102055) register_scheme_map /opt/stack/data/venv/lib/python3.12/site-packages/glance_store/location.py:146}}
May 30 22:47:52.631998 np0000001799 devstack@g-api.service[102055]: DEBUG glance_store.location [-] Registering scheme swift with {'store': , 'location_class': , 'store_entry': 'swift'} {{(pid=102055) register_scheme_map /opt/stack/data/venv/lib/python3.12/site-packages/glance_store/location.py:146}}
May 30 22:47:52.632061 np0000001799 devstack@g-api.service[102055]: DEBUG glance_store.location [-] Registering scheme swift+http with {'store': , 'location_class': , 'store_entry': 'swift'} {{(pid=102055) register_scheme_map /opt/stack/data/venv/lib/python3.12/site-packages/glance_store/location.py:146}}
May 30 22:47:52.632114 np0000001799 devstack@g-api.service[102055]: DEBUG glance_store.location [-] Registering scheme swift+https with {'store': , 'location_class': , 'store_entry': 'swift'} {{(pid=102055) register_scheme_map /opt/stack/data/venv/lib/python3.12/site-packages/glance_store/location.py:146}}
May 30 22:47:52.632151 np0000001799 devstack@g-api.service[102055]: DEBUG glance_store.location [-] Registering scheme swift with {'store': , 'location_class': , 'store_entry': 'swift'} {{(pid=102055) register_scheme_map /opt/stack/data/venv/lib/python3.12/site-packages/glance_store/location.py:146}}
May 30 22:47:52.632186 np0000001799 devstack@g-api.service[102055]: DEBUG glance_store.location [-] Registering scheme swift+http with {'store': , 'location_class': , 'store_entry': 'swift'} {{(pid=102055) register_scheme_map /opt/stack/data/venv/lib/python3.12/site-packages/glance_store/location.py:146}}
May 30 22:47:52.632243 np0000001799 devstack@g-api.service[102055]: DEBUG glance_store.location [-] Registering scheme swift+config with {'store': , 'location_class': , 'store_entry': 'swift'} {{(pid=102055) register_scheme_map /opt/stack/data/venv/lib/python3.12/site-packages/glance_store/location.py:146}}
May 30 22:47:52.632493 np0000001799 devstack@g-api.service[102055]: DEBUG glance.sqlite_migration [-] SQLite caching database not located, skipping migration {{(pid=102055) get_db_path /opt/stack/glance/glance/sqlite_migration.py:68}}
May 30 22:47:52.632719 np0000001799 devstack@g-api.service[102055]: WARNING glance.common.wsgi_app [-] Import methods are enabled but staging directory /tmp/staging/ does not exist; Imports will fail!
May 30 22:47:52.875862 np0000001799 devstack@g-api.service[102053]: DEBUG glance.common.config [None req-41e38eff-78b8-42e7-99e2-56e0ea27c453 None None] Loading glance-api-keystone+cachemanagement from /etc/glance/glance-api-paste.ini {{(pid=102053) load_paste_app /opt/stack/glance/glance/common/config.py:758}}
May 30 22:47:52.892099 np0000001799 devstack@g-api.service[102054]: DEBUG glance.common.config [None req-e4e94500-18e3-4504-9719-fbbac4048f94 None None] Loading glance-api-keystone+cachemanagement from /etc/glance/glance-api-paste.ini {{(pid=102054) load_paste_app /opt/stack/glance/glance/common/config.py:758}}
May 30 22:47:52.911179 np0000001799 devstack@g-api.service[102055]: DEBUG glance.common.config [None req-14be43e8-13fe-4a42-9712-0ada5e620e42 None None] Loading glance-api-keystone+cachemanagement from /etc/glance/glance-api-paste.ini {{(pid=102055) load_paste_app /opt/stack/glance/glance/common/config.py:758}}
May 30 22:47:53.514367 np0000001799 devstack@g-api.service[102053]: INFO glance.image_cache [None req-41e38eff-78b8-42e7-99e2-56e0ea27c453 None None] Image cache loaded driver 'centralized_db'.
May 30 22:47:53.530547 np0000001799 devstack@g-api.service[102054]: INFO glance.image_cache [None req-e4e94500-18e3-4504-9719-fbbac4048f94 None None] Image cache loaded driver 'centralized_db'.
May 30 22:47:53.538436 np0000001799 devstack@g-api.service[102055]: INFO glance.image_cache [None req-14be43e8-13fe-4a42-9712-0ada5e620e42 None None] Image cache loaded driver 'centralized_db'.
May 30 22:47:53.567654 np0000001799 devstack@g-api.service[102053]: INFO dbcounter [None req-41e38eff-78b8-42e7-99e2-56e0ea27c453 None None] Registered counter for database glance
May 30 22:47:53.578068 np0000001799 devstack@g-api.service[102054]: INFO dbcounter [None req-e4e94500-18e3-4504-9719-fbbac4048f94 None None] Registered counter for database glance
May 30 22:47:53.584279 np0000001799 devstack@g-api.service[102055]: INFO dbcounter [None req-14be43e8-13fe-4a42-9712-0ada5e620e42 None None] Registered counter for database glance
May 30 22:47:53.616757 np0000001799 devstack@g-api.service[102053]: DEBUG oslo_db.sqlalchemy.engines [None req-41e38eff-78b8-42e7-99e2-56e0ea27c453 None None] MySQL server mode set to STRICT_TRANS_TABLES,STRICT_ALL_TABLES,NO_ZERO_IN_DATE,NO_ZERO_DATE,ERROR_FOR_DIVISION_BY_ZERO,TRADITIONAL,NO_ENGINE_SUBSTITUTION {{(pid=102053) _check_effective_sql_mode /opt/stack/data/venv/lib/python3.12/site-packages/oslo_db/sqlalchemy/engines.py:325}}
May 30 22:47:53.625833 np0000001799 devstack@g-api.service[102054]: DEBUG oslo_db.sqlalchemy.engines [None req-e4e94500-18e3-4504-9719-fbbac4048f94 None None] MySQL server mode set to STRICT_TRANS_TABLES,STRICT_ALL_TABLES,NO_ZERO_IN_DATE,NO_ZERO_DATE,ERROR_FOR_DIVISION_BY_ZERO,TRADITIONAL,NO_ENGINE_SUBSTITUTION {{(pid=102054) _check_effective_sql_mode /opt/stack/data/venv/lib/python3.12/site-packages/oslo_db/sqlalchemy/engines.py:325}}
May 30 22:47:53.635512 np0000001799 devstack@g-api.service[102055]: DEBUG oslo_db.sqlalchemy.engines [None req-14be43e8-13fe-4a42-9712-0ada5e620e42 None None] MySQL server mode set to STRICT_TRANS_TABLES,STRICT_ALL_TABLES,NO_ZERO_IN_DATE,NO_ZERO_DATE,ERROR_FOR_DIVISION_BY_ZERO,TRADITIONAL,NO_ENGINE_SUBSTITUTION {{(pid=102055) _check_effective_sql_mode /opt/stack/data/venv/lib/python3.12/site-packages/oslo_db/sqlalchemy/engines.py:325}}
May 30 22:47:53.642929 np0000001799 devstack@g-api.service[102053]: DEBUG dbcounter [-] [102053] Writer thread running {{(pid=102053) stat_writer /opt/stack/data/venv/lib/python3.12/site-packages/dbcounter.py:102}}
May 30 22:47:53.652212 np0000001799 devstack@g-api.service[102054]: DEBUG dbcounter [-] [102054] Writer thread running {{(pid=102054) stat_writer /opt/stack/data/venv/lib/python3.12/site-packages/dbcounter.py:102}}
May 30 22:47:53.654608 np0000001799 devstack@g-api.service[102053]: INFO glance.image_cache [None req-41e38eff-78b8-42e7-99e2-56e0ea27c453 None None] Image cache loaded driver 'centralized_db'.
May 30 22:47:53.655052 np0000001799 devstack@g-api.service[102054]: DEBUG glance.image_cache.drivers.centralized_db [None req-e4e94500-18e3-4504-9719-fbbac4048f94 None None] Node reference is already recorded, ignoring it {{(pid=102054) configure /opt/stack/glance/glance/image_cache/drivers/centralized_db.py:71}}
May 30 22:47:53.661307 np0000001799 devstack@g-api.service[102055]: DEBUG dbcounter [-] [102055] Writer thread running {{(pid=102055) stat_writer /opt/stack/data/venv/lib/python3.12/site-packages/dbcounter.py:102}}
May 30 22:47:53.661403 np0000001799 devstack@g-api.service[102054]: INFO glance.image_cache [None req-e4e94500-18e3-4504-9719-fbbac4048f94 None None] Image cache loaded driver 'centralized_db'.
May 30 22:47:53.661448 np0000001799 devstack@g-api.service[102053]: DEBUG glance.image_cache.drivers.centralized_db [None req-41e38eff-78b8-42e7-99e2-56e0ea27c453 None None] Node reference is already recorded, ignoring it {{(pid=102053) configure /opt/stack/glance/glance/image_cache/drivers/centralized_db.py:71}}
May 30 22:47:53.664145 np0000001799 devstack@g-api.service[102055]: DEBUG glance.image_cache.drivers.centralized_db [None req-14be43e8-13fe-4a42-9712-0ada5e620e42 None None] Node reference is already recorded, ignoring it {{(pid=102055) configure /opt/stack/glance/glance/image_cache/drivers/centralized_db.py:71}}
May 30 22:47:53.666133 np0000001799 devstack@g-api.service[102053]: DEBUG glance.api.v2.cached_images [None req-41e38eff-78b8-42e7-99e2-56e0ea27c453 None None] Started cache worker thread {{(pid=102053) __init__ /opt/stack/glance/glance/api/v2/cached_images.py:69}}
May 30 22:47:53.666769 np0000001799 devstack@g-api.service[102053]: INFO glance.image_cache [None req-41e38eff-78b8-42e7-99e2-56e0ea27c453 None None] Image cache loaded driver 'centralized_db'.
May 30 22:47:53.668067 np0000001799 devstack@g-api.service[102054]: DEBUG glance.image_cache.drivers.centralized_db [None req-e4e94500-18e3-4504-9719-fbbac4048f94 None None] Node reference is already recorded, ignoring it {{(pid=102054) configure /opt/stack/glance/glance/image_cache/drivers/centralized_db.py:71}}
May 30 22:47:53.670394 np0000001799 devstack@g-api.service[102055]: INFO glance.image_cache [None req-14be43e8-13fe-4a42-9712-0ada5e620e42 None None] Image cache loaded driver 'centralized_db'.
May 30 22:47:53.672494 np0000001799 devstack@g-api.service[102054]: DEBUG glance.api.v2.cached_images [None req-e4e94500-18e3-4504-9719-fbbac4048f94 None None] Started cache worker thread {{(pid=102054) __init__ /opt/stack/glance/glance/api/v2/cached_images.py:69}}
May 30 22:47:53.672894 np0000001799 devstack@g-api.service[102053]: DEBUG glance.image_cache.drivers.centralized_db [None req-41e38eff-78b8-42e7-99e2-56e0ea27c453 None None] Node reference is already recorded, ignoring it {{(pid=102053) configure /opt/stack/glance/glance/image_cache/drivers/centralized_db.py:71}}
May 30 22:47:53.673158 np0000001799 devstack@g-api.service[102054]: INFO glance.image_cache [None req-e4e94500-18e3-4504-9719-fbbac4048f94 None None] Image cache loaded driver 'centralized_db'.
May 30 22:47:53.677890 np0000001799 devstack@g-api.service[102055]: DEBUG glance.image_cache.drivers.centralized_db [None req-14be43e8-13fe-4a42-9712-0ada5e620e42 None None] Node reference is already recorded, ignoring it {{(pid=102055) configure /opt/stack/glance/glance/image_cache/drivers/centralized_db.py:71}}
May 30 22:47:53.679448 np0000001799 devstack@g-api.service[102053]: INFO glance.api.middleware.cache_manage [None req-41e38eff-78b8-42e7-99e2-56e0ea27c453 None None] Initialized image cache management middleware
May 30 22:47:53.679515 np0000001799 devstack@g-api.service[102054]: DEBUG glance.image_cache.drivers.centralized_db [None req-e4e94500-18e3-4504-9719-fbbac4048f94 None None] Node reference is already recorded, ignoring it {{(pid=102054) configure /opt/stack/glance/glance/image_cache/drivers/centralized_db.py:71}}
May 30 22:47:53.679638 np0000001799 devstack@g-api.service[102053]: INFO glance.image_cache [None req-41e38eff-78b8-42e7-99e2-56e0ea27c453 None None] Image cache loaded driver 'centralized_db'.
May 30 22:47:53.683321 np0000001799 devstack@g-api.service[102055]: DEBUG glance.api.v2.cached_images [None req-14be43e8-13fe-4a42-9712-0ada5e620e42 None None] Started cache worker thread {{(pid=102055) __init__ /opt/stack/glance/glance/api/v2/cached_images.py:69}}
May 30 22:47:53.683957 np0000001799 devstack@g-api.service[102055]: INFO glance.image_cache [None req-14be43e8-13fe-4a42-9712-0ada5e620e42 None None] Image cache loaded driver 'centralized_db'.
May 30 22:47:53.684250 np0000001799 devstack@g-api.service[102054]: INFO glance.api.middleware.cache_manage [None req-e4e94500-18e3-4504-9719-fbbac4048f94 None None] Initialized image cache management middleware
May 30 22:47:53.684430 np0000001799 devstack@g-api.service[102054]: INFO glance.image_cache [None req-e4e94500-18e3-4504-9719-fbbac4048f94 None None] Image cache loaded driver 'centralized_db'.
May 30 22:47:53.699800 np0000001799 devstack@g-api.service[102055]: DEBUG glance.image_cache.drivers.centralized_db [None req-14be43e8-13fe-4a42-9712-0ada5e620e42 None None] Node reference is already recorded, ignoring it {{(pid=102055) configure /opt/stack/glance/glance/image_cache/drivers/centralized_db.py:71}}
May 30 22:47:53.699918 np0000001799 devstack@g-api.service[102054]: DEBUG glance.image_cache.drivers.centralized_db [None req-e4e94500-18e3-4504-9719-fbbac4048f94 None None] Node reference is already recorded, ignoring it {{(pid=102054) configure /opt/stack/glance/glance/image_cache/drivers/centralized_db.py:71}}
May 30 22:47:53.699985 np0000001799 devstack@g-api.service[102053]: DEBUG glance.image_cache.drivers.centralized_db [None req-41e38eff-78b8-42e7-99e2-56e0ea27c453 None None] Node reference is already recorded, ignoring it {{(pid=102053) configure /opt/stack/glance/glance/image_cache/drivers/centralized_db.py:71}}
May 30 22:47:53.704496 np0000001799 devstack@g-api.service[102055]: INFO glance.api.middleware.cache_manage [None req-14be43e8-13fe-4a42-9712-0ada5e620e42 None None] Initialized image cache management middleware
May 30 22:47:53.704684 np0000001799 devstack@g-api.service[102055]: INFO glance.image_cache [None req-14be43e8-13fe-4a42-9712-0ada5e620e42 None None] Image cache loaded driver 'centralized_db'.
May 30 22:47:53.705186 np0000001799 devstack@g-api.service[102054]: INFO glance.api.middleware.cache [None req-e4e94500-18e3-4504-9719-fbbac4048f94 None None] Initialized image cache middleware
May 30 22:47:53.705342 np0000001799 devstack@g-api.service[102053]: INFO glance.api.middleware.cache [None req-41e38eff-78b8-42e7-99e2-56e0ea27c453 None None] Initialized image cache middleware
May 30 22:47:53.712198 np0000001799 devstack@g-api.service[102055]: DEBUG glance.image_cache.drivers.centralized_db [None req-14be43e8-13fe-4a42-9712-0ada5e620e42 None None] Node reference is already recorded, ignoring it {{(pid=102055) configure /opt/stack/glance/glance/image_cache/drivers/centralized_db.py:71}}
May 30 22:47:53.715738 np0000001799 devstack@g-api.service[102055]: INFO glance.api.middleware.cache [None req-14be43e8-13fe-4a42-9712-0ada5e620e42 None None] Initialized image cache middleware
May 30 22:47:53.719267 np0000001799 devstack@g-api.service[102054]: DEBUG glance.common.config [None req-e4e94500-18e3-4504-9719-fbbac4048f94 None None] ******************************************************************************** {{(pid=102054) log_opt_values /opt/stack/data/venv/lib/python3.12/site-packages/oslo_config/cfg.py:3229}}
May 30 22:47:53.719411 np0000001799 devstack@g-api.service[102054]: DEBUG glance.common.config [None req-e4e94500-18e3-4504-9719-fbbac4048f94 None None] Configuration options gathered from: {{(pid=102054) log_opt_values /opt/stack/data/venv/lib/python3.12/site-packages/oslo_config/cfg.py:3230}}
May 30 22:47:53.719760 np0000001799 devstack@g-api.service[102054]: DEBUG glance.common.config [None req-e4e94500-18e3-4504-9719-fbbac4048f94 None None] command line args: [] {{(pid=102054) log_opt_values /opt/stack/data/venv/lib/python3.12/site-packages/oslo_config/cfg.py:3231}}
May 30 22:47:53.719902 np0000001799 devstack@g-api.service[102054]: DEBUG glance.common.config [None req-e4e94500-18e3-4504-9719-fbbac4048f94 None None] config files: ['/etc/glance/glance-image-import.conf', '/etc/glance/glance-api.conf'] {{(pid=102054) log_opt_values /opt/stack/data/venv/lib/python3.12/site-packages/oslo_config/cfg.py:3232}}
May 30 22:47:53.719993 np0000001799 devstack@g-api.service[102054]: DEBUG glance.common.config [None req-e4e94500-18e3-4504-9719-fbbac4048f94 None None] ================================================================================ {{(pid=102054) log_opt_values /opt/stack/data/venv/lib/python3.12/site-packages/oslo_config/cfg.py:3237}}
May 30 22:47:53.720150 np0000001799 devstack@g-api.service[102054]: DEBUG glance.common.config [None req-e4e94500-18e3-4504-9719-fbbac4048f94 None None] allow_anonymous_access = False {{(pid=102054) log_opt_values /opt/stack/data/venv/lib/python3.12/site-packages/oslo_config/cfg.py:3245}}
May 30 22:47:53.720334 np0000001799 devstack@g-api.service[102054]: DEBUG glance.common.config [None req-e4e94500-18e3-4504-9719-fbbac4048f94 None None] api_limit_max = 1000 {{(pid=102054) log_opt_values /opt/stack/data/venv/lib/python3.12/site-packages/oslo_config/cfg.py:3245}}
May 30 22:47:53.720501 np0000001799 devstack@g-api.service[102054]: DEBUG glance.common.config [None req-e4e94500-18e3-4504-9719-fbbac4048f94 None None] backlog = 4096 {{(pid=102054) log_opt_values /opt/stack/data/venv/lib/python3.12/site-packages/oslo_config/cfg.py:3245}}
May 30 22:47:53.720663 np0000001799 devstack@g-api.service[102054]: DEBUG glance.common.config [None req-e4e94500-18e3-4504-9719-fbbac4048f94 None None] bind_host = 0.0.0.0 {{(pid=102054) log_opt_values /opt/stack/data/venv/lib/python3.12/site-packages/oslo_config/cfg.py:3245}}
May 30 22:47:53.720779 np0000001799 devstack@g-api.service[102054]: DEBUG glance.common.config [None req-e4e94500-18e3-4504-9719-fbbac4048f94 None None] bind_port = 19292 {{(pid=102054) log_opt_values /opt/stack/data/venv/lib/python3.12/site-packages/oslo_config/cfg.py:3245}}
May 30 22:47:53.720905 np0000001799 devstack@g-api.service[102054]: DEBUG glance.common.config [None req-e4e94500-18e3-4504-9719-fbbac4048f94 None None] client_socket_timeout = 900 {{(pid=102054) log_opt_values /opt/stack/data/venv/lib/python3.12/site-packages/oslo_config/cfg.py:3245}}
May 30 22:47:53.721096 np0000001799 devstack@g-api.service[102054]: DEBUG glance.common.config [None req-e4e94500-18e3-4504-9719-fbbac4048f94 None None] config_dir = [] {{(pid=102054) log_opt_values /opt/stack/data/venv/lib/python3.12/site-packages/oslo_config/cfg.py:3245}}
May 30 22:47:53.721219 np0000001799 devstack@g-api.service[102054]: DEBUG glance.common.config [None req-e4e94500-18e3-4504-9719-fbbac4048f94 None None] config_file = ['/etc/glance/glance-image-import.conf', '/etc/glance/glance-api.conf'] {{(pid=102054) log_opt_values /opt/stack/data/venv/lib/python3.12/site-packages/oslo_config/cfg.py:3245}}
May 30 22:47:53.721326 np0000001799 devstack@g-api.service[102054]: DEBUG glance.common.config [None req-e4e94500-18e3-4504-9719-fbbac4048f94 None None] config_source = [] {{(pid=102054) log_opt_values /opt/stack/data/venv/lib/python3.12/site-packages/oslo_config/cfg.py:3245}}
May 30 22:47:53.721427 np0000001799 devstack@g-api.service[102054]: DEBUG glance.common.config [None req-e4e94500-18e3-4504-9719-fbbac4048f94 None None] control_exchange = glance {{(pid=102054) log_opt_values /opt/stack/data/venv/lib/python3.12/site-packages/oslo_config/cfg.py:3245}}
May 30 22:47:53.721493 np0000001799 devstack@g-api.service[102054]: DEBUG glance.common.config [None req-e4e94500-18e3-4504-9719-fbbac4048f94 None None] debug = True {{(pid=102054) log_opt_values /opt/stack/data/venv/lib/python3.12/site-packages/oslo_config/cfg.py:3245}}
May 30 22:47:53.721731 np0000001799 devstack@g-api.service[102054]: DEBUG glance.common.config [None req-e4e94500-18e3-4504-9719-fbbac4048f94 None None] default_log_levels = ['amqp=WARN', 'boto=WARN', 'sqlalchemy=WARN', 'suds=INFO', 'oslo.messaging=INFO', 'oslo_messaging=INFO', 'iso8601=WARN', 'requests.packages.urllib3.connectionpool=WARN', 'urllib3.connectionpool=WARN', 'websocket=WARN', 'requests.packages.urllib3.util.retry=WARN', 'urllib3.util.retry=WARN', 'keystonemiddleware=WARN', 'routes.middleware=WARN', 'stevedore=WARN', 'taskflow=WARN', 'keystoneauth=WARN', 'oslo.cache=INFO', 'oslo_policy=INFO', 'dogpile.core.dogpile=INFO'] {{(pid=102054) log_opt_values /opt/stack/data/venv/lib/python3.12/site-packages/oslo_config/cfg.py:3245}}
May 30 22:47:53.721900 np0000001799 devstack@g-api.service[102054]: DEBUG glance.common.config [None req-e4e94500-18e3-4504-9719-fbbac4048f94 None None] default_publisher_id = image.localhost {{(pid=102054) log_opt_values /opt/stack/data/venv/lib/python3.12/site-packages/oslo_config/cfg.py:3245}}
May 30 22:47:53.722021 np0000001799 devstack@g-api.service[102054]: DEBUG glance.common.config [None req-e4e94500-18e3-4504-9719-fbbac4048f94 None None] delayed_delete = False {{(pid=102054) log_opt_values /opt/stack/data/venv/lib/python3.12/site-packages/oslo_config/cfg.py:3245}}
May 30 22:47:53.722131 np0000001799 devstack@g-api.service[102054]: DEBUG glance.common.config [None req-e4e94500-18e3-4504-9719-fbbac4048f94 None None] digest_algorithm = sha256 {{(pid=102054) log_opt_values /opt/stack/data/venv/lib/python3.12/site-packages/oslo_config/cfg.py:3245}}
May 30 22:47:53.722314 np0000001799 devstack@g-api.service[102054]: DEBUG glance.common.config [None req-e4e94500-18e3-4504-9719-fbbac4048f94 None None] disabled_notifications = [] {{(pid=102054) log_opt_values /opt/stack/data/venv/lib/python3.12/site-packages/oslo_config/cfg.py:3245}}
May 30 22:47:53.722450 np0000001799 devstack@g-api.service[102054]: DEBUG glance.common.config [None req-e4e94500-18e3-4504-9719-fbbac4048f94 None None] do_secure_hash = True {{(pid=102054) log_opt_values /opt/stack/data/venv/lib/python3.12/site-packages/oslo_config/cfg.py:3245}}
May 30 22:47:53.722609 np0000001799 devstack@g-api.service[102054]: DEBUG glance.common.config [None req-e4e94500-18e3-4504-9719-fbbac4048f94 None None] enabled_backends = None {{(pid=102054) log_opt_values /opt/stack/data/venv/lib/python3.12/site-packages/oslo_config/cfg.py:3245}}
May 30 22:47:53.722795 np0000001799 devstack@g-api.service[102054]: DEBUG glance.common.config [None req-e4e94500-18e3-4504-9719-fbbac4048f94 None None] enabled_import_methods = ['glance-direct', 'web-download', 'copy-image'] {{(pid=102054) log_opt_values /opt/stack/data/venv/lib/python3.12/site-packages/oslo_config/cfg.py:3245}}
May 30 22:47:53.722893 np0000001799 devstack@g-api.service[102054]: DEBUG glance.common.config [None req-e4e94500-18e3-4504-9719-fbbac4048f94 None None] fatal_deprecations = False {{(pid=102054) log_opt_values /opt/stack/data/venv/lib/python3.12/site-packages/oslo_config/cfg.py:3245}}
May 30 22:47:53.723009 np0000001799 devstack@g-api.service[102054]: DEBUG glance.common.config [None req-e4e94500-18e3-4504-9719-fbbac4048f94 None None] hashing_algorithm = sha512 {{(pid=102054) log_opt_values /opt/stack/data/venv/lib/python3.12/site-packages/oslo_config/cfg.py:3245}}
May 30 22:47:53.723098 np0000001799 devstack@g-api.service[102054]: DEBUG glance.common.config [None req-e4e94500-18e3-4504-9719-fbbac4048f94 None None] http_keepalive = True {{(pid=102054) log_opt_values /opt/stack/data/venv/lib/python3.12/site-packages/oslo_config/cfg.py:3245}}
May 30 22:47:53.723230 np0000001799 devstack@g-api.service[102054]: DEBUG glance.common.config [None req-e4e94500-18e3-4504-9719-fbbac4048f94 None None] http_retries = 3 {{(pid=102054) log_opt_values /opt/stack/data/venv/lib/python3.12/site-packages/oslo_config/cfg.py:3245}}
May 30 22:47:53.723334 np0000001799 devstack@g-api.service[102054]: DEBUG glance.common.config [None req-e4e94500-18e3-4504-9719-fbbac4048f94 None None] image_cache_dir = /opt/stack/data/glance/cache/ {{(pid=102054) log_opt_values /opt/stack/data/venv/lib/python3.12/site-packages/oslo_config/cfg.py:3245}}
May 30 22:47:53.723427 np0000001799 devstack@g-api.service[102054]: DEBUG glance.common.config [None req-e4e94500-18e3-4504-9719-fbbac4048f94 None None] image_cache_driver = centralized_db {{(pid=102054) log_opt_values /opt/stack/data/venv/lib/python3.12/site-packages/oslo_config/cfg.py:3245}}
May 30 22:47:53.723512 np0000001799 devstack@g-api.service[102054]: DEBUG glance.common.config [None req-e4e94500-18e3-4504-9719-fbbac4048f94 None None] image_cache_max_size = 10737418240 {{(pid=102054) log_opt_values /opt/stack/data/venv/lib/python3.12/site-packages/oslo_config/cfg.py:3245}}
May 30 22:47:53.723602 np0000001799 devstack@g-api.service[102054]: DEBUG glance.common.config [None req-e4e94500-18e3-4504-9719-fbbac4048f94 None None] image_cache_sqlite_db = cache.db {{(pid=102054) log_opt_values /opt/stack/data/venv/lib/python3.12/site-packages/oslo_config/cfg.py:3245}}
May 30 22:47:53.723695 np0000001799 devstack@g-api.service[102054]: DEBUG glance.common.config [None req-e4e94500-18e3-4504-9719-fbbac4048f94 None None] image_cache_stall_time = 86400 {{(pid=102054) log_opt_values /opt/stack/data/venv/lib/python3.12/site-packages/oslo_config/cfg.py:3245}}
May 30 22:47:53.723783 np0000001799 devstack@g-api.service[102054]: DEBUG glance.common.config [None req-e4e94500-18e3-4504-9719-fbbac4048f94 None None] image_location_quota = 10 {{(pid=102054) log_opt_values /opt/stack/data/venv/lib/python3.12/site-packages/oslo_config/cfg.py:3245}}
May 30 22:47:53.723872 np0000001799 devstack@g-api.service[102054]: DEBUG glance.common.config [None req-e4e94500-18e3-4504-9719-fbbac4048f94 None None] image_member_quota = 128 {{(pid=102054) log_opt_values /opt/stack/data/venv/lib/python3.12/site-packages/oslo_config/cfg.py:3245}}
May 30 22:47:53.723967 np0000001799 devstack@g-api.service[102054]: DEBUG glance.common.config [None req-e4e94500-18e3-4504-9719-fbbac4048f94 None None] image_property_quota = 128 {{(pid=102054) log_opt_values /opt/stack/data/venv/lib/python3.12/site-packages/oslo_config/cfg.py:3245}}
May 30 22:47:53.724083 np0000001799 devstack@g-api.service[102054]: DEBUG glance.common.config [None req-e4e94500-18e3-4504-9719-fbbac4048f94 None None] image_size_cap = 1099511627776 {{(pid=102054) log_opt_values /opt/stack/data/venv/lib/python3.12/site-packages/oslo_config/cfg.py:3245}}
May 30 22:47:53.724183 np0000001799 devstack@g-api.service[102054]: DEBUG glance.common.config [None req-e4e94500-18e3-4504-9719-fbbac4048f94 None None] image_tag_quota = 128 {{(pid=102054) log_opt_values /opt/stack/data/venv/lib/python3.12/site-packages/oslo_config/cfg.py:3245}}
May 30 22:47:53.724279 np0000001799 devstack@g-api.service[102054]: DEBUG glance.common.config [None req-e4e94500-18e3-4504-9719-fbbac4048f94 None None] instance_format = [instance: %(uuid)s] {{(pid=102054) log_opt_values /opt/stack/data/venv/lib/python3.12/site-packages/oslo_config/cfg.py:3245}}
May 30 22:47:53.724369 np0000001799 devstack@g-api.service[102054]: DEBUG glance.common.config [None req-e4e94500-18e3-4504-9719-fbbac4048f94 None None] instance_uuid_format = [instance: %(uuid)s] {{(pid=102054) log_opt_values /opt/stack/data/venv/lib/python3.12/site-packages/oslo_config/cfg.py:3245}}
May 30 22:47:53.724457 np0000001799 devstack@g-api.service[102054]: DEBUG glance.common.config [None req-e4e94500-18e3-4504-9719-fbbac4048f94 None None] limit_param_default = 25 {{(pid=102054) log_opt_values /opt/stack/data/venv/lib/python3.12/site-packages/oslo_config/cfg.py:3245}}
May 30 22:47:53.724548 np0000001799 devstack@g-api.service[102054]: DEBUG glance.common.config [None req-e4e94500-18e3-4504-9719-fbbac4048f94 None None] log_color = False {{(pid=102054) log_opt_values /opt/stack/data/venv/lib/python3.12/site-packages/oslo_config/cfg.py:3245}}
May 30 22:47:53.724639 np0000001799 devstack@g-api.service[102054]: DEBUG glance.common.config [None req-e4e94500-18e3-4504-9719-fbbac4048f94 None None] log_config_append = None {{(pid=102054) log_opt_values /opt/stack/data/venv/lib/python3.12/site-packages/oslo_config/cfg.py:3245}}
May 30 22:47:53.724732 np0000001799 devstack@g-api.service[102054]: DEBUG glance.common.config [None req-e4e94500-18e3-4504-9719-fbbac4048f94 None None] log_date_format = %Y-%m-%d %H:%M:%S {{(pid=102054) log_opt_values /opt/stack/data/venv/lib/python3.12/site-packages/oslo_config/cfg.py:3245}}
May 30 22:47:53.724821 np0000001799 devstack@g-api.service[102054]: DEBUG glance.common.config [None req-e4e94500-18e3-4504-9719-fbbac4048f94 None None] log_dir = None {{(pid=102054) log_opt_values /opt/stack/data/venv/lib/python3.12/site-packages/oslo_config/cfg.py:3245}}
May 30 22:47:53.724907 np0000001799 devstack@g-api.service[102054]: DEBUG glance.common.config [None req-e4e94500-18e3-4504-9719-fbbac4048f94 None None] log_file = None {{(pid=102054) log_opt_values /opt/stack/data/venv/lib/python3.12/site-packages/oslo_config/cfg.py:3245}}
May 30 22:47:53.725010 np0000001799 devstack@g-api.service[102054]: DEBUG glance.common.config [None req-e4e94500-18e3-4504-9719-fbbac4048f94 None None] log_rotate_interval = 1 {{(pid=102054) log_opt_values /opt/stack/data/venv/lib/python3.12/site-packages/oslo_config/cfg.py:3245}}
May 30 22:47:53.725110 np0000001799 devstack@g-api.service[102054]: DEBUG glance.common.config [None req-e4e94500-18e3-4504-9719-fbbac4048f94 None None] log_rotate_interval_type = days {{(pid=102054) log_opt_values /opt/stack/data/venv/lib/python3.12/site-packages/oslo_config/cfg.py:3245}}
May 30 22:47:53.725244 np0000001799 devstack@g-api.service[102054]: DEBUG glance.common.config [None req-e4e94500-18e3-4504-9719-fbbac4048f94 None None] log_rotation_type = none {{(pid=102054) log_opt_values /opt/stack/data/venv/lib/python3.12/site-packages/oslo_config/cfg.py:3245}}
May 30 22:47:53.725314 np0000001799 devstack@g-api.service[102054]: DEBUG glance.common.config [None req-e4e94500-18e3-4504-9719-fbbac4048f94 None None] logging_context_format_string = %(color)s%(levelname)s %(name)s [%(global_request_id)s %(request_id)s %(project_name)s %(user_name)s%(color)s] %(instance)s%(color)s%(message)s {{(pid=102054) log_opt_values /opt/stack/data/venv/lib/python3.12/site-packages/oslo_config/cfg.py:3245}}
May 30 22:47:53.725382 np0000001799 devstack@g-api.service[102054]: DEBUG glance.common.config [None req-e4e94500-18e3-4504-9719-fbbac4048f94 None None] logging_debug_format_suffix = {{(pid=%(process)d) %(funcName)s %(pathname)s:%(lineno)d}} {{(pid=102054) log_opt_values /opt/stack/data/venv/lib/python3.12/site-packages/oslo_config/cfg.py:3245}}
May 30 22:47:53.725480 np0000001799 devstack@g-api.service[102054]: DEBUG glance.common.config [None req-e4e94500-18e3-4504-9719-fbbac4048f94 None None] logging_default_format_string = %(color)s%(levelname)s %(name)s [-%(color)s] %(instance)s%(color)s%(message)s {{(pid=102054) log_opt_values /opt/stack/data/venv/lib/python3.12/site-packages/oslo_config/cfg.py:3245}}
May 30 22:47:53.725566 np0000001799 devstack@g-api.service[102054]: DEBUG glance.common.config [None req-e4e94500-18e3-4504-9719-fbbac4048f94 None None] logging_exception_prefix = ERROR %(name)s %(instance)s {{(pid=102054) log_opt_values /opt/stack/data/venv/lib/python3.12/site-packages/oslo_config/cfg.py:3245}}
May 30 22:47:53.725633 np0000001799 devstack@g-api.service[102054]: DEBUG glance.common.config [None req-e4e94500-18e3-4504-9719-fbbac4048f94 None None] logging_user_identity_format = %(user)s %(project)s %(domain)s %(system_scope)s %(user_domain)s %(project_domain)s {{(pid=102054) log_opt_values /opt/stack/data/venv/lib/python3.12/site-packages/oslo_config/cfg.py:3245}}
May 30 22:47:53.725716 np0000001799 devstack@g-api.service[102054]: DEBUG glance.common.config [None req-e4e94500-18e3-4504-9719-fbbac4048f94 None None] max_header_line = 16384 {{(pid=102054) log_opt_values /opt/stack/data/venv/lib/python3.12/site-packages/oslo_config/cfg.py:3245}}
May 30 22:47:53.725804 np0000001799 devstack@g-api.service[102054]: DEBUG glance.common.config [None req-e4e94500-18e3-4504-9719-fbbac4048f94 None None] max_logfile_count = 30 {{(pid=102054) log_opt_values /opt/stack/data/venv/lib/python3.12/site-packages/oslo_config/cfg.py:3245}}
May 30 22:47:53.725878 np0000001799 devstack@g-api.service[102054]: DEBUG glance.common.config [None req-e4e94500-18e3-4504-9719-fbbac4048f94 None None] max_logfile_size_mb = 200 {{(pid=102054) log_opt_values /opt/stack/data/venv/lib/python3.12/site-packages/oslo_config/cfg.py:3245}}
May 30 22:47:53.725977 np0000001799 devstack@g-api.service[102054]: DEBUG glance.common.config [None req-e4e94500-18e3-4504-9719-fbbac4048f94 None None] max_request_id_length = 64 {{(pid=102054) log_opt_values /opt/stack/data/venv/lib/python3.12/site-packages/oslo_config/cfg.py:3245}}
May 30 22:47:53.726068 np0000001799 devstack@g-api.service[102054]: DEBUG glance.common.config [None req-e4e94500-18e3-4504-9719-fbbac4048f94 None None] metadata_encryption_key = **** {{(pid=102054) log_opt_values /opt/stack/data/venv/lib/python3.12/site-packages/oslo_config/cfg.py:3245}}
May 30 22:47:53.726157 np0000001799 devstack@g-api.service[102054]: DEBUG glance.common.config [None req-e4e94500-18e3-4504-9719-fbbac4048f94 None None] node_staging_uri = file:///tmp/staging/ {{(pid=102054) log_opt_values /opt/stack/data/venv/lib/python3.12/site-packages/oslo_config/cfg.py:3245}}
May 30 22:47:53.726267 np0000001799 devstack@g-api.service[102054]: DEBUG glance.common.config [None req-e4e94500-18e3-4504-9719-fbbac4048f94 None None] property_protection_file = None {{(pid=102054) log_opt_values /opt/stack/data/venv/lib/python3.12/site-packages/oslo_config/cfg.py:3245}}
May 30 22:47:53.726390 np0000001799 devstack@g-api.service[102054]: DEBUG glance.common.config [None req-e4e94500-18e3-4504-9719-fbbac4048f94 None None] property_protection_rule_format = roles {{(pid=102054) log_opt_values /opt/stack/data/venv/lib/python3.12/site-packages/oslo_config/cfg.py:3245}}
May 30 22:47:53.726531 np0000001799 devstack@g-api.service[102054]: DEBUG glance.common.config [None req-e4e94500-18e3-4504-9719-fbbac4048f94 None None] public_endpoint = https://10.4.3.208/image {{(pid=102054) log_opt_values /opt/stack/data/venv/lib/python3.12/site-packages/oslo_config/cfg.py:3245}}
May 30 22:47:53.726634 np0000001799 devstack@g-api.service[102054]: DEBUG glance.common.config [None req-e4e94500-18e3-4504-9719-fbbac4048f94 None None] publish_errors = False {{(pid=102054) log_opt_values /opt/stack/data/venv/lib/python3.12/site-packages/oslo_config/cfg.py:3245}}
May 30 22:47:53.726720 np0000001799 devstack@g-api.service[102054]: DEBUG glance.common.config [None req-e4e94500-18e3-4504-9719-fbbac4048f94 None None] pydev_worker_debug_host = None {{(pid=102054) log_opt_values /opt/stack/data/venv/lib/python3.12/site-packages/oslo_config/cfg.py:3245}}
May 30 22:47:53.726811 np0000001799 devstack@g-api.service[102054]: DEBUG glance.common.config [None req-e4e94500-18e3-4504-9719-fbbac4048f94 None None] pydev_worker_debug_port = 5678 {{(pid=102054) log_opt_values /opt/stack/data/venv/lib/python3.12/site-packages/oslo_config/cfg.py:3245}}
May 30 22:47:53.726894 np0000001799 devstack@g-api.service[102054]: DEBUG glance.common.config [None req-e4e94500-18e3-4504-9719-fbbac4048f94 None None] rate_limit_burst = 0 {{(pid=102054) log_opt_values /opt/stack/data/venv/lib/python3.12/site-packages/oslo_config/cfg.py:3245}}
May 30 22:47:53.727002 np0000001799 devstack@g-api.service[102054]: DEBUG glance.common.config [None req-e4e94500-18e3-4504-9719-fbbac4048f94 None None] rate_limit_except_level = CRITICAL {{(pid=102054) log_opt_values /opt/stack/data/venv/lib/python3.12/site-packages/oslo_config/cfg.py:3245}}
May 30 22:47:53.727088 np0000001799 devstack@g-api.service[102054]: DEBUG glance.common.config [None req-e4e94500-18e3-4504-9719-fbbac4048f94 None None] rate_limit_interval = 0 {{(pid=102054) log_opt_values /opt/stack/data/venv/lib/python3.12/site-packages/oslo_config/cfg.py:3245}}
May 30 22:47:53.727213 np0000001799 devstack@g-api.service[102054]: DEBUG glance.common.config [None req-e4e94500-18e3-4504-9719-fbbac4048f94 None None] scrub_pool_size = 1 {{(pid=102054) log_opt_values /opt/stack/data/venv/lib/python3.12/site-packages/oslo_config/cfg.py:3245}}
May 30 22:47:53.727307 np0000001799 devstack@g-api.service[102054]: DEBUG glance.common.config [None req-e4e94500-18e3-4504-9719-fbbac4048f94 None None] scrub_time = 0 {{(pid=102054) log_opt_values /opt/stack/data/venv/lib/python3.12/site-packages/oslo_config/cfg.py:3245}}
May 30 22:47:53.727394 np0000001799 devstack@g-api.service[102054]: DEBUG glance.common.config [None req-e4e94500-18e3-4504-9719-fbbac4048f94 None None] shell_completion = None {{(pid=102054) log_opt_values /opt/stack/data/venv/lib/python3.12/site-packages/oslo_config/cfg.py:3245}}
May 30 22:47:53.727486 np0000001799 devstack@g-api.service[102054]: DEBUG glance.common.config [None req-e4e94500-18e3-4504-9719-fbbac4048f94 None None] show_image_direct_url = False {{(pid=102054) log_opt_values /opt/stack/data/venv/lib/python3.12/site-packages/oslo_config/cfg.py:3245}}
May 30 22:47:53.727716 np0000001799 devstack@g-api.service[102054]: WARNING oslo_config.cfg [None req-e4e94500-18e3-4504-9719-fbbac4048f94 None None] Deprecated: Option "show_multiple_locations" from group "DEFAULT" is deprecated for removal (Use of this option, deprecated since Newton, is a security risk and will be removed once we figure out a way to satisfy those use cases that currently require it. An earlier announcement that the same functionality can be achieved with greater granularity by using policies is incorrect. You cannot work around this option via policy configuration at the present time, though that is the direction we believe the fix will take. Please keep an eye on the Glance release notes to stay up to date on progress in addressing this issue.). Its value may be silently ignored in the future.
May 30 22:47:53.727796 np0000001799 devstack@g-api.service[102054]: DEBUG glance.common.config [None req-e4e94500-18e3-4504-9719-fbbac4048f94 None None] show_multiple_locations = False {{(pid=102054) log_opt_values /opt/stack/data/venv/lib/python3.12/site-packages/oslo_config/cfg.py:3245}}
May 30 22:47:53.727891 np0000001799 devstack@g-api.service[102054]: DEBUG glance.common.config [None req-e4e94500-18e3-4504-9719-fbbac4048f94 None None] syslog_log_facility = LOG_USER {{(pid=102054) log_opt_values /opt/stack/data/venv/lib/python3.12/site-packages/oslo_config/cfg.py:3245}}
May 30 22:47:53.727999 np0000001799 devstack@g-api.service[102054]: DEBUG glance.common.config [None req-e4e94500-18e3-4504-9719-fbbac4048f94 None None] tcp_keepidle = 600 {{(pid=102054) log_opt_values /opt/stack/data/venv/lib/python3.12/site-packages/oslo_config/cfg.py:3245}}
May 30 22:47:53.728093 np0000001799 devstack@g-api.service[102054]: DEBUG glance.common.config [None req-e4e94500-18e3-4504-9719-fbbac4048f94 None None] transport_url = **** {{(pid=102054) log_opt_values /opt/stack/data/venv/lib/python3.12/site-packages/oslo_config/cfg.py:3245}}
May 30 22:47:53.728190 np0000001799 devstack@g-api.service[102054]: DEBUG glance.common.config [None req-e4e94500-18e3-4504-9719-fbbac4048f94 None None] use_journal = False {{(pid=102054) log_opt_values /opt/stack/data/venv/lib/python3.12/site-packages/oslo_config/cfg.py:3245}}
May 30 22:47:53.728278 np0000001799 devstack@g-api.service[102054]: DEBUG glance.common.config [None req-e4e94500-18e3-4504-9719-fbbac4048f94 None None] use_json = False {{(pid=102054) log_opt_values /opt/stack/data/venv/lib/python3.12/site-packages/oslo_config/cfg.py:3245}}
May 30 22:47:53.728371 np0000001799 devstack@g-api.service[102054]: DEBUG glance.common.config [None req-e4e94500-18e3-4504-9719-fbbac4048f94 None None] use_keystone_limits = True {{(pid=102054) log_opt_values /opt/stack/data/venv/lib/python3.12/site-packages/oslo_config/cfg.py:3245}}
May 30 22:47:53.728456 np0000001799 devstack@g-api.service[102054]: DEBUG glance.common.config [None req-e4e94500-18e3-4504-9719-fbbac4048f94 None None] use_stderr = False {{(pid=102054) log_opt_values /opt/stack/data/venv/lib/python3.12/site-packages/oslo_config/cfg.py:3245}}
May 30 22:47:53.728545 np0000001799 devstack@g-api.service[102054]: DEBUG glance.common.config [None req-e4e94500-18e3-4504-9719-fbbac4048f94 None None] use_syslog = False {{(pid=102054) log_opt_values /opt/stack/data/venv/lib/python3.12/site-packages/oslo_config/cfg.py:3245}}
May 30 22:47:53.728635 np0000001799 devstack@g-api.service[102054]: DEBUG glance.common.config [None req-e4e94500-18e3-4504-9719-fbbac4048f94 None None] user_storage_quota = 0 {{(pid=102054) log_opt_values /opt/stack/data/venv/lib/python3.12/site-packages/oslo_config/cfg.py:3245}}
May 30 22:47:53.728722 np0000001799 devstack@g-api.service[102054]: DEBUG glance.common.config [None req-e4e94500-18e3-4504-9719-fbbac4048f94 None None] worker_self_reference_url = http://127.0.0.1:60999 {{(pid=102054) log_opt_values /opt/stack/data/venv/lib/python3.12/site-packages/oslo_config/cfg.py:3245}}
May 30 22:47:53.728806 np0000001799 devstack@g-api.service[102054]: DEBUG glance.common.config [None req-e4e94500-18e3-4504-9719-fbbac4048f94 None None] workers = None {{(pid=102054) log_opt_values /opt/stack/data/venv/lib/python3.12/site-packages/oslo_config/cfg.py:3245}}
May 30 22:47:53.728911 np0000001799 devstack@g-api.service[102054]: DEBUG glance.common.config [None req-e4e94500-18e3-4504-9719-fbbac4048f94 None None] oslo_concurrency.disable_process_locking = False {{(pid=102054) log_opt_values /opt/stack/data/venv/lib/python3.12/site-packages/oslo_config/cfg.py:3256}}
May 30 22:47:53.729025 np0000001799 devstack@g-api.service[102054]: DEBUG glance.common.config [None req-e4e94500-18e3-4504-9719-fbbac4048f94 None None] oslo_concurrency.lock_path = /opt/stack/data/glance/locks {{(pid=102054) log_opt_values /opt/stack/data/venv/lib/python3.12/site-packages/oslo_config/cfg.py:3256}}
May 30 22:47:53.729120 np0000001799 devstack@g-api.service[102054]: DEBUG glance.common.config [None req-e4e94500-18e3-4504-9719-fbbac4048f94 None None] oslo_middleware.enable_proxy_headers_parsing = False {{(pid=102054) log_opt_values /opt/stack/data/venv/lib/python3.12/site-packages/oslo_config/cfg.py:3256}}
May 30 22:47:53.729257 np0000001799 devstack@g-api.service[102054]: DEBUG glance.common.config [None req-e4e94500-18e3-4504-9719-fbbac4048f94 None None] oslo_middleware.http_basic_auth_user_file = /etc/htpasswd {{(pid=102054) log_opt_values /opt/stack/data/venv/lib/python3.12/site-packages/oslo_config/cfg.py:3256}}
May 30 22:47:53.729353 np0000001799 devstack@g-api.service[102054]: DEBUG glance.common.config [None req-e4e94500-18e3-4504-9719-fbbac4048f94 None None] paste_deploy.config_file = None {{(pid=102054) log_opt_values /opt/stack/data/venv/lib/python3.12/site-packages/oslo_config/cfg.py:3256}}
May 30 22:47:53.729448 np0000001799 devstack@g-api.service[102054]: DEBUG glance.common.config [None req-e4e94500-18e3-4504-9719-fbbac4048f94 None None] paste_deploy.flavor = keystone+cachemanagement {{(pid=102054) log_opt_values /opt/stack/data/venv/lib/python3.12/site-packages/oslo_config/cfg.py:3256}}
May 30 22:47:53.729583 np0000001799 devstack@g-api.service[102054]: DEBUG glance.common.config [None req-e4e94500-18e3-4504-9719-fbbac4048f94 None None] image_format.container_formats = ['ami', 'ari', 'aki', 'bare', 'ovf', 'ova', 'docker', 'compressed'] {{(pid=102054) log_opt_values /opt/stack/data/venv/lib/python3.12/site-packages/oslo_config/cfg.py:3256}}
May 30 22:47:53.729697 np0000001799 devstack@g-api.service[102054]: DEBUG glance.common.config [None req-e4e94500-18e3-4504-9719-fbbac4048f94 None None] image_format.disk_formats = ['ami', 'ari', 'aki', 'vhd', 'vhdx', 'vmdk', 'raw', 'qcow2', 'vdi', 'iso', 'ploop'] {{(pid=102054) log_opt_values /opt/stack/data/venv/lib/python3.12/site-packages/oslo_config/cfg.py:3256}}
May 30 22:47:53.729786 np0000001799 devstack@g-api.service[102054]: DEBUG glance.common.config [None req-e4e94500-18e3-4504-9719-fbbac4048f94 None None] image_format.gpt_safety_checks_nonfatal = [] {{(pid=102054) log_opt_values /opt/stack/data/venv/lib/python3.12/site-packages/oslo_config/cfg.py:3256}}
May 30 22:47:53.729877 np0000001799 devstack@g-api.service[102054]: DEBUG glance.common.config [None req-e4e94500-18e3-4504-9719-fbbac4048f94 None None] image_format.require_image_format_match = True {{(pid=102054) log_opt_values /opt/stack/data/venv/lib/python3.12/site-packages/oslo_config/cfg.py:3256}}
May 30 22:47:53.729995 np0000001799 devstack@g-api.service[102054]: DEBUG glance.common.config [None req-e4e94500-18e3-4504-9719-fbbac4048f94 None None] image_format.vmdk_allowed_types = ['streamOptimized', 'monolithicSparse'] {{(pid=102054) log_opt_values /opt/stack/data/venv/lib/python3.12/site-packages/oslo_config/cfg.py:3256}}
May 30 22:47:53.730093 np0000001799 devstack@g-api.service[102054]: DEBUG glance.common.config [None req-e4e94500-18e3-4504-9719-fbbac4048f94 None None] task.task_executor = taskflow {{(pid=102054) log_opt_values /opt/stack/data/venv/lib/python3.12/site-packages/oslo_config/cfg.py:3256}}
