May 30 22:47:31.207105 np0000001799 nova-scheduler[95821]: DEBUG cotyledon.oslo_config_glue [-] oslo_limit.connect_retry_delay = None {{(pid=95821) log_opt_values /opt/stack/data/venv/lib/python3.12/site-packages/oslo_config/cfg.py:3256}}
May 30 22:47:31.207105 np0000001799 nova-scheduler[95821]: DEBUG cotyledon.oslo_config_glue [-] oslo_limit.endpoint_id = None {{(pid=95821) log_opt_values /opt/stack/data/venv/lib/python3.12/site-packages/oslo_config/cfg.py:3256}}
May 30 22:47:31.207105 np0000001799 nova-scheduler[95821]: DEBUG cotyledon.oslo_config_glue [-] oslo_limit.endpoint_interface = public {{(pid=95821) log_opt_values /opt/stack/data/venv/lib/python3.12/site-packages/oslo_config/cfg.py:3256}}
May 30 22:47:31.207105 np0000001799 nova-scheduler[95821]: DEBUG cotyledon.oslo_config_glue [-] oslo_limit.endpoint_override = None {{(pid=95821) log_opt_values /opt/stack/data/venv/lib/python3.12/site-packages/oslo_config/cfg.py:3256}}
May 30 22:47:31.207105 np0000001799 nova-scheduler[95821]: DEBUG cotyledon.oslo_config_glue [-] oslo_limit.endpoint_region_name = None {{(pid=95821) log_opt_values /opt/stack/data/venv/lib/python3.12/site-packages/oslo_config/cfg.py:3256}}
May 30 22:47:31.207105 np0000001799 nova-scheduler[95821]: DEBUG cotyledon.oslo_config_glue [-] oslo_limit.endpoint_service_name = None {{(pid=95821) log_opt_values /opt/stack/data/venv/lib/python3.12/site-packages/oslo_config/cfg.py:3256}}
May 30 22:47:31.207105 np0000001799 nova-scheduler[95821]: DEBUG cotyledon.oslo_config_glue [-] oslo_limit.endpoint_service_type = None {{(pid=95821) log_opt_values /opt/stack/data/venv/lib/python3.12/site-packages/oslo_config/cfg.py:3256}}
May 30 22:47:31.207105 np0000001799 nova-scheduler[95821]: DEBUG cotyledon.oslo_config_glue [-] oslo_limit.insecure = False {{(pid=95821) log_opt_values /opt/stack/data/venv/lib/python3.12/site-packages/oslo_config/cfg.py:3256}}
May 30 22:47:31.207267 np0000001799 nova-scheduler[95821]: DEBUG cotyledon.oslo_config_glue [-] oslo_limit.keyfile = None {{(pid=95821) log_opt_values /opt/stack/data/venv/lib/python3.12/site-packages/oslo_config/cfg.py:3256}}
May 30 22:47:31.207267 np0000001799 nova-scheduler[95821]: DEBUG cotyledon.oslo_config_glue [-] oslo_limit.max_version = None {{(pid=95821) log_opt_values /opt/stack/data/venv/lib/python3.12/site-packages/oslo_config/cfg.py:3256}}
May 30 22:47:31.207267 np0000001799 nova-scheduler[95821]: DEBUG cotyledon.oslo_config_glue [-] oslo_limit.min_version = None {{(pid=95821) log_opt_values /opt/stack/data/venv/lib/python3.12/site-packages/oslo_config/cfg.py:3256}}
May 30 22:47:31.207267 np0000001799 nova-scheduler[95821]: DEBUG cotyledon.oslo_config_glue [-] oslo_limit.region_name = None {{(pid=95821) log_opt_values /opt/stack/data/venv/lib/python3.12/site-packages/oslo_config/cfg.py:3256}}
May 30 22:47:31.207267 np0000001799 nova-scheduler[95821]: DEBUG cotyledon.oslo_config_glue [-] oslo_limit.retriable_status_codes = None {{(pid=95821) log_opt_values /opt/stack/data/venv/lib/python3.12/site-packages/oslo_config/cfg.py:3256}}
May 30 22:47:31.207267 np0000001799 nova-scheduler[95821]: DEBUG cotyledon.oslo_config_glue [-] oslo_limit.service_name = None {{(pid=95821) log_opt_values /opt/stack/data/venv/lib/python3.12/site-packages/oslo_config/cfg.py:3256}}
May 30 22:47:31.207267 np0000001799 nova-scheduler[95821]: DEBUG cotyledon.oslo_config_glue [-] oslo_limit.service_type = None {{(pid=95821) log_opt_values /opt/stack/data/venv/lib/python3.12/site-packages/oslo_config/cfg.py:3256}}
May 30 22:47:31.207267 np0000001799 nova-scheduler[95821]: DEBUG cotyledon.oslo_config_glue [-] oslo_limit.split_loggers = False {{(pid=95821) log_opt_values /opt/stack/data/venv/lib/python3.12/site-packages/oslo_config/cfg.py:3256}}
May 30 22:47:31.207267 np0000001799 nova-scheduler[95821]: DEBUG cotyledon.oslo_config_glue [-] oslo_limit.status_code_retries = None {{(pid=95821) log_opt_values /opt/stack/data/venv/lib/python3.12/site-packages/oslo_config/cfg.py:3256}}
May 30 22:47:31.207469 np0000001799 nova-scheduler[95821]: DEBUG cotyledon.oslo_config_glue [-] oslo_limit.status_code_retry_delay = None {{(pid=95821) log_opt_values /opt/stack/data/venv/lib/python3.12/site-packages/oslo_config/cfg.py:3256}}
May 30 22:47:31.207469 np0000001799 nova-scheduler[95821]: DEBUG cotyledon.oslo_config_glue [-] oslo_limit.timeout = None {{(pid=95821) log_opt_values /opt/stack/data/venv/lib/python3.12/site-packages/oslo_config/cfg.py:3256}}
May 30 22:47:31.207469 np0000001799 nova-scheduler[95821]: DEBUG cotyledon.oslo_config_glue [-] oslo_limit.valid_interfaces = None {{(pid=95821) log_opt_values /opt/stack/data/venv/lib/python3.12/site-packages/oslo_config/cfg.py:3256}}
May 30 22:47:31.207469 np0000001799 nova-scheduler[95821]: DEBUG cotyledon.oslo_config_glue [-] oslo_limit.version = None {{(pid=95821) log_opt_values /opt/stack/data/venv/lib/python3.12/site-packages/oslo_config/cfg.py:3256}}
May 30 22:47:31.207469 np0000001799 nova-scheduler[95821]: DEBUG cotyledon.oslo_config_glue [-] oslo_reports.file_event_handler = None {{(pid=95821) log_opt_values /opt/stack/data/venv/lib/python3.12/site-packages/oslo_config/cfg.py:3256}}
May 30 22:47:31.207469 np0000001799 nova-scheduler[95821]: DEBUG cotyledon.oslo_config_glue [-] oslo_reports.file_event_handler_interval = 1 {{(pid=95821) log_opt_values /opt/stack/data/venv/lib/python3.12/site-packages/oslo_config/cfg.py:3256}}
May 30 22:47:31.207469 np0000001799 nova-scheduler[95821]: DEBUG cotyledon.oslo_config_glue [-] oslo_reports.log_dir = None {{(pid=95821) log_opt_values /opt/stack/data/venv/lib/python3.12/site-packages/oslo_config/cfg.py:3256}}
May 30 22:47:31.207469 np0000001799 nova-scheduler[95821]: DEBUG cotyledon.oslo_config_glue [-] ******************************************************************************** {{(pid=95821) log_opt_values /opt/stack/data/venv/lib/python3.12/site-packages/oslo_config/cfg.py:3263}}
May 30 22:47:31.207469 np0000001799 nova-scheduler[95821]: DEBUG cotyledon._service_worker [-] Run service ServiceWrapper(2) [95821] {{(pid=95821) wait_forever /opt/stack/data/venv/lib/python3.12/site-packages/cotyledon/_service_worker.py:218}}
May 30 22:47:31.207684 np0000001799 nova-scheduler[95821]: INFO nova.service [-] Starting scheduler node (version 33.1.0)
May 30 22:47:31.207684 np0000001799 nova-scheduler[95821]: INFO dbcounter [None req-914fd259-ab07-4e37-bf08-856ea393934f None None] Registered counter for database nova_cell0
May 30 22:47:31.218461 np0000001799 nova-scheduler[95819]: DEBUG oslo_db.sqlalchemy.engines [None req-67c0d23c-d99f-4364-8f20-b96560443296 None None] MySQL server mode set to STRICT_TRANS_TABLES,STRICT_ALL_TABLES,NO_ZERO_IN_DATE,NO_ZERO_DATE,ERROR_FOR_DIVISION_BY_ZERO,TRADITIONAL,NO_ENGINE_SUBSTITUTION {{(pid=95819) _check_effective_sql_mode /opt/stack/data/venv/lib/python3.12/site-packages/oslo_db/sqlalchemy/engines.py:325}}
May 30 22:47:31.227010 np0000001799 nova-scheduler[95819]: DEBUG dbcounter [-] [95819] Writer thread running {{(pid=95819) stat_writer /opt/stack/data/venv/lib/python3.12/site-packages/dbcounter.py:102}}
May 30 22:47:31.227290 np0000001799 nova-scheduler[95817]: DEBUG oslo_db.sqlalchemy.engines [None req-573a30ab-7f09-4153-880d-dbccd6eca5ab None None] MySQL server mode set to STRICT_TRANS_TABLES,STRICT_ALL_TABLES,NO_ZERO_IN_DATE,NO_ZERO_DATE,ERROR_FOR_DIVISION_BY_ZERO,TRADITIONAL,NO_ENGINE_SUBSTITUTION {{(pid=95817) _check_effective_sql_mode /opt/stack/data/venv/lib/python3.12/site-packages/oslo_db/sqlalchemy/engines.py:325}}
May 30 22:47:31.236133 np0000001799 nova-scheduler[95817]: DEBUG dbcounter [-] [95817] Writer thread running {{(pid=95817) stat_writer /opt/stack/data/venv/lib/python3.12/site-packages/dbcounter.py:102}}
May 30 22:47:31.240191 np0000001799 nova-scheduler[95819]: DEBUG nova.service [None req-67c0d23c-d99f-4364-8f20-b96560443296 None None] Creating RPC server for service: nova-scheduler on topic: scheduler {{(pid=95819) start /opt/stack/nova/nova/service.py:195}}
May 30 22:47:31.249890 np0000001799 nova-scheduler[95817]: DEBUG nova.service [None req-573a30ab-7f09-4153-880d-dbccd6eca5ab None None] Creating RPC server for service: nova-scheduler on topic: scheduler {{(pid=95817) start /opt/stack/nova/nova/service.py:195}}
May 30 22:47:31.253632 np0000001799 nova-scheduler[95821]: DEBUG oslo_db.sqlalchemy.engines [None req-914fd259-ab07-4e37-bf08-856ea393934f None None] MySQL server mode set to STRICT_TRANS_TABLES,STRICT_ALL_TABLES,NO_ZERO_IN_DATE,NO_ZERO_DATE,ERROR_FOR_DIVISION_BY_ZERO,TRADITIONAL,NO_ENGINE_SUBSTITUTION {{(pid=95821) _check_effective_sql_mode /opt/stack/data/venv/lib/python3.12/site-packages/oslo_db/sqlalchemy/engines.py:325}}
May 30 22:47:31.264659 np0000001799 nova-scheduler[95821]: DEBUG dbcounter [-] [95821] Writer thread running {{(pid=95821) stat_writer /opt/stack/data/venv/lib/python3.12/site-packages/dbcounter.py:102}}
May 30 22:47:31.267664 np0000001799 nova-scheduler[95821]: DEBUG nova.service [None req-914fd259-ab07-4e37-bf08-856ea393934f None None] Creating RPC server for service: nova-scheduler on topic: scheduler {{(pid=95821) start /opt/stack/nova/nova/service.py:195}}
May 30 22:47:31.273007 np0000001799 nova-scheduler[95817]: DEBUG nova.service [None req-573a30ab-7f09-4153-880d-dbccd6eca5ab None None] Join ServiceGroup membership for this service scheduler {{(pid=95817) start /opt/stack/nova/nova/service.py:221}}
May 30 22:47:31.273245 np0000001799 nova-scheduler[95817]: DEBUG nova.servicegroup.drivers.db [None req-573a30ab-7f09-4153-880d-dbccd6eca5ab None None] DB_Driver: join new ServiceGroup member np0000001799 to the scheduler group, service = {{(pid=95817) join /opt/stack/nova/nova/servicegroup/drivers/db.py:44}}
May 30 22:47:31.274813 np0000001799 nova-scheduler[95819]: DEBUG nova.service [None req-67c0d23c-d99f-4364-8f20-b96560443296 None None] Join ServiceGroup membership for this service scheduler {{(pid=95819) start /opt/stack/nova/nova/service.py:221}}
May 30 22:47:31.275020 np0000001799 nova-scheduler[95819]: DEBUG nova.servicegroup.drivers.db [None req-67c0d23c-d99f-4364-8f20-b96560443296 None None] DB_Driver: join new ServiceGroup member np0000001799 to the scheduler group, service = {{(pid=95819) join /opt/stack/nova/nova/servicegroup/drivers/db.py:44}}
May 30 22:47:31.284699 np0000001799 nova-scheduler[95821]: DEBUG nova.service [None req-914fd259-ab07-4e37-bf08-856ea393934f None None] Join ServiceGroup membership for this service scheduler {{(pid=95821) start /opt/stack/nova/nova/service.py:221}}
May 30 22:47:31.284876 np0000001799 nova-scheduler[95821]: DEBUG nova.servicegroup.drivers.db [None req-914fd259-ab07-4e37-bf08-856ea393934f None None] DB_Driver: join new ServiceGroup member np0000001799 to the scheduler group, service = {{(pid=95821) join /opt/stack/nova/nova/servicegroup/drivers/db.py:44}}
May 30 22:47:36.285419 np0000001799 nova-scheduler[95817]: DEBUG oslo.service.backend._threading.loopingcall [-] Fixed interval looping call 'nova.servicegroup.drivers.db.DbDriver._report_state' sleeping for 119.99 seconds {{(pid=95817) _run_loop /opt/stack/data/venv/lib/python3.12/site-packages/oslo_service/backend/_threading/loopingcall.py:125}}
May 30 22:47:36.297273 np0000001799 nova-scheduler[95819]: DEBUG oslo.service.backend._threading.loopingcall [-] Fixed interval looping call 'nova.servicegroup.drivers.db.DbDriver._report_state' sleeping for 119.98 seconds {{(pid=95819) _run_loop /opt/stack/data/venv/lib/python3.12/site-packages/oslo_service/backend/_threading/loopingcall.py:125}}
May 30 22:47:36.299767 np0000001799 nova-scheduler[95821]: DEBUG oslo.service.backend._threading.loopingcall [-] Fixed interval looping call 'nova.servicegroup.drivers.db.DbDriver._report_state' sleeping for 119.99 seconds {{(pid=95821) _run_loop /opt/stack/data/venv/lib/python3.12/site-packages/oslo_service/backend/_threading/loopingcall.py:125}}
May 30 22:47:39.866676 np0000001799 nova-scheduler[94544]: DEBUG dbcounter [-] [94544] Writing DB stats nova_api:SELECT=3 {{(pid=94544) stat_writer /opt/stack/data/venv/lib/python3.12/site-packages/dbcounter.py:115}}
May 30 22:47:39.992984 np0000001799 nova-scheduler[94544]: DEBUG dbcounter [-] [94544] Writing DB stats nova_cell0:SELECT=1 {{(pid=94544) stat_writer /opt/stack/data/venv/lib/python3.12/site-packages/dbcounter.py:115}}
May 30 22:47:39.996998 np0000001799 nova-scheduler[94544]: DEBUG dbcounter [-] [94544] Writing DB stats nova_cell1:SELECT=1 {{(pid=94544) stat_writer /opt/stack/data/venv/lib/python3.12/site-packages/dbcounter.py:115}}
May 30 22:47:46.281744 np0000001799 nova-scheduler[95817]: DEBUG dbcounter [-] [95817] Writing DB stats nova_cell0:SELECT=4,nova_cell0:INSERT=1,nova_cell0:UPDATE=1 {{(pid=95817) stat_writer /opt/stack/data/venv/lib/python3.12/site-packages/dbcounter.py:115}}
May 30 22:47:46.293627 np0000001799 nova-scheduler[95819]: DEBUG dbcounter [-] [95819] Writing DB stats nova_cell0:SELECT=4,nova_cell0:INSERT=1,nova_cell0:UPDATE=1 {{(pid=95819) stat_writer /opt/stack/data/venv/lib/python3.12/site-packages/dbcounter.py:115}}
May 30 22:47:46.296075 np0000001799 nova-scheduler[95821]: DEBUG dbcounter [-] [95821] Writing DB stats nova_cell0:SELECT=3 {{(pid=95821) stat_writer /opt/stack/data/venv/lib/python3.12/site-packages/dbcounter.py:115}}
May 30 22:47:52.276744 np0000001799 nova-scheduler[95819]: DEBUG oslo.service.backend._threading.loopingcall [None req-112d9a98-0023-47ae-b11f-9893af879130 None None] Dynamic interval looping call 'nova.service.Service.periodic_tasks' sleeping for 60.00 seconds {{(pid=95819) _run_loop /opt/stack/data/venv/lib/python3.12/site-packages/oslo_service/backend/_threading/loopingcall.py:125}}
May 30 22:48:19.286780 np0000001799 nova-scheduler[95821]: DEBUG oslo.service.backend._threading.loopingcall [None req-df8cc086-f6a0-4ef9-973f-a69daa952d73 None None] Dynamic interval looping call 'nova.service.Service.periodic_tasks' sleeping for 60.00 seconds {{(pid=95821) _run_loop /opt/stack/data/venv/lib/python3.12/site-packages/oslo_service/backend/_threading/loopingcall.py:125}}
May 30 22:48:24.275297 np0000001799 nova-scheduler[95817]: DEBUG oslo.service.backend._threading.loopingcall [None req-6a237d88-aefe-4402-89e3-965c8707421e None None] Dynamic interval looping call 'nova.service.Service.periodic_tasks' sleeping for 60.00 seconds {{(pid=95817) _run_loop /opt/stack/data/venv/lib/python3.12/site-packages/oslo_service/backend/_threading/loopingcall.py:125}}
May 30 22:48:52.277300 np0000001799 nova-scheduler[95819]: DEBUG oslo.service.backend._threading.loopingcall [None req-112d9a98-0023-47ae-b11f-9893af879130 None None] Dynamic interval looping call 'nova.service.Service.periodic_tasks' sleeping for 60.00 seconds {{(pid=95819) _run_loop /opt/stack/data/venv/lib/python3.12/site-packages/oslo_service/backend/_threading/loopingcall.py:125}}
May 30 22:49:19.287408 np0000001799 nova-scheduler[95821]: DEBUG oslo.service.backend._threading.loopingcall [None req-df8cc086-f6a0-4ef9-973f-a69daa952d73 None None] Dynamic interval looping call 'nova.service.Service.periodic_tasks' sleeping for 60.00 seconds {{(pid=95821) _run_loop /opt/stack/data/venv/lib/python3.12/site-packages/oslo_service/backend/_threading/loopingcall.py:125}}
May 30 22:49:24.275871 np0000001799 nova-scheduler[95817]: DEBUG oslo.service.backend._threading.loopingcall [None req-6a237d88-aefe-4402-89e3-965c8707421e None None] Dynamic interval looping call 'nova.service.Service.periodic_tasks' sleeping for 60.00 seconds {{(pid=95817) _run_loop /opt/stack/data/venv/lib/python3.12/site-packages/oslo_service/backend/_threading/loopingcall.py:125}}
May 30 22:49:36.286332 np0000001799 nova-scheduler[95817]: DEBUG oslo.service.backend._threading.loopingcall [-] Fixed interval looping call 'nova.servicegroup.drivers.db.DbDriver._report_state' sleeping for 119.99 seconds {{(pid=95817) _run_loop /opt/stack/data/venv/lib/python3.12/site-packages/oslo_service/backend/_threading/loopingcall.py:125}}
May 30 22:49:36.286737 np0000001799 nova-scheduler[95819]: DEBUG oslo.service.backend._threading.loopingcall [-] Fixed interval looping call 'nova.servicegroup.drivers.db.DbDriver._report_state' sleeping for 119.99 seconds {{(pid=95819) _run_loop /opt/stack/data/venv/lib/python3.12/site-packages/oslo_service/backend/_threading/loopingcall.py:125}}
May 30 22:49:36.292979 np0000001799 nova-scheduler[95821]: DEBUG oslo.service.backend._threading.loopingcall [-] Fixed interval looping call 'nova.servicegroup.drivers.db.DbDriver._report_state' sleeping for 120.00 seconds {{(pid=95821) _run_loop /opt/stack/data/venv/lib/python3.12/site-packages/oslo_service/backend/_threading/loopingcall.py:125}}
May 30 22:49:46.279051 np0000001799 nova-scheduler[95817]: DEBUG dbcounter [-] [95817] Writing DB stats nova_cell0:SELECT=1,nova_cell0:UPDATE=1 {{(pid=95817) stat_writer /opt/stack/data/venv/lib/python3.12/site-packages/dbcounter.py:115}}
May 30 22:49:46.281228 np0000001799 nova-scheduler[95819]: DEBUG dbcounter [-] [95819] Writing DB stats nova_cell0:SELECT=1,nova_cell0:UPDATE=1 {{(pid=95819) stat_writer /opt/stack/data/venv/lib/python3.12/site-packages/dbcounter.py:115}}
May 30 22:49:46.291283 np0000001799 nova-scheduler[95821]: DEBUG dbcounter [-] [95821] Writing DB stats nova_cell0:SELECT=1 {{(pid=95821) stat_writer /opt/stack/data/venv/lib/python3.12/site-packages/dbcounter.py:115}}
May 30 22:49:52.277864 np0000001799 nova-scheduler[95819]: DEBUG oslo.service.backend._threading.loopingcall [None req-112d9a98-0023-47ae-b11f-9893af879130 None None] Dynamic interval looping call 'nova.service.Service.periodic_tasks' sleeping for 60.00 seconds {{(pid=95819) _run_loop /opt/stack/data/venv/lib/python3.12/site-packages/oslo_service/backend/_threading/loopingcall.py:125}}
May 30 22:50:19.287913 np0000001799 nova-scheduler[95821]: DEBUG oslo.service.backend._threading.loopingcall [None req-df8cc086-f6a0-4ef9-973f-a69daa952d73 None None] Dynamic interval looping call 'nova.service.Service.periodic_tasks' sleeping for 60.00 seconds {{(pid=95821) _run_loop /opt/stack/data/venv/lib/python3.12/site-packages/oslo_service/backend/_threading/loopingcall.py:125}}
May 30 22:50:24.277431 np0000001799 nova-scheduler[95817]: DEBUG oslo.service.backend._threading.loopingcall [None req-6a237d88-aefe-4402-89e3-965c8707421e None None] Dynamic interval looping call 'nova.service.Service.periodic_tasks' sleeping for 60.00 seconds {{(pid=95817) _run_loop /opt/stack/data/venv/lib/python3.12/site-packages/oslo_service/backend/_threading/loopingcall.py:125}}
May 30 22:50:28.138395 np0000001799 nova-scheduler[95817]: DEBUG nova.scheduler.manager [None req-9bda79e4-e9fe-435d-8cc7-03c4853b80e2 tempest-AttachVolumeNegativeTest-1939271361 tempest-AttachVolumeNegativeTest-1939271361-project-member] Starting to schedule for instances: ['b6f29811-3923-4efb-8d21-55470797a11a'] {{(pid=95817) select_destinations /opt/stack/nova/nova/scheduler/manager.py:210}}
May 30 22:50:28.139099 np0000001799 nova-scheduler[95817]: DEBUG nova.scheduler.request_filter [None req-9bda79e4-e9fe-435d-8cc7-03c4853b80e2 tempest-AttachVolumeNegativeTest-1939271361 tempest-AttachVolumeNegativeTest-1939271361-project-member] compute_status_filter request filter added forbidden trait COMPUTE_STATUS_DISABLED {{(pid=95817) compute_status_filter /opt/stack/nova/nova/scheduler/request_filter.py:253}}
May 30 22:50:28.140225 np0000001799 nova-scheduler[95817]: DEBUG nova.scheduler.request_filter [None req-9bda79e4-e9fe-435d-8cc7-03c4853b80e2 tempest-AttachVolumeNegativeTest-1939271361 tempest-AttachVolumeNegativeTest-1939271361-project-member] Request filter 'compute_status_filter' took 0.0 seconds {{(pid=95817) wrapper /opt/stack/nova/nova/scheduler/request_filter.py:46}}
May 30 22:50:28.141230 np0000001799 nova-scheduler[95817]: DEBUG nova.scheduler.request_filter [None req-9bda79e4-e9fe-435d-8cc7-03c4853b80e2 tempest-AttachVolumeNegativeTest-1939271361 tempest-AttachVolumeNegativeTest-1939271361-project-member] Request filter 'accelerators_filter' took 0.0 seconds {{(pid=95817) wrapper /opt/stack/nova/nova/scheduler/request_filter.py:46}}
May 30 22:50:28.141337 np0000001799 nova-scheduler[95817]: DEBUG nova.scheduler.request_filter [None req-9bda79e4-e9fe-435d-8cc7-03c4853b80e2 tempest-AttachVolumeNegativeTest-1939271361 tempest-AttachVolumeNegativeTest-1939271361-project-member] Request filter 'packed_virtqueue_filter' took 0.0 seconds {{(pid=95817) wrapper /opt/stack/nova/nova/scheduler/request_filter.py:46}}
May 30 22:50:28.141553 np0000001799 nova-scheduler[95817]: DEBUG nova.scheduler.request_filter [None req-9bda79e4-e9fe-435d-8cc7-03c4853b80e2 tempest-AttachVolumeNegativeTest-1939271361 tempest-AttachVolumeNegativeTest-1939271361-project-member] Request filter 'remote_managed_ports_filter' took 0.0 seconds {{(pid=95817) wrapper /opt/stack/nova/nova/scheduler/request_filter.py:46}}
May 30 22:50:28.141694 np0000001799 nova-scheduler[95817]: DEBUG nova.scheduler.request_filter [None req-9bda79e4-e9fe-435d-8cc7-03c4853b80e2 tempest-AttachVolumeNegativeTest-1939271361 tempest-AttachVolumeNegativeTest-1939271361-project-member] ephemeral_encryption_filter skipped {{(pid=95817) ephemeral_encryption_filter /opt/stack/nova/nova/scheduler/request_filter.py:426}}
May 30 22:50:28.141823 np0000001799 nova-scheduler[95817]: DEBUG nova.scheduler.request_filter [None req-9bda79e4-e9fe-435d-8cc7-03c4853b80e2 tempest-AttachVolumeNegativeTest-1939271361 tempest-AttachVolumeNegativeTest-1939271361-project-member] virtio_sound_filter skipped {{(pid=95817) virtio_sound_filter /opt/stack/nova/nova/scheduler/request_filter.py:460}}
May 30 22:50:28.141933 np0000001799 nova-scheduler[95817]: DEBUG nova.scheduler.request_filter [None req-9bda79e4-e9fe-435d-8cc7-03c4853b80e2 tempest-AttachVolumeNegativeTest-1939271361 tempest-AttachVolumeNegativeTest-1939271361-project-member] tpm_secret_security_filter skipped {{(pid=95817) tpm_secret_security_filter /opt/stack/nova/nova/scheduler/request_filter.py:477}}
May 30 22:50:28.431557 np0000001799 nova-scheduler[95819]: DEBUG nova.scheduler.manager [None req-7959b7ab-1ede-4953-b2dc-b32f27f1301d tempest-ServerActionsTestOtherA-1040273255 tempest-ServerActionsTestOtherA-1040273255-project-member] Starting to schedule for instances: ['00a7c968-e153-4032-a69c-71df21cfc027'] {{(pid=95819) select_destinations /opt/stack/nova/nova/scheduler/manager.py:210}}
May 30 22:50:28.432981 np0000001799 nova-scheduler[95819]: DEBUG nova.scheduler.request_filter [None req-7959b7ab-1ede-4953-b2dc-b32f27f1301d tempest-ServerActionsTestOtherA-1040273255 tempest-ServerActionsTestOtherA-1040273255-project-member] compute_status_filter request filter added forbidden trait COMPUTE_STATUS_DISABLED {{(pid=95819) compute_status_filter /opt/stack/nova/nova/scheduler/request_filter.py:253}}
May 30 22:50:28.433542 np0000001799 nova-scheduler[95819]: DEBUG nova.scheduler.request_filter [None req-7959b7ab-1ede-4953-b2dc-b32f27f1301d tempest-ServerActionsTestOtherA-1040273255 tempest-ServerActionsTestOtherA-1040273255-project-member] Request filter 'compute_status_filter' took 0.0 seconds {{(pid=95819) wrapper /opt/stack/nova/nova/scheduler/request_filter.py:46}}
May 30 22:50:28.433839 np0000001799 nova-scheduler[95819]: DEBUG nova.scheduler.request_filter [None req-7959b7ab-1ede-4953-b2dc-b32f27f1301d tempest-ServerActionsTestOtherA-1040273255 tempest-ServerActionsTestOtherA-1040273255-project-member] Request filter 'accelerators_filter' took 0.0 seconds {{(pid=95819) wrapper /opt/stack/nova/nova/scheduler/request_filter.py:46}}
May 30 22:50:28.434103 np0000001799 nova-scheduler[95819]: DEBUG nova.scheduler.request_filter [None req-7959b7ab-1ede-4953-b2dc-b32f27f1301d tempest-ServerActionsTestOtherA-1040273255 tempest-ServerActionsTestOtherA-1040273255-project-member] Request filter 'packed_virtqueue_filter' took 0.0 seconds {{(pid=95819) wrapper /opt/stack/nova/nova/scheduler/request_filter.py:46}}
May 30 22:50:28.434840 np0000001799 nova-scheduler[95819]: DEBUG nova.scheduler.request_filter [None req-7959b7ab-1ede-4953-b2dc-b32f27f1301d tempest-ServerActionsTestOtherA-1040273255 tempest-ServerActionsTestOtherA-1040273255-project-member] Request filter 'remote_managed_ports_filter' took 0.0 seconds {{(pid=95819) wrapper /opt/stack/nova/nova/scheduler/request_filter.py:46}}
May 30 22:50:28.435377 np0000001799 nova-scheduler[95819]: DEBUG nova.scheduler.request_filter [None req-7959b7ab-1ede-4953-b2dc-b32f27f1301d tempest-ServerActionsTestOtherA-1040273255 tempest-ServerActionsTestOtherA-1040273255-project-member] ephemeral_encryption_filter skipped {{(pid=95819) ephemeral_encryption_filter /opt/stack/nova/nova/scheduler/request_filter.py:426}}
May 30 22:50:28.435569 np0000001799 nova-scheduler[95819]: DEBUG nova.scheduler.request_filter [None req-7959b7ab-1ede-4953-b2dc-b32f27f1301d tempest-ServerActionsTestOtherA-1040273255 tempest-ServerActionsTestOtherA-1040273255-project-member] virtio_sound_filter skipped {{(pid=95819) virtio_sound_filter /opt/stack/nova/nova/scheduler/request_filter.py:460}}
May 30 22:50:28.436676 np0000001799 nova-scheduler[95819]: DEBUG nova.scheduler.request_filter [None req-7959b7ab-1ede-4953-b2dc-b32f27f1301d tempest-ServerActionsTestOtherA-1040273255 tempest-ServerActionsTestOtherA-1040273255-project-member] tpm_secret_security_filter skipped {{(pid=95819) tpm_secret_security_filter /opt/stack/nova/nova/scheduler/request_filter.py:477}}
May 30 22:50:28.936789 np0000001799 nova-scheduler[95817]: INFO nova.utils [None req-9bda79e4-e9fe-435d-8cc7-03c4853b80e2 tempest-AttachVolumeNegativeTest-1939271361 tempest-AttachVolumeNegativeTest-1939271361-project-member] The cell worker thread pool ForkProcess-1.cell_worker is initialized
May 30 22:50:28.937185 np0000001799 nova-scheduler[95817]: DEBUG oslo_concurrency.lockutils [None req-9bda79e4-e9fe-435d-8cc7-03c4853b80e2 tempest-AttachVolumeNegativeTest-1939271361 tempest-AttachVolumeNegativeTest-1939271361-project-member] Acquiring lock "cb1cc0ec-4186-4ed8-b03c-0460a4875570" by "nova.context.set_target_cell..get_or_set_cached_cell_and_set_connections" {{(pid=95817) inner /opt/stack/data/venv/lib/python3.12/site-packages/oslo_concurrency/lockutils.py:511}}
May 30 22:50:28.937394 np0000001799 nova-scheduler[95817]: DEBUG oslo_concurrency.lockutils [None req-9bda79e4-e9fe-435d-8cc7-03c4853b80e2 tempest-AttachVolumeNegativeTest-1939271361 tempest-AttachVolumeNegativeTest-1939271361-project-member] Lock "cb1cc0ec-4186-4ed8-b03c-0460a4875570" acquired by "nova.context.set_target_cell..get_or_set_cached_cell_and_set_connections" :: waited 0.000s {{(pid=95817) inner /opt/stack/data/venv/lib/python3.12/site-packages/oslo_concurrency/lockutils.py:524}}
May 30 22:50:28.938734 np0000001799 nova-scheduler[95817]: DEBUG oslo_concurrency.lockutils [None req-9bda79e4-e9fe-435d-8cc7-03c4853b80e2 tempest-AttachVolumeNegativeTest-1939271361 tempest-AttachVolumeNegativeTest-1939271361-project-member] Lock "cb1cc0ec-4186-4ed8-b03c-0460a4875570" "released" by "nova.context.set_target_cell..get_or_set_cached_cell_and_set_connections" :: held 0.001s {{(pid=95817) inner /opt/stack/data/venv/lib/python3.12/site-packages/oslo_concurrency/lockutils.py:543}}
May 30 22:50:28.941047 np0000001799 nova-scheduler[95817]: INFO dbcounter [None req-9bda79e4-e9fe-435d-8cc7-03c4853b80e2 tempest-AttachVolumeNegativeTest-1939271361 tempest-AttachVolumeNegativeTest-1939271361-project-member] Registered counter for database nova_cell1
May 30 22:50:28.991320 np0000001799 nova-scheduler[95817]: DEBUG oslo_db.sqlalchemy.engines [None req-9bda79e4-e9fe-435d-8cc7-03c4853b80e2 tempest-AttachVolumeNegativeTest-1939271361 tempest-AttachVolumeNegativeTest-1939271361-project-member] MySQL server mode set to STRICT_TRANS_TABLES,STRICT_ALL_TABLES,NO_ZERO_IN_DATE,NO_ZERO_DATE,ERROR_FOR_DIVISION_BY_ZERO,TRADITIONAL,NO_ENGINE_SUBSTITUTION {{(pid=95817) _check_effective_sql_mode /opt/stack/data/venv/lib/python3.12/site-packages/oslo_db/sqlalchemy/engines.py:325}}
May 30 22:50:29.000327 np0000001799 nova-scheduler[95817]: DEBUG dbcounter [-] [95817] Writer thread running {{(pid=95817) stat_writer /opt/stack/data/venv/lib/python3.12/site-packages/dbcounter.py:102}}
May 30 22:50:29.011923 np0000001799 nova-scheduler[95817]: DEBUG oslo_db.sqlalchemy.engines [None req-9bda79e4-e9fe-435d-8cc7-03c4853b80e2 tempest-AttachVolumeNegativeTest-1939271361 tempest-AttachVolumeNegativeTest-1939271361-project-member] Parent process 94544 forked (95817) with an open database connection, which is being discarded and recreated. {{(pid=95817) checkout /opt/stack/data/venv/lib/python3.12/site-packages/oslo_db/sqlalchemy/engines.py:402}}
May 30 22:50:29.023203 np0000001799 nova-scheduler[95819]: INFO nova.utils [None req-7959b7ab-1ede-4953-b2dc-b32f27f1301d tempest-ServerActionsTestOtherA-1040273255 tempest-ServerActionsTestOtherA-1040273255-project-member] The cell worker thread pool ForkProcess-2.cell_worker is initialized
May 30 22:50:29.023553 np0000001799 nova-scheduler[95819]: DEBUG oslo_concurrency.lockutils [None req-7959b7ab-1ede-4953-b2dc-b32f27f1301d tempest-ServerActionsTestOtherA-1040273255 tempest-ServerActionsTestOtherA-1040273255-project-member] Acquiring lock "cb1cc0ec-4186-4ed8-b03c-0460a4875570" by "nova.context.set_target_cell..get_or_set_cached_cell_and_set_connections" {{(pid=95819) inner /opt/stack/data/venv/lib/python3.12/site-packages/oslo_concurrency/lockutils.py:511}}
May 30 22:50:29.023770 np0000001799 nova-scheduler[95819]: DEBUG oslo_concurrency.lockutils [None req-7959b7ab-1ede-4953-b2dc-b32f27f1301d tempest-ServerActionsTestOtherA-1040273255 tempest-ServerActionsTestOtherA-1040273255-project-member] Lock "cb1cc0ec-4186-4ed8-b03c-0460a4875570" acquired by "nova.context.set_target_cell..get_or_set_cached_cell_and_set_connections" :: waited 0.000s {{(pid=95819) inner /opt/stack/data/venv/lib/python3.12/site-packages/oslo_concurrency/lockutils.py:524}}
May 30 22:50:29.025464 np0000001799 nova-scheduler[95819]: DEBUG oslo_concurrency.lockutils [None req-7959b7ab-1ede-4953-b2dc-b32f27f1301d tempest-ServerActionsTestOtherA-1040273255 tempest-ServerActionsTestOtherA-1040273255-project-member] Lock "cb1cc0ec-4186-4ed8-b03c-0460a4875570" "released" by "nova.context.set_target_cell..get_or_set_cached_cell_and_set_connections" :: held 0.002s {{(pid=95819) inner /opt/stack/data/venv/lib/python3.12/site-packages/oslo_concurrency/lockutils.py:543}}
May 30 22:50:29.027408 np0000001799 nova-scheduler[95819]: INFO dbcounter [None req-7959b7ab-1ede-4953-b2dc-b32f27f1301d tempest-ServerActionsTestOtherA-1040273255 tempest-ServerActionsTestOtherA-1040273255-project-member] Registered counter for database nova_cell1
May 30 22:50:29.064917 np0000001799 nova-scheduler[95817]: DEBUG dbcounter [-] [95817] Writer thread running {{(pid=95817) stat_writer /opt/stack/data/venv/lib/python3.12/site-packages/dbcounter.py:102}}
May 30 22:50:29.069110 np0000001799 nova-scheduler[95817]: DEBUG oslo_concurrency.lockutils [None req-9bda79e4-e9fe-435d-8cc7-03c4853b80e2 tempest-AttachVolumeNegativeTest-1939271361 tempest-AttachVolumeNegativeTest-1939271361-project-member] Acquiring lock "cb1cc0ec-4186-4ed8-b03c-0460a4875570" by "nova.context.set_target_cell..get_or_set_cached_cell_and_set_connections" {{(pid=95817) inner /opt/stack/data/venv/lib/python3.12/site-packages/oslo_concurrency/lockutils.py:511}}
May 30 22:50:29.069110 np0000001799 nova-scheduler[95817]: DEBUG oslo_concurrency.lockutils [None req-9bda79e4-e9fe-435d-8cc7-03c4853b80e2 tempest-AttachVolumeNegativeTest-1939271361 tempest-AttachVolumeNegativeTest-1939271361-project-member] Lock "cb1cc0ec-4186-4ed8-b03c-0460a4875570" acquired by "nova.context.set_target_cell..get_or_set_cached_cell_and_set_connections" :: waited 0.000s {{(pid=95817) inner /opt/stack/data/venv/lib/python3.12/site-packages/oslo_concurrency/lockutils.py:524}}
May 30 22:50:29.069110 np0000001799 nova-scheduler[95817]: DEBUG oslo_concurrency.lockutils [None req-9bda79e4-e9fe-435d-8cc7-03c4853b80e2 tempest-AttachVolumeNegativeTest-1939271361 tempest-AttachVolumeNegativeTest-1939271361-project-member] Lock "cb1cc0ec-4186-4ed8-b03c-0460a4875570" "released" by "nova.context.set_target_cell..get_or_set_cached_cell_and_set_connections" :: held 0.000s {{(pid=95817) inner /opt/stack/data/venv/lib/python3.12/site-packages/oslo_concurrency/lockutils.py:543}}
May 30 22:50:29.075005 np0000001799 nova-scheduler[95817]: DEBUG oslo_concurrency.lockutils [None req-9bda79e4-e9fe-435d-8cc7-03c4853b80e2 tempest-AttachVolumeNegativeTest-1939271361 tempest-AttachVolumeNegativeTest-1939271361-project-member] Acquiring lock "('np0000001799', 'np0000001799')" by "nova.scheduler.host_manager.HostState.update.._locked_update" {{(pid=95817) inner /opt/stack/data/venv/lib/python3.12/site-packages/oslo_concurrency/lockutils.py:511}}
May 30 22:50:29.075005 np0000001799 nova-scheduler[95817]: DEBUG oslo_concurrency.lockutils [None req-9bda79e4-e9fe-435d-8cc7-03c4853b80e2 tempest-AttachVolumeNegativeTest-1939271361 tempest-AttachVolumeNegativeTest-1939271361-project-member] Lock "('np0000001799', 'np0000001799')" acquired by "nova.scheduler.host_manager.HostState.update.._locked_update" :: waited 0.000s {{(pid=95817) inner /opt/stack/data/venv/lib/python3.12/site-packages/oslo_concurrency/lockutils.py:524}}
May 30 22:50:29.076104 np0000001799 nova-scheduler[95817]: DEBUG nova.scheduler.host_manager [None req-9bda79e4-e9fe-435d-8cc7-03c4853b80e2 tempest-AttachVolumeNegativeTest-1939271361 tempest-AttachVolumeNegativeTest-1939271361-project-member] Update host state from compute node: ComputeNode(cpu_allocation_ratio=4.0,cpu_info='{"arch": "x86_64", "model": "EPYC-Milan", "vendor": "AMD", "topology": {"cells": 1, "sockets": 12, "cores": 1, "threads": 1}, "maxphysaddr": {"mode": "emulate", "bits": 40}, "features": ["pclmuldq", "bmi2", "pge", "sep", "tsc_adjust", "avx2", "xsaves", "ibrs", "fma", "fsrm", "pfthreshold", "amd-stibp", "smep", "mce", "pse36", "pat", "movbe", "erms", "3dnowprefetch", "tsc-scale", "osvw", "abm", "tsc", "xsaveerptr", "rdtscp", "cmp_legacy", "invpcid", "adx", "fxsr_opt", "vgif", "vpclmulqdq", "cx8", "fxsr", "xsave", "mmxext", "clflushopt", "pae", "xsaveopt", "nx", "rdctl-no", "lahf_lm", "stibp", "stibp-always-on", "nrip-save", "aes", "v-vmsave-vmload", "flushbyasid", "mtrr", "pcid", "clzero", "svme-addr-chk", "rdpid", "sse", "pschange-mc-no", "ssse3", "pdpe1gb", "pause-filter", "arat", "topoext", "cx16", "sha-ni", "f16c", "svm", "popcnt", "sse4a", "cr8legacy", "arch-capabilities", "umip", "lm", "cmov", "syscall", "vme", "de", "avx", "lbrv", "spec-ctrl", "clwb", "hypervisor", "mmx", "apic", "msr", "mds-no", "pni", "vaes", "misalignsse", "bmi1", "sse2", "x2apic", "ssbd", "gds-no", "no-nested-data-bp", "npt", "lfence-always-serializing", "null-sel-clr-base", "sse4.2", "vmcb-clean", "wbnoinvd", "fpu", "fsgsbase", "pse", "rdrand", "smap", "xsavec", "clflush", "tsc-deadline", "sse4.1", "mca", "pku", "virt-ssbd", "amd-ssbd", "ibpb", "rdseed", "perfctr_core", "amd-psfd", "xgetbv1", "skip-l1dfl-vmentry"]}',created_at=2026-05-30T22:47:55Z,current_workload=0,deleted=False,deleted_at=None,disk_allocation_ratio=1.0,disk_available_least=74,free_disk_gb=95,free_ram_mb=23518,host='np0000001799',host_ip=10.4.3.208,hypervisor_hostname='np0000001799',hypervisor_type='QEMU',hypervisor_version=8002002,id=1,local_gb=95,local_gb_used=0,mapped=1,memory_mb=24030,memory_mb_used=512,metrics='[]',numa_topology='{"nova_object.name": "NUMATopology", "nova_object.namespace": "nova", "nova_object.version": "1.2", "nova_object.data": {"cells": [{"nova_object.name": "NUMACell", "nova_object.namespace": "nova", "nova_object.version": "1.5", "nova_object.data": {"id": 0, "cpuset": [0, 1, 2, 3, 4, 5, 6, 7, 8, 9, 10, 11], "pcpuset": [0, 1, 2, 3, 4, 5, 6, 7, 8, 9, 10, 11], "memory": 24030, "cpu_usage": 0, "memory_usage": 0, "pinned_cpus": [], "siblings": [[6], [2], [5], [11], [8], [4], [1], [7], [10], [0], [3], [9]], "mempages": [{"nova_object.name": "NUMAPagesTopology", "nova_object.namespace": "nova", "nova_object.version": "1.1", "nova_object.data": {"size_kb": 4, "total": 6151797, "used": 0, "reserved": 0}, "nova_object.changes": ["reserved", "used", "total", "size_kb"]}, {"nova_object.name": "NUMAPagesTopology", "nova_object.namespace": "nova", "nova_object.version": "1.1", "nova_object.data": {"size_kb": 2048, "total": 0, "used": 0, "reserved": 0}, "nova_object.changes": ["reserved", "used", "total", "size_kb"]}, {"nova_object.name": "NUMAPagesTopology", "nova_object.namespace": "nova", "nova_object.version": "1.1", "nova_object.data": {"size_kb": 1048576, "total": 0, "used": 0, "reserved": 0}, "nova_object.changes": ["reserved", "used", "total", "size_kb"]}], "network_metadata": {"nova_object.name": "NetworkMetadata", "nova_object.namespace": "nova", "nova_object.version": "1.0", "nova_object.data": {"physnets": [], "tunneled": false}, "nova_object.changes": ["tunneled", "physnets"]}, "socket": null}, "nova_object.changes": ["memory", "siblings", "socket", "pinned_cpus", "cpuset", "network_metadata", "memory_usage", "mempages", "cpu_usage", "pcpuset", "id"]}]}, "nova_object.changes": ["cells"]}',pci_device_pools=PciDevicePoolList,ram_allocation_ratio=1.0,running_vms=0,service_id=2,stats={failed_builds='0',uptime=' 22:49:41 up 30 min, 2 users, load average: 1.37, 1.43, 0.85
May 30 22:50:29.076104 np0000001799 nova-scheduler[95817]: '},supported_hv_specs=[HVSpec,HVSpec,HVSpec,HVSpec,HVSpec,HVSpec,HVSpec,HVSpec,HVSpec,HVSpec,HVSpec,HVSpec,HVSpec,HVSpec,HVSpec,HVSpec,HVSpec,HVSpec,HVSpec,HVSpec,HVSpec,HVSpec,HVSpec,HVSpec,HVSpec],updated_at=2026-05-30T22:49:43Z,uuid=02d88524-18f4-40a4-a497-3666bc1c588e,vcpus=12,vcpus_used=0) {{(pid=95817) _locked_update /opt/stack/nova/nova/scheduler/host_manager.py:168}}
May 30 22:50:29.076851 np0000001799 nova-scheduler[95819]: DEBUG oslo_db.sqlalchemy.engines [None req-7959b7ab-1ede-4953-b2dc-b32f27f1301d tempest-ServerActionsTestOtherA-1040273255 tempest-ServerActionsTestOtherA-1040273255-project-member] MySQL server mode set to STRICT_TRANS_TABLES,STRICT_ALL_TABLES,NO_ZERO_IN_DATE,NO_ZERO_DATE,ERROR_FOR_DIVISION_BY_ZERO,TRADITIONAL,NO_ENGINE_SUBSTITUTION {{(pid=95819) _check_effective_sql_mode /opt/stack/data/venv/lib/python3.12/site-packages/oslo_db/sqlalchemy/engines.py:325}}
May 30 22:50:29.077054 np0000001799 nova-scheduler[95817]: DEBUG nova.scheduler.host_manager [None req-9bda79e4-e9fe-435d-8cc7-03c4853b80e2 tempest-AttachVolumeNegativeTest-1939271361 tempest-AttachVolumeNegativeTest-1939271361-project-member] Update host state with aggregates: [] {{(pid=95817) _locked_update /opt/stack/nova/nova/scheduler/host_manager.py:171}}
May 30 22:50:29.077220 np0000001799 nova-scheduler[95817]: DEBUG nova.scheduler.host_manager [None req-9bda79e4-e9fe-435d-8cc7-03c4853b80e2 tempest-AttachVolumeNegativeTest-1939271361 tempest-AttachVolumeNegativeTest-1939271361-project-member] Update host state with service dict: {'id': 2, 'uuid': 'ce382c71-4d22-4d98-a811-d02b4f2851a8', 'host': 'np0000001799', 'binary': 'nova-compute', 'topic': 'compute', 'report_count': 2, 'disabled': False, 'disabled_reason': None, 'last_seen_up': datetime.datetime(2026, 5, 30, 22, 50, 4, tzinfo=datetime.timezone.utc), 'forced_down': False, 'version': 72, 'created_at': datetime.datetime(2026, 5, 30, 22, 47, 54, tzinfo=datetime.timezone.utc), 'updated_at': datetime.datetime(2026, 5, 30, 22, 50, 4, tzinfo=datetime.timezone.utc), 'deleted_at': None, 'deleted': False} {{(pid=95817) _locked_update /opt/stack/nova/nova/scheduler/host_manager.py:174}}
May 30 22:50:29.077370 np0000001799 nova-scheduler[95817]: DEBUG nova.scheduler.host_manager [None req-9bda79e4-e9fe-435d-8cc7-03c4853b80e2 tempest-AttachVolumeNegativeTest-1939271361 tempest-AttachVolumeNegativeTest-1939271361-project-member] Update host state with instances: [] {{(pid=95817) _locked_update /opt/stack/nova/nova/scheduler/host_manager.py:177}}
May 30 22:50:29.077502 np0000001799 nova-scheduler[95817]: DEBUG oslo_concurrency.lockutils [None req-9bda79e4-e9fe-435d-8cc7-03c4853b80e2 tempest-AttachVolumeNegativeTest-1939271361 tempest-AttachVolumeNegativeTest-1939271361-project-member] Lock "('np0000001799', 'np0000001799')" "released" by "nova.scheduler.host_manager.HostState.update.._locked_update" :: held 0.003s {{(pid=95817) inner /opt/stack/data/venv/lib/python3.12/site-packages/oslo_concurrency/lockutils.py:543}}
May 30 22:50:29.078208 np0000001799 nova-scheduler[95817]: DEBUG nova.filters [None req-9bda79e4-e9fe-435d-8cc7-03c4853b80e2 tempest-AttachVolumeNegativeTest-1939271361 tempest-AttachVolumeNegativeTest-1939271361-project-member] Starting with 1 host(s) {{(pid=95817) get_filtered_objects /opt/stack/nova/nova/filters.py:70}}
May 30 22:50:29.078480 np0000001799 nova-scheduler[95817]: DEBUG nova.filters [None req-9bda79e4-e9fe-435d-8cc7-03c4853b80e2 tempest-AttachVolumeNegativeTest-1939271361 tempest-AttachVolumeNegativeTest-1939271361-project-member] Filter ComputeFilter returned 1 host(s) {{(pid=95817) get_filtered_objects /opt/stack/nova/nova/filters.py:102}}
May 30 22:50:29.078714 np0000001799 nova-scheduler[95817]: DEBUG nova.filters [None req-9bda79e4-e9fe-435d-8cc7-03c4853b80e2 tempest-AttachVolumeNegativeTest-1939271361 tempest-AttachVolumeNegativeTest-1939271361-project-member] Filter ComputeCapabilitiesFilter returned 1 host(s) {{(pid=95817) get_filtered_objects /opt/stack/nova/nova/filters.py:102}}
May 30 22:50:29.079023 np0000001799 nova-scheduler[95817]: DEBUG nova.filters [None req-9bda79e4-e9fe-435d-8cc7-03c4853b80e2 tempest-AttachVolumeNegativeTest-1939271361 tempest-AttachVolumeNegativeTest-1939271361-project-member] Filter ImagePropertiesFilter returned 1 host(s) {{(pid=95817) get_filtered_objects /opt/stack/nova/nova/filters.py:102}}
May 30 22:50:29.079228 np0000001799 nova-scheduler[95817]: DEBUG nova.filters [None req-9bda79e4-e9fe-435d-8cc7-03c4853b80e2 tempest-AttachVolumeNegativeTest-1939271361 tempest-AttachVolumeNegativeTest-1939271361-project-member] Filter ServerGroupAntiAffinityFilter returned 1 host(s) {{(pid=95817) get_filtered_objects /opt/stack/nova/nova/filters.py:102}}
May 30 22:50:29.079415 np0000001799 nova-scheduler[95817]: DEBUG nova.filters [None req-9bda79e4-e9fe-435d-8cc7-03c4853b80e2 tempest-AttachVolumeNegativeTest-1939271361 tempest-AttachVolumeNegativeTest-1939271361-project-member] Filter ServerGroupAffinityFilter returned 1 host(s) {{(pid=95817) get_filtered_objects /opt/stack/nova/nova/filters.py:102}}
May 30 22:50:29.079602 np0000001799 nova-scheduler[95817]: DEBUG nova.filters [None req-9bda79e4-e9fe-435d-8cc7-03c4853b80e2 tempest-AttachVolumeNegativeTest-1939271361 tempest-AttachVolumeNegativeTest-1939271361-project-member] Filter SameHostFilter returned 1 host(s) {{(pid=95817) get_filtered_objects /opt/stack/nova/nova/filters.py:102}}
May 30 22:50:29.083044 np0000001799 nova-scheduler[95819]: DEBUG dbcounter [-] [95819] Writer thread running {{(pid=95819) stat_writer /opt/stack/data/venv/lib/python3.12/site-packages/dbcounter.py:102}}
May 30 22:50:29.157433 np0000001799 nova-scheduler[95819]: DEBUG dbcounter [-] [95819] Writer thread running {{(pid=95819) stat_writer /opt/stack/data/venv/lib/python3.12/site-packages/dbcounter.py:102}}
May 30 22:50:29.162046 np0000001799 nova-scheduler[95819]: DEBUG oslo_concurrency.lockutils [None req-7959b7ab-1ede-4953-b2dc-b32f27f1301d tempest-ServerActionsTestOtherA-1040273255 tempest-ServerActionsTestOtherA-1040273255-project-member] Acquiring lock "cb1cc0ec-4186-4ed8-b03c-0460a4875570" by "nova.context.set_target_cell..get_or_set_cached_cell_and_set_connections" {{(pid=95819) inner /opt/stack/data/venv/lib/python3.12/site-packages/oslo_concurrency/lockutils.py:511}}
May 30 22:50:29.162046 np0000001799 nova-scheduler[95819]: DEBUG oslo_concurrency.lockutils [None req-7959b7ab-1ede-4953-b2dc-b32f27f1301d tempest-ServerActionsTestOtherA-1040273255 tempest-ServerActionsTestOtherA-1040273255-project-member] Lock "cb1cc0ec-4186-4ed8-b03c-0460a4875570" acquired by "nova.context.set_target_cell..get_or_set_cached_cell_and_set_connections" :: waited 0.000s {{(pid=95819) inner /opt/stack/data/venv/lib/python3.12/site-packages/oslo_concurrency/lockutils.py:524}}
May 30 22:50:29.162046 np0000001799 nova-scheduler[95819]: DEBUG oslo_concurrency.lockutils [None req-7959b7ab-1ede-4953-b2dc-b32f27f1301d tempest-ServerActionsTestOtherA-1040273255 tempest-ServerActionsTestOtherA-1040273255-project-member] Lock "cb1cc0ec-4186-4ed8-b03c-0460a4875570" "released" by "nova.context.set_target_cell..get_or_set_cached_cell_and_set_connections" :: held 0.000s {{(pid=95819) inner /opt/stack/data/venv/lib/python3.12/site-packages/oslo_concurrency/lockutils.py:543}}
May 30 22:50:29.168742 np0000001799 nova-scheduler[95819]: DEBUG oslo_concurrency.lockutils [None req-7959b7ab-1ede-4953-b2dc-b32f27f1301d tempest-ServerActionsTestOtherA-1040273255 tempest-ServerActionsTestOtherA-1040273255-project-member] Acquiring lock "('np0000001799', 'np0000001799')" by "nova.scheduler.host_manager.HostState.update.._locked_update" {{(pid=95819) inner /opt/stack/data/venv/lib/python3.12/site-packages/oslo_concurrency/lockutils.py:511}}
May 30 22:50:29.169291 np0000001799 nova-scheduler[95819]: DEBUG oslo_concurrency.lockutils [None req-7959b7ab-1ede-4953-b2dc-b32f27f1301d tempest-ServerActionsTestOtherA-1040273255 tempest-ServerActionsTestOtherA-1040273255-project-member] Lock "('np0000001799', 'np0000001799')" acquired by "nova.scheduler.host_manager.HostState.update.._locked_update" :: waited 0.001s {{(pid=95819) inner /opt/stack/data/venv/lib/python3.12/site-packages/oslo_concurrency/lockutils.py:524}}
May 30 22:50:29.170092 np0000001799 nova-scheduler[95819]: DEBUG nova.scheduler.host_manager [None req-7959b7ab-1ede-4953-b2dc-b32f27f1301d tempest-ServerActionsTestOtherA-1040273255 tempest-ServerActionsTestOtherA-1040273255-project-member] Update host state from compute node: ComputeNode(cpu_allocation_ratio=4.0,cpu_info='{"arch": "x86_64", "model": "EPYC-Milan", "vendor": "AMD", "topology": {"cells": 1, "sockets": 12, "cores": 1, "threads": 1}, "maxphysaddr": {"mode": "emulate", "bits": 40}, "features": ["pclmuldq", "bmi2", "pge", "sep", "tsc_adjust", "avx2", "xsaves", "ibrs", "fma", "fsrm", "pfthreshold", "amd-stibp", "smep", "mce", "pse36", "pat", "movbe", "erms", "3dnowprefetch", "tsc-scale", "osvw", "abm", "tsc", "xsaveerptr", "rdtscp", "cmp_legacy", "invpcid", "adx", "fxsr_opt", "vgif", "vpclmulqdq", "cx8", "fxsr", "xsave", "mmxext", "clflushopt", "pae", "xsaveopt", "nx", "rdctl-no", "lahf_lm", "stibp", "stibp-always-on", "nrip-save", "aes", "v-vmsave-vmload", "flushbyasid", "mtrr", "pcid", "clzero", "svme-addr-chk", "rdpid", "sse", "pschange-mc-no", "ssse3", "pdpe1gb", "pause-filter", "arat", "topoext", "cx16", "sha-ni", "f16c", "svm", "popcnt", "sse4a", "cr8legacy", "arch-capabilities", "umip", "lm", "cmov", "syscall", "vme", "de", "avx", "lbrv", "spec-ctrl", "clwb", "hypervisor", "mmx", "apic", "msr", "mds-no", "pni", "vaes", "misalignsse", "bmi1", "sse2", "x2apic", "ssbd", "gds-no", "no-nested-data-bp", "npt", "lfence-always-serializing", "null-sel-clr-base", "sse4.2", "vmcb-clean", "wbnoinvd", "fpu", "fsgsbase", "pse", "rdrand", "smap", "xsavec", "clflush", "tsc-deadline", "sse4.1", "mca", "pku", "virt-ssbd", "amd-ssbd", "ibpb", "rdseed", "perfctr_core", "amd-psfd", "xgetbv1", "skip-l1dfl-vmentry"]}',created_at=2026-05-30T22:47:55Z,current_workload=0,deleted=False,deleted_at=None,disk_allocation_ratio=1.0,disk_available_least=74,free_disk_gb=95,free_ram_mb=23518,host='np0000001799',host_ip=10.4.3.208,hypervisor_hostname='np0000001799',hypervisor_type='QEMU',hypervisor_version=8002002,id=1,local_gb=95,local_gb_used=0,mapped=1,memory_mb=24030,memory_mb_used=512,metrics='[]',numa_topology='{"nova_object.name": "NUMATopology", "nova_object.namespace": "nova", "nova_object.version": "1.2", "nova_object.data": {"cells": [{"nova_object.name": "NUMACell", "nova_object.namespace": "nova", "nova_object.version": "1.5", "nova_object.data": {"id": 0, "cpuset": [0, 1, 2, 3, 4, 5, 6, 7, 8, 9, 10, 11], "pcpuset": [0, 1, 2, 3, 4, 5, 6, 7, 8, 9, 10, 11], "memory": 24030, "cpu_usage": 0, "memory_usage": 0, "pinned_cpus": [], "siblings": [[6], [2], [5], [11], [8], [4], [1], [7], [10], [0], [3], [9]], "mempages": [{"nova_object.name": "NUMAPagesTopology", "nova_object.namespace": "nova", "nova_object.version": "1.1", "nova_object.data": {"size_kb": 4, "total": 6151797, "used": 0, "reserved": 0}, "nova_object.changes": ["reserved", "used", "total", "size_kb"]}, {"nova_object.name": "NUMAPagesTopology", "nova_object.namespace": "nova", "nova_object.version": "1.1", "nova_object.data": {"size_kb": 2048, "total": 0, "used": 0, "reserved": 0}, "nova_object.changes": ["reserved", "used", "total", "size_kb"]}, {"nova_object.name": "NUMAPagesTopology", "nova_object.namespace": "nova", "nova_object.version": "1.1", "nova_object.data": {"size_kb": 1048576, "total": 0, "used": 0, "reserved": 0}, "nova_object.changes": ["reserved", "used", "total", "size_kb"]}], "network_metadata": {"nova_object.name": "NetworkMetadata", "nova_object.namespace": "nova", "nova_object.version": "1.0", "nova_object.data": {"physnets": [], "tunneled": false}, "nova_object.changes": ["tunneled", "physnets"]}, "socket": null}, "nova_object.changes": ["memory", "siblings", "socket", "pinned_cpus", "cpuset", "network_metadata", "memory_usage", "mempages", "cpu_usage", "pcpuset", "id"]}]}, "nova_object.changes": ["cells"]}',pci_device_pools=PciDevicePoolList,ram_allocation_ratio=1.0,running_vms=0,service_id=2,stats={failed_builds='0',uptime=' 22:49:41 up 30 min, 2 users, load average: 1.37, 1.43, 0.85
