Jul 06 20:48:06.928352 np0000004670 systemd[1]: Starting devstack@n-api-meta.service - Devstack devstack@n-api-meta.service...
Jul 06 20:48:06.934729 np0000004670 devstack@n-api-meta.service[95804]: [uWSGI] getting INI configuration from /etc/nova/nova-metadata-uwsgi.ini
Jul 06 20:48:06.937477 np0000004670 devstack@n-api-meta.service[95804]: *** Starting uWSGI 2.0.24-debian (64bit) on [Mon Jul 6 20:48:06 2026] ***
Jul 06 20:48:06.937477 np0000004670 devstack@n-api-meta.service[95804]: compiled with version: 13.2.0 on 17 April 2024 16:23:48
Jul 06 20:48:06.937477 np0000004670 devstack@n-api-meta.service[95804]: os: Linux-6.8.0-100-generic #100-Ubuntu SMP PREEMPT_DYNAMIC Tue Jan 13 16:40:06 UTC 2026
Jul 06 20:48:06.937477 np0000004670 devstack@n-api-meta.service[95804]: nodename: np0000004670
Jul 06 20:48:06.937477 np0000004670 devstack@n-api-meta.service[95804]: machine: x86_64
Jul 06 20:48:06.937477 np0000004670 devstack@n-api-meta.service[95804]: clock source: unix
Jul 06 20:48:06.937477 np0000004670 devstack@n-api-meta.service[95804]: pcre jit disabled
Jul 06 20:48:06.937477 np0000004670 devstack@n-api-meta.service[95804]: detected number of CPU cores: 16
Jul 06 20:48:06.937477 np0000004670 devstack@n-api-meta.service[95804]: current working directory: /
Jul 06 20:48:06.937477 np0000004670 devstack@n-api-meta.service[95804]: detected binary path: /usr/bin/uwsgi-core
Jul 06 20:48:06.937477 np0000004670 devstack@n-api-meta.service[95804]: your processes number limit is 257052
Jul 06 20:48:06.937477 np0000004670 devstack@n-api-meta.service[95804]: your memory page size is 4096 bytes
Jul 06 20:48:06.937477 np0000004670 devstack@n-api-meta.service[95804]: detected max file descriptor number: 2048
Jul 06 20:48:06.937477 np0000004670 devstack@n-api-meta.service[95804]: lock engine: pthread robust mutexes
Jul 06 20:48:06.937955 np0000004670 devstack@n-api-meta.service[95804]: thunder lock: enabled
Jul 06 20:48:06.937955 np0000004670 devstack@n-api-meta.service[95804]: uWSGI http bound on 0.0.0.0:8775 fd 5
Jul 06 20:48:06.937955 np0000004670 devstack@n-api-meta.service[95804]: uwsgi socket 0 bound to TCP address 127.0.0.1:34407 (port auto-assigned) fd 4
Jul 06 20:48:06.938058 np0000004670 devstack@n-api-meta.service[95804]: Python version: 3.12.3 (main, Jun 19 2026, 12:46:00) [GCC 13.3.0]
Jul 06 20:48:06.938058 np0000004670 devstack@n-api-meta.service[95804]: PEP 405 virtualenv detected: /opt/stack/data/venv
Jul 06 20:48:06.938058 np0000004670 devstack@n-api-meta.service[95804]: Set PythonHome to /opt/stack/data/venv
Jul 06 20:48:06.978243 np0000004670 devstack@n-api-meta.service[95804]: Python main interpreter initialized at 0x707658ca4668
Jul 06 20:48:06.978243 np0000004670 devstack@n-api-meta.service[95804]: python threads support enabled
Jul 06 20:48:06.978243 np0000004670 devstack@n-api-meta.service[95804]: your server socket listen backlog is limited to 100 connections
Jul 06 20:48:06.978243 np0000004670 devstack@n-api-meta.service[95804]: your mercy for graceful operations on workers is 80 seconds
Jul 06 20:48:06.979239 np0000004670 devstack@n-api-meta.service[95804]: mapped 671795 bytes (656 KB) for 4 cores
Jul 06 20:48:06.979417 np0000004670 devstack@n-api-meta.service[95804]: *** Operational MODE: preforking ***
Jul 06 20:48:06.979703 np0000004670 devstack@n-api-meta.service[95804]: *** uWSGI is running in multiple interpreter mode ***
Jul 06 20:48:06.979703 np0000004670 devstack@n-api-meta.service[95804]: spawned uWSGI master process (pid: 95804)
Jul 06 20:48:06.979899 np0000004670 systemd[1]: Started devstack@n-api-meta.service - Devstack devstack@n-api-meta.service.
Jul 06 20:48:06.980444 np0000004670 devstack@n-api-meta.service[95804]: spawned uWSGI worker 1 (pid: 95808, cores: 1)
Jul 06 20:48:06.980909 np0000004670 devstack@n-api-meta.service[95804]: spawned uWSGI worker 2 (pid: 95809, cores: 1)
Jul 06 20:48:06.981363 np0000004670 devstack@n-api-meta.service[95804]: spawned uWSGI worker 3 (pid: 95810, cores: 1)
Jul 06 20:48:06.981799 np0000004670 devstack@n-api-meta.service[95804]: spawned uWSGI worker 4 (pid: 95811, cores: 1)
Jul 06 20:48:06.982286 np0000004670 devstack@n-api-meta.service[95804]: spawned uWSGI http 1 (pid: 95812)
Jul 06 20:48:06.982286 np0000004670 devstack@n-api-meta.service[95804]: running "unix_signal:15 gracefully_kill_them_all" (master-start)...
Jul 06 20:48:09.018082 np0000004670 devstack@n-api-meta.service[95811]: INFO dbcounter [None req-cefc188b-314c-40cd-845f-6ffbc1d978b5 None None] Registered counter for database nova_api
Jul 06 20:48:09.045004 np0000004670 devstack@n-api-meta.service[95809]: INFO dbcounter [None req-f741c4f8-f4ba-46bb-9692-5954928bb105 None None] Registered counter for database nova_api
Jul 06 20:48:09.066468 np0000004670 devstack@n-api-meta.service[95811]: DEBUG oslo_db.sqlalchemy.engines [None req-cefc188b-314c-40cd-845f-6ffbc1d978b5 None None] MySQL server mode set to STRICT_TRANS_TABLES,STRICT_ALL_TABLES,NO_ZERO_IN_DATE,NO_ZERO_DATE,ERROR_FOR_DIVISION_BY_ZERO,TRADITIONAL,NO_ENGINE_SUBSTITUTION {{(pid=95811) _check_effective_sql_mode /opt/stack/data/venv/lib/python3.12/site-packages/oslo_db/sqlalchemy/engines.py:325}}
Jul 06 20:48:09.101673 np0000004670 devstack@n-api-meta.service[95811]: DEBUG dbcounter [-] [95811] Writer thread running {{(pid=95811) stat_writer /opt/stack/data/venv/lib/python3.12/site-packages/dbcounter.py:102}}
Jul 06 20:48:09.104666 np0000004670 devstack@n-api-meta.service[95811]: DEBUG nova.context [None req-cefc188b-314c-40cd-845f-6ffbc1d978b5 None None] Found 2 cells: 00000000-0000-0000-0000-000000000000(cell0),d6a6a5f4-0b0c-40a0-b442-81d5c42726ed(cell1) {{(pid=95811) load_cells /opt/stack/nova/nova/context.py:509}}
Jul 06 20:48:09.104999 np0000004670 devstack@n-api-meta.service[95811]: INFO nova.utils [None req-cefc188b-314c-40cd-845f-6ffbc1d978b5 None None] The cell worker thread pool MainProcess.cell_worker is initialized
Jul 06 20:48:09.107136 np0000004670 devstack@n-api-meta.service[95811]: DEBUG oslo_concurrency.lockutils [None req-cefc188b-314c-40cd-845f-6ffbc1d978b5 None None] Acquiring lock "00000000-0000-0000-0000-000000000000" by "nova.context.set_target_cell..get_or_set_cached_cell_and_set_connections" {{(pid=95811) inner /opt/stack/data/venv/lib/python3.12/site-packages/oslo_concurrency/lockutils.py:511}}
Jul 06 20:48:09.107360 np0000004670 devstack@n-api-meta.service[95811]: DEBUG oslo_concurrency.lockutils [None req-cefc188b-314c-40cd-845f-6ffbc1d978b5 None None] Lock "00000000-0000-0000-0000-000000000000" acquired by "nova.context.set_target_cell..get_or_set_cached_cell_and_set_connections" :: waited 0.000s {{(pid=95811) inner /opt/stack/data/venv/lib/python3.12/site-packages/oslo_concurrency/lockutils.py:524}}
Jul 06 20:48:09.107839 np0000004670 devstack@n-api-meta.service[95811]: DEBUG oslo_concurrency.lockutils [None req-cefc188b-314c-40cd-845f-6ffbc1d978b5 None None] Lock "00000000-0000-0000-0000-000000000000" "released" by "nova.context.set_target_cell..get_or_set_cached_cell_and_set_connections" :: held 0.001s {{(pid=95811) inner /opt/stack/data/venv/lib/python3.12/site-packages/oslo_concurrency/lockutils.py:543}}
Jul 06 20:48:09.108599 np0000004670 devstack@n-api-meta.service[95811]: DEBUG oslo_concurrency.lockutils [None req-cefc188b-314c-40cd-845f-6ffbc1d978b5 None None] Acquiring lock "d6a6a5f4-0b0c-40a0-b442-81d5c42726ed" by "nova.context.set_target_cell..get_or_set_cached_cell_and_set_connections" {{(pid=95811) inner /opt/stack/data/venv/lib/python3.12/site-packages/oslo_concurrency/lockutils.py:511}}
Jul 06 20:48:09.108713 np0000004670 devstack@n-api-meta.service[95810]: INFO dbcounter [None req-c85a8563-6b7e-4190-991f-00c371cce30c None None] Registered counter for database nova_api
Jul 06 20:48:09.109087 np0000004670 devstack@n-api-meta.service[95811]: DEBUG oslo_concurrency.lockutils [None req-cefc188b-314c-40cd-845f-6ffbc1d978b5 None None] Lock "d6a6a5f4-0b0c-40a0-b442-81d5c42726ed" acquired by "nova.context.set_target_cell..get_or_set_cached_cell_and_set_connections" :: waited 0.000s {{(pid=95811) inner /opt/stack/data/venv/lib/python3.12/site-packages/oslo_concurrency/lockutils.py:524}}
Jul 06 20:48:09.109899 np0000004670 devstack@n-api-meta.service[95811]: DEBUG oslo_concurrency.lockutils [None req-cefc188b-314c-40cd-845f-6ffbc1d978b5 None None] Lock "d6a6a5f4-0b0c-40a0-b442-81d5c42726ed" "released" by "nova.context.set_target_cell..get_or_set_cached_cell_and_set_connections" :: held 0.001s {{(pid=95811) inner /opt/stack/data/venv/lib/python3.12/site-packages/oslo_concurrency/lockutils.py:543}}
Jul 06 20:48:09.111497 np0000004670 devstack@n-api-meta.service[95811]: INFO dbcounter [None req-cefc188b-314c-40cd-845f-6ffbc1d978b5 None None] Registered counter for database nova_cell0
Jul 06 20:48:09.114106 np0000004670 devstack@n-api-meta.service[95811]: INFO dbcounter [None req-cefc188b-314c-40cd-845f-6ffbc1d978b5 None None] Registered counter for database nova_cell1
Jul 06 20:48:09.115170 np0000004670 devstack@n-api-meta.service[95809]: DEBUG oslo_db.sqlalchemy.engines [None req-f741c4f8-f4ba-46bb-9692-5954928bb105 None None] MySQL server mode set to STRICT_TRANS_TABLES,STRICT_ALL_TABLES,NO_ZERO_IN_DATE,NO_ZERO_DATE,ERROR_FOR_DIVISION_BY_ZERO,TRADITIONAL,NO_ENGINE_SUBSTITUTION {{(pid=95809) _check_effective_sql_mode /opt/stack/data/venv/lib/python3.12/site-packages/oslo_db/sqlalchemy/engines.py:325}}
Jul 06 20:48:09.135874 np0000004670 devstack@n-api-meta.service[95808]: INFO dbcounter [None req-b792e834-da53-4baa-bfd8-1b9494b4cd5d None None] Registered counter for database nova_api
Jul 06 20:48:09.160333 np0000004670 devstack@n-api-meta.service[95811]: DEBUG oslo_db.sqlalchemy.engines [None req-cefc188b-314c-40cd-845f-6ffbc1d978b5 None None] MySQL server mode set to STRICT_TRANS_TABLES,STRICT_ALL_TABLES,NO_ZERO_IN_DATE,NO_ZERO_DATE,ERROR_FOR_DIVISION_BY_ZERO,TRADITIONAL,NO_ENGINE_SUBSTITUTION {{(pid=95811) _check_effective_sql_mode /opt/stack/data/venv/lib/python3.12/site-packages/oslo_db/sqlalchemy/engines.py:325}}
Jul 06 20:48:09.160783 np0000004670 devstack@n-api-meta.service[95809]: DEBUG dbcounter [-] [95809] Writer thread running {{(pid=95809) stat_writer /opt/stack/data/venv/lib/python3.12/site-packages/dbcounter.py:102}}
Jul 06 20:48:09.163420 np0000004670 devstack@n-api-meta.service[95809]: DEBUG nova.context [None req-f741c4f8-f4ba-46bb-9692-5954928bb105 None None] Found 2 cells: 00000000-0000-0000-0000-000000000000(cell0),d6a6a5f4-0b0c-40a0-b442-81d5c42726ed(cell1) {{(pid=95809) load_cells /opt/stack/nova/nova/context.py:509}}
Jul 06 20:48:09.163670 np0000004670 devstack@n-api-meta.service[95809]: INFO nova.utils [None req-f741c4f8-f4ba-46bb-9692-5954928bb105 None None] The cell worker thread pool MainProcess.cell_worker is initialized
Jul 06 20:48:09.165455 np0000004670 devstack@n-api-meta.service[95809]: DEBUG oslo_concurrency.lockutils [None req-f741c4f8-f4ba-46bb-9692-5954928bb105 None None] Acquiring lock "00000000-0000-0000-0000-000000000000" by "nova.context.set_target_cell..get_or_set_cached_cell_and_set_connections" {{(pid=95809) inner /opt/stack/data/venv/lib/python3.12/site-packages/oslo_concurrency/lockutils.py:511}}
Jul 06 20:48:09.165604 np0000004670 devstack@n-api-meta.service[95809]: DEBUG oslo_concurrency.lockutils [None req-f741c4f8-f4ba-46bb-9692-5954928bb105 None None] Lock "00000000-0000-0000-0000-000000000000" acquired by "nova.context.set_target_cell..get_or_set_cached_cell_and_set_connections" :: waited 0.000s {{(pid=95809) inner /opt/stack/data/venv/lib/python3.12/site-packages/oslo_concurrency/lockutils.py:524}}
Jul 06 20:48:09.167219 np0000004670 devstack@n-api-meta.service[95809]: DEBUG oslo_concurrency.lockutils [None req-f741c4f8-f4ba-46bb-9692-5954928bb105 None None] Lock "00000000-0000-0000-0000-000000000000" "released" by "nova.context.set_target_cell..get_or_set_cached_cell_and_set_connections" :: held 0.000s {{(pid=95809) inner /opt/stack/data/venv/lib/python3.12/site-packages/oslo_concurrency/lockutils.py:543}}
Jul 06 20:48:09.167219 np0000004670 devstack@n-api-meta.service[95809]: DEBUG oslo_concurrency.lockutils [None req-f741c4f8-f4ba-46bb-9692-5954928bb105 None None] Acquiring lock "d6a6a5f4-0b0c-40a0-b442-81d5c42726ed" by "nova.context.set_target_cell..get_or_set_cached_cell_and_set_connections" {{(pid=95809) inner /opt/stack/data/venv/lib/python3.12/site-packages/oslo_concurrency/lockutils.py:511}}
Jul 06 20:48:09.167219 np0000004670 devstack@n-api-meta.service[95809]: DEBUG oslo_concurrency.lockutils [None req-f741c4f8-f4ba-46bb-9692-5954928bb105 None None] Lock "d6a6a5f4-0b0c-40a0-b442-81d5c42726ed" acquired by "nova.context.set_target_cell..get_or_set_cached_cell_and_set_connections" :: waited 0.000s {{(pid=95809) inner /opt/stack/data/venv/lib/python3.12/site-packages/oslo_concurrency/lockutils.py:524}}
Jul 06 20:48:09.167616 np0000004670 devstack@n-api-meta.service[95809]: DEBUG oslo_concurrency.lockutils [None req-f741c4f8-f4ba-46bb-9692-5954928bb105 None None] Lock "d6a6a5f4-0b0c-40a0-b442-81d5c42726ed" "released" by "nova.context.set_target_cell..get_or_set_cached_cell_and_set_connections" :: held 0.001s {{(pid=95809) inner /opt/stack/data/venv/lib/python3.12/site-packages/oslo_concurrency/lockutils.py:543}}
Jul 06 20:48:09.169605 np0000004670 devstack@n-api-meta.service[95809]: INFO dbcounter [None req-f741c4f8-f4ba-46bb-9692-5954928bb105 None None] Registered counter for database nova_cell0
Jul 06 20:48:09.170448 np0000004670 devstack@n-api-meta.service[95811]: DEBUG oslo_db.sqlalchemy.engines [None req-cefc188b-314c-40cd-845f-6ffbc1d978b5 None None] MySQL server mode set to STRICT_TRANS_TABLES,STRICT_ALL_TABLES,NO_ZERO_IN_DATE,NO_ZERO_DATE,ERROR_FOR_DIVISION_BY_ZERO,TRADITIONAL,NO_ENGINE_SUBSTITUTION {{(pid=95811) _check_effective_sql_mode /opt/stack/data/venv/lib/python3.12/site-packages/oslo_db/sqlalchemy/engines.py:325}}
Jul 06 20:48:09.174435 np0000004670 devstack@n-api-meta.service[95809]: INFO dbcounter [None req-f741c4f8-f4ba-46bb-9692-5954928bb105 None None] Registered counter for database nova_cell1
Jul 06 20:48:09.175778 np0000004670 devstack@n-api-meta.service[95810]: DEBUG oslo_db.sqlalchemy.engines [None req-c85a8563-6b7e-4190-991f-00c371cce30c None None] MySQL server mode set to STRICT_TRANS_TABLES,STRICT_ALL_TABLES,NO_ZERO_IN_DATE,NO_ZERO_DATE,ERROR_FOR_DIVISION_BY_ZERO,TRADITIONAL,NO_ENGINE_SUBSTITUTION {{(pid=95810) _check_effective_sql_mode /opt/stack/data/venv/lib/python3.12/site-packages/oslo_db/sqlalchemy/engines.py:325}}
Jul 06 20:48:09.186391 np0000004670 devstack@n-api-meta.service[95808]: DEBUG oslo_db.sqlalchemy.engines [None req-b792e834-da53-4baa-bfd8-1b9494b4cd5d None None] MySQL server mode set to STRICT_TRANS_TABLES,STRICT_ALL_TABLES,NO_ZERO_IN_DATE,NO_ZERO_DATE,ERROR_FOR_DIVISION_BY_ZERO,TRADITIONAL,NO_ENGINE_SUBSTITUTION {{(pid=95808) _check_effective_sql_mode /opt/stack/data/venv/lib/python3.12/site-packages/oslo_db/sqlalchemy/engines.py:325}}
Jul 06 20:48:09.220410 np0000004670 devstack@n-api-meta.service[95808]: DEBUG dbcounter [-] [95808] Writer thread running {{(pid=95808) stat_writer /opt/stack/data/venv/lib/python3.12/site-packages/dbcounter.py:102}}
Jul 06 20:48:09.221121 np0000004670 devstack@n-api-meta.service[95810]: DEBUG dbcounter [-] [95810] Writer thread running {{(pid=95810) stat_writer /opt/stack/data/venv/lib/python3.12/site-packages/dbcounter.py:102}}
Jul 06 20:48:09.223759 np0000004670 devstack@n-api-meta.service[95808]: DEBUG nova.context [None req-b792e834-da53-4baa-bfd8-1b9494b4cd5d None None] Found 2 cells: 00000000-0000-0000-0000-000000000000(cell0),d6a6a5f4-0b0c-40a0-b442-81d5c42726ed(cell1) {{(pid=95808) load_cells /opt/stack/nova/nova/context.py:509}}
Jul 06 20:48:09.224113 np0000004670 devstack@n-api-meta.service[95810]: DEBUG nova.context [None req-c85a8563-6b7e-4190-991f-00c371cce30c None None] Found 2 cells: 00000000-0000-0000-0000-000000000000(cell0),d6a6a5f4-0b0c-40a0-b442-81d5c42726ed(cell1) {{(pid=95810) load_cells /opt/stack/nova/nova/context.py:509}}
Jul 06 20:48:09.224155 np0000004670 devstack@n-api-meta.service[95808]: INFO nova.utils [None req-b792e834-da53-4baa-bfd8-1b9494b4cd5d None None] The cell worker thread pool MainProcess.cell_worker is initialized
Jul 06 20:48:09.224426 np0000004670 devstack@n-api-meta.service[95810]: INFO nova.utils [None req-c85a8563-6b7e-4190-991f-00c371cce30c None None] The cell worker thread pool MainProcess.cell_worker is initialized
Jul 06 20:48:09.226597 np0000004670 devstack@n-api-meta.service[95808]: DEBUG oslo_concurrency.lockutils [None req-b792e834-da53-4baa-bfd8-1b9494b4cd5d None None] Acquiring lock "00000000-0000-0000-0000-000000000000" by "nova.context.set_target_cell..get_or_set_cached_cell_and_set_connections" {{(pid=95808) inner /opt/stack/data/venv/lib/python3.12/site-packages/oslo_concurrency/lockutils.py:511}}
Jul 06 20:48:09.226779 np0000004670 devstack@n-api-meta.service[95808]: DEBUG oslo_concurrency.lockutils [None req-b792e834-da53-4baa-bfd8-1b9494b4cd5d None None] Lock "00000000-0000-0000-0000-000000000000" acquired by "nova.context.set_target_cell..get_or_set_cached_cell_and_set_connections" :: waited 0.000s {{(pid=95808) inner /opt/stack/data/venv/lib/python3.12/site-packages/oslo_concurrency/lockutils.py:524}}
Jul 06 20:48:09.226949 np0000004670 devstack@n-api-meta.service[95810]: DEBUG oslo_concurrency.lockutils [None req-c85a8563-6b7e-4190-991f-00c371cce30c None None] Acquiring lock "00000000-0000-0000-0000-000000000000" by "nova.context.set_target_cell..get_or_set_cached_cell_and_set_connections" {{(pid=95810) inner /opt/stack/data/venv/lib/python3.12/site-packages/oslo_concurrency/lockutils.py:511}}
Jul 06 20:48:09.227203 np0000004670 devstack@n-api-meta.service[95808]: DEBUG oslo_concurrency.lockutils [None req-b792e834-da53-4baa-bfd8-1b9494b4cd5d None None] Lock "00000000-0000-0000-0000-000000000000" "released" by "nova.context.set_target_cell..get_or_set_cached_cell_and_set_connections" :: held 0.000s {{(pid=95808) inner /opt/stack/data/venv/lib/python3.12/site-packages/oslo_concurrency/lockutils.py:543}}
Jul 06 20:48:09.227268 np0000004670 devstack@n-api-meta.service[95810]: DEBUG oslo_concurrency.lockutils [None req-c85a8563-6b7e-4190-991f-00c371cce30c None None] Lock "00000000-0000-0000-0000-000000000000" acquired by "nova.context.set_target_cell..get_or_set_cached_cell_and_set_connections" :: waited 0.000s {{(pid=95810) inner /opt/stack/data/venv/lib/python3.12/site-packages/oslo_concurrency/lockutils.py:524}}
Jul 06 20:48:09.227692 np0000004670 devstack@n-api-meta.service[95810]: DEBUG oslo_concurrency.lockutils [None req-c85a8563-6b7e-4190-991f-00c371cce30c None None] Lock "00000000-0000-0000-0000-000000000000" "released" by "nova.context.set_target_cell..get_or_set_cached_cell_and_set_connections" :: held 0.001s {{(pid=95810) inner /opt/stack/data/venv/lib/python3.12/site-packages/oslo_concurrency/lockutils.py:543}}
Jul 06 20:48:09.227899 np0000004670 devstack@n-api-meta.service[95808]: DEBUG oslo_concurrency.lockutils [None req-b792e834-da53-4baa-bfd8-1b9494b4cd5d None None] Acquiring lock "d6a6a5f4-0b0c-40a0-b442-81d5c42726ed" by "nova.context.set_target_cell..get_or_set_cached_cell_and_set_connections" {{(pid=95808) inner /opt/stack/data/venv/lib/python3.12/site-packages/oslo_concurrency/lockutils.py:511}}
Jul 06 20:48:09.228107 np0000004670 devstack@n-api-meta.service[95808]: DEBUG oslo_concurrency.lockutils [None req-b792e834-da53-4baa-bfd8-1b9494b4cd5d None None] Lock "d6a6a5f4-0b0c-40a0-b442-81d5c42726ed" acquired by "nova.context.set_target_cell..get_or_set_cached_cell_and_set_connections" :: waited 0.000s {{(pid=95808) inner /opt/stack/data/venv/lib/python3.12/site-packages/oslo_concurrency/lockutils.py:524}}
Jul 06 20:48:09.228463 np0000004670 devstack@n-api-meta.service[95810]: DEBUG oslo_concurrency.lockutils [None req-c85a8563-6b7e-4190-991f-00c371cce30c None None] Acquiring lock "d6a6a5f4-0b0c-40a0-b442-81d5c42726ed" by "nova.context.set_target_cell..get_or_set_cached_cell_and_set_connections" {{(pid=95810) inner /opt/stack/data/venv/lib/python3.12/site-packages/oslo_concurrency/lockutils.py:511}}
Jul 06 20:48:09.228940 np0000004670 devstack@n-api-meta.service[95808]: DEBUG oslo_concurrency.lockutils [None req-b792e834-da53-4baa-bfd8-1b9494b4cd5d None None] Lock "d6a6a5f4-0b0c-40a0-b442-81d5c42726ed" "released" by "nova.context.set_target_cell..get_or_set_cached_cell_and_set_connections" :: held 0.001s {{(pid=95808) inner /opt/stack/data/venv/lib/python3.12/site-packages/oslo_concurrency/lockutils.py:543}}
Jul 06 20:48:09.230004 np0000004670 devstack@n-api-meta.service[95810]: INFO dbcounter [None req-c85a8563-6b7e-4190-991f-00c371cce30c None None] Registered counter for database nova_cell0
Jul 06 20:48:09.231182 np0000004670 devstack@n-api-meta.service[95808]: INFO dbcounter [None req-b792e834-da53-4baa-bfd8-1b9494b4cd5d None None] Registered counter for database nova_cell0
Jul 06 20:48:09.231330 np0000004670 devstack@n-api-meta.service[95810]: DEBUG oslo_concurrency.lockutils [None req-c85a8563-6b7e-4190-991f-00c371cce30c None None] Lock "d6a6a5f4-0b0c-40a0-b442-81d5c42726ed" acquired by "nova.context.set_target_cell..get_or_set_cached_cell_and_set_connections" :: waited 0.001s {{(pid=95810) inner /opt/stack/data/venv/lib/python3.12/site-packages/oslo_concurrency/lockutils.py:524}}
Jul 06 20:48:09.232996 np0000004670 devstack@n-api-meta.service[95810]: DEBUG oslo_concurrency.lockutils [None req-c85a8563-6b7e-4190-991f-00c371cce30c None None] Lock "d6a6a5f4-0b0c-40a0-b442-81d5c42726ed" "released" by "nova.context.set_target_cell..get_or_set_cached_cell_and_set_connections" :: held 0.003s {{(pid=95810) inner /opt/stack/data/venv/lib/python3.12/site-packages/oslo_concurrency/lockutils.py:543}}
Jul 06 20:48:09.236539 np0000004670 devstack@n-api-meta.service[95808]: INFO dbcounter [None req-b792e834-da53-4baa-bfd8-1b9494b4cd5d None None] Registered counter for database nova_cell1
Jul 06 20:48:09.237055 np0000004670 devstack@n-api-meta.service[95809]: DEBUG oslo_db.sqlalchemy.engines [None req-f741c4f8-f4ba-46bb-9692-5954928bb105 None None] MySQL server mode set to STRICT_TRANS_TABLES,STRICT_ALL_TABLES,NO_ZERO_IN_DATE,NO_ZERO_DATE,ERROR_FOR_DIVISION_BY_ZERO,TRADITIONAL,NO_ENGINE_SUBSTITUTION {{(pid=95809) _check_effective_sql_mode /opt/stack/data/venv/lib/python3.12/site-packages/oslo_db/sqlalchemy/engines.py:325}}
Jul 06 20:48:09.238225 np0000004670 devstack@n-api-meta.service[95810]: INFO dbcounter [None req-c85a8563-6b7e-4190-991f-00c371cce30c None None] Registered counter for database nova_cell1
Jul 06 20:48:09.243564 np0000004670 devstack@n-api-meta.service[95809]: DEBUG oslo_db.sqlalchemy.engines [None req-f741c4f8-f4ba-46bb-9692-5954928bb105 None None] MySQL server mode set to STRICT_TRANS_TABLES,STRICT_ALL_TABLES,NO_ZERO_IN_DATE,NO_ZERO_DATE,ERROR_FOR_DIVISION_BY_ZERO,TRADITIONAL,NO_ENGINE_SUBSTITUTION {{(pid=95809) _check_effective_sql_mode /opt/stack/data/venv/lib/python3.12/site-packages/oslo_db/sqlalchemy/engines.py:325}}
Jul 06 20:48:09.260245 np0000004670 devstack@n-api-meta.service[95811]: DEBUG dbcounter [-] [95811] Writer thread running {{(pid=95811) stat_writer /opt/stack/data/venv/lib/python3.12/site-packages/dbcounter.py:102}}
Jul 06 20:48:09.264467 np0000004670 devstack@n-api-meta.service[95811]: DEBUG dbcounter [-] [95811] Writer thread running {{(pid=95811) stat_writer /opt/stack/data/venv/lib/python3.12/site-packages/dbcounter.py:102}}
Jul 06 20:48:09.268824 np0000004670 devstack@n-api-meta.service[95811]: INFO dbcounter [None req-cefc188b-314c-40cd-845f-6ffbc1d978b5 None None] Registered counter for database nova_cell0
Jul 06 20:48:09.288898 np0000004670 devstack@n-api-meta.service[95808]: DEBUG oslo_db.sqlalchemy.engines [None req-b792e834-da53-4baa-bfd8-1b9494b4cd5d None None] MySQL server mode set to STRICT_TRANS_TABLES,STRICT_ALL_TABLES,NO_ZERO_IN_DATE,NO_ZERO_DATE,ERROR_FOR_DIVISION_BY_ZERO,TRADITIONAL,NO_ENGINE_SUBSTITUTION {{(pid=95808) _check_effective_sql_mode /opt/stack/data/venv/lib/python3.12/site-packages/oslo_db/sqlalchemy/engines.py:325}}
Jul 06 20:48:09.292108 np0000004670 devstack@n-api-meta.service[95808]: DEBUG oslo_db.sqlalchemy.engines [None req-b792e834-da53-4baa-bfd8-1b9494b4cd5d None None] MySQL server mode set to STRICT_TRANS_TABLES,STRICT_ALL_TABLES,NO_ZERO_IN_DATE,NO_ZERO_DATE,ERROR_FOR_DIVISION_BY_ZERO,TRADITIONAL,NO_ENGINE_SUBSTITUTION {{(pid=95808) _check_effective_sql_mode /opt/stack/data/venv/lib/python3.12/site-packages/oslo_db/sqlalchemy/engines.py:325}}
Jul 06 20:48:09.296253 np0000004670 devstack@n-api-meta.service[95810]: DEBUG oslo_db.sqlalchemy.engines [None req-c85a8563-6b7e-4190-991f-00c371cce30c None None] MySQL server mode set to STRICT_TRANS_TABLES,STRICT_ALL_TABLES,NO_ZERO_IN_DATE,NO_ZERO_DATE,ERROR_FOR_DIVISION_BY_ZERO,TRADITIONAL,NO_ENGINE_SUBSTITUTION {{(pid=95810) _check_effective_sql_mode /opt/stack/data/venv/lib/python3.12/site-packages/oslo_db/sqlalchemy/engines.py:325}}
Jul 06 20:48:09.310096 np0000004670 devstack@n-api-meta.service[95811]: DEBUG oslo_db.sqlalchemy.engines [None req-cefc188b-314c-40cd-845f-6ffbc1d978b5 None None] MySQL server mode set to STRICT_TRANS_TABLES,STRICT_ALL_TABLES,NO_ZERO_IN_DATE,NO_ZERO_DATE,ERROR_FOR_DIVISION_BY_ZERO,TRADITIONAL,NO_ENGINE_SUBSTITUTION {{(pid=95811) _check_effective_sql_mode /opt/stack/data/venv/lib/python3.12/site-packages/oslo_db/sqlalchemy/engines.py:325}}
Jul 06 20:48:09.312220 np0000004670 devstack@n-api-meta.service[95810]: DEBUG oslo_db.sqlalchemy.engines [None req-c85a8563-6b7e-4190-991f-00c371cce30c None None] MySQL server mode set to STRICT_TRANS_TABLES,STRICT_ALL_TABLES,NO_ZERO_IN_DATE,NO_ZERO_DATE,ERROR_FOR_DIVISION_BY_ZERO,TRADITIONAL,NO_ENGINE_SUBSTITUTION {{(pid=95810) _check_effective_sql_mode /opt/stack/data/venv/lib/python3.12/site-packages/oslo_db/sqlalchemy/engines.py:325}}
Jul 06 20:48:09.318444 np0000004670 devstack@n-api-meta.service[95811]: DEBUG dbcounter [-] [95811] Writer thread running {{(pid=95811) stat_writer /opt/stack/data/venv/lib/python3.12/site-packages/dbcounter.py:102}}
Jul 06 20:48:09.350544 np0000004670 devstack@n-api-meta.service[95809]: DEBUG dbcounter [-] [95809] Writer thread running {{(pid=95809) stat_writer /opt/stack/data/venv/lib/python3.12/site-packages/dbcounter.py:102}}
Jul 06 20:48:09.353741 np0000004670 devstack@n-api-meta.service[95809]: DEBUG dbcounter [-] [95809] Writer thread running {{(pid=95809) stat_writer /opt/stack/data/venv/lib/python3.12/site-packages/dbcounter.py:102}}
Jul 06 20:48:09.358450 np0000004670 devstack@n-api-meta.service[95809]: INFO dbcounter [None req-f741c4f8-f4ba-46bb-9692-5954928bb105 None None] Registered counter for database nova_cell0
Jul 06 20:48:09.372386 np0000004670 devstack@n-api-meta.service[95811]: WARNING nova.api.metadata.handler [None req-cefc188b-314c-40cd-845f-6ffbc1d978b5 None None] metadata_proxy_shared_secret is not configured, the metadata information returned by the proxy cannot be trusted
Jul 06 20:48:09.375976 np0000004670 devstack@n-api-meta.service[95811]: DEBUG nova.api.openstack.wsgi_app [None req-cefc188b-314c-40cd-845f-6ffbc1d978b5 None None] ******************************************************************************** {{(pid=95811) log_opt_values /opt/stack/data/venv/lib/python3.12/site-packages/oslo_config/cfg.py:3226}}
Jul 06 20:48:09.376138 np0000004670 devstack@n-api-meta.service[95811]: DEBUG nova.api.openstack.wsgi_app [None req-cefc188b-314c-40cd-845f-6ffbc1d978b5 None None] Configuration options gathered from: {{(pid=95811) log_opt_values /opt/stack/data/venv/lib/python3.12/site-packages/oslo_config/cfg.py:3227}}
Jul 06 20:48:09.376276 np0000004670 devstack@n-api-meta.service[95811]: DEBUG nova.api.openstack.wsgi_app [None req-cefc188b-314c-40cd-845f-6ffbc1d978b5 None None] command line args: [] {{(pid=95811) log_opt_values /opt/stack/data/venv/lib/python3.12/site-packages/oslo_config/cfg.py:3228}}
Jul 06 20:48:09.376607 np0000004670 devstack@n-api-meta.service[95811]: DEBUG nova.api.openstack.wsgi_app [None req-cefc188b-314c-40cd-845f-6ffbc1d978b5 None None] config files: ['/etc/nova/api-paste.ini', '/etc/nova/nova.conf'] {{(pid=95811) log_opt_values /opt/stack/data/venv/lib/python3.12/site-packages/oslo_config/cfg.py:3229}}
Jul 06 20:48:09.376963 np0000004670 devstack@n-api-meta.service[95811]: DEBUG nova.api.openstack.wsgi_app [None req-cefc188b-314c-40cd-845f-6ffbc1d978b5 None None] ================================================================================ {{(pid=95811) log_opt_values /opt/stack/data/venv/lib/python3.12/site-packages/oslo_config/cfg.py:3234}}
Jul 06 20:48:09.377069 np0000004670 devstack@n-api-meta.service[95811]: DEBUG nova.api.openstack.wsgi_app [None req-cefc188b-314c-40cd-845f-6ffbc1d978b5 None None] allow_resize_to_same_host = True {{(pid=95811) log_opt_values /opt/stack/data/venv/lib/python3.12/site-packages/oslo_config/cfg.py:3242}}
Jul 06 20:48:09.377318 np0000004670 devstack@n-api-meta.service[95811]: DEBUG nova.api.openstack.wsgi_app [None req-cefc188b-314c-40cd-845f-6ffbc1d978b5 None None] arq_binding_timeout = 300 {{(pid=95811) log_opt_values /opt/stack/data/venv/lib/python3.12/site-packages/oslo_config/cfg.py:3242}}
Jul 06 20:48:09.378262 np0000004670 devstack@n-api-meta.service[95811]: DEBUG nova.api.openstack.wsgi_app [None req-cefc188b-314c-40cd-845f-6ffbc1d978b5 None None] block_device_allocate_retries = 60 {{(pid=95811) log_opt_values /opt/stack/data/venv/lib/python3.12/site-packages/oslo_config/cfg.py:3242}}
Jul 06 20:48:09.378262 np0000004670 devstack@n-api-meta.service[95811]: DEBUG nova.api.openstack.wsgi_app [None req-cefc188b-314c-40cd-845f-6ffbc1d978b5 None None] block_device_allocate_retries_interval = 3 {{(pid=95811) log_opt_values /opt/stack/data/venv/lib/python3.12/site-packages/oslo_config/cfg.py:3242}}
Jul 06 20:48:09.378879 np0000004670 devstack@n-api-meta.service[95811]: DEBUG nova.api.openstack.wsgi_app [None req-cefc188b-314c-40cd-845f-6ffbc1d978b5 None None] cell_worker_thread_pool_size = 5 {{(pid=95811) log_opt_values /opt/stack/data/venv/lib/python3.12/site-packages/oslo_config/cfg.py:3242}}
Jul 06 20:48:09.378879 np0000004670 devstack@n-api-meta.service[95811]: DEBUG nova.api.openstack.wsgi_app [None req-cefc188b-314c-40cd-845f-6ffbc1d978b5 None None] cert = self.pem {{(pid=95811) log_opt_values /opt/stack/data/venv/lib/python3.12/site-packages/oslo_config/cfg.py:3242}}
Jul 06 20:48:09.378879 np0000004670 devstack@n-api-meta.service[95811]: DEBUG nova.api.openstack.wsgi_app [None req-cefc188b-314c-40cd-845f-6ffbc1d978b5 None None] compute_driver = libvirt.LibvirtDriver {{(pid=95811) log_opt_values /opt/stack/data/venv/lib/python3.12/site-packages/oslo_config/cfg.py:3242}}
Jul 06 20:48:09.379068 np0000004670 devstack@n-api-meta.service[95811]: DEBUG nova.api.openstack.wsgi_app [None req-cefc188b-314c-40cd-845f-6ffbc1d978b5 None None] compute_monitors = [] {{(pid=95811) log_opt_values /opt/stack/data/venv/lib/python3.12/site-packages/oslo_config/cfg.py:3242}}
Jul 06 20:48:09.379261 np0000004670 devstack@n-api-meta.service[95811]: DEBUG nova.api.openstack.wsgi_app [None req-cefc188b-314c-40cd-845f-6ffbc1d978b5 None None] concurrency_backend = auto {{(pid=95811) log_opt_values /opt/stack/data/venv/lib/python3.12/site-packages/oslo_config/cfg.py:3242}}
Jul 06 20:48:09.379438 np0000004670 devstack@n-api-meta.service[95811]: DEBUG nova.api.openstack.wsgi_app [None req-cefc188b-314c-40cd-845f-6ffbc1d978b5 None None] config_dir = [] {{(pid=95811) log_opt_values /opt/stack/data/venv/lib/python3.12/site-packages/oslo_config/cfg.py:3242}}
Jul 06 20:48:09.379641 np0000004670 devstack@n-api-meta.service[95811]: DEBUG nova.api.openstack.wsgi_app [None req-cefc188b-314c-40cd-845f-6ffbc1d978b5 None None] config_drive_format = iso9660 {{(pid=95811) log_opt_values /opt/stack/data/venv/lib/python3.12/site-packages/oslo_config/cfg.py:3242}}
Jul 06 20:48:09.379774 np0000004670 devstack@n-api-meta.service[95811]: DEBUG nova.api.openstack.wsgi_app [None req-cefc188b-314c-40cd-845f-6ffbc1d978b5 None None] config_file = ['/etc/nova/api-paste.ini', '/etc/nova/nova.conf'] {{(pid=95811) log_opt_values /opt/stack/data/venv/lib/python3.12/site-packages/oslo_config/cfg.py:3242}}
Jul 06 20:48:09.379968 np0000004670 devstack@n-api-meta.service[95811]: DEBUG nova.api.openstack.wsgi_app [None req-cefc188b-314c-40cd-845f-6ffbc1d978b5 None None] config_source = [] {{(pid=95811) log_opt_values /opt/stack/data/venv/lib/python3.12/site-packages/oslo_config/cfg.py:3242}}
Jul 06 20:48:09.380169 np0000004670 devstack@n-api-meta.service[95811]: DEBUG nova.api.openstack.wsgi_app [None req-cefc188b-314c-40cd-845f-6ffbc1d978b5 None None] console_host = np0000004670 {{(pid=95811) log_opt_values /opt/stack/data/venv/lib/python3.12/site-packages/oslo_config/cfg.py:3242}}
Jul 06 20:48:09.380360 np0000004670 devstack@n-api-meta.service[95811]: DEBUG nova.api.openstack.wsgi_app [None req-cefc188b-314c-40cd-845f-6ffbc1d978b5 None None] control_exchange = nova {{(pid=95811) log_opt_values /opt/stack/data/venv/lib/python3.12/site-packages/oslo_config/cfg.py:3242}}
Jul 06 20:48:09.380553 np0000004670 devstack@n-api-meta.service[95811]: DEBUG nova.api.openstack.wsgi_app [None req-cefc188b-314c-40cd-845f-6ffbc1d978b5 None None] cpu_allocation_ratio = None {{(pid=95811) log_opt_values /opt/stack/data/venv/lib/python3.12/site-packages/oslo_config/cfg.py:3242}}
Jul 06 20:48:09.380738 np0000004670 devstack@n-api-meta.service[95811]: DEBUG nova.api.openstack.wsgi_app [None req-cefc188b-314c-40cd-845f-6ffbc1d978b5 None None] daemon = False {{(pid=95811) log_opt_values /opt/stack/data/venv/lib/python3.12/site-packages/oslo_config/cfg.py:3242}}
Jul 06 20:48:09.380917 np0000004670 devstack@n-api-meta.service[95811]: DEBUG nova.api.openstack.wsgi_app [None req-cefc188b-314c-40cd-845f-6ffbc1d978b5 None None] debug = True {{(pid=95811) log_opt_values /opt/stack/data/venv/lib/python3.12/site-packages/oslo_config/cfg.py:3242}}
Jul 06 20:48:09.381122 np0000004670 devstack@n-api-meta.service[95811]: DEBUG nova.api.openstack.wsgi_app [None req-cefc188b-314c-40cd-845f-6ffbc1d978b5 None None] default_access_ip_network_name = None {{(pid=95811) log_opt_values /opt/stack/data/venv/lib/python3.12/site-packages/oslo_config/cfg.py:3242}}
Jul 06 20:48:09.381308 np0000004670 devstack@n-api-meta.service[95811]: DEBUG nova.api.openstack.wsgi_app [None req-cefc188b-314c-40cd-845f-6ffbc1d978b5 None None] default_availability_zone = nova {{(pid=95811) log_opt_values /opt/stack/data/venv/lib/python3.12/site-packages/oslo_config/cfg.py:3242}}
Jul 06 20:48:09.381514 np0000004670 devstack@n-api-meta.service[95811]: DEBUG nova.api.openstack.wsgi_app [None req-cefc188b-314c-40cd-845f-6ffbc1d978b5 None None] default_ephemeral_format = ext4 {{(pid=95811) log_opt_values /opt/stack/data/venv/lib/python3.12/site-packages/oslo_config/cfg.py:3242}}
Jul 06 20:48:09.381698 np0000004670 devstack@n-api-meta.service[95811]: DEBUG nova.api.openstack.wsgi_app [None req-cefc188b-314c-40cd-845f-6ffbc1d978b5 None None] default_green_pool_size = 1000 {{(pid=95811) log_opt_values /opt/stack/data/venv/lib/python3.12/site-packages/oslo_config/cfg.py:3242}}
Jul 06 20:48:09.382003 np0000004670 devstack@n-api-meta.service[95811]: DEBUG nova.api.openstack.wsgi_app [None req-cefc188b-314c-40cd-845f-6ffbc1d978b5 None None] default_log_levels = ['amqp=WARN', 'boto=WARN', 'sqlalchemy=WARN', 'suds=INFO', 'oslo.messaging=INFO', 'oslo_messaging=INFO', 'iso8601=WARN', 'requests.packages.urllib3.connectionpool=WARN', 'urllib3.connectionpool=WARN', 'websocket=WARN', 'requests.packages.urllib3.util.retry=WARN', 'urllib3.util.retry=WARN', 'keystonemiddleware=WARN', 'routes.middleware=WARN', 'stevedore=WARN', 'taskflow=WARN', 'keystoneauth=WARN', 'oslo.cache=INFO', 'oslo_policy=INFO', 'dogpile.core.dogpile=INFO', 'glanceclient=WARN', 'oslo.privsep.daemon=INFO'] {{(pid=95811) log_opt_values /opt/stack/data/venv/lib/python3.12/site-packages/oslo_config/cfg.py:3242}}
Jul 06 20:48:09.382188 np0000004670 devstack@n-api-meta.service[95811]: DEBUG nova.api.openstack.wsgi_app [None req-cefc188b-314c-40cd-845f-6ffbc1d978b5 None None] default_schedule_zone = None {{(pid=95811) log_opt_values /opt/stack/data/venv/lib/python3.12/site-packages/oslo_config/cfg.py:3242}}
Jul 06 20:48:09.382349 np0000004670 devstack@n-api-meta.service[95811]: DEBUG nova.api.openstack.wsgi_app [None req-cefc188b-314c-40cd-845f-6ffbc1d978b5 None None] default_thread_pool_size = 10 {{(pid=95811) log_opt_values /opt/stack/data/venv/lib/python3.12/site-packages/oslo_config/cfg.py:3242}}
Jul 06 20:48:09.382541 np0000004670 devstack@n-api-meta.service[95811]: DEBUG nova.api.openstack.wsgi_app [None req-cefc188b-314c-40cd-845f-6ffbc1d978b5 None None] disk_allocation_ratio = None {{(pid=95811) log_opt_values /opt/stack/data/venv/lib/python3.12/site-packages/oslo_config/cfg.py:3242}}
Jul 06 20:48:09.382708 np0000004670 devstack@n-api-meta.service[95811]: DEBUG nova.api.openstack.wsgi_app [None req-cefc188b-314c-40cd-845f-6ffbc1d978b5 None None] enable_new_services = True {{(pid=95811) log_opt_values /opt/stack/data/venv/lib/python3.12/site-packages/oslo_config/cfg.py:3242}}
Jul 06 20:48:09.383412 np0000004670 devstack@n-api-meta.service[95811]: DEBUG nova.api.openstack.wsgi_app [None req-cefc188b-314c-40cd-845f-6ffbc1d978b5 None None] flat_injected = False {{(pid=95811) log_opt_values /opt/stack/data/venv/lib/python3.12/site-packages/oslo_config/cfg.py:3242}}
Jul 06 20:48:09.383412 np0000004670 devstack@n-api-meta.service[95811]: DEBUG nova.api.openstack.wsgi_app [None req-cefc188b-314c-40cd-845f-6ffbc1d978b5 None None] force_config_drive = True {{(pid=95811) log_opt_values /opt/stack/data/venv/lib/python3.12/site-packages/oslo_config/cfg.py:3242}}
Jul 06 20:48:09.383412 np0000004670 devstack@n-api-meta.service[95811]: DEBUG nova.api.openstack.wsgi_app [None req-cefc188b-314c-40cd-845f-6ffbc1d978b5 None None] force_raw_images = True {{(pid=95811) log_opt_values /opt/stack/data/venv/lib/python3.12/site-packages/oslo_config/cfg.py:3242}}
Jul 06 20:48:09.383412 np0000004670 devstack@n-api-meta.service[95811]: DEBUG nova.api.openstack.wsgi_app [None req-cefc188b-314c-40cd-845f-6ffbc1d978b5 None None] graceful_shutdown_timeout = 5 {{(pid=95811) log_opt_values /opt/stack/data/venv/lib/python3.12/site-packages/oslo_config/cfg.py:3242}}
Jul 06 20:48:09.383683 np0000004670 devstack@n-api-meta.service[95811]: DEBUG nova.api.openstack.wsgi_app [None req-cefc188b-314c-40cd-845f-6ffbc1d978b5 None None] heal_instance_info_cache_interval = -1 {{(pid=95811) log_opt_values /opt/stack/data/venv/lib/python3.12/site-packages/oslo_config/cfg.py:3242}}
Jul 06 20:48:09.383861 np0000004670 devstack@n-api-meta.service[95811]: DEBUG nova.api.openstack.wsgi_app [None req-cefc188b-314c-40cd-845f-6ffbc1d978b5 None None] host = np0000004670 {{(pid=95811) log_opt_values /opt/stack/data/venv/lib/python3.12/site-packages/oslo_config/cfg.py:3242}}
Jul 06 20:48:09.384105 np0000004670 devstack@n-api-meta.service[95811]: DEBUG nova.api.openstack.wsgi_app [None req-cefc188b-314c-40cd-845f-6ffbc1d978b5 None None] initial_cpu_allocation_ratio = 4.0 {{(pid=95811) log_opt_values /opt/stack/data/venv/lib/python3.12/site-packages/oslo_config/cfg.py:3242}}
Jul 06 20:48:09.384276 np0000004670 devstack@n-api-meta.service[95811]: DEBUG nova.api.openstack.wsgi_app [None req-cefc188b-314c-40cd-845f-6ffbc1d978b5 None None] initial_disk_allocation_ratio = 1.0 {{(pid=95811) log_opt_values /opt/stack/data/venv/lib/python3.12/site-packages/oslo_config/cfg.py:3242}}
Jul 06 20:48:09.384443 np0000004670 devstack@n-api-meta.service[95811]: DEBUG nova.api.openstack.wsgi_app [None req-cefc188b-314c-40cd-845f-6ffbc1d978b5 None None] initial_ram_allocation_ratio = 1.0 {{(pid=95811) log_opt_values /opt/stack/data/venv/lib/python3.12/site-packages/oslo_config/cfg.py:3242}}
Jul 06 20:48:09.384698 np0000004670 devstack@n-api-meta.service[95811]: DEBUG nova.api.openstack.wsgi_app [None req-cefc188b-314c-40cd-845f-6ffbc1d978b5 None None] injected_network_template = /opt/stack/nova/nova/virt/interfaces.template {{(pid=95811) log_opt_values /opt/stack/data/venv/lib/python3.12/site-packages/oslo_config/cfg.py:3242}}
Jul 06 20:48:09.384873 np0000004670 devstack@n-api-meta.service[95811]: DEBUG nova.api.openstack.wsgi_app [None req-cefc188b-314c-40cd-845f-6ffbc1d978b5 None None] instance_build_timeout = 0 {{(pid=95811) log_opt_values /opt/stack/data/venv/lib/python3.12/site-packages/oslo_config/cfg.py:3242}}
Jul 06 20:48:09.385064 np0000004670 devstack@n-api-meta.service[95811]: DEBUG nova.api.openstack.wsgi_app [None req-cefc188b-314c-40cd-845f-6ffbc1d978b5 None None] instance_delete_interval = 300 {{(pid=95811) log_opt_values /opt/stack/data/venv/lib/python3.12/site-packages/oslo_config/cfg.py:3242}}
Jul 06 20:48:09.385386 np0000004670 devstack@n-api-meta.service[95811]: DEBUG nova.api.openstack.wsgi_app [None req-cefc188b-314c-40cd-845f-6ffbc1d978b5 None None] instance_format = [instance: %(uuid)s] {{(pid=95811) log_opt_values /opt/stack/data/venv/lib/python3.12/site-packages/oslo_config/cfg.py:3242}}
Jul 06 20:48:09.385453 np0000004670 devstack@n-api-meta.service[95811]: DEBUG nova.api.openstack.wsgi_app [None req-cefc188b-314c-40cd-845f-6ffbc1d978b5 None None] instance_name_template = instance-%08x {{(pid=95811) log_opt_values /opt/stack/data/venv/lib/python3.12/site-packages/oslo_config/cfg.py:3242}}
Jul 06 20:48:09.385600 np0000004670 devstack@n-api-meta.service[95811]: DEBUG nova.api.openstack.wsgi_app [None req-cefc188b-314c-40cd-845f-6ffbc1d978b5 None None] instance_usage_audit = False {{(pid=95811) log_opt_values /opt/stack/data/venv/lib/python3.12/site-packages/oslo_config/cfg.py:3242}}
Jul 06 20:48:09.385816 np0000004670 devstack@n-api-meta.service[95811]: DEBUG nova.api.openstack.wsgi_app [None req-cefc188b-314c-40cd-845f-6ffbc1d978b5 None None] instance_usage_audit_period = month {{(pid=95811) log_opt_values /opt/stack/data/venv/lib/python3.12/site-packages/oslo_config/cfg.py:3242}}
Jul 06 20:48:09.386075 np0000004670 devstack@n-api-meta.service[95811]: DEBUG nova.api.openstack.wsgi_app [None req-cefc188b-314c-40cd-845f-6ffbc1d978b5 None None] instance_uuid_format = [instance: %(uuid)s] {{(pid=95811) log_opt_values /opt/stack/data/venv/lib/python3.12/site-packages/oslo_config/cfg.py:3242}}
Jul 06 20:48:09.386133 np0000004670 devstack@n-api-meta.service[95811]: DEBUG nova.api.openstack.wsgi_app [None req-cefc188b-314c-40cd-845f-6ffbc1d978b5 None None] instances_path = /opt/stack/data/nova/instances {{(pid=95811) log_opt_values /opt/stack/data/venv/lib/python3.12/site-packages/oslo_config/cfg.py:3242}}
Jul 06 20:48:09.386375 np0000004670 devstack@n-api-meta.service[95811]: DEBUG nova.api.openstack.wsgi_app [None req-cefc188b-314c-40cd-845f-6ffbc1d978b5 None None] internal_service_availability_zone = internal {{(pid=95811) log_opt_values /opt/stack/data/venv/lib/python3.12/site-packages/oslo_config/cfg.py:3242}}
Jul 06 20:48:09.386548 np0000004670 devstack@n-api-meta.service[95811]: DEBUG nova.api.openstack.wsgi_app [None req-cefc188b-314c-40cd-845f-6ffbc1d978b5 None None] key = None {{(pid=95811) log_opt_values /opt/stack/data/venv/lib/python3.12/site-packages/oslo_config/cfg.py:3242}}
Jul 06 20:48:09.386757 np0000004670 devstack@n-api-meta.service[95811]: DEBUG nova.api.openstack.wsgi_app [None req-cefc188b-314c-40cd-845f-6ffbc1d978b5 None None] live_migration_retry_count = 30 {{(pid=95811) log_opt_values /opt/stack/data/venv/lib/python3.12/site-packages/oslo_config/cfg.py:3242}}
Jul 06 20:48:09.386836 np0000004670 devstack@n-api-meta.service[95811]: DEBUG nova.api.openstack.wsgi_app [None req-cefc188b-314c-40cd-845f-6ffbc1d978b5 None None] log_color = False {{(pid=95811) log_opt_values /opt/stack/data/venv/lib/python3.12/site-packages/oslo_config/cfg.py:3242}}
Jul 06 20:48:09.386984 np0000004670 devstack@n-api-meta.service[95811]: DEBUG nova.api.openstack.wsgi_app [None req-cefc188b-314c-40cd-845f-6ffbc1d978b5 None None] log_config_append = None {{(pid=95811) log_opt_values /opt/stack/data/venv/lib/python3.12/site-packages/oslo_config/cfg.py:3242}}
Jul 06 20:48:09.387245 np0000004670 devstack@n-api-meta.service[95811]: DEBUG nova.api.openstack.wsgi_app [None req-cefc188b-314c-40cd-845f-6ffbc1d978b5 None None] log_date_format = %Y-%m-%d %H:%M:%S {{(pid=95811) log_opt_values /opt/stack/data/venv/lib/python3.12/site-packages/oslo_config/cfg.py:3242}}
Jul 06 20:48:09.387371 np0000004670 devstack@n-api-meta.service[95811]: DEBUG nova.api.openstack.wsgi_app [None req-cefc188b-314c-40cd-845f-6ffbc1d978b5 None None] log_dir = None {{(pid=95811) log_opt_values /opt/stack/data/venv/lib/python3.12/site-packages/oslo_config/cfg.py:3242}}
Jul 06 20:48:09.387542 np0000004670 devstack@n-api-meta.service[95811]: DEBUG nova.api.openstack.wsgi_app [None req-cefc188b-314c-40cd-845f-6ffbc1d978b5 None None] log_file = None {{(pid=95811) log_opt_values /opt/stack/data/venv/lib/python3.12/site-packages/oslo_config/cfg.py:3242}}
Jul 06 20:48:09.387625 np0000004670 devstack@n-api-meta.service[95811]: DEBUG nova.api.openstack.wsgi_app [None req-cefc188b-314c-40cd-845f-6ffbc1d978b5 None None] log_options = True {{(pid=95811) log_opt_values /opt/stack/data/venv/lib/python3.12/site-packages/oslo_config/cfg.py:3242}}
Jul 06 20:48:09.387885 np0000004670 devstack@n-api-meta.service[95811]: DEBUG nova.api.openstack.wsgi_app [None req-cefc188b-314c-40cd-845f-6ffbc1d978b5 None None] log_rotate_interval = 1 {{(pid=95811) log_opt_values /opt/stack/data/venv/lib/python3.12/site-packages/oslo_config/cfg.py:3242}}
Jul 06 20:48:09.387885 np0000004670 devstack@n-api-meta.service[95811]: DEBUG nova.api.openstack.wsgi_app [None req-cefc188b-314c-40cd-845f-6ffbc1d978b5 None None] log_rotate_interval_type = days {{(pid=95811) log_opt_values /opt/stack/data/venv/lib/python3.12/site-packages/oslo_config/cfg.py:3242}}
Jul 06 20:48:09.388159 np0000004670 devstack@n-api-meta.service[95811]: DEBUG nova.api.openstack.wsgi_app [None req-cefc188b-314c-40cd-845f-6ffbc1d978b5 None None] log_rotation_type = none {{(pid=95811) log_opt_values /opt/stack/data/venv/lib/python3.12/site-packages/oslo_config/cfg.py:3242}}
Jul 06 20:48:09.388159 np0000004670 devstack@n-api-meta.service[95811]: DEBUG nova.api.openstack.wsgi_app [None req-cefc188b-314c-40cd-845f-6ffbc1d978b5 None None] logging_context_format_string = %(color)s%(levelname)s %(name)s [%(global_request_id)s %(request_id)s %(project_name)s %(user_name)s%(color)s] %(instance)s%(color)s%(message)s {{(pid=95811) log_opt_values /opt/stack/data/venv/lib/python3.12/site-packages/oslo_config/cfg.py:3242}}
Jul 06 20:48:09.388351 np0000004670 devstack@n-api-meta.service[95811]: DEBUG nova.api.openstack.wsgi_app [None req-cefc188b-314c-40cd-845f-6ffbc1d978b5 None None] logging_debug_format_suffix = {{(pid=%(process)d) %(funcName)s %(pathname)s:%(lineno)d}} {{(pid=95811) log_opt_values /opt/stack/data/venv/lib/python3.12/site-packages/oslo_config/cfg.py:3242}}
Jul 06 20:48:09.388520 np0000004670 devstack@n-api-meta.service[95811]: DEBUG nova.api.openstack.wsgi_app [None req-cefc188b-314c-40cd-845f-6ffbc1d978b5 None None] logging_default_format_string = %(color)s%(levelname)s %(name)s [-%(color)s] %(instance)s%(color)s%(message)s {{(pid=95811) log_opt_values /opt/stack/data/venv/lib/python3.12/site-packages/oslo_config/cfg.py:3242}}
Jul 06 20:48:09.388648 np0000004670 devstack@n-api-meta.service[95811]: DEBUG nova.api.openstack.wsgi_app [None req-cefc188b-314c-40cd-845f-6ffbc1d978b5 None None] logging_exception_prefix = ERROR %(name)s %(instance)s {{(pid=95811) log_opt_values /opt/stack/data/venv/lib/python3.12/site-packages/oslo_config/cfg.py:3242}}
Jul 06 20:48:09.388880 np0000004670 devstack@n-api-meta.service[95811]: DEBUG nova.api.openstack.wsgi_app [None req-cefc188b-314c-40cd-845f-6ffbc1d978b5 None None] logging_user_identity_format = %(user)s %(project)s %(domain)s %(system_scope)s %(user_domain)s %(project_domain)s {{(pid=95811) log_opt_values /opt/stack/data/venv/lib/python3.12/site-packages/oslo_config/cfg.py:3242}}
Jul 06 20:48:09.388937 np0000004670 devstack@n-api-meta.service[95811]: DEBUG nova.api.openstack.wsgi_app [None req-cefc188b-314c-40cd-845f-6ffbc1d978b5 None None] long_rpc_timeout = 1800 {{(pid=95811) log_opt_values /opt/stack/data/venv/lib/python3.12/site-packages/oslo_config/cfg.py:3242}}
Jul 06 20:48:09.389246 np0000004670 devstack@n-api-meta.service[95811]: DEBUG nova.api.openstack.wsgi_app [None req-cefc188b-314c-40cd-845f-6ffbc1d978b5 None None] manager_shutdown_timeout = 160 {{(pid=95811) log_opt_values /opt/stack/data/venv/lib/python3.12/site-packages/oslo_config/cfg.py:3242}}
Jul 06 20:48:09.389331 np0000004670 devstack@n-api-meta.service[95811]: DEBUG nova.api.openstack.wsgi_app [None req-cefc188b-314c-40cd-845f-6ffbc1d978b5 None None] max_concurrent_builds = 10 {{(pid=95811) log_opt_values /opt/stack/data/venv/lib/python3.12/site-packages/oslo_config/cfg.py:3242}}
Jul 06 20:48:09.390002 np0000004670 devstack@n-api-meta.service[95811]: DEBUG nova.api.openstack.wsgi_app [None req-cefc188b-314c-40cd-845f-6ffbc1d978b5 None None] max_concurrent_live_migrations = 1 {{(pid=95811) log_opt_values /opt/stack/data/venv/lib/python3.12/site-packages/oslo_config/cfg.py:3242}}
Jul 06 20:48:09.390471 np0000004670 devstack@n-api-meta.service[95811]: DEBUG nova.api.openstack.wsgi_app [None req-cefc188b-314c-40cd-845f-6ffbc1d978b5 None None] max_concurrent_snapshots = 5 {{(pid=95811) log_opt_values /opt/stack/data/venv/lib/python3.12/site-packages/oslo_config/cfg.py:3242}}
Jul 06 20:48:09.390669 np0000004670 devstack@n-api-meta.service[95811]: DEBUG nova.api.openstack.wsgi_app [None req-cefc188b-314c-40cd-845f-6ffbc1d978b5 None None] max_local_block_devices = 3 {{(pid=95811) log_opt_values /opt/stack/data/venv/lib/python3.12/site-packages/oslo_config/cfg.py:3242}}
