Jun 15 01:06:34.462386 np0000002807 nova-scheduler[95768]: DEBUG cotyledon.oslo_config_glue [-] oslo_limit.cafile = None {{(pid=95768) log_opt_values /opt/stack/data/venv/lib/python3.12/site-packages/oslo_config/cfg.py:3253}}
Jun 15 01:06:34.462386 np0000002807 nova-scheduler[95768]: DEBUG cotyledon.oslo_config_glue [-] oslo_limit.certfile = None {{(pid=95768) log_opt_values /opt/stack/data/venv/lib/python3.12/site-packages/oslo_config/cfg.py:3253}}
Jun 15 01:06:34.462386 np0000002807 nova-scheduler[95768]: DEBUG cotyledon.oslo_config_glue [-] oslo_limit.collect_timing = False {{(pid=95768) log_opt_values /opt/stack/data/venv/lib/python3.12/site-packages/oslo_config/cfg.py:3253}}
Jun 15 01:06:34.462386 np0000002807 nova-scheduler[95768]: DEBUG cotyledon.oslo_config_glue [-] oslo_limit.connect_retries = None {{(pid=95768) log_opt_values /opt/stack/data/venv/lib/python3.12/site-packages/oslo_config/cfg.py:3253}}
Jun 15 01:06:34.462386 np0000002807 nova-scheduler[95768]: DEBUG cotyledon.oslo_config_glue [-] oslo_limit.connect_retry_delay = None {{(pid=95768) log_opt_values /opt/stack/data/venv/lib/python3.12/site-packages/oslo_config/cfg.py:3253}}
Jun 15 01:06:34.462386 np0000002807 nova-scheduler[95768]: DEBUG cotyledon.oslo_config_glue [-] oslo_limit.endpoint_id = None {{(pid=95768) log_opt_values /opt/stack/data/venv/lib/python3.12/site-packages/oslo_config/cfg.py:3253}}
Jun 15 01:06:34.462386 np0000002807 nova-scheduler[95768]: DEBUG cotyledon.oslo_config_glue [-] oslo_limit.endpoint_interface = public {{(pid=95768) log_opt_values /opt/stack/data/venv/lib/python3.12/site-packages/oslo_config/cfg.py:3253}}
Jun 15 01:06:34.462386 np0000002807 nova-scheduler[95768]: DEBUG cotyledon.oslo_config_glue [-] oslo_limit.endpoint_override = None {{(pid=95768) log_opt_values /opt/stack/data/venv/lib/python3.12/site-packages/oslo_config/cfg.py:3253}}
Jun 15 01:06:34.462386 np0000002807 nova-scheduler[95768]: DEBUG cotyledon.oslo_config_glue [-] oslo_limit.endpoint_region_name = None {{(pid=95768) log_opt_values /opt/stack/data/venv/lib/python3.12/site-packages/oslo_config/cfg.py:3253}}
Jun 15 01:06:34.462613 np0000002807 nova-scheduler[95768]: DEBUG cotyledon.oslo_config_glue [-] oslo_limit.endpoint_service_name = None {{(pid=95768) log_opt_values /opt/stack/data/venv/lib/python3.12/site-packages/oslo_config/cfg.py:3253}}
Jun 15 01:06:34.462613 np0000002807 nova-scheduler[95768]: DEBUG cotyledon.oslo_config_glue [-] oslo_limit.endpoint_service_type = None {{(pid=95768) log_opt_values /opt/stack/data/venv/lib/python3.12/site-packages/oslo_config/cfg.py:3253}}
Jun 15 01:06:34.462613 np0000002807 nova-scheduler[95768]: DEBUG cotyledon.oslo_config_glue [-] oslo_limit.insecure = False {{(pid=95768) log_opt_values /opt/stack/data/venv/lib/python3.12/site-packages/oslo_config/cfg.py:3253}}
Jun 15 01:06:34.462613 np0000002807 nova-scheduler[95768]: DEBUG cotyledon.oslo_config_glue [-] oslo_limit.keyfile = None {{(pid=95768) log_opt_values /opt/stack/data/venv/lib/python3.12/site-packages/oslo_config/cfg.py:3253}}
Jun 15 01:06:34.462613 np0000002807 nova-scheduler[95768]: DEBUG cotyledon.oslo_config_glue [-] oslo_limit.max_version = None {{(pid=95768) log_opt_values /opt/stack/data/venv/lib/python3.12/site-packages/oslo_config/cfg.py:3253}}
Jun 15 01:06:34.462613 np0000002807 nova-scheduler[95768]: DEBUG cotyledon.oslo_config_glue [-] oslo_limit.min_version = None {{(pid=95768) log_opt_values /opt/stack/data/venv/lib/python3.12/site-packages/oslo_config/cfg.py:3253}}
Jun 15 01:06:34.462613 np0000002807 nova-scheduler[95768]: DEBUG cotyledon.oslo_config_glue [-] oslo_limit.region_name = None {{(pid=95768) log_opt_values /opt/stack/data/venv/lib/python3.12/site-packages/oslo_config/cfg.py:3253}}
Jun 15 01:06:34.462613 np0000002807 nova-scheduler[95768]: DEBUG cotyledon.oslo_config_glue [-] oslo_limit.retriable_status_codes = None {{(pid=95768) log_opt_values /opt/stack/data/venv/lib/python3.12/site-packages/oslo_config/cfg.py:3253}}
Jun 15 01:06:34.462613 np0000002807 nova-scheduler[95768]: DEBUG cotyledon.oslo_config_glue [-] oslo_limit.service_name = None {{(pid=95768) log_opt_values /opt/stack/data/venv/lib/python3.12/site-packages/oslo_config/cfg.py:3253}}
Jun 15 01:06:34.462801 np0000002807 nova-scheduler[95768]: DEBUG cotyledon.oslo_config_glue [-] oslo_limit.service_type = None {{(pid=95768) log_opt_values /opt/stack/data/venv/lib/python3.12/site-packages/oslo_config/cfg.py:3253}}
Jun 15 01:06:34.462801 np0000002807 nova-scheduler[95768]: DEBUG cotyledon.oslo_config_glue [-] oslo_limit.split_loggers = False {{(pid=95768) log_opt_values /opt/stack/data/venv/lib/python3.12/site-packages/oslo_config/cfg.py:3253}}
Jun 15 01:06:34.462801 np0000002807 nova-scheduler[95768]: DEBUG cotyledon.oslo_config_glue [-] oslo_limit.status_code_retries = None {{(pid=95768) log_opt_values /opt/stack/data/venv/lib/python3.12/site-packages/oslo_config/cfg.py:3253}}
Jun 15 01:06:34.462801 np0000002807 nova-scheduler[95768]: DEBUG cotyledon.oslo_config_glue [-] oslo_limit.status_code_retry_delay = None {{(pid=95768) log_opt_values /opt/stack/data/venv/lib/python3.12/site-packages/oslo_config/cfg.py:3253}}
Jun 15 01:06:34.462801 np0000002807 nova-scheduler[95768]: DEBUG cotyledon.oslo_config_glue [-] oslo_limit.timeout = None {{(pid=95768) log_opt_values /opt/stack/data/venv/lib/python3.12/site-packages/oslo_config/cfg.py:3253}}
Jun 15 01:06:34.462801 np0000002807 nova-scheduler[95768]: DEBUG cotyledon.oslo_config_glue [-] oslo_limit.valid_interfaces = None {{(pid=95768) log_opt_values /opt/stack/data/venv/lib/python3.12/site-packages/oslo_config/cfg.py:3253}}
Jun 15 01:06:34.462801 np0000002807 nova-scheduler[95768]: DEBUG cotyledon.oslo_config_glue [-] oslo_limit.version = None {{(pid=95768) log_opt_values /opt/stack/data/venv/lib/python3.12/site-packages/oslo_config/cfg.py:3253}}
Jun 15 01:06:34.462801 np0000002807 nova-scheduler[95768]: DEBUG cotyledon.oslo_config_glue [-] oslo_reports.file_event_handler = None {{(pid=95768) log_opt_values /opt/stack/data/venv/lib/python3.12/site-packages/oslo_config/cfg.py:3253}}
Jun 15 01:06:34.462801 np0000002807 nova-scheduler[95768]: DEBUG cotyledon.oslo_config_glue [-] oslo_reports.file_event_handler_interval = 1 {{(pid=95768) log_opt_values /opt/stack/data/venv/lib/python3.12/site-packages/oslo_config/cfg.py:3253}}
Jun 15 01:06:34.462954 np0000002807 nova-scheduler[95768]: DEBUG cotyledon.oslo_config_glue [-] oslo_reports.log_dir = None {{(pid=95768) log_opt_values /opt/stack/data/venv/lib/python3.12/site-packages/oslo_config/cfg.py:3253}}
Jun 15 01:06:34.462954 np0000002807 nova-scheduler[95768]: DEBUG cotyledon.oslo_config_glue [-] ******************************************************************************** {{(pid=95768) log_opt_values /opt/stack/data/venv/lib/python3.12/site-packages/oslo_config/cfg.py:3260}}
Jun 15 01:06:34.462954 np0000002807 nova-scheduler[95768]: DEBUG cotyledon._service_worker [-] Run service ServiceWrapper(2) [95768] {{(pid=95768) wait_forever /opt/stack/data/venv/lib/python3.12/site-packages/cotyledon/_service_worker.py:218}}
Jun 15 01:06:34.462954 np0000002807 nova-scheduler[95768]: INFO nova.service [-] Starting scheduler node (version 33.1.0)
Jun 15 01:06:34.463793 np0000002807 nova-scheduler[95745]: DEBUG oslo_db.sqlalchemy.engines [None req-690593ee-5ca0-4acd-81be-3a73d7e8463b None None] MySQL server mode set to STRICT_TRANS_TABLES,STRICT_ALL_TABLES,NO_ZERO_IN_DATE,NO_ZERO_DATE,ERROR_FOR_DIVISION_BY_ZERO,TRADITIONAL,NO_ENGINE_SUBSTITUTION {{(pid=95745) _check_effective_sql_mode /opt/stack/data/venv/lib/python3.12/site-packages/oslo_db/sqlalchemy/engines.py:325}}
Jun 15 01:06:34.466272 np0000002807 nova-scheduler[95768]: INFO dbcounter [None req-0e6b96eb-fcf3-4c8b-a6c1-3708c23cd979 None None] Registered counter for database nova_cell0
Jun 15 01:06:34.473247 np0000002807 nova-scheduler[95745]: DEBUG dbcounter [-] [95745] Writer thread running {{(pid=95745) stat_writer /opt/stack/data/venv/lib/python3.12/site-packages/dbcounter.py:102}}
Jun 15 01:06:34.481618 np0000002807 nova-scheduler[95721]: DEBUG oslo_db.sqlalchemy.engines [None req-42350dbb-cf40-43d0-8af1-e7075e61f57c None None] MySQL server mode set to STRICT_TRANS_TABLES,STRICT_ALL_TABLES,NO_ZERO_IN_DATE,NO_ZERO_DATE,ERROR_FOR_DIVISION_BY_ZERO,TRADITIONAL,NO_ENGINE_SUBSTITUTION {{(pid=95721) _check_effective_sql_mode /opt/stack/data/venv/lib/python3.12/site-packages/oslo_db/sqlalchemy/engines.py:325}}
Jun 15 01:06:34.491440 np0000002807 nova-scheduler[95721]: DEBUG dbcounter [-] [95721] Writer thread running {{(pid=95721) stat_writer /opt/stack/data/venv/lib/python3.12/site-packages/dbcounter.py:102}}
Jun 15 01:06:34.504738 np0000002807 nova-scheduler[95768]: DEBUG oslo_db.sqlalchemy.engines [None req-0e6b96eb-fcf3-4c8b-a6c1-3708c23cd979 None None] MySQL server mode set to STRICT_TRANS_TABLES,STRICT_ALL_TABLES,NO_ZERO_IN_DATE,NO_ZERO_DATE,ERROR_FOR_DIVISION_BY_ZERO,TRADITIONAL,NO_ENGINE_SUBSTITUTION {{(pid=95768) _check_effective_sql_mode /opt/stack/data/venv/lib/python3.12/site-packages/oslo_db/sqlalchemy/engines.py:325}}
Jun 15 01:06:34.505418 np0000002807 nova-scheduler[95745]: DEBUG nova.service [None req-690593ee-5ca0-4acd-81be-3a73d7e8463b None None] Creating RPC server for service: nova-scheduler on topic: scheduler {{(pid=95745) start /opt/stack/nova/nova/service.py:196}}
Jun 15 01:06:34.510079 np0000002807 nova-scheduler[95721]: DEBUG nova.service [None req-42350dbb-cf40-43d0-8af1-e7075e61f57c None None] Creating RPC server for service: nova-scheduler on topic: scheduler {{(pid=95721) start /opt/stack/nova/nova/service.py:196}}
Jun 15 01:06:34.514488 np0000002807 nova-scheduler[95768]: DEBUG dbcounter [-] [95768] Writer thread running {{(pid=95768) stat_writer /opt/stack/data/venv/lib/python3.12/site-packages/dbcounter.py:102}}
Jun 15 01:06:34.517861 np0000002807 nova-scheduler[95768]: DEBUG nova.service [None req-0e6b96eb-fcf3-4c8b-a6c1-3708c23cd979 None None] Creating RPC server for service: nova-scheduler on topic: scheduler {{(pid=95768) start /opt/stack/nova/nova/service.py:196}}
Jun 15 01:06:34.534333 np0000002807 nova-scheduler[95721]: DEBUG nova.service [None req-42350dbb-cf40-43d0-8af1-e7075e61f57c None None] Join ServiceGroup membership for this service scheduler {{(pid=95721) start /opt/stack/nova/nova/service.py:222}}
Jun 15 01:06:34.534593 np0000002807 nova-scheduler[95721]: DEBUG nova.servicegroup.drivers.db [None req-42350dbb-cf40-43d0-8af1-e7075e61f57c None None] DB_Driver: join new ServiceGroup member np0000002807 to the scheduler group, service = {{(pid=95721) join /opt/stack/nova/nova/servicegroup/drivers/db.py:44}}
Jun 15 01:06:34.535194 np0000002807 nova-scheduler[95768]: DEBUG nova.service [None req-0e6b96eb-fcf3-4c8b-a6c1-3708c23cd979 None None] Join ServiceGroup membership for this service scheduler {{(pid=95768) start /opt/stack/nova/nova/service.py:222}}
Jun 15 01:06:34.535487 np0000002807 nova-scheduler[95768]: DEBUG nova.servicegroup.drivers.db [None req-0e6b96eb-fcf3-4c8b-a6c1-3708c23cd979 None None] DB_Driver: join new ServiceGroup member np0000002807 to the scheduler group, service = {{(pid=95768) join /opt/stack/nova/nova/servicegroup/drivers/db.py:44}}
Jun 15 01:06:34.539594 np0000002807 nova-scheduler[95745]: DEBUG nova.service [None req-690593ee-5ca0-4acd-81be-3a73d7e8463b None None] Join ServiceGroup membership for this service scheduler {{(pid=95745) start /opt/stack/nova/nova/service.py:222}}
Jun 15 01:06:34.539811 np0000002807 nova-scheduler[95745]: DEBUG nova.servicegroup.drivers.db [None req-690593ee-5ca0-4acd-81be-3a73d7e8463b None None] DB_Driver: join new ServiceGroup member np0000002807 to the scheduler group, service = {{(pid=95745) join /opt/stack/nova/nova/servicegroup/drivers/db.py:44}}
Jun 15 01:06:39.549335 np0000002807 nova-scheduler[95721]: DEBUG oslo.service.backend._threading.loopingcall [-] Fixed interval looping call 'nova.servicegroup.drivers.db.DbDriver._report_state' sleeping for 119.99 seconds {{(pid=95721) _run_loop /opt/stack/data/venv/lib/python3.12/site-packages/oslo_service/backend/_threading/loopingcall.py:125}}
Jun 15 01:06:39.550205 np0000002807 nova-scheduler[95745]: DEBUG oslo.service.backend._threading.loopingcall [-] Fixed interval looping call 'nova.servicegroup.drivers.db.DbDriver._report_state' sleeping for 119.99 seconds {{(pid=95745) _run_loop /opt/stack/data/venv/lib/python3.12/site-packages/oslo_service/backend/_threading/loopingcall.py:125}}
Jun 15 01:06:39.551565 np0000002807 nova-scheduler[95768]: DEBUG oslo.service.backend._threading.loopingcall [-] Fixed interval looping call 'nova.servicegroup.drivers.db.DbDriver._report_state' sleeping for 119.99 seconds {{(pid=95768) _run_loop /opt/stack/data/venv/lib/python3.12/site-packages/oslo_service/backend/_threading/loopingcall.py:125}}
Jun 15 01:06:43.084822 np0000002807 nova-scheduler[94497]: DEBUG dbcounter [-] [94497] Writing DB stats nova_api:SELECT=3 {{(pid=94497) stat_writer /opt/stack/data/venv/lib/python3.12/site-packages/dbcounter.py:115}}
Jun 15 01:06:43.217841 np0000002807 nova-scheduler[94497]: DEBUG dbcounter [-] [94497] Writing DB stats nova_cell0:SELECT=1 {{(pid=94497) stat_writer /opt/stack/data/venv/lib/python3.12/site-packages/dbcounter.py:115}}
Jun 15 01:06:43.223018 np0000002807 nova-scheduler[94497]: DEBUG dbcounter [-] [94497] Writing DB stats nova_cell1:SELECT=1 {{(pid=94497) stat_writer /opt/stack/data/venv/lib/python3.12/site-packages/dbcounter.py:115}}
Jun 15 01:06:49.543703 np0000002807 nova-scheduler[95721]: DEBUG dbcounter [-] [95721] Writing DB stats nova_cell0:SELECT=5,nova_cell0:INSERT=1,nova_cell0:UPDATE=1 {{(pid=95721) stat_writer /opt/stack/data/venv/lib/python3.12/site-packages/dbcounter.py:115}}
Jun 15 01:06:49.548348 np0000002807 nova-scheduler[95745]: DEBUG dbcounter [-] [95745] Writing DB stats nova_cell0:SELECT=4,nova_cell0:INSERT=1,nova_cell0:UPDATE=1 {{(pid=95745) stat_writer /opt/stack/data/venv/lib/python3.12/site-packages/dbcounter.py:115}}
Jun 15 01:06:49.550306 np0000002807 nova-scheduler[95768]: DEBUG dbcounter [-] [95768] Writing DB stats nova_cell0:SELECT=3,nova_cell0:UPDATE=1 {{(pid=95768) stat_writer /opt/stack/data/venv/lib/python3.12/site-packages/dbcounter.py:115}}
Jun 15 01:07:15.536724 np0000002807 nova-scheduler[95721]: DEBUG oslo.service.backend._threading.loopingcall [None req-556227f2-34d8-4dc8-b418-07a3d3c3991c None None] Dynamic interval looping call 'nova.service.Service.periodic_tasks' sleeping for 60.00 seconds {{(pid=95721) _run_loop /opt/stack/data/venv/lib/python3.12/site-packages/oslo_service/backend/_threading/loopingcall.py:125}}
Jun 15 01:07:20.542007 np0000002807 nova-scheduler[95745]: DEBUG oslo.service.backend._threading.loopingcall [None req-308f7d06-2c2c-4a77-9487-b3acbbeaadfd None None] Dynamic interval looping call 'nova.service.Service.periodic_tasks' sleeping for 60.00 seconds {{(pid=95745) _run_loop /opt/stack/data/venv/lib/python3.12/site-packages/oslo_service/backend/_threading/loopingcall.py:125}}
Jun 15 01:07:21.537484 np0000002807 nova-scheduler[95768]: DEBUG oslo.service.backend._threading.loopingcall [None req-dffd2334-b44e-4da0-b7fc-77d7e09b95d1 None None] Dynamic interval looping call 'nova.service.Service.periodic_tasks' sleeping for 60.00 seconds {{(pid=95768) _run_loop /opt/stack/data/venv/lib/python3.12/site-packages/oslo_service/backend/_threading/loopingcall.py:125}}
Jun 15 01:08:15.537124 np0000002807 nova-scheduler[95721]: DEBUG oslo.service.backend._threading.loopingcall [None req-556227f2-34d8-4dc8-b418-07a3d3c3991c None None] Dynamic interval looping call 'nova.service.Service.periodic_tasks' sleeping for 60.00 seconds {{(pid=95721) _run_loop /opt/stack/data/venv/lib/python3.12/site-packages/oslo_service/backend/_threading/loopingcall.py:125}}
Jun 15 01:08:20.542459 np0000002807 nova-scheduler[95745]: DEBUG oslo.service.backend._threading.loopingcall [None req-308f7d06-2c2c-4a77-9487-b3acbbeaadfd None None] Dynamic interval looping call 'nova.service.Service.periodic_tasks' sleeping for 60.00 seconds {{(pid=95745) _run_loop /opt/stack/data/venv/lib/python3.12/site-packages/oslo_service/backend/_threading/loopingcall.py:125}}
Jun 15 01:08:21.538066 np0000002807 nova-scheduler[95768]: DEBUG oslo.service.backend._threading.loopingcall [None req-dffd2334-b44e-4da0-b7fc-77d7e09b95d1 None None] Dynamic interval looping call 'nova.service.Service.periodic_tasks' sleeping for 60.00 seconds {{(pid=95768) _run_loop /opt/stack/data/venv/lib/python3.12/site-packages/oslo_service/backend/_threading/loopingcall.py:125}}
Jun 15 01:08:39.546128 np0000002807 nova-scheduler[95721]: DEBUG oslo.service.backend._threading.loopingcall [-] Fixed interval looping call 'nova.servicegroup.drivers.db.DbDriver._report_state' sleeping for 119.99 seconds {{(pid=95721) _run_loop /opt/stack/data/venv/lib/python3.12/site-packages/oslo_service/backend/_threading/loopingcall.py:125}}
Jun 15 01:08:39.546532 np0000002807 nova-scheduler[95745]: DEBUG oslo.service.backend._threading.loopingcall [-] Fixed interval looping call 'nova.servicegroup.drivers.db.DbDriver._report_state' sleeping for 119.99 seconds {{(pid=95745) _run_loop /opt/stack/data/venv/lib/python3.12/site-packages/oslo_service/backend/_threading/loopingcall.py:125}}
Jun 15 01:08:39.547514 np0000002807 nova-scheduler[95768]: DEBUG oslo.service.backend._threading.loopingcall [-] Fixed interval looping call 'nova.servicegroup.drivers.db.DbDriver._report_state' sleeping for 119.99 seconds {{(pid=95768) _run_loop /opt/stack/data/venv/lib/python3.12/site-packages/oslo_service/backend/_threading/loopingcall.py:125}}
Jun 15 01:08:49.543011 np0000002807 nova-scheduler[95721]: DEBUG dbcounter [-] [95721] Writing DB stats nova_cell0:SELECT=1,nova_cell0:UPDATE=1 {{(pid=95721) stat_writer /opt/stack/data/venv/lib/python3.12/site-packages/dbcounter.py:115}}
Jun 15 01:08:49.543516 np0000002807 nova-scheduler[95745]: DEBUG dbcounter [-] [95745] Writing DB stats nova_cell0:SELECT=1,nova_cell0:UPDATE=1 {{(pid=95745) stat_writer /opt/stack/data/venv/lib/python3.12/site-packages/dbcounter.py:115}}
Jun 15 01:08:49.544720 np0000002807 nova-scheduler[95768]: DEBUG dbcounter [-] [95768] Writing DB stats nova_cell0:SELECT=1,nova_cell0:UPDATE=1 {{(pid=95768) stat_writer /opt/stack/data/venv/lib/python3.12/site-packages/dbcounter.py:115}}
Jun 15 01:09:15.537627 np0000002807 nova-scheduler[95721]: DEBUG oslo.service.backend._threading.loopingcall [None req-556227f2-34d8-4dc8-b418-07a3d3c3991c None None] Dynamic interval looping call 'nova.service.Service.periodic_tasks' sleeping for 60.00 seconds {{(pid=95721) _run_loop /opt/stack/data/venv/lib/python3.12/site-packages/oslo_service/backend/_threading/loopingcall.py:125}}
Jun 15 01:09:20.543072 np0000002807 nova-scheduler[95745]: DEBUG oslo.service.backend._threading.loopingcall [None req-308f7d06-2c2c-4a77-9487-b3acbbeaadfd None None] Dynamic interval looping call 'nova.service.Service.periodic_tasks' sleeping for 60.00 seconds {{(pid=95745) _run_loop /opt/stack/data/venv/lib/python3.12/site-packages/oslo_service/backend/_threading/loopingcall.py:125}}
Jun 15 01:09:21.538994 np0000002807 nova-scheduler[95768]: DEBUG oslo.service.backend._threading.loopingcall [None req-dffd2334-b44e-4da0-b7fc-77d7e09b95d1 None None] Dynamic interval looping call 'nova.service.Service.periodic_tasks' sleeping for 60.00 seconds {{(pid=95768) _run_loop /opt/stack/data/venv/lib/python3.12/site-packages/oslo_service/backend/_threading/loopingcall.py:125}}
Jun 15 01:09:30.131020 np0000002807 nova-scheduler[95721]: DEBUG nova.scheduler.manager [None req-631f0929-fe66-4744-8d37-a764e83ccb02 tempest-ServerActionsTestOtherA-622699705 tempest-ServerActionsTestOtherA-622699705-project-member] Starting to schedule for instances: ['02ad64b1-f84d-4272-9c7e-aec566f87f58'] {{(pid=95721) select_destinations /opt/stack/nova/nova/scheduler/manager.py:210}}
Jun 15 01:09:30.133306 np0000002807 nova-scheduler[95721]: DEBUG nova.scheduler.request_filter [None req-631f0929-fe66-4744-8d37-a764e83ccb02 tempest-ServerActionsTestOtherA-622699705 tempest-ServerActionsTestOtherA-622699705-project-member] compute_status_filter request filter added forbidden trait COMPUTE_STATUS_DISABLED {{(pid=95721) compute_status_filter /opt/stack/nova/nova/scheduler/request_filter.py:253}}
Jun 15 01:09:30.133306 np0000002807 nova-scheduler[95721]: DEBUG nova.scheduler.request_filter [None req-631f0929-fe66-4744-8d37-a764e83ccb02 tempest-ServerActionsTestOtherA-622699705 tempest-ServerActionsTestOtherA-622699705-project-member] Request filter 'compute_status_filter' took 0.0 seconds {{(pid=95721) wrapper /opt/stack/nova/nova/scheduler/request_filter.py:46}}
Jun 15 01:09:30.133306 np0000002807 nova-scheduler[95721]: DEBUG nova.scheduler.request_filter [None req-631f0929-fe66-4744-8d37-a764e83ccb02 tempest-ServerActionsTestOtherA-622699705 tempest-ServerActionsTestOtherA-622699705-project-member] Request filter 'accelerators_filter' took 0.0 seconds {{(pid=95721) wrapper /opt/stack/nova/nova/scheduler/request_filter.py:46}}
Jun 15 01:09:30.133306 np0000002807 nova-scheduler[95721]: DEBUG nova.scheduler.request_filter [None req-631f0929-fe66-4744-8d37-a764e83ccb02 tempest-ServerActionsTestOtherA-622699705 tempest-ServerActionsTestOtherA-622699705-project-member] Request filter 'packed_virtqueue_filter' took 0.0 seconds {{(pid=95721) wrapper /opt/stack/nova/nova/scheduler/request_filter.py:46}}
Jun 15 01:09:30.134350 np0000002807 nova-scheduler[95721]: DEBUG nova.scheduler.request_filter [None req-631f0929-fe66-4744-8d37-a764e83ccb02 tempest-ServerActionsTestOtherA-622699705 tempest-ServerActionsTestOtherA-622699705-project-member] Request filter 'remote_managed_ports_filter' took 0.0 seconds {{(pid=95721) wrapper /opt/stack/nova/nova/scheduler/request_filter.py:46}}
Jun 15 01:09:30.134491 np0000002807 nova-scheduler[95721]: DEBUG nova.scheduler.request_filter [None req-631f0929-fe66-4744-8d37-a764e83ccb02 tempest-ServerActionsTestOtherA-622699705 tempest-ServerActionsTestOtherA-622699705-project-member] ephemeral_encryption_filter skipped {{(pid=95721) ephemeral_encryption_filter /opt/stack/nova/nova/scheduler/request_filter.py:426}}
Jun 15 01:09:30.134720 np0000002807 nova-scheduler[95721]: DEBUG nova.scheduler.request_filter [None req-631f0929-fe66-4744-8d37-a764e83ccb02 tempest-ServerActionsTestOtherA-622699705 tempest-ServerActionsTestOtherA-622699705-project-member] virtio_sound_filter skipped {{(pid=95721) virtio_sound_filter /opt/stack/nova/nova/scheduler/request_filter.py:460}}
Jun 15 01:09:30.134907 np0000002807 nova-scheduler[95721]: DEBUG nova.scheduler.request_filter [None req-631f0929-fe66-4744-8d37-a764e83ccb02 tempest-ServerActionsTestOtherA-622699705 tempest-ServerActionsTestOtherA-622699705-project-member] tpm_secret_security_filter skipped {{(pid=95721) tpm_secret_security_filter /opt/stack/nova/nova/scheduler/request_filter.py:477}}
Jun 15 01:09:30.817267 np0000002807 nova-scheduler[95721]: INFO nova.utils [None req-631f0929-fe66-4744-8d37-a764e83ccb02 tempest-ServerActionsTestOtherA-622699705 tempest-ServerActionsTestOtherA-622699705-project-member] The cell worker thread pool ForkProcess-1.cell_worker is initialized
Jun 15 01:09:30.817630 np0000002807 nova-scheduler[95721]: DEBUG oslo_concurrency.lockutils [None req-631f0929-fe66-4744-8d37-a764e83ccb02 tempest-ServerActionsTestOtherA-622699705 tempest-ServerActionsTestOtherA-622699705-project-member] Acquiring lock "7427066f-10fa-4060-bb4e-4eeef2f2c873" by "nova.context.set_target_cell..get_or_set_cached_cell_and_set_connections" {{(pid=95721) inner /opt/stack/data/venv/lib/python3.12/site-packages/oslo_concurrency/lockutils.py:511}}
Jun 15 01:09:30.817919 np0000002807 nova-scheduler[95721]: DEBUG oslo_concurrency.lockutils [None req-631f0929-fe66-4744-8d37-a764e83ccb02 tempest-ServerActionsTestOtherA-622699705 tempest-ServerActionsTestOtherA-622699705-project-member] Lock "7427066f-10fa-4060-bb4e-4eeef2f2c873" acquired by "nova.context.set_target_cell..get_or_set_cached_cell_and_set_connections" :: waited 0.000s {{(pid=95721) inner /opt/stack/data/venv/lib/python3.12/site-packages/oslo_concurrency/lockutils.py:524}}
Jun 15 01:09:30.819796 np0000002807 nova-scheduler[95721]: DEBUG oslo_concurrency.lockutils [None req-631f0929-fe66-4744-8d37-a764e83ccb02 tempest-ServerActionsTestOtherA-622699705 tempest-ServerActionsTestOtherA-622699705-project-member] Lock "7427066f-10fa-4060-bb4e-4eeef2f2c873" "released" by "nova.context.set_target_cell..get_or_set_cached_cell_and_set_connections" :: held 0.002s {{(pid=95721) inner /opt/stack/data/venv/lib/python3.12/site-packages/oslo_concurrency/lockutils.py:543}}
Jun 15 01:09:30.821883 np0000002807 nova-scheduler[95721]: INFO dbcounter [None req-631f0929-fe66-4744-8d37-a764e83ccb02 tempest-ServerActionsTestOtherA-622699705 tempest-ServerActionsTestOtherA-622699705-project-member] Registered counter for database nova_cell1
Jun 15 01:09:30.865806 np0000002807 nova-scheduler[95721]: DEBUG oslo_db.sqlalchemy.engines [None req-631f0929-fe66-4744-8d37-a764e83ccb02 tempest-ServerActionsTestOtherA-622699705 tempest-ServerActionsTestOtherA-622699705-project-member] MySQL server mode set to STRICT_TRANS_TABLES,STRICT_ALL_TABLES,NO_ZERO_IN_DATE,NO_ZERO_DATE,ERROR_FOR_DIVISION_BY_ZERO,TRADITIONAL,NO_ENGINE_SUBSTITUTION {{(pid=95721) _check_effective_sql_mode /opt/stack/data/venv/lib/python3.12/site-packages/oslo_db/sqlalchemy/engines.py:325}}
Jun 15 01:09:30.875011 np0000002807 nova-scheduler[95721]: DEBUG dbcounter [-] [95721] Writer thread running {{(pid=95721) stat_writer /opt/stack/data/venv/lib/python3.12/site-packages/dbcounter.py:102}}
Jun 15 01:09:30.887772 np0000002807 nova-scheduler[95721]: DEBUG oslo_db.sqlalchemy.engines [None req-631f0929-fe66-4744-8d37-a764e83ccb02 tempest-ServerActionsTestOtherA-622699705 tempest-ServerActionsTestOtherA-622699705-project-member] Parent process 94497 forked (95721) with an open database connection, which is being discarded and recreated. {{(pid=95721) checkout /opt/stack/data/venv/lib/python3.12/site-packages/oslo_db/sqlalchemy/engines.py:402}}
Jun 15 01:09:30.932710 np0000002807 nova-scheduler[95721]: DEBUG dbcounter [-] [95721] Writer thread running {{(pid=95721) stat_writer /opt/stack/data/venv/lib/python3.12/site-packages/dbcounter.py:102}}
Jun 15 01:09:30.935742 np0000002807 nova-scheduler[95721]: DEBUG oslo_concurrency.lockutils [None req-631f0929-fe66-4744-8d37-a764e83ccb02 tempest-ServerActionsTestOtherA-622699705 tempest-ServerActionsTestOtherA-622699705-project-member] Acquiring lock "7427066f-10fa-4060-bb4e-4eeef2f2c873" by "nova.context.set_target_cell..get_or_set_cached_cell_and_set_connections" {{(pid=95721) inner /opt/stack/data/venv/lib/python3.12/site-packages/oslo_concurrency/lockutils.py:511}}
Jun 15 01:09:30.935926 np0000002807 nova-scheduler[95721]: DEBUG oslo_concurrency.lockutils [None req-631f0929-fe66-4744-8d37-a764e83ccb02 tempest-ServerActionsTestOtherA-622699705 tempest-ServerActionsTestOtherA-622699705-project-member] Lock "7427066f-10fa-4060-bb4e-4eeef2f2c873" acquired by "nova.context.set_target_cell..get_or_set_cached_cell_and_set_connections" :: waited 0.000s {{(pid=95721) inner /opt/stack/data/venv/lib/python3.12/site-packages/oslo_concurrency/lockutils.py:524}}
Jun 15 01:09:30.936031 np0000002807 nova-scheduler[95721]: DEBUG oslo_concurrency.lockutils [None req-631f0929-fe66-4744-8d37-a764e83ccb02 tempest-ServerActionsTestOtherA-622699705 tempest-ServerActionsTestOtherA-622699705-project-member] Lock "7427066f-10fa-4060-bb4e-4eeef2f2c873" "released" by "nova.context.set_target_cell..get_or_set_cached_cell_and_set_connections" :: held 0.000s {{(pid=95721) inner /opt/stack/data/venv/lib/python3.12/site-packages/oslo_concurrency/lockutils.py:543}}
Jun 15 01:09:30.939585 np0000002807 nova-scheduler[95721]: DEBUG oslo_concurrency.lockutils [None req-631f0929-fe66-4744-8d37-a764e83ccb02 tempest-ServerActionsTestOtherA-622699705 tempest-ServerActionsTestOtherA-622699705-project-member] Acquiring lock "('np0000002807', 'np0000002807')" by "nova.scheduler.host_manager.HostState.update.._locked_update" {{(pid=95721) inner /opt/stack/data/venv/lib/python3.12/site-packages/oslo_concurrency/lockutils.py:511}}
Jun 15 01:09:30.939835 np0000002807 nova-scheduler[95721]: DEBUG oslo_concurrency.lockutils [None req-631f0929-fe66-4744-8d37-a764e83ccb02 tempest-ServerActionsTestOtherA-622699705 tempest-ServerActionsTestOtherA-622699705-project-member] Lock "('np0000002807', 'np0000002807')" acquired by "nova.scheduler.host_manager.HostState.update.._locked_update" :: waited 0.000s {{(pid=95721) inner /opt/stack/data/venv/lib/python3.12/site-packages/oslo_concurrency/lockutils.py:524}}
Jun 15 01:09:30.940831 np0000002807 nova-scheduler[95721]: DEBUG nova.scheduler.host_manager [None req-631f0929-fe66-4744-8d37-a764e83ccb02 tempest-ServerActionsTestOtherA-622699705 tempest-ServerActionsTestOtherA-622699705-project-member] Update host state from compute node: ComputeNode(cpu_allocation_ratio=4.0,cpu_info='{"arch": "x86_64", "model": "EPYC-Milan", "vendor": "AMD", "topology": {"cells": 1, "sockets": 12, "cores": 1, "threads": 1}, "maxphysaddr": {"mode": "emulate", "bits": 40}, "features": ["umip", "adx", "pschange-mc-no", "cmov", "apic", "topoext", "arch-capabilities", "xsaveopt", "arat", "mce", "cx16", "gds-no", "xgetbv1", "sha-ni", "x2apic", "null-sel-clr-base", "lfence-always-serializing", "mmxext", "flushbyasid", "pat", "lm", "smap", "cmp_legacy", "fxsr", "bmi2", "npt", "nrip-save", "xsaveerptr", "de", "vme", "abm", "virt-ssbd", "pku", "sep", "fsgsbase", "spec-ctrl", "pge", "pse", "avx", "tsc-deadline", "3dnowprefetch", "mmx", "tsc", "pae", "sse", "sse4.1", "pclmuldq", "stibp", "xsave", "ibpb", "vaes", "f16c", "vmcb-clean", "fxsr_opt", "movbe", "osvw", "pfthreshold", "misalignsse", "mca", "pause-filter", "perfctr_core", "pse36", "vpclmulqdq", "amd-ssbd", "pdpe1gb", "popcnt", "skip-l1dfl-vmentry", "ssse3", "rdrand", "smep", "bmi1", "msr", "rdpid", "ssbd", "rdtscp", "sse2", "clflush", "fpu", "aes", "invpcid", "fsrm", "mds-no", "vgif", "amd-stibp", "nx", "xsaves", "cx8", "sse4a", "svme-addr-chk", "pcid", "mtrr", "syscall", "pni", "clflushopt", "cr8legacy", "no-nested-data-bp", "svm", "sse4.2", "lahf_lm", "wbnoinvd", "clwb", "fma", "avx2", "lbrv", "rdctl-no", "ibrs", "erms", "amd-psfd", "hypervisor", "v-vmsave-vmload", "clzero", "rdseed", "tsc_adjust", "tsc-scale", "stibp-always-on", "xsavec"]}',created_at=2026-06-15T01:06:59Z,current_workload=0,deleted=False,deleted_at=None,disk_allocation_ratio=1.0,disk_available_least=74,free_disk_gb=95,free_ram_mb=23518,host='np0000002807',host_ip=10.4.3.217,hypervisor_hostname='np0000002807',hypervisor_type='QEMU',hypervisor_version=8002002,id=1,local_gb=95,local_gb_used=0,mapped=1,memory_mb=24030,memory_mb_used=512,metrics='[]',numa_topology='{"nova_object.name": "NUMATopology", "nova_object.namespace": "nova", "nova_object.version": "1.2", "nova_object.data": {"cells": [{"nova_object.name": "NUMACell", "nova_object.namespace": "nova", "nova_object.version": "1.5", "nova_object.data": {"id": 0, "cpuset": [0, 1, 2, 3, 4, 5, 6, 7, 8, 9, 10, 11], "pcpuset": [0, 1, 2, 3, 4, 5, 6, 7, 8, 9, 10, 11], "memory": 24030, "cpu_usage": 0, "memory_usage": 0, "pinned_cpus": [], "siblings": [[6], [2], [5], [11], [8], [4], [1], [7], [10], [0], [3], [9]], "mempages": [{"nova_object.name": "NUMAPagesTopology", "nova_object.namespace": "nova", "nova_object.version": "1.1", "nova_object.data": {"size_kb": 4, "total": 6151798, "used": 0, "reserved": 0}, "nova_object.changes": ["total", "size_kb", "used", "reserved"]}, {"nova_object.name": "NUMAPagesTopology", "nova_object.namespace": "nova", "nova_object.version": "1.1", "nova_object.data": {"size_kb": 2048, "total": 0, "used": 0, "reserved": 0}, "nova_object.changes": ["total", "size_kb", "used", "reserved"]}, {"nova_object.name": "NUMAPagesTopology", "nova_object.namespace": "nova", "nova_object.version": "1.1", "nova_object.data": {"size_kb": 1048576, "total": 0, "used": 0, "reserved": 0}, "nova_object.changes": ["total", "size_kb", "used", "reserved"]}], "network_metadata": {"nova_object.name": "NetworkMetadata", "nova_object.namespace": "nova", "nova_object.version": "1.0", "nova_object.data": {"physnets": [], "tunneled": false}, "nova_object.changes": ["physnets", "tunneled"]}, "socket": null}, "nova_object.changes": ["mempages", "socket", "siblings", "memory_usage", "network_metadata", "id", "pinned_cpus", "cpuset", "pcpuset", "memory", "cpu_usage"]}]}, "nova_object.changes": ["cells"]}',pci_device_pools=PciDevicePoolList,ram_allocation_ratio=1.0,running_vms=0,service_id=3,stats={failed_builds='0',uptime=' 01:08:45 up 25 min, 2 users, load average: 1.74, 1.68, 0.96
Jun 15 01:09:30.940831 np0000002807 nova-scheduler[95721]: '},supported_hv_specs=[HVSpec,HVSpec,HVSpec,HVSpec,HVSpec,HVSpec,HVSpec,HVSpec,HVSpec,HVSpec,HVSpec,HVSpec,HVSpec,HVSpec,HVSpec,HVSpec,HVSpec,HVSpec,HVSpec,HVSpec,HVSpec,HVSpec,HVSpec,HVSpec,HVSpec],updated_at=2026-06-15T01:08:47Z,uuid=ee95112a-3a33-43f8-82f4-429bc6a09b15,vcpus=12,vcpus_used=0) {{(pid=95721) _locked_update /opt/stack/nova/nova/scheduler/host_manager.py:168}}
Jun 15 01:09:30.941635 np0000002807 nova-scheduler[95721]: DEBUG nova.scheduler.host_manager [None req-631f0929-fe66-4744-8d37-a764e83ccb02 tempest-ServerActionsTestOtherA-622699705 tempest-ServerActionsTestOtherA-622699705-project-member] Update host state with aggregates: [] {{(pid=95721) _locked_update /opt/stack/nova/nova/scheduler/host_manager.py:171}}
Jun 15 01:09:30.941988 np0000002807 nova-scheduler[95721]: DEBUG nova.scheduler.host_manager [None req-631f0929-fe66-4744-8d37-a764e83ccb02 tempest-ServerActionsTestOtherA-622699705 tempest-ServerActionsTestOtherA-622699705-project-member] Update host state with service dict: {'id': 3, 'uuid': '9f64439d-1000-4188-9af4-1a085680549f', 'host': 'np0000002807', 'binary': 'nova-compute', 'topic': 'compute', 'report_count': 2, 'disabled': False, 'disabled_reason': None, 'last_seen_up': datetime.datetime(2026, 6, 15, 1, 9, 8, tzinfo=datetime.timezone.utc), 'forced_down': False, 'version': 72, 'created_at': datetime.datetime(2026, 6, 15, 1, 6, 58, tzinfo=datetime.timezone.utc), 'updated_at': datetime.datetime(2026, 6, 15, 1, 9, 8, tzinfo=datetime.timezone.utc), 'deleted_at': None, 'deleted': False} {{(pid=95721) _locked_update /opt/stack/nova/nova/scheduler/host_manager.py:174}}
Jun 15 01:09:30.942100 np0000002807 nova-scheduler[95721]: DEBUG nova.scheduler.host_manager [None req-631f0929-fe66-4744-8d37-a764e83ccb02 tempest-ServerActionsTestOtherA-622699705 tempest-ServerActionsTestOtherA-622699705-project-member] Update host state with instances: [] {{(pid=95721) _locked_update /opt/stack/nova/nova/scheduler/host_manager.py:177}}
Jun 15 01:09:30.942256 np0000002807 nova-scheduler[95721]: DEBUG oslo_concurrency.lockutils [None req-631f0929-fe66-4744-8d37-a764e83ccb02 tempest-ServerActionsTestOtherA-622699705 tempest-ServerActionsTestOtherA-622699705-project-member] Lock "('np0000002807', 'np0000002807')" "released" by "nova.scheduler.host_manager.HostState.update.._locked_update" :: held 0.002s {{(pid=95721) inner /opt/stack/data/venv/lib/python3.12/site-packages/oslo_concurrency/lockutils.py:543}}
Jun 15 01:09:30.945125 np0000002807 nova-scheduler[95721]: DEBUG nova.filters [None req-631f0929-fe66-4744-8d37-a764e83ccb02 tempest-ServerActionsTestOtherA-622699705 tempest-ServerActionsTestOtherA-622699705-project-member] Starting with 1 host(s) {{(pid=95721) get_filtered_objects /opt/stack/nova/nova/filters.py:70}}
Jun 15 01:09:30.945125 np0000002807 nova-scheduler[95721]: DEBUG nova.filters [None req-631f0929-fe66-4744-8d37-a764e83ccb02 tempest-ServerActionsTestOtherA-622699705 tempest-ServerActionsTestOtherA-622699705-project-member] Filter ComputeFilter returned 1 host(s) {{(pid=95721) get_filtered_objects /opt/stack/nova/nova/filters.py:102}}
Jun 15 01:09:30.945125 np0000002807 nova-scheduler[95721]: DEBUG nova.filters [None req-631f0929-fe66-4744-8d37-a764e83ccb02 tempest-ServerActionsTestOtherA-622699705 tempest-ServerActionsTestOtherA-622699705-project-member] Filter ComputeCapabilitiesFilter returned 1 host(s) {{(pid=95721) get_filtered_objects /opt/stack/nova/nova/filters.py:102}}
Jun 15 01:09:30.945125 np0000002807 nova-scheduler[95721]: DEBUG nova.filters [None req-631f0929-fe66-4744-8d37-a764e83ccb02 tempest-ServerActionsTestOtherA-622699705 tempest-ServerActionsTestOtherA-622699705-project-member] Filter ImagePropertiesFilter returned 1 host(s) {{(pid=95721) get_filtered_objects /opt/stack/nova/nova/filters.py:102}}
Jun 15 01:09:30.945125 np0000002807 nova-scheduler[95721]: DEBUG nova.filters [None req-631f0929-fe66-4744-8d37-a764e83ccb02 tempest-ServerActionsTestOtherA-622699705 tempest-ServerActionsTestOtherA-622699705-project-member] Filter ServerGroupAntiAffinityFilter returned 1 host(s) {{(pid=95721) get_filtered_objects /opt/stack/nova/nova/filters.py:102}}
Jun 15 01:09:30.945125 np0000002807 nova-scheduler[95721]: DEBUG nova.filters [None req-631f0929-fe66-4744-8d37-a764e83ccb02 tempest-ServerActionsTestOtherA-622699705 tempest-ServerActionsTestOtherA-622699705-project-member] Filter ServerGroupAffinityFilter returned 1 host(s) {{(pid=95721) get_filtered_objects /opt/stack/nova/nova/filters.py:102}}
Jun 15 01:09:30.945125 np0000002807 nova-scheduler[95721]: DEBUG nova.filters [None req-631f0929-fe66-4744-8d37-a764e83ccb02 tempest-ServerActionsTestOtherA-622699705 tempest-ServerActionsTestOtherA-622699705-project-member] Filter SameHostFilter returned 1 host(s) {{(pid=95721) get_filtered_objects /opt/stack/nova/nova/filters.py:102}}
Jun 15 01:09:30.945125 np0000002807 nova-scheduler[95721]: DEBUG nova.filters [None req-631f0929-fe66-4744-8d37-a764e83ccb02 tempest-ServerActionsTestOtherA-622699705 tempest-ServerActionsTestOtherA-622699705-project-member] Filter DifferentHostFilter returned 1 host(s) {{(pid=95721) get_filtered_objects /opt/stack/nova/nova/filters.py:102}}
Jun 15 01:09:30.945125 np0000002807 nova-scheduler[95721]: DEBUG nova.scheduler.manager [None req-631f0929-fe66-4744-8d37-a764e83ccb02 tempest-ServerActionsTestOtherA-622699705 tempest-ServerActionsTestOtherA-622699705-project-member] Filtered [(np0000002807, np0000002807) ram: 23518MB disk: 75776MB io_ops: 0 instances: 0, allocation_candidates: 1] {{(pid=95721) _get_sorted_hosts /opt/stack/nova/nova/scheduler/manager.py:743}}
Jun 15 01:09:30.945125 np0000002807 nova-scheduler[95721]: DEBUG nova.scheduler.manager [None req-631f0929-fe66-4744-8d37-a764e83ccb02 tempest-ServerActionsTestOtherA-622699705 tempest-ServerActionsTestOtherA-622699705-project-member] Weighed [WeighedHost [host: (np0000002807, np0000002807) ram: 23518MB disk: 75776MB io_ops: 0 instances: 0, allocation_candidates: 1, weight: 0.0]] {{(pid=95721) _get_sorted_hosts /opt/stack/nova/nova/scheduler/manager.py:765}}
Jun 15 01:09:30.945125 np0000002807 nova-scheduler[95721]: DEBUG nova.scheduler.utils [None req-631f0929-fe66-4744-8d37-a764e83ccb02 tempest-ServerActionsTestOtherA-622699705 tempest-ServerActionsTestOtherA-622699705-project-member] Attempting to claim resources in the placement API for instance 02ad64b1-f84d-4272-9c7e-aec566f87f58 {{(pid=95721) claim_resources /opt/stack/nova/nova/scheduler/utils.py:1345}}
Jun 15 01:09:31.130767 np0000002807 nova-scheduler[95721]: DEBUG nova.scheduler.manager [None req-631f0929-fe66-4744-8d37-a764e83ccb02 tempest-ServerActionsTestOtherA-622699705 tempest-ServerActionsTestOtherA-622699705-project-member] [instance: 02ad64b1-f84d-4272-9c7e-aec566f87f58] Selected host: (np0000002807, np0000002807) ram: 23518MB disk: 75776MB io_ops: 0 instances: 0, allocation_candidates: 1 {{(pid=95721) _consume_selected_host /opt/stack/nova/nova/scheduler/manager.py:625}}
Jun 15 01:09:31.130767 np0000002807 nova-scheduler[95721]: DEBUG oslo_concurrency.lockutils [None req-631f0929-fe66-4744-8d37-a764e83ccb02 tempest-ServerActionsTestOtherA-622699705 tempest-ServerActionsTestOtherA-622699705-project-member] Acquiring lock "('np0000002807', 'np0000002807')" by "nova.scheduler.host_manager.HostState.consume_from_request.._locked" {{(pid=95721) inner /opt/stack/data/venv/lib/python3.12/site-packages/oslo_concurrency/lockutils.py:511}}
Jun 15 01:09:31.130982 np0000002807 nova-scheduler[95721]: DEBUG oslo_concurrency.lockutils [None req-631f0929-fe66-4744-8d37-a764e83ccb02 tempest-ServerActionsTestOtherA-622699705 tempest-ServerActionsTestOtherA-622699705-project-member] Lock "('np0000002807', 'np0000002807')" acquired by "nova.scheduler.host_manager.HostState.consume_from_request.._locked" :: waited 0.000s {{(pid=95721) inner /opt/stack/data/venv/lib/python3.12/site-packages/oslo_concurrency/lockutils.py:524}}
Jun 15 01:09:31.131197 np0000002807 nova-scheduler[95721]: DEBUG oslo_concurrency.lockutils [None req-631f0929-fe66-4744-8d37-a764e83ccb02 tempest-ServerActionsTestOtherA-622699705 tempest-ServerActionsTestOtherA-622699705-project-member] Lock "('np0000002807', 'np0000002807')" "released" by "nova.scheduler.host_manager.HostState.consume_from_request.._locked" :: held 0.000s {{(pid=95721) inner /opt/stack/data/venv/lib/python3.12/site-packages/oslo_concurrency/lockutils.py:543}}
Jun 15 01:09:40.458003 np0000002807 nova-scheduler[95768]: DEBUG nova.scheduler.manager [None req-854a1b3c-686b-405a-85e5-cd568fa064b2 tempest-VolumesAdminNegativeTest-1772076443 tempest-VolumesAdminNegativeTest-1772076443-project-member] Starting to schedule for instances: ['0826ea88-9fee-4b6b-9ba8-a5f0b42cddeb'] {{(pid=95768) select_destinations /opt/stack/nova/nova/scheduler/manager.py:210}}
Jun 15 01:09:40.458432 np0000002807 nova-scheduler[95768]: DEBUG nova.scheduler.request_filter [None req-854a1b3c-686b-405a-85e5-cd568fa064b2 tempest-VolumesAdminNegativeTest-1772076443 tempest-VolumesAdminNegativeTest-1772076443-project-member] compute_status_filter request filter added forbidden trait COMPUTE_STATUS_DISABLED {{(pid=95768) compute_status_filter /opt/stack/nova/nova/scheduler/request_filter.py:253}}
Jun 15 01:09:40.458799 np0000002807 nova-scheduler[95768]: DEBUG nova.scheduler.request_filter [None req-854a1b3c-686b-405a-85e5-cd568fa064b2 tempest-VolumesAdminNegativeTest-1772076443 tempest-VolumesAdminNegativeTest-1772076443-project-member] Request filter 'compute_status_filter' took 0.0 seconds {{(pid=95768) wrapper /opt/stack/nova/nova/scheduler/request_filter.py:46}}
Jun 15 01:09:40.458799 np0000002807 nova-scheduler[95768]: DEBUG nova.scheduler.request_filter [None req-854a1b3c-686b-405a-85e5-cd568fa064b2 tempest-VolumesAdminNegativeTest-1772076443 tempest-VolumesAdminNegativeTest-1772076443-project-member] Request filter 'accelerators_filter' took 0.0 seconds {{(pid=95768) wrapper /opt/stack/nova/nova/scheduler/request_filter.py:46}}
Jun 15 01:09:40.459004 np0000002807 nova-scheduler[95768]: DEBUG nova.scheduler.request_filter [None req-854a1b3c-686b-405a-85e5-cd568fa064b2 tempest-VolumesAdminNegativeTest-1772076443 tempest-VolumesAdminNegativeTest-1772076443-project-member] Request filter 'packed_virtqueue_filter' took 0.0 seconds {{(pid=95768) wrapper /opt/stack/nova/nova/scheduler/request_filter.py:46}}
Jun 15 01:09:40.459307 np0000002807 nova-scheduler[95768]: DEBUG nova.scheduler.request_filter [None req-854a1b3c-686b-405a-85e5-cd568fa064b2 tempest-VolumesAdminNegativeTest-1772076443 tempest-VolumesAdminNegativeTest-1772076443-project-member] Request filter 'remote_managed_ports_filter' took 0.0 seconds {{(pid=95768) wrapper /opt/stack/nova/nova/scheduler/request_filter.py:46}}
Jun 15 01:09:40.459430 np0000002807 nova-scheduler[95768]: DEBUG nova.scheduler.request_filter [None req-854a1b3c-686b-405a-85e5-cd568fa064b2 tempest-VolumesAdminNegativeTest-1772076443 tempest-VolumesAdminNegativeTest-1772076443-project-member] ephemeral_encryption_filter skipped {{(pid=95768) ephemeral_encryption_filter /opt/stack/nova/nova/scheduler/request_filter.py:426}}
Jun 15 01:09:40.459603 np0000002807 nova-scheduler[95768]: DEBUG nova.scheduler.request_filter [None req-854a1b3c-686b-405a-85e5-cd568fa064b2 tempest-VolumesAdminNegativeTest-1772076443 tempest-VolumesAdminNegativeTest-1772076443-project-member] virtio_sound_filter skipped {{(pid=95768) virtio_sound_filter /opt/stack/nova/nova/scheduler/request_filter.py:460}}
Jun 15 01:09:40.460183 np0000002807 nova-scheduler[95768]: DEBUG nova.scheduler.request_filter [None req-854a1b3c-686b-405a-85e5-cd568fa064b2 tempest-VolumesAdminNegativeTest-1772076443 tempest-VolumesAdminNegativeTest-1772076443-project-member] tpm_secret_security_filter skipped {{(pid=95768) tpm_secret_security_filter /opt/stack/nova/nova/scheduler/request_filter.py:477}}
Jun 15 01:09:40.580265 np0000002807 nova-scheduler[95768]: INFO nova.utils [None req-854a1b3c-686b-405a-85e5-cd568fa064b2 tempest-VolumesAdminNegativeTest-1772076443 tempest-VolumesAdminNegativeTest-1772076443-project-member] The cell worker thread pool ForkProcess-3.cell_worker is initialized
Jun 15 01:09:40.580265 np0000002807 nova-scheduler[95768]: DEBUG oslo_concurrency.lockutils [None req-854a1b3c-686b-405a-85e5-cd568fa064b2 tempest-VolumesAdminNegativeTest-1772076443 tempest-VolumesAdminNegativeTest-1772076443-project-member] Acquiring lock "7427066f-10fa-4060-bb4e-4eeef2f2c873" by "nova.context.set_target_cell..get_or_set_cached_cell_and_set_connections" {{(pid=95768) inner /opt/stack/data/venv/lib/python3.12/site-packages/oslo_concurrency/lockutils.py:511}}
Jun 15 01:09:40.580265 np0000002807 nova-scheduler[95768]: DEBUG oslo_concurrency.lockutils [None req-854a1b3c-686b-405a-85e5-cd568fa064b2 tempest-VolumesAdminNegativeTest-1772076443 tempest-VolumesAdminNegativeTest-1772076443-project-member] Lock "7427066f-10fa-4060-bb4e-4eeef2f2c873" acquired by "nova.context.set_target_cell..get_or_set_cached_cell_and_set_connections" :: waited 0.000s {{(pid=95768) inner /opt/stack/data/venv/lib/python3.12/site-packages/oslo_concurrency/lockutils.py:524}}
Jun 15 01:09:40.581010 np0000002807 nova-scheduler[95768]: DEBUG oslo_concurrency.lockutils [None req-854a1b3c-686b-405a-85e5-cd568fa064b2 tempest-VolumesAdminNegativeTest-1772076443 tempest-VolumesAdminNegativeTest-1772076443-project-member] Lock "7427066f-10fa-4060-bb4e-4eeef2f2c873" "released" by "nova.context.set_target_cell..get_or_set_cached_cell_and_set_connections" :: held 0.002s {{(pid=95768) inner /opt/stack/data/venv/lib/python3.12/site-packages/oslo_concurrency/lockutils.py:543}}
Jun 15 01:09:40.584718 np0000002807 nova-scheduler[95768]: INFO dbcounter [None req-854a1b3c-686b-405a-85e5-cd568fa064b2 tempest-VolumesAdminNegativeTest-1772076443 tempest-VolumesAdminNegativeTest-1772076443-project-member] Registered counter for database nova_cell1
Jun 15 01:09:40.635414 np0000002807 nova-scheduler[95768]: DEBUG oslo_db.sqlalchemy.engines [None req-854a1b3c-686b-405a-85e5-cd568fa064b2 tempest-VolumesAdminNegativeTest-1772076443 tempest-VolumesAdminNegativeTest-1772076443-project-member] MySQL server mode set to STRICT_TRANS_TABLES,STRICT_ALL_TABLES,NO_ZERO_IN_DATE,NO_ZERO_DATE,ERROR_FOR_DIVISION_BY_ZERO,TRADITIONAL,NO_ENGINE_SUBSTITUTION {{(pid=95768) _check_effective_sql_mode /opt/stack/data/venv/lib/python3.12/site-packages/oslo_db/sqlalchemy/engines.py:325}}
Jun 15 01:09:40.646052 np0000002807 nova-scheduler[95768]: DEBUG dbcounter [-] [95768] Writer thread running {{(pid=95768) stat_writer /opt/stack/data/venv/lib/python3.12/site-packages/dbcounter.py:102}}
Jun 15 01:09:40.724547 np0000002807 nova-scheduler[95768]: DEBUG dbcounter [-] [95768] Writer thread running {{(pid=95768) stat_writer /opt/stack/data/venv/lib/python3.12/site-packages/dbcounter.py:102}}
Jun 15 01:09:40.729539 np0000002807 nova-scheduler[95768]: DEBUG oslo_concurrency.lockutils [None req-854a1b3c-686b-405a-85e5-cd568fa064b2 tempest-VolumesAdminNegativeTest-1772076443 tempest-VolumesAdminNegativeTest-1772076443-project-member] Acquiring lock "7427066f-10fa-4060-bb4e-4eeef2f2c873" by "nova.context.set_target_cell..get_or_set_cached_cell_and_set_connections" {{(pid=95768) inner /opt/stack/data/venv/lib/python3.12/site-packages/oslo_concurrency/lockutils.py:511}}
Jun 15 01:09:40.729539 np0000002807 nova-scheduler[95768]: DEBUG oslo_concurrency.lockutils [None req-854a1b3c-686b-405a-85e5-cd568fa064b2 tempest-VolumesAdminNegativeTest-1772076443 tempest-VolumesAdminNegativeTest-1772076443-project-member] Lock "7427066f-10fa-4060-bb4e-4eeef2f2c873" acquired by "nova.context.set_target_cell..get_or_set_cached_cell_and_set_connections" :: waited 0.000s {{(pid=95768) inner /opt/stack/data/venv/lib/python3.12/site-packages/oslo_concurrency/lockutils.py:524}}
Jun 15 01:09:40.729539 np0000002807 nova-scheduler[95768]: DEBUG oslo_concurrency.lockutils [None req-854a1b3c-686b-405a-85e5-cd568fa064b2 tempest-VolumesAdminNegativeTest-1772076443 tempest-VolumesAdminNegativeTest-1772076443-project-member] Lock "7427066f-10fa-4060-bb4e-4eeef2f2c873" "released" by "nova.context.set_target_cell..get_or_set_cached_cell_and_set_connections" :: held 0.000s {{(pid=95768) inner /opt/stack/data/venv/lib/python3.12/site-packages/oslo_concurrency/lockutils.py:543}}
Jun 15 01:09:40.733978 np0000002807 nova-scheduler[95768]: DEBUG oslo_concurrency.lockutils [None req-854a1b3c-686b-405a-85e5-cd568fa064b2 tempest-VolumesAdminNegativeTest-1772076443 tempest-VolumesAdminNegativeTest-1772076443-project-member] Acquiring lock "('np0000002807', 'np0000002807')" by "nova.scheduler.host_manager.HostState.update.._locked_update" {{(pid=95768) inner /opt/stack/data/venv/lib/python3.12/site-packages/oslo_concurrency/lockutils.py:511}}
