Aug 19 02:54:47.498302 np0000007730 nova-scheduler[93662]: DEBUG cotyledon.oslo_config_glue [-] oslo_messaging_rabbit.rabbit_quorum_max_memory_length = 0 {{(pid=93662) log_opt_values /opt/stack/data/venv/lib/python3.12/site-packages/oslo_config/cfg.py:3560}}
Aug 19 02:54:47.498302 np0000007730 nova-scheduler[93662]: DEBUG cotyledon.oslo_config_glue [-] oslo_messaging_rabbit.rabbit_quorum_queue = False {{(pid=93662) log_opt_values /opt/stack/data/venv/lib/python3.12/site-packages/oslo_config/cfg.py:3560}}
Aug 19 02:54:47.498302 np0000007730 nova-scheduler[93662]: DEBUG cotyledon.oslo_config_glue [-] oslo_messaging_rabbit.rabbit_retry_backoff = 2 {{(pid=93662) log_opt_values /opt/stack/data/venv/lib/python3.12/site-packages/oslo_config/cfg.py:3560}}
Aug 19 02:54:47.498302 np0000007730 nova-scheduler[93662]: DEBUG cotyledon.oslo_config_glue [-] oslo_messaging_rabbit.rabbit_retry_interval = 1 {{(pid=93662) log_opt_values /opt/stack/data/venv/lib/python3.12/site-packages/oslo_config/cfg.py:3560}}
Aug 19 02:54:47.498302 np0000007730 nova-scheduler[93662]: DEBUG cotyledon.oslo_config_glue [-] oslo_messaging_rabbit.rabbit_stream_fanout = False {{(pid=93662) log_opt_values /opt/stack/data/venv/lib/python3.12/site-packages/oslo_config/cfg.py:3560}}
Aug 19 02:54:47.498436 np0000007730 nova-scheduler[93662]: DEBUG cotyledon.oslo_config_glue [-] oslo_messaging_rabbit.rabbit_transient_queues_ttl = 1800 {{(pid=93662) log_opt_values /opt/stack/data/venv/lib/python3.12/site-packages/oslo_config/cfg.py:3560}}
Aug 19 02:54:47.498436 np0000007730 nova-scheduler[93662]: DEBUG cotyledon.oslo_config_glue [-] oslo_messaging_rabbit.rabbit_transient_quorum_queue = False {{(pid=93662) log_opt_values /opt/stack/data/venv/lib/python3.12/site-packages/oslo_config/cfg.py:3560}}
Aug 19 02:54:47.498436 np0000007730 nova-scheduler[93662]: DEBUG cotyledon.oslo_config_glue [-] oslo_messaging_rabbit.rpc_conn_pool_size = 30 {{(pid=93662) log_opt_values /opt/stack/data/venv/lib/python3.12/site-packages/oslo_config/cfg.py:3560}}
Aug 19 02:54:47.498436 np0000007730 nova-scheduler[93662]: DEBUG cotyledon.oslo_config_glue [-] oslo_messaging_rabbit.ssl = False {{(pid=93662) log_opt_values /opt/stack/data/venv/lib/python3.12/site-packages/oslo_config/cfg.py:3560}}
Aug 19 02:54:47.498436 np0000007730 nova-scheduler[93662]: DEBUG cotyledon.oslo_config_glue [-] oslo_messaging_rabbit.ssl_ca_file = {{(pid=93662) log_opt_values /opt/stack/data/venv/lib/python3.12/site-packages/oslo_config/cfg.py:3560}}
Aug 19 02:54:47.498436 np0000007730 nova-scheduler[93662]: DEBUG cotyledon.oslo_config_glue [-] oslo_messaging_rabbit.ssl_cert_file = {{(pid=93662) log_opt_values /opt/stack/data/venv/lib/python3.12/site-packages/oslo_config/cfg.py:3560}}
Aug 19 02:54:47.498436 np0000007730 nova-scheduler[93662]: DEBUG cotyledon.oslo_config_glue [-] oslo_messaging_rabbit.ssl_enforce_fips_mode = False {{(pid=93662) log_opt_values /opt/stack/data/venv/lib/python3.12/site-packages/oslo_config/cfg.py:3560}}
Aug 19 02:54:47.498436 np0000007730 nova-scheduler[93662]: DEBUG cotyledon.oslo_config_glue [-] oslo_messaging_rabbit.ssl_enforce_hostname_verification = True {{(pid=93662) log_opt_values /opt/stack/data/venv/lib/python3.12/site-packages/oslo_config/cfg.py:3560}}
Aug 19 02:54:47.498436 np0000007730 nova-scheduler[93662]: DEBUG cotyledon.oslo_config_glue [-] oslo_messaging_rabbit.ssl_key_file = {{(pid=93662) log_opt_values /opt/stack/data/venv/lib/python3.12/site-packages/oslo_config/cfg.py:3560}}
Aug 19 02:54:47.498582 np0000007730 nova-scheduler[93662]: DEBUG cotyledon.oslo_config_glue [-] oslo_messaging_rabbit.ssl_version = {{(pid=93662) log_opt_values /opt/stack/data/venv/lib/python3.12/site-packages/oslo_config/cfg.py:3560}}
Aug 19 02:54:47.498582 np0000007730 nova-scheduler[93662]: DEBUG cotyledon.oslo_config_glue [-] oslo_messaging_rabbit.use_queue_manager = False {{(pid=93662) log_opt_values /opt/stack/data/venv/lib/python3.12/site-packages/oslo_config/cfg.py:3560}}
Aug 19 02:54:47.498617 np0000007730 nova-scheduler[93665]: INFO dbcounter [None req-23f36688-8f01-42b5-90eb-60b566a0a74b None None] Registered counter for database nova_cell0
Aug 19 02:54:47.498664 np0000007730 nova-scheduler[93662]: DEBUG cotyledon.oslo_config_glue [-] oslo_messaging_notifications.driver = ['messagingv2'] {{(pid=93662) log_opt_values /opt/stack/data/venv/lib/python3.12/site-packages/oslo_config/cfg.py:3560}}
Aug 19 02:54:47.498664 np0000007730 nova-scheduler[93662]: DEBUG cotyledon.oslo_config_glue [-] oslo_messaging_notifications.retry = -1 {{(pid=93662) log_opt_values /opt/stack/data/venv/lib/python3.12/site-packages/oslo_config/cfg.py:3560}}
Aug 19 02:54:47.498664 np0000007730 nova-scheduler[93662]: DEBUG cotyledon.oslo_config_glue [-] oslo_messaging_notifications.topics = ['notifications'] {{(pid=93662) log_opt_values /opt/stack/data/venv/lib/python3.12/site-packages/oslo_config/cfg.py:3560}}
Aug 19 02:54:47.498664 np0000007730 nova-scheduler[93662]: DEBUG cotyledon.oslo_config_glue [-] oslo_messaging_notifications.transport_url = **** {{(pid=93662) log_opt_values /opt/stack/data/venv/lib/python3.12/site-packages/oslo_config/cfg.py:3560}}
Aug 19 02:54:47.498664 np0000007730 nova-scheduler[93662]: DEBUG cotyledon.oslo_config_glue [-] oslo_limit.auth_section = None {{(pid=93662) log_opt_values /opt/stack/data/venv/lib/python3.12/site-packages/oslo_config/cfg.py:3560}}
Aug 19 02:54:47.498664 np0000007730 nova-scheduler[93662]: DEBUG cotyledon.oslo_config_glue [-] oslo_limit.auth_type = None {{(pid=93662) log_opt_values /opt/stack/data/venv/lib/python3.12/site-packages/oslo_config/cfg.py:3560}}
Aug 19 02:54:47.498664 np0000007730 nova-scheduler[93662]: DEBUG cotyledon.oslo_config_glue [-] oslo_limit.cafile = None {{(pid=93662) log_opt_values /opt/stack/data/venv/lib/python3.12/site-packages/oslo_config/cfg.py:3560}}
Aug 19 02:54:47.498664 np0000007730 nova-scheduler[93662]: DEBUG cotyledon.oslo_config_glue [-] oslo_limit.certfile = None {{(pid=93662) log_opt_values /opt/stack/data/venv/lib/python3.12/site-packages/oslo_config/cfg.py:3560}}
Aug 19 02:54:47.498664 np0000007730 nova-scheduler[93662]: DEBUG cotyledon.oslo_config_glue [-] oslo_limit.collect_timing = False {{(pid=93662) log_opt_values /opt/stack/data/venv/lib/python3.12/site-packages/oslo_config/cfg.py:3560}}
Aug 19 02:54:47.498830 np0000007730 nova-scheduler[93662]: DEBUG cotyledon.oslo_config_glue [-] oslo_limit.connect_retries = None {{(pid=93662) log_opt_values /opt/stack/data/venv/lib/python3.12/site-packages/oslo_config/cfg.py:3560}}
Aug 19 02:54:47.498830 np0000007730 nova-scheduler[93662]: DEBUG cotyledon.oslo_config_glue [-] oslo_limit.connect_retry_delay = None {{(pid=93662) log_opt_values /opt/stack/data/venv/lib/python3.12/site-packages/oslo_config/cfg.py:3560}}
Aug 19 02:54:47.498830 np0000007730 nova-scheduler[93662]: DEBUG cotyledon.oslo_config_glue [-] oslo_limit.endpoint_id = None {{(pid=93662) log_opt_values /opt/stack/data/venv/lib/python3.12/site-packages/oslo_config/cfg.py:3560}}
Aug 19 02:54:47.498830 np0000007730 nova-scheduler[93662]: DEBUG cotyledon.oslo_config_glue [-] oslo_limit.endpoint_interface = public {{(pid=93662) log_opt_values /opt/stack/data/venv/lib/python3.12/site-packages/oslo_config/cfg.py:3560}}
Aug 19 02:54:47.498830 np0000007730 nova-scheduler[93662]: DEBUG cotyledon.oslo_config_glue [-] oslo_limit.endpoint_override = None {{(pid=93662) log_opt_values /opt/stack/data/venv/lib/python3.12/site-packages/oslo_config/cfg.py:3560}}
Aug 19 02:54:47.498830 np0000007730 nova-scheduler[93662]: DEBUG cotyledon.oslo_config_glue [-] oslo_limit.endpoint_region_name = None {{(pid=93662) log_opt_values /opt/stack/data/venv/lib/python3.12/site-packages/oslo_config/cfg.py:3560}}
Aug 19 02:54:47.498830 np0000007730 nova-scheduler[93662]: DEBUG cotyledon.oslo_config_glue [-] oslo_limit.endpoint_service_name = None {{(pid=93662) log_opt_values /opt/stack/data/venv/lib/python3.12/site-packages/oslo_config/cfg.py:3560}}
Aug 19 02:54:47.498830 np0000007730 nova-scheduler[93662]: DEBUG cotyledon.oslo_config_glue [-] oslo_limit.endpoint_service_type = None {{(pid=93662) log_opt_values /opt/stack/data/venv/lib/python3.12/site-packages/oslo_config/cfg.py:3560}}
Aug 19 02:54:47.498830 np0000007730 nova-scheduler[93662]: DEBUG cotyledon.oslo_config_glue [-] oslo_limit.insecure = False {{(pid=93662) log_opt_values /opt/stack/data/venv/lib/python3.12/site-packages/oslo_config/cfg.py:3560}}
Aug 19 02:54:47.498972 np0000007730 nova-scheduler[93662]: DEBUG cotyledon.oslo_config_glue [-] oslo_limit.keyfile = None {{(pid=93662) log_opt_values /opt/stack/data/venv/lib/python3.12/site-packages/oslo_config/cfg.py:3560}}
Aug 19 02:54:47.498972 np0000007730 nova-scheduler[93662]: DEBUG cotyledon.oslo_config_glue [-] oslo_limit.max_version = None {{(pid=93662) log_opt_values /opt/stack/data/venv/lib/python3.12/site-packages/oslo_config/cfg.py:3560}}
Aug 19 02:54:47.498972 np0000007730 nova-scheduler[93662]: DEBUG cotyledon.oslo_config_glue [-] oslo_limit.min_version = None {{(pid=93662) log_opt_values /opt/stack/data/venv/lib/python3.12/site-packages/oslo_config/cfg.py:3560}}
Aug 19 02:54:47.498972 np0000007730 nova-scheduler[93662]: DEBUG cotyledon.oslo_config_glue [-] oslo_limit.region_name = None {{(pid=93662) log_opt_values /opt/stack/data/venv/lib/python3.12/site-packages/oslo_config/cfg.py:3560}}
Aug 19 02:54:47.498972 np0000007730 nova-scheduler[93662]: DEBUG cotyledon.oslo_config_glue [-] oslo_limit.retriable_status_codes = None {{(pid=93662) log_opt_values /opt/stack/data/venv/lib/python3.12/site-packages/oslo_config/cfg.py:3560}}
Aug 19 02:54:47.498972 np0000007730 nova-scheduler[93662]: DEBUG cotyledon.oslo_config_glue [-] oslo_limit.service_name = None {{(pid=93662) log_opt_values /opt/stack/data/venv/lib/python3.12/site-packages/oslo_config/cfg.py:3560}}
Aug 19 02:54:47.498972 np0000007730 nova-scheduler[93662]: DEBUG cotyledon.oslo_config_glue [-] oslo_limit.service_type = None {{(pid=93662) log_opt_values /opt/stack/data/venv/lib/python3.12/site-packages/oslo_config/cfg.py:3560}}
Aug 19 02:54:47.498972 np0000007730 nova-scheduler[93662]: DEBUG cotyledon.oslo_config_glue [-] oslo_limit.split_loggers = False {{(pid=93662) log_opt_values /opt/stack/data/venv/lib/python3.12/site-packages/oslo_config/cfg.py:3560}}
Aug 19 02:54:47.498972 np0000007730 nova-scheduler[93662]: DEBUG cotyledon.oslo_config_glue [-] oslo_limit.status_code_retries = None {{(pid=93662) log_opt_values /opt/stack/data/venv/lib/python3.12/site-packages/oslo_config/cfg.py:3560}}
Aug 19 02:54:47.499134 np0000007730 nova-scheduler[93662]: DEBUG cotyledon.oslo_config_glue [-] oslo_limit.status_code_retry_delay = None {{(pid=93662) log_opt_values /opt/stack/data/venv/lib/python3.12/site-packages/oslo_config/cfg.py:3560}}
Aug 19 02:54:47.499134 np0000007730 nova-scheduler[93662]: DEBUG cotyledon.oslo_config_glue [-] oslo_limit.timeout = None {{(pid=93662) log_opt_values /opt/stack/data/venv/lib/python3.12/site-packages/oslo_config/cfg.py:3560}}
Aug 19 02:54:47.499134 np0000007730 nova-scheduler[93662]: DEBUG cotyledon.oslo_config_glue [-] oslo_limit.valid_interfaces = None {{(pid=93662) log_opt_values /opt/stack/data/venv/lib/python3.12/site-packages/oslo_config/cfg.py:3560}}
Aug 19 02:54:47.499134 np0000007730 nova-scheduler[93662]: DEBUG cotyledon.oslo_config_glue [-] oslo_limit.version = None {{(pid=93662) log_opt_values /opt/stack/data/venv/lib/python3.12/site-packages/oslo_config/cfg.py:3560}}
Aug 19 02:54:47.499134 np0000007730 nova-scheduler[93662]: DEBUG cotyledon.oslo_config_glue [-] oslo_reports.file_event_handler = None {{(pid=93662) log_opt_values /opt/stack/data/venv/lib/python3.12/site-packages/oslo_config/cfg.py:3560}}
Aug 19 02:54:47.499134 np0000007730 nova-scheduler[93662]: DEBUG cotyledon.oslo_config_glue [-] oslo_reports.file_event_handler_interval = 1 {{(pid=93662) log_opt_values /opt/stack/data/venv/lib/python3.12/site-packages/oslo_config/cfg.py:3560}}
Aug 19 02:54:47.499134 np0000007730 nova-scheduler[93662]: DEBUG cotyledon.oslo_config_glue [-] oslo_reports.log_dir = None {{(pid=93662) log_opt_values /opt/stack/data/venv/lib/python3.12/site-packages/oslo_config/cfg.py:3560}}
Aug 19 02:54:47.499134 np0000007730 nova-scheduler[93662]: DEBUG cotyledon.oslo_config_glue [-] ******************************************************************************** {{(pid=93662) log_opt_values /opt/stack/data/venv/lib/python3.12/site-packages/oslo_config/cfg.py:3567}}
Aug 19 02:54:47.499134 np0000007730 nova-scheduler[93662]: DEBUG cotyledon._service_worker [-] Run service ServiceWrapper(1) [93662] {{(pid=93662) wait_forever /opt/stack/data/venv/lib/python3.12/site-packages/cotyledon/_service_worker.py:218}}
Aug 19 02:54:47.499284 np0000007730 nova-scheduler[93657]: DEBUG oslo_db.sqlalchemy.engines [None req-c24bb208-e6bf-49e2-92d0-12be6583ece5 None None] MySQL server mode set to STRICT_TRANS_TABLES,STRICT_ALL_TABLES,NO_ZERO_IN_DATE,NO_ZERO_DATE,ERROR_FOR_DIVISION_BY_ZERO,TRADITIONAL,NO_ENGINE_SUBSTITUTION {{(pid=93657) _check_effective_sql_mode /opt/stack/data/venv/lib/python3.12/site-packages/oslo_db/sqlalchemy/engines.py:325}}
Aug 19 02:54:47.499310 np0000007730 nova-scheduler[93662]: INFO nova.service [-] Starting scheduler node (version 33.1.0)
Aug 19 02:54:47.499310 np0000007730 nova-scheduler[93662]: INFO dbcounter [None req-e371a2ed-cd7a-40c1-8ba0-c5f4c3a56169 None None] Registered counter for database nova_cell0
Aug 19 02:54:47.499345 np0000007730 nova-scheduler[93657]: DEBUG dbcounter [-] [93657] Writer thread running {{(pid=93657) stat_writer /opt/stack/data/venv/lib/python3.12/site-packages/dbcounter.py:102}}
Aug 19 02:54:47.519302 np0000007730 nova-scheduler[93657]: DEBUG nova.service [None req-c24bb208-e6bf-49e2-92d0-12be6583ece5 None None] Creating RPC server for service: nova-scheduler on topic: scheduler {{(pid=93657) start /opt/stack/nova/nova/service.py:262}}
Aug 19 02:54:47.522846 np0000007730 nova-scheduler[93665]: DEBUG oslo_db.sqlalchemy.engines [None req-23f36688-8f01-42b5-90eb-60b566a0a74b None None] MySQL server mode set to STRICT_TRANS_TABLES,STRICT_ALL_TABLES,NO_ZERO_IN_DATE,NO_ZERO_DATE,ERROR_FOR_DIVISION_BY_ZERO,TRADITIONAL,NO_ENGINE_SUBSTITUTION {{(pid=93665) _check_effective_sql_mode /opt/stack/data/venv/lib/python3.12/site-packages/oslo_db/sqlalchemy/engines.py:325}}
Aug 19 02:54:47.529420 np0000007730 nova-scheduler[93662]: DEBUG oslo_db.sqlalchemy.engines [None req-e371a2ed-cd7a-40c1-8ba0-c5f4c3a56169 None None] MySQL server mode set to STRICT_TRANS_TABLES,STRICT_ALL_TABLES,NO_ZERO_IN_DATE,NO_ZERO_DATE,ERROR_FOR_DIVISION_BY_ZERO,TRADITIONAL,NO_ENGINE_SUBSTITUTION {{(pid=93662) _check_effective_sql_mode /opt/stack/data/venv/lib/python3.12/site-packages/oslo_db/sqlalchemy/engines.py:325}}
Aug 19 02:54:47.534533 np0000007730 nova-scheduler[93665]: DEBUG dbcounter [-] [93665] Writer thread running {{(pid=93665) stat_writer /opt/stack/data/venv/lib/python3.12/site-packages/dbcounter.py:102}}
Aug 19 02:54:47.537973 np0000007730 nova-scheduler[93665]: DEBUG nova.service [None req-23f36688-8f01-42b5-90eb-60b566a0a74b None None] Creating RPC server for service: nova-scheduler on topic: scheduler {{(pid=93665) start /opt/stack/nova/nova/service.py:262}}
Aug 19 02:54:47.538440 np0000007730 nova-scheduler[93662]: DEBUG dbcounter [-] [93662] Writer thread running {{(pid=93662) stat_writer /opt/stack/data/venv/lib/python3.12/site-packages/dbcounter.py:102}}
Aug 19 02:54:47.541028 np0000007730 nova-scheduler[93662]: DEBUG nova.service [None req-e371a2ed-cd7a-40c1-8ba0-c5f4c3a56169 None None] Creating RPC server for service: nova-scheduler on topic: scheduler {{(pid=93662) start /opt/stack/nova/nova/service.py:262}}
Aug 19 02:54:47.542041 np0000007730 nova-scheduler[93657]: DEBUG nova.service [None req-c24bb208-e6bf-49e2-92d0-12be6583ece5 None None] Join ServiceGroup membership for this service scheduler {{(pid=93657) start /opt/stack/nova/nova/service.py:288}}
Aug 19 02:54:47.542349 np0000007730 nova-scheduler[93657]: DEBUG nova.servicegroup.drivers.db [None req-c24bb208-e6bf-49e2-92d0-12be6583ece5 None None] DB_Driver: join new ServiceGroup member np0000007730 to the scheduler group, service = {{(pid=93657) join /opt/stack/nova/nova/servicegroup/drivers/db.py:44}}
Aug 19 02:54:47.559401 np0000007730 nova-scheduler[93665]: DEBUG nova.service [None req-23f36688-8f01-42b5-90eb-60b566a0a74b None None] Join ServiceGroup membership for this service scheduler {{(pid=93665) start /opt/stack/nova/nova/service.py:288}}
Aug 19 02:54:47.559520 np0000007730 nova-scheduler[93662]: DEBUG nova.service [None req-e371a2ed-cd7a-40c1-8ba0-c5f4c3a56169 None None] Join ServiceGroup membership for this service scheduler {{(pid=93662) start /opt/stack/nova/nova/service.py:288}}
Aug 19 02:54:47.559569 np0000007730 nova-scheduler[93665]: DEBUG nova.servicegroup.drivers.db [None req-23f36688-8f01-42b5-90eb-60b566a0a74b None None] DB_Driver: join new ServiceGroup member np0000007730 to the scheduler group, service = {{(pid=93665) join /opt/stack/nova/nova/servicegroup/drivers/db.py:44}}
Aug 19 02:54:47.559614 np0000007730 nova-scheduler[93662]: DEBUG nova.servicegroup.drivers.db [None req-e371a2ed-cd7a-40c1-8ba0-c5f4c3a56169 None None] DB_Driver: join new ServiceGroup member np0000007730 to the scheduler group, service = {{(pid=93662) join /opt/stack/nova/nova/servicegroup/drivers/db.py:44}}
Aug 19 02:54:51.562133 np0000007730 nova-scheduler[93662]: DEBUG oslo.service.backend._threading.loopingcall [None req-e8faaa70-5e30-4168-8eca-1aa6eec461ca None None] Dynamic interval looping call 'nova.service.Service.periodic_tasks' sleeping for 60.00 seconds {{(pid=93662) _run_loop /opt/stack/data/venv/lib/python3.12/site-packages/oslo_service/backend/_threading/loopingcall.py:125}}
Aug 19 02:54:52.557333 np0000007730 nova-scheduler[93657]: DEBUG oslo.service.backend._threading.loopingcall [-] Fixed interval looping call 'nova.servicegroup.drivers.db.DbDriver._report_state' sleeping for 119.99 seconds {{(pid=93657) _run_loop /opt/stack/data/venv/lib/python3.12/site-packages/oslo_service/backend/_threading/loopingcall.py:125}}
Aug 19 02:54:52.569720 np0000007730 nova-scheduler[93665]: DEBUG oslo.service.backend._threading.loopingcall [-] Fixed interval looping call 'nova.servicegroup.drivers.db.DbDriver._report_state' sleeping for 119.99 seconds {{(pid=93665) _run_loop /opt/stack/data/venv/lib/python3.12/site-packages/oslo_service/backend/_threading/loopingcall.py:125}}
Aug 19 02:54:52.573076 np0000007730 nova-scheduler[93662]: DEBUG oslo.service.backend._threading.loopingcall [-] Fixed interval looping call 'nova.servicegroup.drivers.db.DbDriver._report_state' sleeping for 119.99 seconds {{(pid=93662) _run_loop /opt/stack/data/venv/lib/python3.12/site-packages/oslo_service/backend/_threading/loopingcall.py:125}}
Aug 19 02:54:56.109194 np0000007730 nova-scheduler[92441]: DEBUG dbcounter [-] [92441] Writing DB stats nova_api:SELECT=3 {{(pid=92441) stat_writer /opt/stack/data/venv/lib/python3.12/site-packages/dbcounter.py:115}}
Aug 19 02:54:56.239654 np0000007730 nova-scheduler[92441]: DEBUG dbcounter [-] [92441] Writing DB stats nova_cell0:SELECT=1 {{(pid=92441) stat_writer /opt/stack/data/venv/lib/python3.12/site-packages/dbcounter.py:115}}
Aug 19 02:54:56.243345 np0000007730 nova-scheduler[92441]: DEBUG dbcounter [-] [92441] Writing DB stats nova_cell1:SELECT=1 {{(pid=92441) stat_writer /opt/stack/data/venv/lib/python3.12/site-packages/dbcounter.py:115}}
Aug 19 02:55:02.553453 np0000007730 nova-scheduler[93657]: DEBUG dbcounter [-] [93657] Writing DB stats nova_cell0:SELECT=4,nova_cell0:INSERT=1,nova_cell0:UPDATE=1 {{(pid=93657) stat_writer /opt/stack/data/venv/lib/python3.12/site-packages/dbcounter.py:115}}
Aug 19 02:55:02.566796 np0000007730 nova-scheduler[93665]: DEBUG dbcounter [-] [93665] Writing DB stats nova_cell0:SELECT=3 {{(pid=93665) stat_writer /opt/stack/data/venv/lib/python3.12/site-packages/dbcounter.py:115}}
Aug 19 02:55:02.573653 np0000007730 nova-scheduler[93662]: DEBUG dbcounter [-] [93662] Writing DB stats nova_cell0:SELECT=3 {{(pid=93662) stat_writer /opt/stack/data/venv/lib/python3.12/site-packages/dbcounter.py:115}}
Aug 19 02:55:05.561808 np0000007730 nova-scheduler[93665]: DEBUG oslo.service.backend._threading.loopingcall [None req-bc09204d-bd72-4fe9-92b6-0383b0268f5f None None] Dynamic interval looping call 'nova.service.Service.periodic_tasks' sleeping for 60.00 seconds {{(pid=93665) _run_loop /opt/stack/data/venv/lib/python3.12/site-packages/oslo_service/backend/_threading/loopingcall.py:125}}
Aug 19 02:55:26.544740 np0000007730 nova-scheduler[93657]: DEBUG oslo.service.backend._threading.loopingcall [None req-e6a30c46-4d12-4d49-9375-f31b5078fc40 None None] Dynamic interval looping call 'nova.service.Service.periodic_tasks' sleeping for 60.00 seconds {{(pid=93657) _run_loop /opt/stack/data/venv/lib/python3.12/site-packages/oslo_service/backend/_threading/loopingcall.py:125}}
Aug 19 02:55:51.562650 np0000007730 nova-scheduler[93662]: DEBUG oslo.service.backend._threading.loopingcall [None req-e8faaa70-5e30-4168-8eca-1aa6eec461ca None None] Dynamic interval looping call 'nova.service.Service.periodic_tasks' sleeping for 60.00 seconds {{(pid=93662) _run_loop /opt/stack/data/venv/lib/python3.12/site-packages/oslo_service/backend/_threading/loopingcall.py:125}}
Aug 19 02:56:05.562255 np0000007730 nova-scheduler[93665]: DEBUG oslo.service.backend._threading.loopingcall [None req-bc09204d-bd72-4fe9-92b6-0383b0268f5f None None] Dynamic interval looping call 'nova.service.Service.periodic_tasks' sleeping for 60.00 seconds {{(pid=93665) _run_loop /opt/stack/data/venv/lib/python3.12/site-packages/oslo_service/backend/_threading/loopingcall.py:125}}
Aug 19 02:56:26.545390 np0000007730 nova-scheduler[93657]: DEBUG oslo.service.backend._threading.loopingcall [None req-e6a30c46-4d12-4d49-9375-f31b5078fc40 None None] Dynamic interval looping call 'nova.service.Service.periodic_tasks' sleeping for 60.00 seconds {{(pid=93657) _run_loop /opt/stack/data/venv/lib/python3.12/site-packages/oslo_service/backend/_threading/loopingcall.py:125}}
Aug 19 02:56:51.563047 np0000007730 nova-scheduler[93662]: DEBUG oslo.service.backend._threading.loopingcall [None req-e8faaa70-5e30-4168-8eca-1aa6eec461ca None None] Dynamic interval looping call 'nova.service.Service.periodic_tasks' sleeping for 60.00 seconds {{(pid=93662) _run_loop /opt/stack/data/venv/lib/python3.12/site-packages/oslo_service/backend/_threading/loopingcall.py:125}}
Aug 19 02:56:52.554971 np0000007730 nova-scheduler[93657]: DEBUG oslo.service.backend._threading.loopingcall [-] Fixed interval looping call 'nova.servicegroup.drivers.db.DbDriver._report_state' sleeping for 119.99 seconds {{(pid=93657) _run_loop /opt/stack/data/venv/lib/python3.12/site-packages/oslo_service/backend/_threading/loopingcall.py:125}}
Aug 19 02:56:52.566361 np0000007730 nova-scheduler[93665]: DEBUG oslo.service.backend._threading.loopingcall [-] Fixed interval looping call 'nova.servicegroup.drivers.db.DbDriver._report_state' sleeping for 119.99 seconds {{(pid=93665) _run_loop /opt/stack/data/venv/lib/python3.12/site-packages/oslo_service/backend/_threading/loopingcall.py:125}}
Aug 19 02:56:52.568216 np0000007730 nova-scheduler[93662]: DEBUG oslo.service.backend._threading.loopingcall [-] Fixed interval looping call 'nova.servicegroup.drivers.db.DbDriver._report_state' sleeping for 120.00 seconds {{(pid=93662) _run_loop /opt/stack/data/venv/lib/python3.12/site-packages/oslo_service/backend/_threading/loopingcall.py:125}}
Aug 19 02:57:02.093624 np0000007730 nova-scheduler[93657]: DEBUG nova.scheduler.manager [None req-b2ded175-ece9-4aa6-b902-976888802904 tempest-DeleteServersTestJSON-849398270 tempest-DeleteServersTestJSON-849398270-project-member] Starting to schedule for instances: ['bfa1cf6d-133e-47cb-a4f2-134d07a983af'] {{(pid=93657) select_destinations /opt/stack/nova/nova/scheduler/manager.py:197}}
Aug 19 02:57:02.094317 np0000007730 nova-scheduler[93657]: DEBUG nova.scheduler.request_filter [None req-b2ded175-ece9-4aa6-b902-976888802904 tempest-DeleteServersTestJSON-849398270 tempest-DeleteServersTestJSON-849398270-project-member] compute_status_filter request filter added forbidden trait COMPUTE_STATUS_DISABLED {{(pid=93657) compute_status_filter /opt/stack/nova/nova/scheduler/request_filter.py:253}}
Aug 19 02:57:02.094484 np0000007730 nova-scheduler[93657]: DEBUG nova.scheduler.request_filter [None req-b2ded175-ece9-4aa6-b902-976888802904 tempest-DeleteServersTestJSON-849398270 tempest-DeleteServersTestJSON-849398270-project-member] Request filter 'compute_status_filter' took 0.0 seconds {{(pid=93657) wrapper /opt/stack/nova/nova/scheduler/request_filter.py:46}}
Aug 19 02:57:02.094788 np0000007730 nova-scheduler[93657]: DEBUG nova.scheduler.request_filter [None req-b2ded175-ece9-4aa6-b902-976888802904 tempest-DeleteServersTestJSON-849398270 tempest-DeleteServersTestJSON-849398270-project-member] Request filter 'accelerators_filter' took 0.0 seconds {{(pid=93657) wrapper /opt/stack/nova/nova/scheduler/request_filter.py:46}}
Aug 19 02:57:02.095085 np0000007730 nova-scheduler[93657]: DEBUG nova.scheduler.request_filter [None req-b2ded175-ece9-4aa6-b902-976888802904 tempest-DeleteServersTestJSON-849398270 tempest-DeleteServersTestJSON-849398270-project-member] Request filter 'packed_virtqueue_filter' took 0.0 seconds {{(pid=93657) wrapper /opt/stack/nova/nova/scheduler/request_filter.py:46}}
Aug 19 02:57:02.096170 np0000007730 nova-scheduler[93657]: DEBUG nova.scheduler.request_filter [None req-b2ded175-ece9-4aa6-b902-976888802904 tempest-DeleteServersTestJSON-849398270 tempest-DeleteServersTestJSON-849398270-project-member] Request filter 'remote_managed_ports_filter' took 0.0 seconds {{(pid=93657) wrapper /opt/stack/nova/nova/scheduler/request_filter.py:46}}
Aug 19 02:57:02.096360 np0000007730 nova-scheduler[93657]: DEBUG nova.scheduler.request_filter [None req-b2ded175-ece9-4aa6-b902-976888802904 tempest-DeleteServersTestJSON-849398270 tempest-DeleteServersTestJSON-849398270-project-member] ephemeral_encryption_filter skipped {{(pid=93657) ephemeral_encryption_filter /opt/stack/nova/nova/scheduler/request_filter.py:426}}
Aug 19 02:57:02.096523 np0000007730 nova-scheduler[93657]: DEBUG nova.scheduler.request_filter [None req-b2ded175-ece9-4aa6-b902-976888802904 tempest-DeleteServersTestJSON-849398270 tempest-DeleteServersTestJSON-849398270-project-member] virtio_sound_filter skipped {{(pid=93657) virtio_sound_filter /opt/stack/nova/nova/scheduler/request_filter.py:460}}
Aug 19 02:57:02.096697 np0000007730 nova-scheduler[93657]: DEBUG nova.scheduler.request_filter [None req-b2ded175-ece9-4aa6-b902-976888802904 tempest-DeleteServersTestJSON-849398270 tempest-DeleteServersTestJSON-849398270-project-member] tpm_secret_security_filter skipped {{(pid=93657) tpm_secret_security_filter /opt/stack/nova/nova/scheduler/request_filter.py:477}}
Aug 19 02:57:02.550518 np0000007730 nova-scheduler[93657]: DEBUG dbcounter [-] [93657] Writing DB stats nova_cell0:SELECT=1,nova_cell0:UPDATE=1 {{(pid=93657) stat_writer /opt/stack/data/venv/lib/python3.12/site-packages/dbcounter.py:115}}
Aug 19 02:57:02.563327 np0000007730 nova-scheduler[93665]: DEBUG dbcounter [-] [93665] Writing DB stats nova_cell0:SELECT=1 {{(pid=93665) stat_writer /opt/stack/data/venv/lib/python3.12/site-packages/dbcounter.py:115}}
Aug 19 02:57:02.565417 np0000007730 nova-scheduler[93662]: DEBUG dbcounter [-] [93662] Writing DB stats nova_cell0:SELECT=1 {{(pid=93662) stat_writer /opt/stack/data/venv/lib/python3.12/site-packages/dbcounter.py:115}}
Aug 19 02:57:02.656208 np0000007730 nova-scheduler[93657]: INFO nova.utils [None req-b2ded175-ece9-4aa6-b902-976888802904 tempest-DeleteServersTestJSON-849398270 tempest-DeleteServersTestJSON-849398270-project-member] The cell worker thread pool ForkProcess-1.cell_worker is initialized
Aug 19 02:57:02.656915 np0000007730 nova-scheduler[93657]: DEBUG oslo_concurrency.lockutils [None req-b2ded175-ece9-4aa6-b902-976888802904 tempest-DeleteServersTestJSON-849398270 tempest-DeleteServersTestJSON-849398270-project-member] Acquiring lock "808a790d-9706-48f6-a3b1-e16c8ca82d91" by "nova.context.set_target_cell..get_or_set_cached_cell_and_set_connections" {{(pid=93657) inner /opt/stack/data/venv/lib/python3.12/site-packages/oslo_concurrency/lockutils.py:512}}
Aug 19 02:57:02.657120 np0000007730 nova-scheduler[93657]: DEBUG oslo_concurrency.lockutils [None req-b2ded175-ece9-4aa6-b902-976888802904 tempest-DeleteServersTestJSON-849398270 tempest-DeleteServersTestJSON-849398270-project-member] Lock "808a790d-9706-48f6-a3b1-e16c8ca82d91" acquired by "nova.context.set_target_cell..get_or_set_cached_cell_and_set_connections" :: waited 0.001s {{(pid=93657) inner /opt/stack/data/venv/lib/python3.12/site-packages/oslo_concurrency/lockutils.py:525}}
Aug 19 02:57:02.658515 np0000007730 nova-scheduler[93657]: DEBUG oslo_concurrency.lockutils [None req-b2ded175-ece9-4aa6-b902-976888802904 tempest-DeleteServersTestJSON-849398270 tempest-DeleteServersTestJSON-849398270-project-member] Lock "808a790d-9706-48f6-a3b1-e16c8ca82d91" "released" by "nova.context.set_target_cell..get_or_set_cached_cell_and_set_connections" :: held 0.001s {{(pid=93657) inner /opt/stack/data/venv/lib/python3.12/site-packages/oslo_concurrency/lockutils.py:544}}
Aug 19 02:57:02.661048 np0000007730 nova-scheduler[93657]: INFO dbcounter [None req-b2ded175-ece9-4aa6-b902-976888802904 tempest-DeleteServersTestJSON-849398270 tempest-DeleteServersTestJSON-849398270-project-member] Registered counter for database nova_cell1
Aug 19 02:57:02.710418 np0000007730 nova-scheduler[93657]: DEBUG oslo_db.sqlalchemy.engines [None req-b2ded175-ece9-4aa6-b902-976888802904 tempest-DeleteServersTestJSON-849398270 tempest-DeleteServersTestJSON-849398270-project-member] MySQL server mode set to STRICT_TRANS_TABLES,STRICT_ALL_TABLES,NO_ZERO_IN_DATE,NO_ZERO_DATE,ERROR_FOR_DIVISION_BY_ZERO,TRADITIONAL,NO_ENGINE_SUBSTITUTION {{(pid=93657) _check_effective_sql_mode /opt/stack/data/venv/lib/python3.12/site-packages/oslo_db/sqlalchemy/engines.py:325}}
Aug 19 02:57:02.717863 np0000007730 nova-scheduler[93657]: DEBUG dbcounter [-] [93657] Writer thread running {{(pid=93657) stat_writer /opt/stack/data/venv/lib/python3.12/site-packages/dbcounter.py:102}}
Aug 19 02:57:02.733491 np0000007730 nova-scheduler[93657]: DEBUG oslo_db.sqlalchemy.engines [None req-b2ded175-ece9-4aa6-b902-976888802904 tempest-DeleteServersTestJSON-849398270 tempest-DeleteServersTestJSON-849398270-project-member] Parent process 92441 forked (93657) with an open database connection, which is being discarded and recreated. {{(pid=93657) checkout /opt/stack/data/venv/lib/python3.12/site-packages/oslo_db/sqlalchemy/engines.py:402}}
Aug 19 02:57:02.790399 np0000007730 nova-scheduler[93657]: DEBUG dbcounter [-] [93657] Writer thread running {{(pid=93657) stat_writer /opt/stack/data/venv/lib/python3.12/site-packages/dbcounter.py:102}}
Aug 19 02:57:02.793723 np0000007730 nova-scheduler[93657]: DEBUG oslo_concurrency.lockutils [None req-b2ded175-ece9-4aa6-b902-976888802904 tempest-DeleteServersTestJSON-849398270 tempest-DeleteServersTestJSON-849398270-project-member] Acquiring lock "808a790d-9706-48f6-a3b1-e16c8ca82d91" by "nova.context.set_target_cell..get_or_set_cached_cell_and_set_connections" {{(pid=93657) inner /opt/stack/data/venv/lib/python3.12/site-packages/oslo_concurrency/lockutils.py:512}}
Aug 19 02:57:02.793956 np0000007730 nova-scheduler[93657]: DEBUG oslo_concurrency.lockutils [None req-b2ded175-ece9-4aa6-b902-976888802904 tempest-DeleteServersTestJSON-849398270 tempest-DeleteServersTestJSON-849398270-project-member] Lock "808a790d-9706-48f6-a3b1-e16c8ca82d91" acquired by "nova.context.set_target_cell..get_or_set_cached_cell_and_set_connections" :: waited 0.000s {{(pid=93657) inner /opt/stack/data/venv/lib/python3.12/site-packages/oslo_concurrency/lockutils.py:525}}
Aug 19 02:57:02.794115 np0000007730 nova-scheduler[93657]: DEBUG oslo_concurrency.lockutils [None req-b2ded175-ece9-4aa6-b902-976888802904 tempest-DeleteServersTestJSON-849398270 tempest-DeleteServersTestJSON-849398270-project-member] Lock "808a790d-9706-48f6-a3b1-e16c8ca82d91" "released" by "nova.context.set_target_cell..get_or_set_cached_cell_and_set_connections" :: held 0.000s {{(pid=93657) inner /opt/stack/data/venv/lib/python3.12/site-packages/oslo_concurrency/lockutils.py:544}}
Aug 19 02:57:02.797600 np0000007730 nova-scheduler[93657]: DEBUG oslo_concurrency.lockutils [None req-b2ded175-ece9-4aa6-b902-976888802904 tempest-DeleteServersTestJSON-849398270 tempest-DeleteServersTestJSON-849398270-project-member] Acquiring lock "np0000007730-np0000007730" by "nova.scheduler.host_manager.HostState.update.._locked_update" {{(pid=93657) inner /opt/stack/data/venv/lib/python3.12/site-packages/oslo_concurrency/lockutils.py:512}}
Aug 19 02:57:02.797834 np0000007730 nova-scheduler[93657]: DEBUG oslo_concurrency.lockutils [None req-b2ded175-ece9-4aa6-b902-976888802904 tempest-DeleteServersTestJSON-849398270 tempest-DeleteServersTestJSON-849398270-project-member] Lock "np0000007730-np0000007730" acquired by "nova.scheduler.host_manager.HostState.update.._locked_update" :: waited 0.000s {{(pid=93657) inner /opt/stack/data/venv/lib/python3.12/site-packages/oslo_concurrency/lockutils.py:525}}
Aug 19 02:57:02.799032 np0000007730 nova-scheduler[93657]: DEBUG nova.scheduler.host_manager [None req-b2ded175-ece9-4aa6-b902-976888802904 tempest-DeleteServersTestJSON-849398270 tempest-DeleteServersTestJSON-849398270-project-member] Update host state from compute node: ComputeNode(cpu_allocation_ratio=4.0,cpu_info='{"arch": "x86_64", "model": "EPYC-Milan", "vendor": "AMD", "topology": {"cells": 1, "sockets": 16, "cores": 1, "threads": 1}, "maxphysaddr": {"mode": "emulate", "bits": 40}, "features": ["umip", "osvw", "f16c", "erms", "syscall", "xgetbv1", "lbrv", "fsgsbase", "v-vmsave-vmload", "ssse3", "gds-no", "mmxext", "fma", "rdtscp", "vmcb-clean", "xsaveopt", "apic", "arat", "pdpe1gb", "mtrr", "topoext", "hypervisor", "pni", "flushbyasid", "sse4a", "x2apic", "pschange-mc-no", "sha-ni", "rdseed", "xsaveerptr", "sse", "vme", "pat", "clwb", "spec-ctrl", "mds-no", "de", "wbnoinvd", "mca", "amd-stibp", "skip-l1dfl-vmentry", "tsc-scale", "misalignsse", "sep", "ibrs", "smap", "pclmuldq", "npt", "3dnowprefetch", "nrip-save", "cx16", "smep", "movbe", "abm", "fxsr_opt", "msr", "svm", "vaes", "aes", "fxsr", "sse4.2", "stibp", "lm", "perfctr_core", "bmi2", "cx8", "svme-addr-chk", "avx2", "popcnt", "tsc-deadline", "cmp_legacy", "pge", "rdrand", "cmov", "tsc", "fsrm", "xsaves", "pse36", "null-sel-clr-base", "pcid", "stibp-always-on", "rdpid", "sse2", "ibpb", "cr8legacy", "clflushopt", "invpcid", "pae", "arch-capabilities", "pause-filter", "ssbd", "xsavec", "tsc_adjust", "lfence-always-serializing", "pse", "adx", "avx", "pfthreshold", "bmi1", "lahf_lm", "vgif", "virt-ssbd", "amd-ssbd", "mmx", "amd-psfd", "vpclmulqdq", "clzero", "fpu", "xsave", "no-nested-data-bp", "mce", "sse4.1", "nx", "rdctl-no", "clflush", "pku"]}',created_at=2026-08-19T02:55:08Z,current_workload=0,deleted=False,deleted_at=None,disk_allocation_ratio=1.0,disk_available_least=73,free_disk_gb=95,free_ram_mb=62765,host='np0000007730',host_ip=10.4.3.156,hypervisor_hostname='np0000007730',hypervisor_type='QEMU',hypervisor_version=8002002,id=1,local_gb=95,local_gb_used=0,mapped=1,memory_mb=63277,memory_mb_used=512,metrics='[]',numa_topology='{"nova_object.name": "NUMATopology", "nova_object.namespace": "nova", "nova_object.version": "1.2", "nova_object.data": {"cells": [{"nova_object.name": "NUMACell", "nova_object.namespace": "nova", "nova_object.version": "1.5", "nova_object.data": {"id": 0, "cpuset": [0, 1, 2, 3, 4, 5, 6, 7, 8, 9, 10, 11, 12, 13, 14, 15], "pcpuset": [0, 1, 2, 3, 4, 5, 6, 7, 8, 9, 10, 11, 12, 13, 14, 15], "memory": 63277, "cpu_usage": 0, "memory_usage": 0, "pinned_cpus": [], "siblings": [[6], [12], [2], [15], [5], [11], [8], [14], [4], [1], [7], [10], [0], [13], [3], [9]], "mempages": [{"nova_object.name": "NUMAPagesTopology", "nova_object.namespace": "nova", "nova_object.version": "1.1", "nova_object.data": {"size_kb": 4, "total": 16177929, "used": 0, "reserved": 0}, "nova_object.changes": ["size_kb", "reserved", "total", "used"]}, {"nova_object.name": "NUMAPagesTopology", "nova_object.namespace": "nova", "nova_object.version": "1.1", "nova_object.data": {"size_kb": 2048, "total": 41, "used": 0, "reserved": 0}, "nova_object.changes": ["size_kb", "reserved", "total", "used"]}, {"nova_object.name": "NUMAPagesTopology", "nova_object.namespace": "nova", "nova_object.version": "1.1", "nova_object.data": {"size_kb": 1048576, "total": 0, "used": 0, "reserved": 0}, "nova_object.changes": ["size_kb", "reserved", "total", "used"]}], "network_metadata": {"nova_object.name": "NetworkMetadata", "nova_object.namespace": "nova", "nova_object.version": "1.0", "nova_object.data": {"physnets": [], "tunneled": false}, "nova_object.changes": ["physnets", "tunneled"]}, "socket": null}, "nova_object.changes": ["mempages", "memory", "pinned_cpus", "cpu_usage", "socket", "memory_usage", "pcpuset", "id", "cpuset", "network_metadata", "siblings"]}]}, "nova_object.changes": ["cells"]}',pci_device_pools=PciDevicePoolList,ram_allocation_ratio=1.0,running_vms=0,service_id=2,stats={failed_builds='0',uptime=' 02:56:57 up 18 min, 2 users, load average: 2.46, 1.58, 0.87
Aug 19 02:57:02.799032 np0000007730 nova-scheduler[93657]: '},supported_hv_specs=[HVSpec,HVSpec,HVSpec,HVSpec,HVSpec,HVSpec,HVSpec,HVSpec,HVSpec,HVSpec,HVSpec,HVSpec,HVSpec,HVSpec,HVSpec,HVSpec,HVSpec,HVSpec,HVSpec,HVSpec,HVSpec,HVSpec,HVSpec,HVSpec,HVSpec],updated_at=2026-08-19T02:56:57Z,uuid=2e178f21-b0ae-45fc-8700-a1b09ab76b2c,vcpus=16,vcpus_used=0) {{(pid=93657) _locked_update /opt/stack/nova/nova/scheduler/host_manager.py:168}}
Aug 19 02:57:02.800070 np0000007730 nova-scheduler[93657]: DEBUG nova.scheduler.host_manager [None req-b2ded175-ece9-4aa6-b902-976888802904 tempest-DeleteServersTestJSON-849398270 tempest-DeleteServersTestJSON-849398270-project-member] Update host state with aggregates: [] {{(pid=93657) _locked_update /opt/stack/nova/nova/scheduler/host_manager.py:171}}
Aug 19 02:57:02.800241 np0000007730 nova-scheduler[93657]: DEBUG nova.scheduler.host_manager [None req-b2ded175-ece9-4aa6-b902-976888802904 tempest-DeleteServersTestJSON-849398270 tempest-DeleteServersTestJSON-849398270-project-member] Update host state with service dict: {'id': 2, 'uuid': '05e62f89-c337-4205-a407-b09cd86ae2e8', 'host': 'np0000007730', 'binary': 'nova-compute', 'topic': 'compute', 'report_count': 1, 'disabled': False, 'disabled_reason': None, 'last_seen_up': datetime.datetime(2026, 8, 19, 2, 55, 14, tzinfo=datetime.timezone.utc), 'forced_down': False, 'version': 72, 'created_at': datetime.datetime(2026, 8, 19, 2, 55, 8, tzinfo=datetime.timezone.utc), 'updated_at': datetime.datetime(2026, 8, 19, 2, 55, 14, tzinfo=datetime.timezone.utc), 'deleted_at': None, 'deleted': False} {{(pid=93657) _locked_update /opt/stack/nova/nova/scheduler/host_manager.py:174}}
Aug 19 02:57:02.800394 np0000007730 nova-scheduler[93657]: DEBUG nova.scheduler.host_manager [None req-b2ded175-ece9-4aa6-b902-976888802904 tempest-DeleteServersTestJSON-849398270 tempest-DeleteServersTestJSON-849398270-project-member] Update host state with instances: [] {{(pid=93657) _locked_update /opt/stack/nova/nova/scheduler/host_manager.py:177}}
Aug 19 02:57:02.800554 np0000007730 nova-scheduler[93657]: DEBUG oslo_concurrency.lockutils [None req-b2ded175-ece9-4aa6-b902-976888802904 tempest-DeleteServersTestJSON-849398270 tempest-DeleteServersTestJSON-849398270-project-member] Lock "np0000007730-np0000007730" "released" by "nova.scheduler.host_manager.HostState.update.._locked_update" :: held 0.003s {{(pid=93657) inner /opt/stack/data/venv/lib/python3.12/site-packages/oslo_concurrency/lockutils.py:544}}
Aug 19 02:57:02.801911 np0000007730 nova-scheduler[93657]: DEBUG nova.filters [None req-b2ded175-ece9-4aa6-b902-976888802904 tempest-DeleteServersTestJSON-849398270 tempest-DeleteServersTestJSON-849398270-project-member] Starting with 1 host(s) {{(pid=93657) get_filtered_objects /opt/stack/nova/nova/filters.py:70}}
Aug 19 02:57:02.802128 np0000007730 nova-scheduler[93657]: DEBUG nova.filters [None req-b2ded175-ece9-4aa6-b902-976888802904 tempest-DeleteServersTestJSON-849398270 tempest-DeleteServersTestJSON-849398270-project-member] Filter ComputeFilter returned 1 host(s) {{(pid=93657) get_filtered_objects /opt/stack/nova/nova/filters.py:102}}
Aug 19 02:57:02.802300 np0000007730 nova-scheduler[93657]: DEBUG nova.filters [None req-b2ded175-ece9-4aa6-b902-976888802904 tempest-DeleteServersTestJSON-849398270 tempest-DeleteServersTestJSON-849398270-project-member] Filter ComputeCapabilitiesFilter returned 1 host(s) {{(pid=93657) get_filtered_objects /opt/stack/nova/nova/filters.py:102}}
Aug 19 02:57:02.802496 np0000007730 nova-scheduler[93657]: DEBUG nova.filters [None req-b2ded175-ece9-4aa6-b902-976888802904 tempest-DeleteServersTestJSON-849398270 tempest-DeleteServersTestJSON-849398270-project-member] Filter ImagePropertiesFilter returned 1 host(s) {{(pid=93657) get_filtered_objects /opt/stack/nova/nova/filters.py:102}}
Aug 19 02:57:02.802620 np0000007730 nova-scheduler[93657]: DEBUG nova.filters [None req-b2ded175-ece9-4aa6-b902-976888802904 tempest-DeleteServersTestJSON-849398270 tempest-DeleteServersTestJSON-849398270-project-member] Filter ServerGroupAntiAffinityFilter returned 1 host(s) {{(pid=93657) get_filtered_objects /opt/stack/nova/nova/filters.py:102}}
Aug 19 02:57:02.802735 np0000007730 nova-scheduler[93657]: DEBUG nova.filters [None req-b2ded175-ece9-4aa6-b902-976888802904 tempest-DeleteServersTestJSON-849398270 tempest-DeleteServersTestJSON-849398270-project-member] Filter ServerGroupAffinityFilter returned 1 host(s) {{(pid=93657) get_filtered_objects /opt/stack/nova/nova/filters.py:102}}
Aug 19 02:57:02.802876 np0000007730 nova-scheduler[93657]: DEBUG nova.filters [None req-b2ded175-ece9-4aa6-b902-976888802904 tempest-DeleteServersTestJSON-849398270 tempest-DeleteServersTestJSON-849398270-project-member] Filter SameHostFilter returned 1 host(s) {{(pid=93657) get_filtered_objects /opt/stack/nova/nova/filters.py:102}}
Aug 19 02:57:02.802978 np0000007730 nova-scheduler[93657]: DEBUG nova.filters [None req-b2ded175-ece9-4aa6-b902-976888802904 tempest-DeleteServersTestJSON-849398270 tempest-DeleteServersTestJSON-849398270-project-member] Filter DifferentHostFilter returned 1 host(s) {{(pid=93657) get_filtered_objects /opt/stack/nova/nova/filters.py:102}}
Aug 19 02:57:02.803099 np0000007730 nova-scheduler[93657]: DEBUG nova.scheduler.manager [None req-b2ded175-ece9-4aa6-b902-976888802904 tempest-DeleteServersTestJSON-849398270 tempest-DeleteServersTestJSON-849398270-project-member] Filtered [(np0000007730, np0000007730) ram: 62765MB disk: 74752MB io_ops: 0 instances: 0, allocation_candidates: 1] {{(pid=93657) _get_sorted_hosts /opt/stack/nova/nova/scheduler/manager.py:730}}
Aug 19 02:57:02.803274 np0000007730 nova-scheduler[93657]: DEBUG nova.scheduler.manager [None req-b2ded175-ece9-4aa6-b902-976888802904 tempest-DeleteServersTestJSON-849398270 tempest-DeleteServersTestJSON-849398270-project-member] Weighed [WeighedHost [host: (np0000007730, np0000007730) ram: 62765MB disk: 74752MB io_ops: 0 instances: 0, allocation_candidates: 1, weight: 0.0]] {{(pid=93657) _get_sorted_hosts /opt/stack/nova/nova/scheduler/manager.py:752}}
Aug 19 02:57:02.803551 np0000007730 nova-scheduler[93657]: DEBUG nova.scheduler.utils [None req-b2ded175-ece9-4aa6-b902-976888802904 tempest-DeleteServersTestJSON-849398270 tempest-DeleteServersTestJSON-849398270-project-member] Attempting to claim resources in the placement API for instance bfa1cf6d-133e-47cb-a4f2-134d07a983af {{(pid=93657) claim_resources /opt/stack/nova/nova/scheduler/utils.py:1345}}
Aug 19 02:57:02.947541 np0000007730 nova-scheduler[93657]: DEBUG nova.scheduler.manager [None req-b2ded175-ece9-4aa6-b902-976888802904 tempest-DeleteServersTestJSON-849398270 tempest-DeleteServersTestJSON-849398270-project-member] [instance: bfa1cf6d-133e-47cb-a4f2-134d07a983af] Selected host: (np0000007730, np0000007730) ram: 62765MB disk: 74752MB io_ops: 0 instances: 0, allocation_candidates: 1 {{(pid=93657) _consume_selected_host /opt/stack/nova/nova/scheduler/manager.py:612}}
Aug 19 02:57:02.947893 np0000007730 nova-scheduler[93657]: DEBUG oslo_concurrency.lockutils [None req-b2ded175-ece9-4aa6-b902-976888802904 tempest-DeleteServersTestJSON-849398270 tempest-DeleteServersTestJSON-849398270-project-member] Acquiring lock "np0000007730-np0000007730" by "nova.scheduler.host_manager.HostState.consume_from_request.._locked" {{(pid=93657) inner /opt/stack/data/venv/lib/python3.12/site-packages/oslo_concurrency/lockutils.py:512}}
Aug 19 02:57:02.948022 np0000007730 nova-scheduler[93657]: DEBUG oslo_concurrency.lockutils [None req-b2ded175-ece9-4aa6-b902-976888802904 tempest-DeleteServersTestJSON-849398270 tempest-DeleteServersTestJSON-849398270-project-member] Lock "np0000007730-np0000007730" acquired by "nova.scheduler.host_manager.HostState.consume_from_request.._locked" :: waited 0.000s {{(pid=93657) inner /opt/stack/data/venv/lib/python3.12/site-packages/oslo_concurrency/lockutils.py:525}}
Aug 19 02:57:02.948182 np0000007730 nova-scheduler[93657]: DEBUG oslo_concurrency.lockutils [None req-b2ded175-ece9-4aa6-b902-976888802904 tempest-DeleteServersTestJSON-849398270 tempest-DeleteServersTestJSON-849398270-project-member] Lock "np0000007730-np0000007730" "released" by "nova.scheduler.host_manager.HostState.consume_from_request.._locked" :: held 0.000s {{(pid=93657) inner /opt/stack/data/venv/lib/python3.12/site-packages/oslo_concurrency/lockutils.py:544}}
Aug 19 02:57:05.563147 np0000007730 nova-scheduler[93665]: DEBUG oslo.service.backend._threading.loopingcall [None req-bc09204d-bd72-4fe9-92b6-0383b0268f5f None None] Dynamic interval looping call 'nova.service.Service.periodic_tasks' sleeping for 60.00 seconds {{(pid=93665) _run_loop /opt/stack/data/venv/lib/python3.12/site-packages/oslo_service/backend/_threading/loopingcall.py:125}}
Aug 19 02:57:07.535745 np0000007730 nova-scheduler[93665]: DEBUG nova.scheduler.manager [None req-60fef35d-bbe2-470c-89af-2cb18b91940c tempest-ServerRescueNegativeTestJSON-678717271 tempest-ServerRescueNegativeTestJSON-678717271-project-member] Starting to schedule for instances: ['1719dab3-9d3a-4acf-bb86-fe4e9cd61c10'] {{(pid=93665) select_destinations /opt/stack/nova/nova/scheduler/manager.py:197}}
Aug 19 02:57:07.536275 np0000007730 nova-scheduler[93665]: DEBUG nova.scheduler.request_filter [None req-60fef35d-bbe2-470c-89af-2cb18b91940c tempest-ServerRescueNegativeTestJSON-678717271 tempest-ServerRescueNegativeTestJSON-678717271-project-member] compute_status_filter request filter added forbidden trait COMPUTE_STATUS_DISABLED {{(pid=93665) compute_status_filter /opt/stack/nova/nova/scheduler/request_filter.py:253}}
Aug 19 02:57:07.536332 np0000007730 nova-scheduler[93665]: DEBUG nova.scheduler.request_filter [None req-60fef35d-bbe2-470c-89af-2cb18b91940c tempest-ServerRescueNegativeTestJSON-678717271 tempest-ServerRescueNegativeTestJSON-678717271-project-member] Request filter 'compute_status_filter' took 0.0 seconds {{(pid=93665) wrapper /opt/stack/nova/nova/scheduler/request_filter.py:46}}
Aug 19 02:57:07.536559 np0000007730 nova-scheduler[93665]: DEBUG nova.scheduler.request_filter [None req-60fef35d-bbe2-470c-89af-2cb18b91940c tempest-ServerRescueNegativeTestJSON-678717271 tempest-ServerRescueNegativeTestJSON-678717271-project-member] Request filter 'accelerators_filter' took 0.0 seconds {{(pid=93665) wrapper /opt/stack/nova/nova/scheduler/request_filter.py:46}}
Aug 19 02:57:07.537170 np0000007730 nova-scheduler[93665]: DEBUG nova.scheduler.request_filter [None req-60fef35d-bbe2-470c-89af-2cb18b91940c tempest-ServerRescueNegativeTestJSON-678717271 tempest-ServerRescueNegativeTestJSON-678717271-project-member] Request filter 'packed_virtqueue_filter' took 0.0 seconds {{(pid=93665) wrapper /opt/stack/nova/nova/scheduler/request_filter.py:46}}
Aug 19 02:57:07.537170 np0000007730 nova-scheduler[93665]: DEBUG nova.scheduler.request_filter [None req-60fef35d-bbe2-470c-89af-2cb18b91940c tempest-ServerRescueNegativeTestJSON-678717271 tempest-ServerRescueNegativeTestJSON-678717271-project-member] Request filter 'remote_managed_ports_filter' took 0.0 seconds {{(pid=93665) wrapper /opt/stack/nova/nova/scheduler/request_filter.py:46}}
Aug 19 02:57:07.537279 np0000007730 nova-scheduler[93665]: DEBUG nova.scheduler.request_filter [None req-60fef35d-bbe2-470c-89af-2cb18b91940c tempest-ServerRescueNegativeTestJSON-678717271 tempest-ServerRescueNegativeTestJSON-678717271-project-member] ephemeral_encryption_filter skipped {{(pid=93665) ephemeral_encryption_filter /opt/stack/nova/nova/scheduler/request_filter.py:426}}
Aug 19 02:57:07.537335 np0000007730 nova-scheduler[93665]: DEBUG nova.scheduler.request_filter [None req-60fef35d-bbe2-470c-89af-2cb18b91940c tempest-ServerRescueNegativeTestJSON-678717271 tempest-ServerRescueNegativeTestJSON-678717271-project-member] virtio_sound_filter skipped {{(pid=93665) virtio_sound_filter /opt/stack/nova/nova/scheduler/request_filter.py:460}}
Aug 19 02:57:07.538517 np0000007730 nova-scheduler[93665]: DEBUG nova.scheduler.request_filter [None req-60fef35d-bbe2-470c-89af-2cb18b91940c tempest-ServerRescueNegativeTestJSON-678717271 tempest-ServerRescueNegativeTestJSON-678717271-project-member] tpm_secret_security_filter skipped {{(pid=93665) tpm_secret_security_filter /opt/stack/nova/nova/scheduler/request_filter.py:477}}
