Jul 02 13:17:39.985303 np0000004277 devstack@g-api.service[99368]: DEBUG glance_store.capabilities [-] Store glance_store._drivers.http.Store doesn't support updating dynamic storage capabilities. Please overwrite 'update_capabilities' method of the store to implement updating logics if needed. {{(pid=99368) update_capabilities /opt/stack/data/venv/lib/python3.12/site-packages/glance_store/capabilities.py:91}}
Jul 02 13:17:39.985366 np0000004277 devstack@g-api.service[99368]: DEBUG glance_store.backend [-] Registering store http with schemes ('http', 'https') {{(pid=99368) create_stores /opt/stack/data/venv/lib/python3.12/site-packages/glance_store/backend.py:261}}
Jul 02 13:17:39.985409 np0000004277 devstack@g-api.service[99368]: DEBUG glance_store.driver [-] Late loading location class glance_store._drivers.http.StoreLocation {{(pid=99368) get_store_location_class /opt/stack/data/venv/lib/python3.12/site-packages/glance_store/driver.py:134}}
Jul 02 13:17:39.985463 np0000004277 devstack@g-api.service[99368]: DEBUG glance_store.location [-] Registering scheme http with {'store': , 'location_class': , 'store_entry': 'http'} {{(pid=99368) register_scheme_map /opt/stack/data/venv/lib/python3.12/site-packages/glance_store/location.py:146}}
Jul 02 13:17:39.985527 np0000004277 devstack@g-api.service[99368]: DEBUG glance_store.location [-] Registering scheme https with {'store': , 'location_class': , 'store_entry': 'http'} {{(pid=99368) register_scheme_map /opt/stack/data/venv/lib/python3.12/site-packages/glance_store/location.py:146}}
Jul 02 13:17:39.985575 np0000004277 devstack@g-api.service[99368]: DEBUG glance_store.backend [-] Attempting to import store file {{(pid=99368) _load_store /opt/stack/data/venv/lib/python3.12/site-packages/glance_store/backend.py:215}}
Jul 02 13:17:39.985982 np0000004277 devstack@g-api.service[99368]: DEBUG glance_store.capabilities [-] Store glance_store._drivers.filesystem.Store doesn't support updating dynamic storage capabilities. Please overwrite 'update_capabilities' method of the store to implement updating logics if needed. {{(pid=99368) update_capabilities /opt/stack/data/venv/lib/python3.12/site-packages/glance_store/capabilities.py:91}}
Jul 02 13:17:39.986026 np0000004277 devstack@g-api.service[99368]: DEBUG glance_store.backend [-] Registering store file with schemes ('file', 'filesystem') {{(pid=99368) create_stores /opt/stack/data/venv/lib/python3.12/site-packages/glance_store/backend.py:261}}
Jul 02 13:17:39.986104 np0000004277 devstack@g-api.service[99368]: DEBUG glance_store.driver [-] Late loading location class glance_store._drivers.filesystem.StoreLocation {{(pid=99368) get_store_location_class /opt/stack/data/venv/lib/python3.12/site-packages/glance_store/driver.py:134}}
Jul 02 13:17:39.986162 np0000004277 devstack@g-api.service[99368]: DEBUG glance_store.location [-] Registering scheme file with {'store': , 'location_class': , 'store_entry': 'file'} {{(pid=99368) register_scheme_map /opt/stack/data/venv/lib/python3.12/site-packages/glance_store/location.py:146}}
Jul 02 13:17:39.986208 np0000004277 devstack@g-api.service[99368]: DEBUG glance_store.location [-] Registering scheme filesystem with {'store': , 'location_class': , 'store_entry': 'file'} {{(pid=99368) register_scheme_map /opt/stack/data/venv/lib/python3.12/site-packages/glance_store/location.py:146}}
Jul 02 13:17:39.986309 np0000004277 devstack@g-api.service[99368]: DEBUG glance_store.backend [-] Attempting to import store swift {{(pid=99368) _load_store /opt/stack/data/venv/lib/python3.12/site-packages/glance_store/backend.py:215}}
Jul 02 13:17:39.987314 np0000004277 devstack@g-api.service[99368]: DEBUG glance_store.capabilities [-] Store glance_store._drivers.swift.store.SingleTenantStore doesn't support updating dynamic storage capabilities. Please overwrite 'update_capabilities' method of the store to implement updating logics if needed. {{(pid=99368) update_capabilities /opt/stack/data/venv/lib/python3.12/site-packages/glance_store/capabilities.py:91}}
Jul 02 13:17:39.987365 np0000004277 devstack@g-api.service[99368]: DEBUG glance_store.driver [-] Late loading location class glance_store._drivers.swift.store.StoreLocation {{(pid=99368) get_store_location_class /opt/stack/data/venv/lib/python3.12/site-packages/glance_store/driver.py:134}}
Jul 02 13:17:39.987432 np0000004277 devstack@g-api.service[99368]: DEBUG glance_store.location [-] Registering scheme swift+https with {'store': , 'location_class': , 'store_entry': 'swift'} {{(pid=99368) register_scheme_map /opt/stack/data/venv/lib/python3.12/site-packages/glance_store/location.py:146}}
Jul 02 13:17:39.987495 np0000004277 devstack@g-api.service[99368]: DEBUG glance_store.location [-] Registering scheme swift+https with {'store': , 'location_class': , 'store_entry': 'swift'} {{(pid=99368) register_scheme_map /opt/stack/data/venv/lib/python3.12/site-packages/glance_store/location.py:146}}
Jul 02 13:17:39.987539 np0000004277 devstack@g-api.service[99368]: DEBUG glance_store.location [-] Registering scheme swift with {'store': , 'location_class': , 'store_entry': 'swift'} {{(pid=99368) register_scheme_map /opt/stack/data/venv/lib/python3.12/site-packages/glance_store/location.py:146}}
Jul 02 13:17:39.987593 np0000004277 devstack@g-api.service[99368]: DEBUG glance_store.location [-] Registering scheme swift+https with {'store': , 'location_class': , 'store_entry': 'swift'} {{(pid=99368) register_scheme_map /opt/stack/data/venv/lib/python3.12/site-packages/glance_store/location.py:146}}
Jul 02 13:17:39.987636 np0000004277 devstack@g-api.service[99368]: DEBUG glance_store.location [-] Registering scheme swift with {'store': , 'location_class': , 'store_entry': 'swift'} {{(pid=99368) register_scheme_map /opt/stack/data/venv/lib/python3.12/site-packages/glance_store/location.py:146}}
Jul 02 13:17:39.987691 np0000004277 devstack@g-api.service[99368]: DEBUG glance_store.location [-] Registering scheme swift+http with {'store': , 'location_class': , 'store_entry': 'swift'} {{(pid=99368) register_scheme_map /opt/stack/data/venv/lib/python3.12/site-packages/glance_store/location.py:146}}
Jul 02 13:17:39.987743 np0000004277 devstack@g-api.service[99368]: DEBUG glance_store.location [-] Registering scheme swift+https with {'store': , 'location_class': , 'store_entry': 'swift'} {{(pid=99368) register_scheme_map /opt/stack/data/venv/lib/python3.12/site-packages/glance_store/location.py:146}}
Jul 02 13:17:39.987783 np0000004277 devstack@g-api.service[99368]: DEBUG glance_store.location [-] Registering scheme swift with {'store': , 'location_class': , 'store_entry': 'swift'} {{(pid=99368) register_scheme_map /opt/stack/data/venv/lib/python3.12/site-packages/glance_store/location.py:146}}
Jul 02 13:17:39.987831 np0000004277 devstack@g-api.service[99368]: DEBUG glance_store.location [-] Registering scheme swift+http with {'store': , 'location_class': , 'store_entry': 'swift'} {{(pid=99368) register_scheme_map /opt/stack/data/venv/lib/python3.12/site-packages/glance_store/location.py:146}}
Jul 02 13:17:39.987871 np0000004277 devstack@g-api.service[99368]: DEBUG glance_store.location [-] Registering scheme swift+config with {'store': , 'location_class': , 'store_entry': 'swift'} {{(pid=99368) register_scheme_map /opt/stack/data/venv/lib/python3.12/site-packages/glance_store/location.py:146}}
Jul 02 13:17:39.988132 np0000004277 devstack@g-api.service[99368]: DEBUG glance.sqlite_migration [-] SQLite caching database not located, skipping migration {{(pid=99368) get_db_path /opt/stack/glance/glance/sqlite_migration.py:68}}
Jul 02 13:17:39.988327 np0000004277 devstack@g-api.service[99368]: WARNING glance.common.wsgi_app [-] Import methods are enabled but staging directory /tmp/staging/ does not exist; Imports will fail!
Jul 02 13:17:40.113544 np0000004277 devstack@g-api.service[99367]: DEBUG glance.common.config [None req-bd4118e5-4812-4973-bf43-4cd404f272dc None None] Loading glance-api-keystone+cachemanagement from /etc/glance/glance-api-paste.ini {{(pid=99367) load_paste_app /opt/stack/glance/glance/common/config.py:765}}
Jul 02 13:17:40.114071 np0000004277 devstack@g-api.service[99369]: DEBUG glance.common.config [None req-70d31199-f537-4cfd-88b6-c5d295e91858 None None] Loading glance-api-keystone+cachemanagement from /etc/glance/glance-api-paste.ini {{(pid=99369) load_paste_app /opt/stack/glance/glance/common/config.py:765}}
Jul 02 13:17:40.123449 np0000004277 devstack@g-api.service[99368]: DEBUG glance.common.config [None req-0664c914-b6cb-4228-aa0c-0fa39c754e65 None None] Loading glance-api-keystone+cachemanagement from /etc/glance/glance-api-paste.ini {{(pid=99368) load_paste_app /opt/stack/glance/glance/common/config.py:765}}
Jul 02 13:17:40.726425 np0000004277 devstack@g-api.service[99368]: INFO glance.image_cache [None req-0664c914-b6cb-4228-aa0c-0fa39c754e65 None None] Image cache loaded driver 'centralized_db'.
Jul 02 13:17:40.738972 np0000004277 devstack@g-api.service[99369]: INFO glance.image_cache [None req-70d31199-f537-4cfd-88b6-c5d295e91858 None None] Image cache loaded driver 'centralized_db'.
Jul 02 13:17:40.750273 np0000004277 devstack@g-api.service[99367]: INFO glance.image_cache [None req-bd4118e5-4812-4973-bf43-4cd404f272dc None None] Image cache loaded driver 'centralized_db'.
Jul 02 13:17:40.768303 np0000004277 devstack@g-api.service[99368]: INFO dbcounter [None req-0664c914-b6cb-4228-aa0c-0fa39c754e65 None None] Registered counter for database glance
Jul 02 13:17:40.785698 np0000004277 devstack@g-api.service[99369]: INFO dbcounter [None req-70d31199-f537-4cfd-88b6-c5d295e91858 None None] Registered counter for database glance
Jul 02 13:17:40.792911 np0000004277 devstack@g-api.service[99367]: INFO dbcounter [None req-bd4118e5-4812-4973-bf43-4cd404f272dc None None] Registered counter for database glance
Jul 02 13:17:40.805816 np0000004277 devstack@g-api.service[99368]: DEBUG oslo_db.sqlalchemy.engines [None req-0664c914-b6cb-4228-aa0c-0fa39c754e65 None None] MySQL server mode set to STRICT_TRANS_TABLES,STRICT_ALL_TABLES,NO_ZERO_IN_DATE,NO_ZERO_DATE,ERROR_FOR_DIVISION_BY_ZERO,TRADITIONAL,NO_ENGINE_SUBSTITUTION {{(pid=99368) _check_effective_sql_mode /opt/stack/data/venv/lib/python3.12/site-packages/oslo_db/sqlalchemy/engines.py:325}}
Jul 02 13:17:40.825224 np0000004277 devstack@g-api.service[99369]: DEBUG oslo_db.sqlalchemy.engines [None req-70d31199-f537-4cfd-88b6-c5d295e91858 None None] MySQL server mode set to STRICT_TRANS_TABLES,STRICT_ALL_TABLES,NO_ZERO_IN_DATE,NO_ZERO_DATE,ERROR_FOR_DIVISION_BY_ZERO,TRADITIONAL,NO_ENGINE_SUBSTITUTION {{(pid=99369) _check_effective_sql_mode /opt/stack/data/venv/lib/python3.12/site-packages/oslo_db/sqlalchemy/engines.py:325}}
Jul 02 13:17:40.827510 np0000004277 devstack@g-api.service[99368]: DEBUG dbcounter [-] [99368] Writer thread running {{(pid=99368) stat_writer /opt/stack/data/venv/lib/python3.12/site-packages/dbcounter.py:102}}
Jul 02 13:17:40.833779 np0000004277 devstack@g-api.service[99367]: DEBUG oslo_db.sqlalchemy.engines [None req-bd4118e5-4812-4973-bf43-4cd404f272dc None None] MySQL server mode set to STRICT_TRANS_TABLES,STRICT_ALL_TABLES,NO_ZERO_IN_DATE,NO_ZERO_DATE,ERROR_FOR_DIVISION_BY_ZERO,TRADITIONAL,NO_ENGINE_SUBSTITUTION {{(pid=99367) _check_effective_sql_mode /opt/stack/data/venv/lib/python3.12/site-packages/oslo_db/sqlalchemy/engines.py:325}}
Jul 02 13:17:40.846891 np0000004277 devstack@g-api.service[99369]: DEBUG dbcounter [-] [99369] Writer thread running {{(pid=99369) stat_writer /opt/stack/data/venv/lib/python3.12/site-packages/dbcounter.py:102}}
Jul 02 13:17:40.851389 np0000004277 devstack@g-api.service[99369]: DEBUG glance.image_cache.drivers.centralized_db [None req-70d31199-f537-4cfd-88b6-c5d295e91858 None None] Node reference is already recorded, ignoring it {{(pid=99369) configure /opt/stack/glance/glance/image_cache/drivers/centralized_db.py:71}}
Jul 02 13:17:40.855517 np0000004277 devstack@g-api.service[99367]: DEBUG dbcounter [-] [99367] Writer thread running {{(pid=99367) stat_writer /opt/stack/data/venv/lib/python3.12/site-packages/dbcounter.py:102}}
Jul 02 13:17:40.858065 np0000004277 devstack@g-api.service[99367]: DEBUG glance.image_cache.drivers.centralized_db [None req-bd4118e5-4812-4973-bf43-4cd404f272dc None None] Node reference is already recorded, ignoring it {{(pid=99367) configure /opt/stack/glance/glance/image_cache/drivers/centralized_db.py:71}}
Jul 02 13:17:40.931860 np0000004277 devstack@g-api.service[99368]: INFO glance.image_cache [None req-0664c914-b6cb-4228-aa0c-0fa39c754e65 None None] Image cache loaded driver 'centralized_db'.
Jul 02 13:17:40.941713 np0000004277 devstack@g-api.service[99368]: DEBUG glance.image_cache.drivers.centralized_db [None req-0664c914-b6cb-4228-aa0c-0fa39c754e65 None None] Node reference is already recorded, ignoring it {{(pid=99368) configure /opt/stack/glance/glance/image_cache/drivers/centralized_db.py:71}}
Jul 02 13:17:40.946827 np0000004277 devstack@g-api.service[99368]: DEBUG glance.api.v2.cached_images [None req-0664c914-b6cb-4228-aa0c-0fa39c754e65 None None] Started cache worker thread {{(pid=99368) __init__ /opt/stack/glance/glance/api/v2/cached_images.py:69}}
Jul 02 13:17:40.947539 np0000004277 devstack@g-api.service[99368]: INFO glance.image_cache [None req-0664c914-b6cb-4228-aa0c-0fa39c754e65 None None] Image cache loaded driver 'centralized_db'.
Jul 02 13:17:40.954118 np0000004277 devstack@g-api.service[99369]: INFO glance.image_cache [None req-70d31199-f537-4cfd-88b6-c5d295e91858 None None] Image cache loaded driver 'centralized_db'.
Jul 02 13:17:40.955298 np0000004277 devstack@g-api.service[99368]: DEBUG glance.image_cache.drivers.centralized_db [None req-0664c914-b6cb-4228-aa0c-0fa39c754e65 None None] Node reference is already recorded, ignoring it {{(pid=99368) configure /opt/stack/glance/glance/image_cache/drivers/centralized_db.py:71}}
Jul 02 13:17:40.955370 np0000004277 devstack@g-api.service[99367]: INFO glance.image_cache [None req-bd4118e5-4812-4973-bf43-4cd404f272dc None None] Image cache loaded driver 'centralized_db'.
Jul 02 13:17:40.959881 np0000004277 devstack@g-api.service[99368]: INFO glance.api.middleware.cache_manage [None req-0664c914-b6cb-4228-aa0c-0fa39c754e65 None None] Initialized image cache management middleware
Jul 02 13:17:40.960069 np0000004277 devstack@g-api.service[99368]: INFO glance.image_cache [None req-0664c914-b6cb-4228-aa0c-0fa39c754e65 None None] Image cache loaded driver 'centralized_db'.
Jul 02 13:17:40.963574 np0000004277 devstack@g-api.service[99367]: DEBUG glance.image_cache.drivers.centralized_db [None req-bd4118e5-4812-4973-bf43-4cd404f272dc None None] Node reference is already recorded, ignoring it {{(pid=99367) configure /opt/stack/glance/glance/image_cache/drivers/centralized_db.py:71}}
Jul 02 13:17:40.963638 np0000004277 devstack@g-api.service[99369]: DEBUG glance.image_cache.drivers.centralized_db [None req-70d31199-f537-4cfd-88b6-c5d295e91858 None None] Node reference is already recorded, ignoring it {{(pid=99369) configure /opt/stack/glance/glance/image_cache/drivers/centralized_db.py:71}}
Jul 02 13:17:40.967753 np0000004277 devstack@g-api.service[99368]: DEBUG glance.image_cache.drivers.centralized_db [None req-0664c914-b6cb-4228-aa0c-0fa39c754e65 None None] Node reference is already recorded, ignoring it {{(pid=99368) configure /opt/stack/glance/glance/image_cache/drivers/centralized_db.py:71}}
Jul 02 13:17:40.968308 np0000004277 devstack@g-api.service[99367]: DEBUG glance.api.v2.cached_images [None req-bd4118e5-4812-4973-bf43-4cd404f272dc None None] Started cache worker thread {{(pid=99367) __init__ /opt/stack/glance/glance/api/v2/cached_images.py:69}}
Jul 02 13:17:40.968963 np0000004277 devstack@g-api.service[99367]: INFO glance.image_cache [None req-bd4118e5-4812-4973-bf43-4cd404f272dc None None] Image cache loaded driver 'centralized_db'.
Jul 02 13:17:40.970254 np0000004277 devstack@g-api.service[99369]: DEBUG glance.api.v2.cached_images [None req-70d31199-f537-4cfd-88b6-c5d295e91858 None None] Started cache worker thread {{(pid=99369) __init__ /opt/stack/glance/glance/api/v2/cached_images.py:69}}
Jul 02 13:17:40.971108 np0000004277 devstack@g-api.service[99369]: INFO glance.image_cache [None req-70d31199-f537-4cfd-88b6-c5d295e91858 None None] Image cache loaded driver 'centralized_db'.
Jul 02 13:17:40.971758 np0000004277 devstack@g-api.service[99368]: INFO glance.api.middleware.cache [None req-0664c914-b6cb-4228-aa0c-0fa39c754e65 None None] Initialized image cache middleware
Jul 02 13:17:40.975517 np0000004277 devstack@g-api.service[99367]: DEBUG glance.image_cache.drivers.centralized_db [None req-bd4118e5-4812-4973-bf43-4cd404f272dc None None] Node reference is already recorded, ignoring it {{(pid=99367) configure /opt/stack/glance/glance/image_cache/drivers/centralized_db.py:71}}
Jul 02 13:17:40.977974 np0000004277 devstack@g-api.service[99369]: DEBUG glance.image_cache.drivers.centralized_db [None req-70d31199-f537-4cfd-88b6-c5d295e91858 None None] Node reference is already recorded, ignoring it {{(pid=99369) configure /opt/stack/glance/glance/image_cache/drivers/centralized_db.py:71}}
Jul 02 13:17:40.979989 np0000004277 devstack@g-api.service[99367]: INFO glance.api.middleware.cache_manage [None req-bd4118e5-4812-4973-bf43-4cd404f272dc None None] Initialized image cache management middleware
Jul 02 13:17:40.980146 np0000004277 devstack@g-api.service[99367]: INFO glance.image_cache [None req-bd4118e5-4812-4973-bf43-4cd404f272dc None None] Image cache loaded driver 'centralized_db'.
Jul 02 13:17:40.982306 np0000004277 devstack@g-api.service[99369]: INFO glance.api.middleware.cache_manage [None req-70d31199-f537-4cfd-88b6-c5d295e91858 None None] Initialized image cache management middleware
Jul 02 13:17:40.982444 np0000004277 devstack@g-api.service[99369]: INFO glance.image_cache [None req-70d31199-f537-4cfd-88b6-c5d295e91858 None None] Image cache loaded driver 'centralized_db'.
Jul 02 13:17:40.983841 np0000004277 devstack@g-api.service[99368]: DEBUG glance.common.config [None req-0664c914-b6cb-4228-aa0c-0fa39c754e65 None None] ******************************************************************************** {{(pid=99368) log_opt_values /opt/stack/data/venv/lib/python3.12/site-packages/oslo_config/cfg.py:3226}}
Jul 02 13:17:40.983964 np0000004277 devstack@g-api.service[99368]: DEBUG glance.common.config [None req-0664c914-b6cb-4228-aa0c-0fa39c754e65 None None] Configuration options gathered from: {{(pid=99368) log_opt_values /opt/stack/data/venv/lib/python3.12/site-packages/oslo_config/cfg.py:3227}}
Jul 02 13:17:40.984297 np0000004277 devstack@g-api.service[99368]: DEBUG glance.common.config [None req-0664c914-b6cb-4228-aa0c-0fa39c754e65 None None] command line args: [] {{(pid=99368) log_opt_values /opt/stack/data/venv/lib/python3.12/site-packages/oslo_config/cfg.py:3228}}
Jul 02 13:17:40.984446 np0000004277 devstack@g-api.service[99368]: DEBUG glance.common.config [None req-0664c914-b6cb-4228-aa0c-0fa39c754e65 None None] config files: ['/etc/glance/glance-image-import.conf', '/etc/glance/glance-api.conf'] {{(pid=99368) log_opt_values /opt/stack/data/venv/lib/python3.12/site-packages/oslo_config/cfg.py:3229}}
Jul 02 13:17:40.984554 np0000004277 devstack@g-api.service[99368]: DEBUG glance.common.config [None req-0664c914-b6cb-4228-aa0c-0fa39c754e65 None None] ================================================================================ {{(pid=99368) log_opt_values /opt/stack/data/venv/lib/python3.12/site-packages/oslo_config/cfg.py:3234}}
Jul 02 13:17:40.984705 np0000004277 devstack@g-api.service[99368]: DEBUG glance.common.config [None req-0664c914-b6cb-4228-aa0c-0fa39c754e65 None None] allow_anonymous_access = False {{(pid=99368) log_opt_values /opt/stack/data/venv/lib/python3.12/site-packages/oslo_config/cfg.py:3242}}
Jul 02 13:17:40.984839 np0000004277 devstack@g-api.service[99368]: DEBUG glance.common.config [None req-0664c914-b6cb-4228-aa0c-0fa39c754e65 None None] api_limit_max = 1000 {{(pid=99368) log_opt_values /opt/stack/data/venv/lib/python3.12/site-packages/oslo_config/cfg.py:3242}}
Jul 02 13:17:40.984975 np0000004277 devstack@g-api.service[99368]: DEBUG glance.common.config [None req-0664c914-b6cb-4228-aa0c-0fa39c754e65 None None] backlog = 4096 {{(pid=99368) log_opt_values /opt/stack/data/venv/lib/python3.12/site-packages/oslo_config/cfg.py:3242}}
Jul 02 13:17:40.985155 np0000004277 devstack@g-api.service[99368]: DEBUG glance.common.config [None req-0664c914-b6cb-4228-aa0c-0fa39c754e65 None None] bind_host = 0.0.0.0 {{(pid=99368) log_opt_values /opt/stack/data/venv/lib/python3.12/site-packages/oslo_config/cfg.py:3242}}
Jul 02 13:17:40.985502 np0000004277 devstack@g-api.service[99368]: DEBUG glance.common.config [None req-0664c914-b6cb-4228-aa0c-0fa39c754e65 None None] bind_port = 19292 {{(pid=99368) log_opt_values /opt/stack/data/venv/lib/python3.12/site-packages/oslo_config/cfg.py:3242}}
Jul 02 13:17:40.985502 np0000004277 devstack@g-api.service[99368]: DEBUG glance.common.config [None req-0664c914-b6cb-4228-aa0c-0fa39c754e65 None None] client_socket_timeout = 900 {{(pid=99368) log_opt_values /opt/stack/data/venv/lib/python3.12/site-packages/oslo_config/cfg.py:3242}}
Jul 02 13:17:40.985589 np0000004277 devstack@g-api.service[99368]: DEBUG glance.common.config [None req-0664c914-b6cb-4228-aa0c-0fa39c754e65 None None] config_dir = [] {{(pid=99368) log_opt_values /opt/stack/data/venv/lib/python3.12/site-packages/oslo_config/cfg.py:3242}}
Jul 02 13:17:40.985631 np0000004277 devstack@g-api.service[99368]: DEBUG glance.common.config [None req-0664c914-b6cb-4228-aa0c-0fa39c754e65 None None] config_file = ['/etc/glance/glance-image-import.conf', '/etc/glance/glance-api.conf'] {{(pid=99368) log_opt_values /opt/stack/data/venv/lib/python3.12/site-packages/oslo_config/cfg.py:3242}}
Jul 02 13:17:40.985741 np0000004277 devstack@g-api.service[99368]: DEBUG glance.common.config [None req-0664c914-b6cb-4228-aa0c-0fa39c754e65 None None] config_source = [] {{(pid=99368) log_opt_values /opt/stack/data/venv/lib/python3.12/site-packages/oslo_config/cfg.py:3242}}
Jul 02 13:17:40.985869 np0000004277 devstack@g-api.service[99368]: DEBUG glance.common.config [None req-0664c914-b6cb-4228-aa0c-0fa39c754e65 None None] control_exchange = glance {{(pid=99368) log_opt_values /opt/stack/data/venv/lib/python3.12/site-packages/oslo_config/cfg.py:3242}}
Jul 02 13:17:40.985968 np0000004277 devstack@g-api.service[99368]: DEBUG glance.common.config [None req-0664c914-b6cb-4228-aa0c-0fa39c754e65 None None] debug = True {{(pid=99368) log_opt_values /opt/stack/data/venv/lib/python3.12/site-packages/oslo_config/cfg.py:3242}}
Jul 02 13:17:40.986197 np0000004277 devstack@g-api.service[99368]: DEBUG glance.common.config [None req-0664c914-b6cb-4228-aa0c-0fa39c754e65 None None] default_log_levels = ['amqp=WARN', 'boto=WARN', 'sqlalchemy=WARN', 'suds=INFO', 'oslo.messaging=INFO', 'oslo_messaging=INFO', 'iso8601=WARN', 'requests.packages.urllib3.connectionpool=WARN', 'urllib3.connectionpool=WARN', 'websocket=WARN', 'requests.packages.urllib3.util.retry=WARN', 'urllib3.util.retry=WARN', 'keystonemiddleware=WARN', 'routes.middleware=WARN', 'stevedore=WARN', 'taskflow=WARN', 'keystoneauth=WARN', 'oslo.cache=INFO', 'oslo_policy=INFO', 'dogpile.core.dogpile=INFO'] {{(pid=99368) log_opt_values /opt/stack/data/venv/lib/python3.12/site-packages/oslo_config/cfg.py:3242}}
Jul 02 13:17:40.986335 np0000004277 devstack@g-api.service[99368]: DEBUG glance.common.config [None req-0664c914-b6cb-4228-aa0c-0fa39c754e65 None None] default_publisher_id = image.localhost {{(pid=99368) log_opt_values /opt/stack/data/venv/lib/python3.12/site-packages/oslo_config/cfg.py:3242}}
Jul 02 13:17:40.986473 np0000004277 devstack@g-api.service[99367]: DEBUG glance.image_cache.drivers.centralized_db [None req-bd4118e5-4812-4973-bf43-4cd404f272dc None None] Node reference is already recorded, ignoring it {{(pid=99367) configure /opt/stack/glance/glance/image_cache/drivers/centralized_db.py:71}}
Jul 02 13:17:40.986527 np0000004277 devstack@g-api.service[99368]: DEBUG glance.common.config [None req-0664c914-b6cb-4228-aa0c-0fa39c754e65 None None] delayed_delete = False {{(pid=99368) log_opt_values /opt/stack/data/venv/lib/python3.12/site-packages/oslo_config/cfg.py:3242}}
Jul 02 13:17:40.986613 np0000004277 devstack@g-api.service[99368]: DEBUG glance.common.config [None req-0664c914-b6cb-4228-aa0c-0fa39c754e65 None None] digest_algorithm = sha256 {{(pid=99368) log_opt_values /opt/stack/data/venv/lib/python3.12/site-packages/oslo_config/cfg.py:3242}}
Jul 02 13:17:40.986743 np0000004277 devstack@g-api.service[99368]: DEBUG glance.common.config [None req-0664c914-b6cb-4228-aa0c-0fa39c754e65 None None] disabled_notifications = [] {{(pid=99368) log_opt_values /opt/stack/data/venv/lib/python3.12/site-packages/oslo_config/cfg.py:3242}}
Jul 02 13:17:40.986869 np0000004277 devstack@g-api.service[99368]: DEBUG glance.common.config [None req-0664c914-b6cb-4228-aa0c-0fa39c754e65 None None] do_secure_hash = True {{(pid=99368) log_opt_values /opt/stack/data/venv/lib/python3.12/site-packages/oslo_config/cfg.py:3242}}
Jul 02 13:17:40.986995 np0000004277 devstack@g-api.service[99368]: DEBUG glance.common.config [None req-0664c914-b6cb-4228-aa0c-0fa39c754e65 None None] enabled_backends = None {{(pid=99368) log_opt_values /opt/stack/data/venv/lib/python3.12/site-packages/oslo_config/cfg.py:3242}}
Jul 02 13:17:40.987163 np0000004277 devstack@g-api.service[99368]: DEBUG glance.common.config [None req-0664c914-b6cb-4228-aa0c-0fa39c754e65 None None] enabled_import_methods = ['glance-direct', 'web-download', 'copy-image'] {{(pid=99368) log_opt_values /opt/stack/data/venv/lib/python3.12/site-packages/oslo_config/cfg.py:3242}}
Jul 02 13:17:40.987406 np0000004277 devstack@g-api.service[99368]: DEBUG glance.common.config [None req-0664c914-b6cb-4228-aa0c-0fa39c754e65 None None] fatal_deprecations = False {{(pid=99368) log_opt_values /opt/stack/data/venv/lib/python3.12/site-packages/oslo_config/cfg.py:3242}}
Jul 02 13:17:40.987406 np0000004277 devstack@g-api.service[99368]: DEBUG glance.common.config [None req-0664c914-b6cb-4228-aa0c-0fa39c754e65 None None] hashing_algorithm = sha512 {{(pid=99368) log_opt_values /opt/stack/data/venv/lib/python3.12/site-packages/oslo_config/cfg.py:3242}}
Jul 02 13:17:40.987555 np0000004277 devstack@g-api.service[99368]: DEBUG glance.common.config [None req-0664c914-b6cb-4228-aa0c-0fa39c754e65 None None] http_keepalive = True {{(pid=99368) log_opt_values /opt/stack/data/venv/lib/python3.12/site-packages/oslo_config/cfg.py:3242}}
Jul 02 13:17:40.987647 np0000004277 devstack@g-api.service[99368]: DEBUG glance.common.config [None req-0664c914-b6cb-4228-aa0c-0fa39c754e65 None None] http_retries = 3 {{(pid=99368) log_opt_values /opt/stack/data/venv/lib/python3.12/site-packages/oslo_config/cfg.py:3242}}
Jul 02 13:17:40.987778 np0000004277 devstack@g-api.service[99368]: DEBUG glance.common.config [None req-0664c914-b6cb-4228-aa0c-0fa39c754e65 None None] image_cache_dir = /opt/stack/data/glance/cache/ {{(pid=99368) log_opt_values /opt/stack/data/venv/lib/python3.12/site-packages/oslo_config/cfg.py:3242}}
Jul 02 13:17:40.987908 np0000004277 devstack@g-api.service[99368]: DEBUG glance.common.config [None req-0664c914-b6cb-4228-aa0c-0fa39c754e65 None None] image_cache_driver = centralized_db {{(pid=99368) log_opt_values /opt/stack/data/venv/lib/python3.12/site-packages/oslo_config/cfg.py:3242}}
Jul 02 13:17:40.988035 np0000004277 devstack@g-api.service[99368]: DEBUG glance.common.config [None req-0664c914-b6cb-4228-aa0c-0fa39c754e65 None None] image_cache_max_size = 10737418240 {{(pid=99368) log_opt_values /opt/stack/data/venv/lib/python3.12/site-packages/oslo_config/cfg.py:3242}}
Jul 02 13:17:40.988230 np0000004277 devstack@g-api.service[99368]: DEBUG glance.common.config [None req-0664c914-b6cb-4228-aa0c-0fa39c754e65 None None] image_cache_sqlite_db = cache.db {{(pid=99368) log_opt_values /opt/stack/data/venv/lib/python3.12/site-packages/oslo_config/cfg.py:3242}}
Jul 02 13:17:40.988305 np0000004277 devstack@g-api.service[99368]: DEBUG glance.common.config [None req-0664c914-b6cb-4228-aa0c-0fa39c754e65 None None] image_cache_stall_time = 86400 {{(pid=99368) log_opt_values /opt/stack/data/venv/lib/python3.12/site-packages/oslo_config/cfg.py:3242}}
Jul 02 13:17:40.988431 np0000004277 devstack@g-api.service[99368]: DEBUG glance.common.config [None req-0664c914-b6cb-4228-aa0c-0fa39c754e65 None None] image_location_quota = 10 {{(pid=99368) log_opt_values /opt/stack/data/venv/lib/python3.12/site-packages/oslo_config/cfg.py:3242}}
Jul 02 13:17:40.988569 np0000004277 devstack@g-api.service[99368]: DEBUG glance.common.config [None req-0664c914-b6cb-4228-aa0c-0fa39c754e65 None None] image_member_quota = 128 {{(pid=99368) log_opt_values /opt/stack/data/venv/lib/python3.12/site-packages/oslo_config/cfg.py:3242}}
Jul 02 13:17:40.988695 np0000004277 devstack@g-api.service[99368]: DEBUG glance.common.config [None req-0664c914-b6cb-4228-aa0c-0fa39c754e65 None None] image_property_quota = 128 {{(pid=99368) log_opt_values /opt/stack/data/venv/lib/python3.12/site-packages/oslo_config/cfg.py:3242}}
Jul 02 13:17:40.988818 np0000004277 devstack@g-api.service[99368]: DEBUG glance.common.config [None req-0664c914-b6cb-4228-aa0c-0fa39c754e65 None None] image_size_cap = 1099511627776 {{(pid=99368) log_opt_values /opt/stack/data/venv/lib/python3.12/site-packages/oslo_config/cfg.py:3242}}
Jul 02 13:17:40.988938 np0000004277 devstack@g-api.service[99368]: DEBUG glance.common.config [None req-0664c914-b6cb-4228-aa0c-0fa39c754e65 None None] image_tag_quota = 128 {{(pid=99368) log_opt_values /opt/stack/data/venv/lib/python3.12/site-packages/oslo_config/cfg.py:3242}}
Jul 02 13:17:40.989086 np0000004277 devstack@g-api.service[99368]: DEBUG glance.common.config [None req-0664c914-b6cb-4228-aa0c-0fa39c754e65 None None] instance_format = [instance: %(uuid)s] {{(pid=99368) log_opt_values /opt/stack/data/venv/lib/python3.12/site-packages/oslo_config/cfg.py:3242}}
Jul 02 13:17:40.989232 np0000004277 devstack@g-api.service[99368]: DEBUG glance.common.config [None req-0664c914-b6cb-4228-aa0c-0fa39c754e65 None None] instance_uuid_format = [instance: %(uuid)s] {{(pid=99368) log_opt_values /opt/stack/data/venv/lib/python3.12/site-packages/oslo_config/cfg.py:3242}}
Jul 02 13:17:40.989362 np0000004277 devstack@g-api.service[99368]: DEBUG glance.common.config [None req-0664c914-b6cb-4228-aa0c-0fa39c754e65 None None] limit_param_default = 25 {{(pid=99368) log_opt_values /opt/stack/data/venv/lib/python3.12/site-packages/oslo_config/cfg.py:3242}}
Jul 02 13:17:40.989435 np0000004277 devstack@g-api.service[99369]: DEBUG glance.image_cache.drivers.centralized_db [None req-70d31199-f537-4cfd-88b6-c5d295e91858 None None] Node reference is already recorded, ignoring it {{(pid=99369) configure /opt/stack/glance/glance/image_cache/drivers/centralized_db.py:71}}
Jul 02 13:17:40.989511 np0000004277 devstack@g-api.service[99368]: DEBUG glance.common.config [None req-0664c914-b6cb-4228-aa0c-0fa39c754e65 None None] log_color = False {{(pid=99368) log_opt_values /opt/stack/data/venv/lib/python3.12/site-packages/oslo_config/cfg.py:3242}}
Jul 02 13:17:40.989650 np0000004277 devstack@g-api.service[99368]: DEBUG glance.common.config [None req-0664c914-b6cb-4228-aa0c-0fa39c754e65 None None] log_config_append = None {{(pid=99368) log_opt_values /opt/stack/data/venv/lib/python3.12/site-packages/oslo_config/cfg.py:3242}}
Jul 02 13:17:40.989786 np0000004277 devstack@g-api.service[99368]: DEBUG glance.common.config [None req-0664c914-b6cb-4228-aa0c-0fa39c754e65 None None] log_date_format = %Y-%m-%d %H:%M:%S {{(pid=99368) log_opt_values /opt/stack/data/venv/lib/python3.12/site-packages/oslo_config/cfg.py:3242}}
Jul 02 13:17:40.989853 np0000004277 devstack@g-api.service[99367]: INFO glance.api.middleware.cache [None req-bd4118e5-4812-4973-bf43-4cd404f272dc None None] Initialized image cache middleware
Jul 02 13:17:40.989924 np0000004277 devstack@g-api.service[99368]: DEBUG glance.common.config [None req-0664c914-b6cb-4228-aa0c-0fa39c754e65 None None] log_dir = None {{(pid=99368) log_opt_values /opt/stack/data/venv/lib/python3.12/site-packages/oslo_config/cfg.py:3242}}
Jul 02 13:17:40.990045 np0000004277 devstack@g-api.service[99368]: DEBUG glance.common.config [None req-0664c914-b6cb-4228-aa0c-0fa39c754e65 None None] log_file = None {{(pid=99368) log_opt_values /opt/stack/data/venv/lib/python3.12/site-packages/oslo_config/cfg.py:3242}}
Jul 02 13:17:40.990188 np0000004277 devstack@g-api.service[99368]: DEBUG glance.common.config [None req-0664c914-b6cb-4228-aa0c-0fa39c754e65 None None] log_rotate_interval = 1 {{(pid=99368) log_opt_values /opt/stack/data/venv/lib/python3.12/site-packages/oslo_config/cfg.py:3242}}
Jul 02 13:17:40.990324 np0000004277 devstack@g-api.service[99368]: DEBUG glance.common.config [None req-0664c914-b6cb-4228-aa0c-0fa39c754e65 None None] log_rotate_interval_type = days {{(pid=99368) log_opt_values /opt/stack/data/venv/lib/python3.12/site-packages/oslo_config/cfg.py:3242}}
Jul 02 13:17:40.990453 np0000004277 devstack@g-api.service[99368]: DEBUG glance.common.config [None req-0664c914-b6cb-4228-aa0c-0fa39c754e65 None None] log_rotation_type = none {{(pid=99368) log_opt_values /opt/stack/data/venv/lib/python3.12/site-packages/oslo_config/cfg.py:3242}}
Jul 02 13:17:40.990572 np0000004277 devstack@g-api.service[99368]: DEBUG glance.common.config [None req-0664c914-b6cb-4228-aa0c-0fa39c754e65 None None] logging_context_format_string = %(color)s%(levelname)s %(name)s [%(global_request_id)s %(request_id)s %(project_name)s %(user_name)s%(color)s] %(instance)s%(color)s%(message)s {{(pid=99368) log_opt_values /opt/stack/data/venv/lib/python3.12/site-packages/oslo_config/cfg.py:3242}}
Jul 02 13:17:40.990666 np0000004277 devstack@g-api.service[99368]: DEBUG glance.common.config [None req-0664c914-b6cb-4228-aa0c-0fa39c754e65 None None] logging_debug_format_suffix = {{(pid=%(process)d) %(funcName)s %(pathname)s:%(lineno)d}} {{(pid=99368) log_opt_values /opt/stack/data/venv/lib/python3.12/site-packages/oslo_config/cfg.py:3242}}
Jul 02 13:17:40.990798 np0000004277 devstack@g-api.service[99368]: DEBUG glance.common.config [None req-0664c914-b6cb-4228-aa0c-0fa39c754e65 None None] logging_default_format_string = %(color)s%(levelname)s %(name)s [-%(color)s] %(instance)s%(color)s%(message)s {{(pid=99368) log_opt_values /opt/stack/data/venv/lib/python3.12/site-packages/oslo_config/cfg.py:3242}}
Jul 02 13:17:40.990927 np0000004277 devstack@g-api.service[99368]: DEBUG glance.common.config [None req-0664c914-b6cb-4228-aa0c-0fa39c754e65 None None] logging_exception_prefix = ERROR %(name)s %(instance)s {{(pid=99368) log_opt_values /opt/stack/data/venv/lib/python3.12/site-packages/oslo_config/cfg.py:3242}}
Jul 02 13:17:40.991023 np0000004277 devstack@g-api.service[99368]: DEBUG glance.common.config [None req-0664c914-b6cb-4228-aa0c-0fa39c754e65 None None] logging_user_identity_format = %(user)s %(project)s %(domain)s %(system_scope)s %(user_domain)s %(project_domain)s {{(pid=99368) log_opt_values /opt/stack/data/venv/lib/python3.12/site-packages/oslo_config/cfg.py:3242}}
Jul 02 13:17:40.991162 np0000004277 devstack@g-api.service[99368]: DEBUG glance.common.config [None req-0664c914-b6cb-4228-aa0c-0fa39c754e65 None None] max_header_line = 16384 {{(pid=99368) log_opt_values /opt/stack/data/venv/lib/python3.12/site-packages/oslo_config/cfg.py:3242}}
Jul 02 13:17:40.991286 np0000004277 devstack@g-api.service[99368]: DEBUG glance.common.config [None req-0664c914-b6cb-4228-aa0c-0fa39c754e65 None None] max_logfile_count = 30 {{(pid=99368) log_opt_values /opt/stack/data/venv/lib/python3.12/site-packages/oslo_config/cfg.py:3242}}
Jul 02 13:17:40.991410 np0000004277 devstack@g-api.service[99368]: DEBUG glance.common.config [None req-0664c914-b6cb-4228-aa0c-0fa39c754e65 None None] max_logfile_size_mb = 200 {{(pid=99368) log_opt_values /opt/stack/data/venv/lib/python3.12/site-packages/oslo_config/cfg.py:3242}}
Jul 02 13:17:40.991546 np0000004277 devstack@g-api.service[99368]: DEBUG glance.common.config [None req-0664c914-b6cb-4228-aa0c-0fa39c754e65 None None] max_request_id_length = 64 {{(pid=99368) log_opt_values /opt/stack/data/venv/lib/python3.12/site-packages/oslo_config/cfg.py:3242}}
Jul 02 13:17:40.991672 np0000004277 devstack@g-api.service[99368]: DEBUG glance.common.config [None req-0664c914-b6cb-4228-aa0c-0fa39c754e65 None None] metadata_encryption_key = **** {{(pid=99368) log_opt_values /opt/stack/data/venv/lib/python3.12/site-packages/oslo_config/cfg.py:3242}}
Jul 02 13:17:40.991805 np0000004277 devstack@g-api.service[99368]: DEBUG glance.common.config [None req-0664c914-b6cb-4228-aa0c-0fa39c754e65 None None] node_staging_uri = file:///tmp/staging/ {{(pid=99368) log_opt_values /opt/stack/data/venv/lib/python3.12/site-packages/oslo_config/cfg.py:3242}}
Jul 02 13:17:40.991928 np0000004277 devstack@g-api.service[99368]: DEBUG glance.common.config [None req-0664c914-b6cb-4228-aa0c-0fa39c754e65 None None] property_protection_file = None {{(pid=99368) log_opt_values /opt/stack/data/venv/lib/python3.12/site-packages/oslo_config/cfg.py:3242}}
Jul 02 13:17:40.992073 np0000004277 devstack@g-api.service[99368]: DEBUG glance.common.config [None req-0664c914-b6cb-4228-aa0c-0fa39c754e65 None None] property_protection_rule_format = roles {{(pid=99368) log_opt_values /opt/stack/data/venv/lib/python3.12/site-packages/oslo_config/cfg.py:3242}}
Jul 02 13:17:40.992207 np0000004277 devstack@g-api.service[99368]: DEBUG glance.common.config [None req-0664c914-b6cb-4228-aa0c-0fa39c754e65 None None] public_endpoint = https://10.4.3.69/image {{(pid=99368) log_opt_values /opt/stack/data/venv/lib/python3.12/site-packages/oslo_config/cfg.py:3242}}
Jul 02 13:17:40.992331 np0000004277 devstack@g-api.service[99368]: DEBUG glance.common.config [None req-0664c914-b6cb-4228-aa0c-0fa39c754e65 None None] publish_errors = False {{(pid=99368) log_opt_values /opt/stack/data/venv/lib/python3.12/site-packages/oslo_config/cfg.py:3242}}
Jul 02 13:17:40.992475 np0000004277 devstack@g-api.service[99368]: DEBUG glance.common.config [None req-0664c914-b6cb-4228-aa0c-0fa39c754e65 None None] pydev_worker_debug_host = None {{(pid=99368) log_opt_values /opt/stack/data/venv/lib/python3.12/site-packages/oslo_config/cfg.py:3242}}
Jul 02 13:17:40.992606 np0000004277 devstack@g-api.service[99368]: DEBUG glance.common.config [None req-0664c914-b6cb-4228-aa0c-0fa39c754e65 None None] pydev_worker_debug_port = 5678 {{(pid=99368) log_opt_values /opt/stack/data/venv/lib/python3.12/site-packages/oslo_config/cfg.py:3242}}
Jul 02 13:17:40.992729 np0000004277 devstack@g-api.service[99368]: DEBUG glance.common.config [None req-0664c914-b6cb-4228-aa0c-0fa39c754e65 None None] rate_limit_burst = 0 {{(pid=99368) log_opt_values /opt/stack/data/venv/lib/python3.12/site-packages/oslo_config/cfg.py:3242}}
Jul 02 13:17:40.992864 np0000004277 devstack@g-api.service[99368]: DEBUG glance.common.config [None req-0664c914-b6cb-4228-aa0c-0fa39c754e65 None None] rate_limit_except_level = CRITICAL {{(pid=99368) log_opt_values /opt/stack/data/venv/lib/python3.12/site-packages/oslo_config/cfg.py:3242}}
Jul 02 13:17:40.992988 np0000004277 devstack@g-api.service[99368]: DEBUG glance.common.config [None req-0664c914-b6cb-4228-aa0c-0fa39c754e65 None None] rate_limit_interval = 0 {{(pid=99368) log_opt_values /opt/stack/data/venv/lib/python3.12/site-packages/oslo_config/cfg.py:3242}}
Jul 02 13:17:40.993127 np0000004277 devstack@g-api.service[99368]: DEBUG glance.common.config [None req-0664c914-b6cb-4228-aa0c-0fa39c754e65 None None] scrub_pool_size = 1 {{(pid=99368) log_opt_values /opt/stack/data/venv/lib/python3.12/site-packages/oslo_config/cfg.py:3242}}
Jul 02 13:17:40.993252 np0000004277 devstack@g-api.service[99368]: DEBUG glance.common.config [None req-0664c914-b6cb-4228-aa0c-0fa39c754e65 None None] scrub_time = 0 {{(pid=99368) log_opt_values /opt/stack/data/venv/lib/python3.12/site-packages/oslo_config/cfg.py:3242}}
Jul 02 13:17:40.993374 np0000004277 devstack@g-api.service[99368]: DEBUG glance.common.config [None req-0664c914-b6cb-4228-aa0c-0fa39c754e65 None None] shell_completion = None {{(pid=99368) log_opt_values /opt/stack/data/venv/lib/python3.12/site-packages/oslo_config/cfg.py:3242}}
Jul 02 13:17:40.993518 np0000004277 devstack@g-api.service[99368]: DEBUG glance.common.config [None req-0664c914-b6cb-4228-aa0c-0fa39c754e65 None None] show_image_direct_url = False {{(pid=99368) log_opt_values /opt/stack/data/venv/lib/python3.12/site-packages/oslo_config/cfg.py:3242}}
Jul 02 13:17:40.993789 np0000004277 devstack@g-api.service[99368]: WARNING oslo_config.cfg [None req-0664c914-b6cb-4228-aa0c-0fa39c754e65 None None] Deprecated: Option "show_multiple_locations" from group "DEFAULT" is deprecated for removal (Use of this option, deprecated since Newton, is a security risk and will be removed once we figure out a way to satisfy those use cases that currently require it. An earlier announcement that the same functionality can be achieved with greater granularity by using policies is incorrect. You cannot work around this option via policy configuration at the present time, though that is the direction we believe the fix will take. Please keep an eye on the Glance release notes to stay up to date on progress in addressing this issue.). Its value may be silently ignored in the future.
Jul 02 13:17:40.993927 np0000004277 devstack@g-api.service[99368]: DEBUG glance.common.config [None req-0664c914-b6cb-4228-aa0c-0fa39c754e65 None None] show_multiple_locations = False {{(pid=99368) log_opt_values /opt/stack/data/venv/lib/python3.12/site-packages/oslo_config/cfg.py:3242}}
Jul 02 13:17:40.994064 np0000004277 devstack@g-api.service[99368]: DEBUG glance.common.config [None req-0664c914-b6cb-4228-aa0c-0fa39c754e65 None None] syslog_log_facility = LOG_USER {{(pid=99368) log_opt_values /opt/stack/data/venv/lib/python3.12/site-packages/oslo_config/cfg.py:3242}}
Jul 02 13:17:40.994193 np0000004277 devstack@g-api.service[99368]: DEBUG glance.common.config [None req-0664c914-b6cb-4228-aa0c-0fa39c754e65 None None] tcp_keepidle = 600 {{(pid=99368) log_opt_values /opt/stack/data/venv/lib/python3.12/site-packages/oslo_config/cfg.py:3242}}
Jul 02 13:17:40.994303 np0000004277 devstack@g-api.service[99369]: INFO glance.api.middleware.cache [None req-70d31199-f537-4cfd-88b6-c5d295e91858 None None] Initialized image cache middleware
Jul 02 13:17:40.994349 np0000004277 devstack@g-api.service[99368]: DEBUG glance.common.config [None req-0664c914-b6cb-4228-aa0c-0fa39c754e65 None None] transport_url = **** {{(pid=99368) log_opt_values /opt/stack/data/venv/lib/python3.12/site-packages/oslo_config/cfg.py:3242}}
Jul 02 13:17:40.994459 np0000004277 devstack@g-api.service[99368]: DEBUG glance.common.config [None req-0664c914-b6cb-4228-aa0c-0fa39c754e65 None None] use_journal = False {{(pid=99368) log_opt_values /opt/stack/data/venv/lib/python3.12/site-packages/oslo_config/cfg.py:3242}}
Jul 02 13:17:40.994603 np0000004277 devstack@g-api.service[99368]: DEBUG glance.common.config [None req-0664c914-b6cb-4228-aa0c-0fa39c754e65 None None] use_json = False {{(pid=99368) log_opt_values /opt/stack/data/venv/lib/python3.12/site-packages/oslo_config/cfg.py:3242}}
Jul 02 13:17:40.994740 np0000004277 devstack@g-api.service[99368]: DEBUG glance.common.config [None req-0664c914-b6cb-4228-aa0c-0fa39c754e65 None None] use_keystone_limits = True {{(pid=99368) log_opt_values /opt/stack/data/venv/lib/python3.12/site-packages/oslo_config/cfg.py:3242}}
Jul 02 13:17:40.994870 np0000004277 devstack@g-api.service[99368]: DEBUG glance.common.config [None req-0664c914-b6cb-4228-aa0c-0fa39c754e65 None None] use_stderr = False {{(pid=99368) log_opt_values /opt/stack/data/venv/lib/python3.12/site-packages/oslo_config/cfg.py:3242}}
Jul 02 13:17:40.994998 np0000004277 devstack@g-api.service[99368]: DEBUG glance.common.config [None req-0664c914-b6cb-4228-aa0c-0fa39c754e65 None None] use_syslog = False {{(pid=99368) log_opt_values /opt/stack/data/venv/lib/python3.12/site-packages/oslo_config/cfg.py:3242}}
Jul 02 13:17:40.995145 np0000004277 devstack@g-api.service[99368]: DEBUG glance.common.config [None req-0664c914-b6cb-4228-aa0c-0fa39c754e65 None None] user_storage_quota = 0 {{(pid=99368) log_opt_values /opt/stack/data/venv/lib/python3.12/site-packages/oslo_config/cfg.py:3242}}
Jul 02 13:17:40.995275 np0000004277 devstack@g-api.service[99368]: DEBUG glance.common.config [None req-0664c914-b6cb-4228-aa0c-0fa39c754e65 None None] worker_self_reference_url = http://127.0.0.1:60999 {{(pid=99368) log_opt_values /opt/stack/data/venv/lib/python3.12/site-packages/oslo_config/cfg.py:3242}}
Jul 02 13:17:40.995398 np0000004277 devstack@g-api.service[99368]: DEBUG glance.common.config [None req-0664c914-b6cb-4228-aa0c-0fa39c754e65 None None] workers = None {{(pid=99368) log_opt_values /opt/stack/data/venv/lib/python3.12/site-packages/oslo_config/cfg.py:3242}}
Jul 02 13:17:40.995563 np0000004277 devstack@g-api.service[99368]: DEBUG glance.common.config [None req-0664c914-b6cb-4228-aa0c-0fa39c754e65 None None] oslo_concurrency.disable_process_locking = False {{(pid=99368) log_opt_values /opt/stack/data/venv/lib/python3.12/site-packages/oslo_config/cfg.py:3253}}
Jul 02 13:17:40.995696 np0000004277 devstack@g-api.service[99368]: DEBUG glance.common.config [None req-0664c914-b6cb-4228-aa0c-0fa39c754e65 None None] oslo_concurrency.lock_path = /opt/stack/data/glance/locks {{(pid=99368) log_opt_values /opt/stack/data/venv/lib/python3.12/site-packages/oslo_config/cfg.py:3253}}
Jul 02 13:17:40.995833 np0000004277 devstack@g-api.service[99368]: DEBUG glance.common.config [None req-0664c914-b6cb-4228-aa0c-0fa39c754e65 None None] oslo_middleware.enable_proxy_headers_parsing = False {{(pid=99368) log_opt_values /opt/stack/data/venv/lib/python3.12/site-packages/oslo_config/cfg.py:3253}}
Jul 02 13:17:40.995968 np0000004277 devstack@g-api.service[99368]: DEBUG glance.common.config [None req-0664c914-b6cb-4228-aa0c-0fa39c754e65 None None] oslo_middleware.http_basic_auth_user_file = /etc/htpasswd {{(pid=99368) log_opt_values /opt/stack/data/venv/lib/python3.12/site-packages/oslo_config/cfg.py:3253}}
Jul 02 13:17:40.996116 np0000004277 devstack@g-api.service[99368]: DEBUG glance.common.config [None req-0664c914-b6cb-4228-aa0c-0fa39c754e65 None None] paste_deploy.config_file = None {{(pid=99368) log_opt_values /opt/stack/data/venv/lib/python3.12/site-packages/oslo_config/cfg.py:3253}}
Jul 02 13:17:40.996254 np0000004277 devstack@g-api.service[99368]: DEBUG glance.common.config [None req-0664c914-b6cb-4228-aa0c-0fa39c754e65 None None] paste_deploy.flavor = keystone+cachemanagement {{(pid=99368) log_opt_values /opt/stack/data/venv/lib/python3.12/site-packages/oslo_config/cfg.py:3253}}
Jul 02 13:17:40.996436 np0000004277 devstack@g-api.service[99368]: DEBUG glance.common.config [None req-0664c914-b6cb-4228-aa0c-0fa39c754e65 None None] image_format.container_formats = ['ami', 'ari', 'aki', 'bare', 'ovf', 'ova', 'docker', 'compressed'] {{(pid=99368) log_opt_values /opt/stack/data/venv/lib/python3.12/site-packages/oslo_config/cfg.py:3253}}
Jul 02 13:17:40.996635 np0000004277 devstack@g-api.service[99368]: DEBUG glance.common.config [None req-0664c914-b6cb-4228-aa0c-0fa39c754e65 None None] image_format.disk_formats = ['ami', 'ari', 'aki', 'vhd', 'vhdx', 'vmdk', 'raw', 'qcow2', 'vdi', 'iso', 'ploop'] {{(pid=99368) log_opt_values /opt/stack/data/venv/lib/python3.12/site-packages/oslo_config/cfg.py:3253}}
Jul 02 13:17:40.996766 np0000004277 devstack@g-api.service[99368]: DEBUG glance.common.config [None req-0664c914-b6cb-4228-aa0c-0fa39c754e65 None None] image_format.gpt_safety_checks_nonfatal = [] {{(pid=99368) log_opt_values /opt/stack/data/venv/lib/python3.12/site-packages/oslo_config/cfg.py:3253}}
Jul 02 13:17:40.996901 np0000004277 devstack@g-api.service[99368]: DEBUG glance.common.config [None req-0664c914-b6cb-4228-aa0c-0fa39c754e65 None None] image_format.require_image_format_match = True {{(pid=99368) log_opt_values /opt/stack/data/venv/lib/python3.12/site-packages/oslo_config/cfg.py:3253}}
Jul 02 13:17:40.997046 np0000004277 devstack@g-api.service[99368]: DEBUG glance.common.config [None req-0664c914-b6cb-4228-aa0c-0fa39c754e65 None None] image_format.vmdk_allowed_types = ['streamOptimized', 'monolithicSparse'] {{(pid=99368) log_opt_values /opt/stack/data/venv/lib/python3.12/site-packages/oslo_config/cfg.py:3253}}
Jul 02 13:17:40.997203 np0000004277 devstack@g-api.service[99368]: DEBUG glance.common.config [None req-0664c914-b6cb-4228-aa0c-0fa39c754e65 None None] task.task_executor = taskflow {{(pid=99368) log_opt_values /opt/stack/data/venv/lib/python3.12/site-packages/oslo_config/cfg.py:3253}}
Jul 02 13:17:40.997332 np0000004277 devstack@g-api.service[99368]: DEBUG glance.common.config [None req-0664c914-b6cb-4228-aa0c-0fa39c754e65 None None] task.task_time_to_live = 48 {{(pid=99368) log_opt_values /opt/stack/data/venv/lib/python3.12/site-packages/oslo_config/cfg.py:3253}}
Jul 02 13:17:40.997455 np0000004277 devstack@g-api.service[99368]: DEBUG glance.common.config [None req-0664c914-b6cb-4228-aa0c-0fa39c754e65 None None] task.work_dir = None {{(pid=99368) log_opt_values /opt/stack/data/venv/lib/python3.12/site-packages/oslo_config/cfg.py:3253}}
Jul 02 13:17:40.997606 np0000004277 devstack@g-api.service[99368]: DEBUG glance.common.config [None req-0664c914-b6cb-4228-aa0c-0fa39c754e65 None None] wsgi.python_interpreter = /opt/stack/data/venv/bin/python3 {{(pid=99368) log_opt_values /opt/stack/data/venv/lib/python3.12/site-packages/oslo_config/cfg.py:3253}}
