Jun 17 15:49:55.806998 np0000003068 devstack@g-api.service[102225]: DEBUG glance_store.capabilities [-] Store glance_store._drivers.swift.store.SingleTenantStore doesn't support updating dynamic storage capabilities. Please overwrite 'update_capabilities' method of the store to implement updating logics if needed. {{(pid=102225) update_capabilities /opt/stack/data/venv/lib/python3.12/site-packages/glance_store/capabilities.py:91}}
Jun 17 15:49:55.807083 np0000003068 devstack@g-api.service[102225]: DEBUG glance_store.backend [-] Registering store swift with schemes ('swift+https', 'swift', 'swift+http', 'swift+config') {{(pid=102225) create_stores /opt/stack/data/venv/lib/python3.12/site-packages/glance_store/backend.py:261}}
Jun 17 15:49:55.807128 np0000003068 devstack@g-api.service[102225]: DEBUG glance_store.driver [-] Late loading location class glance_store._drivers.swift.store.StoreLocation {{(pid=102225) get_store_location_class /opt/stack/data/venv/lib/python3.12/site-packages/glance_store/driver.py:134}}
Jun 17 15:49:55.807207 np0000003068 devstack@g-api.service[102225]: DEBUG glance_store.location [-] Registering scheme swift+https with {'store': , 'location_class': , 'store_entry': 'swift'} {{(pid=102225) register_scheme_map /opt/stack/data/venv/lib/python3.12/site-packages/glance_store/location.py:146}}
Jun 17 15:49:55.807261 np0000003068 devstack@g-api.service[102225]: DEBUG glance_store.location [-] Registering scheme swift with {'store': , 'location_class': , 'store_entry': 'swift'} {{(pid=102225) register_scheme_map /opt/stack/data/venv/lib/python3.12/site-packages/glance_store/location.py:146}}
Jun 17 15:49:55.807310 np0000003068 devstack@g-api.service[102225]: DEBUG glance_store.location [-] Registering scheme swift+http with {'store': , 'location_class': , 'store_entry': 'swift'} {{(pid=102225) register_scheme_map /opt/stack/data/venv/lib/python3.12/site-packages/glance_store/location.py:146}}
Jun 17 15:49:55.807375 np0000003068 devstack@g-api.service[102225]: DEBUG glance_store.location [-] Registering scheme swift+config with {'store': , 'location_class': , 'store_entry': 'swift'} {{(pid=102225) register_scheme_map /opt/stack/data/venv/lib/python3.12/site-packages/glance_store/location.py:146}}
Jun 17 15:49:55.807418 np0000003068 devstack@g-api.service[102225]: DEBUG glance_store.backend [-] Attempting to import store file {{(pid=102225) _load_store /opt/stack/data/venv/lib/python3.12/site-packages/glance_store/backend.py:215}}
Jun 17 15:49:55.807984 np0000003068 devstack@g-api.service[102225]: DEBUG glance_store.capabilities [-] Store glance_store._drivers.filesystem.Store doesn't support updating dynamic storage capabilities. Please overwrite 'update_capabilities' method of the store to implement updating logics if needed. {{(pid=102225) update_capabilities /opt/stack/data/venv/lib/python3.12/site-packages/glance_store/capabilities.py:91}}
Jun 17 15:49:55.808086 np0000003068 devstack@g-api.service[102225]: DEBUG glance_store.backend [-] Registering store file with schemes ('file', 'filesystem') {{(pid=102225) create_stores /opt/stack/data/venv/lib/python3.12/site-packages/glance_store/backend.py:261}}
Jun 17 15:49:55.808139 np0000003068 devstack@g-api.service[102225]: DEBUG glance_store.driver [-] Late loading location class glance_store._drivers.filesystem.StoreLocation {{(pid=102225) get_store_location_class /opt/stack/data/venv/lib/python3.12/site-packages/glance_store/driver.py:134}}
Jun 17 15:49:55.808184 np0000003068 devstack@g-api.service[102225]: DEBUG glance_store.location [-] Registering scheme file with {'store': , 'location_class': , 'store_entry': 'file'} {{(pid=102225) register_scheme_map /opt/stack/data/venv/lib/python3.12/site-packages/glance_store/location.py:146}}
Jun 17 15:49:55.808234 np0000003068 devstack@g-api.service[102225]: DEBUG glance_store.location [-] Registering scheme filesystem with {'store': , 'location_class': , 'store_entry': 'file'} {{(pid=102225) register_scheme_map /opt/stack/data/venv/lib/python3.12/site-packages/glance_store/location.py:146}}
Jun 17 15:49:55.808342 np0000003068 devstack@g-api.service[102225]: DEBUG glance_store.backend [-] Attempting to import store swift {{(pid=102225) _load_store /opt/stack/data/venv/lib/python3.12/site-packages/glance_store/backend.py:215}}
Jun 17 15:49:55.809719 np0000003068 devstack@g-api.service[102225]: DEBUG glance_store.capabilities [-] Store glance_store._drivers.swift.store.SingleTenantStore doesn't support updating dynamic storage capabilities. Please overwrite 'update_capabilities' method of the store to implement updating logics if needed. {{(pid=102225) update_capabilities /opt/stack/data/venv/lib/python3.12/site-packages/glance_store/capabilities.py:91}}
Jun 17 15:49:55.810311 np0000003068 devstack@g-api.service[102225]: DEBUG glance_store.driver [-] Late loading location class glance_store._drivers.swift.store.StoreLocation {{(pid=102225) get_store_location_class /opt/stack/data/venv/lib/python3.12/site-packages/glance_store/driver.py:134}}
Jun 17 15:49:55.810311 np0000003068 devstack@g-api.service[102225]: DEBUG glance_store.location [-] Registering scheme swift+https with {'store': , 'location_class': , 'store_entry': 'swift'} {{(pid=102225) register_scheme_map /opt/stack/data/venv/lib/python3.12/site-packages/glance_store/location.py:146}}
Jun 17 15:49:55.810311 np0000003068 devstack@g-api.service[102225]: DEBUG glance_store.location [-] Registering scheme swift+https with {'store': , 'location_class': , 'store_entry': 'swift'} {{(pid=102225) register_scheme_map /opt/stack/data/venv/lib/python3.12/site-packages/glance_store/location.py:146}}
Jun 17 15:49:55.810311 np0000003068 devstack@g-api.service[102225]: DEBUG glance_store.location [-] Registering scheme swift with {'store': , 'location_class': , 'store_entry': 'swift'} {{(pid=102225) register_scheme_map /opt/stack/data/venv/lib/python3.12/site-packages/glance_store/location.py:146}}
Jun 17 15:49:55.810311 np0000003068 devstack@g-api.service[102225]: DEBUG glance_store.location [-] Registering scheme swift+https with {'store': , 'location_class': , 'store_entry': 'swift'} {{(pid=102225) register_scheme_map /opt/stack/data/venv/lib/python3.12/site-packages/glance_store/location.py:146}}
Jun 17 15:49:55.810466 np0000003068 devstack@g-api.service[102225]: DEBUG glance_store.location [-] Registering scheme swift with {'store': , 'location_class': , 'store_entry': 'swift'} {{(pid=102225) register_scheme_map /opt/stack/data/venv/lib/python3.12/site-packages/glance_store/location.py:146}}
Jun 17 15:49:55.810466 np0000003068 devstack@g-api.service[102225]: DEBUG glance_store.location [-] Registering scheme swift+http with {'store': , 'location_class': , 'store_entry': 'swift'} {{(pid=102225) register_scheme_map /opt/stack/data/venv/lib/python3.12/site-packages/glance_store/location.py:146}}
Jun 17 15:49:55.810466 np0000003068 devstack@g-api.service[102225]: DEBUG glance_store.location [-] Registering scheme swift+https with {'store': , 'location_class': , 'store_entry': 'swift'} {{(pid=102225) register_scheme_map /opt/stack/data/venv/lib/python3.12/site-packages/glance_store/location.py:146}}
Jun 17 15:49:55.810466 np0000003068 devstack@g-api.service[102225]: DEBUG glance_store.location [-] Registering scheme swift with {'store': , 'location_class': , 'store_entry': 'swift'} {{(pid=102225) register_scheme_map /opt/stack/data/venv/lib/python3.12/site-packages/glance_store/location.py:146}}
Jun 17 15:49:55.810466 np0000003068 devstack@g-api.service[102225]: DEBUG glance_store.location [-] Registering scheme swift+http with {'store': , 'location_class': , 'store_entry': 'swift'} {{(pid=102225) register_scheme_map /opt/stack/data/venv/lib/python3.12/site-packages/glance_store/location.py:146}}
Jun 17 15:49:55.810667 np0000003068 devstack@g-api.service[102225]: DEBUG glance_store.location [-] Registering scheme swift+config with {'store': , 'location_class': , 'store_entry': 'swift'} {{(pid=102225) register_scheme_map /opt/stack/data/venv/lib/python3.12/site-packages/glance_store/location.py:146}}
Jun 17 15:49:55.810715 np0000003068 devstack@g-api.service[102225]: DEBUG glance.sqlite_migration [-] SQLite caching database not located, skipping migration {{(pid=102225) get_db_path /opt/stack/glance/glance/sqlite_migration.py:68}}
Jun 17 15:49:55.811053 np0000003068 devstack@g-api.service[102225]: WARNING glance.common.wsgi_app [-] Import methods are enabled but staging directory /tmp/staging/ does not exist; Imports will fail!
Jun 17 15:49:56.060933 np0000003068 devstack@g-api.service[102227]: DEBUG glance.common.config [None req-6df8f412-6fe7-4442-819e-ad155fc359c0 None None] Loading glance-api-keystone+cachemanagement from /etc/glance/glance-api-paste.ini {{(pid=102227) load_paste_app /opt/stack/glance/glance/common/config.py:758}}
Jun 17 15:49:56.081658 np0000003068 devstack@g-api.service[102226]: DEBUG glance.common.config [None req-6ddef57e-072b-46e9-822a-729fb3f7fd47 None None] Loading glance-api-keystone+cachemanagement from /etc/glance/glance-api-paste.ini {{(pid=102226) load_paste_app /opt/stack/glance/glance/common/config.py:758}}
Jun 17 15:49:56.096950 np0000003068 devstack@g-api.service[102225]: DEBUG glance.common.config [None req-36cce6fe-9161-484f-a5d6-6f217ab13101 None None] Loading glance-api-keystone+cachemanagement from /etc/glance/glance-api-paste.ini {{(pid=102225) load_paste_app /opt/stack/glance/glance/common/config.py:758}}
Jun 17 15:49:56.714642 np0000003068 devstack@g-api.service[102227]: INFO glance.image_cache [None req-6df8f412-6fe7-4442-819e-ad155fc359c0 None None] Image cache loaded driver 'centralized_db'.
Jun 17 15:49:56.722449 np0000003068 devstack@g-api.service[102225]: INFO glance.image_cache [None req-36cce6fe-9161-484f-a5d6-6f217ab13101 None None] Image cache loaded driver 'centralized_db'.
Jun 17 15:49:56.738567 np0000003068 devstack@g-api.service[102226]: INFO glance.image_cache [None req-6ddef57e-072b-46e9-822a-729fb3f7fd47 None None] Image cache loaded driver 'centralized_db'.
Jun 17 15:49:56.761863 np0000003068 devstack@g-api.service[102227]: INFO dbcounter [None req-6df8f412-6fe7-4442-819e-ad155fc359c0 None None] Registered counter for database glance
Jun 17 15:49:56.773599 np0000003068 devstack@g-api.service[102225]: INFO dbcounter [None req-36cce6fe-9161-484f-a5d6-6f217ab13101 None None] Registered counter for database glance
Jun 17 15:49:56.807188 np0000003068 devstack@g-api.service[102226]: INFO dbcounter [None req-6ddef57e-072b-46e9-822a-729fb3f7fd47 None None] Registered counter for database glance
Jun 17 15:49:56.807947 np0000003068 devstack@g-api.service[102227]: DEBUG oslo_db.sqlalchemy.engines [None req-6df8f412-6fe7-4442-819e-ad155fc359c0 None None] MySQL server mode set to STRICT_TRANS_TABLES,STRICT_ALL_TABLES,NO_ZERO_IN_DATE,NO_ZERO_DATE,ERROR_FOR_DIVISION_BY_ZERO,TRADITIONAL,NO_ENGINE_SUBSTITUTION {{(pid=102227) _check_effective_sql_mode /opt/stack/data/venv/lib/python3.12/site-packages/oslo_db/sqlalchemy/engines.py:325}}
Jun 17 15:49:56.830950 np0000003068 devstack@g-api.service[102227]: DEBUG dbcounter [-] [102227] Writer thread running {{(pid=102227) stat_writer /opt/stack/data/venv/lib/python3.12/site-packages/dbcounter.py:102}}
Jun 17 15:49:56.835567 np0000003068 devstack@g-api.service[102225]: DEBUG oslo_db.sqlalchemy.engines [None req-36cce6fe-9161-484f-a5d6-6f217ab13101 None None] MySQL server mode set to STRICT_TRANS_TABLES,STRICT_ALL_TABLES,NO_ZERO_IN_DATE,NO_ZERO_DATE,ERROR_FOR_DIVISION_BY_ZERO,TRADITIONAL,NO_ENGINE_SUBSTITUTION {{(pid=102225) _check_effective_sql_mode /opt/stack/data/venv/lib/python3.12/site-packages/oslo_db/sqlalchemy/engines.py:325}}
Jun 17 15:49:56.847200 np0000003068 devstack@g-api.service[102227]: INFO glance.image_cache [None req-6df8f412-6fe7-4442-819e-ad155fc359c0 None None] Image cache loaded driver 'centralized_db'.
Jun 17 15:49:56.851997 np0000003068 devstack@g-api.service[102226]: DEBUG oslo_db.sqlalchemy.engines [None req-6ddef57e-072b-46e9-822a-729fb3f7fd47 None None] MySQL server mode set to STRICT_TRANS_TABLES,STRICT_ALL_TABLES,NO_ZERO_IN_DATE,NO_ZERO_DATE,ERROR_FOR_DIVISION_BY_ZERO,TRADITIONAL,NO_ENGINE_SUBSTITUTION {{(pid=102226) _check_effective_sql_mode /opt/stack/data/venv/lib/python3.12/site-packages/oslo_db/sqlalchemy/engines.py:325}}
Jun 17 15:49:56.858245 np0000003068 devstack@g-api.service[102227]: DEBUG glance.image_cache.drivers.centralized_db [None req-6df8f412-6fe7-4442-819e-ad155fc359c0 None None] Node reference is already recorded, ignoring it {{(pid=102227) configure /opt/stack/glance/glance/image_cache/drivers/centralized_db.py:71}}
Jun 17 15:49:56.863733 np0000003068 devstack@g-api.service[102225]: DEBUG dbcounter [-] [102225] Writer thread running {{(pid=102225) stat_writer /opt/stack/data/venv/lib/python3.12/site-packages/dbcounter.py:102}}
Jun 17 15:49:56.865320 np0000003068 devstack@g-api.service[102227]: DEBUG glance.api.v2.cached_images [None req-6df8f412-6fe7-4442-819e-ad155fc359c0 None None] Started cache worker thread {{(pid=102227) __init__ /opt/stack/glance/glance/api/v2/cached_images.py:69}}
Jun 17 15:49:56.866295 np0000003068 devstack@g-api.service[102227]: INFO glance.image_cache [None req-6df8f412-6fe7-4442-819e-ad155fc359c0 None None] Image cache loaded driver 'centralized_db'.
Jun 17 15:49:56.867053 np0000003068 devstack@g-api.service[102225]: DEBUG glance.image_cache.drivers.centralized_db [None req-36cce6fe-9161-484f-a5d6-6f217ab13101 None None] Node reference is already recorded, ignoring it {{(pid=102225) configure /opt/stack/glance/glance/image_cache/drivers/centralized_db.py:71}}
Jun 17 15:49:56.874232 np0000003068 devstack@g-api.service[102225]: INFO glance.image_cache [None req-36cce6fe-9161-484f-a5d6-6f217ab13101 None None] Image cache loaded driver 'centralized_db'.
Jun 17 15:49:56.877412 np0000003068 devstack@g-api.service[102227]: DEBUG glance.image_cache.drivers.centralized_db [None req-6df8f412-6fe7-4442-819e-ad155fc359c0 None None] Node reference is already recorded, ignoring it {{(pid=102227) configure /opt/stack/glance/glance/image_cache/drivers/centralized_db.py:71}}
Jun 17 15:49:56.878486 np0000003068 devstack@g-api.service[102226]: DEBUG dbcounter [-] [102226] Writer thread running {{(pid=102226) stat_writer /opt/stack/data/venv/lib/python3.12/site-packages/dbcounter.py:102}}
Jun 17 15:49:56.883021 np0000003068 devstack@g-api.service[102226]: DEBUG glance.image_cache.drivers.centralized_db [None req-6ddef57e-072b-46e9-822a-729fb3f7fd47 None None] Node reference is already recorded, ignoring it {{(pid=102226) configure /opt/stack/glance/glance/image_cache/drivers/centralized_db.py:71}}
Jun 17 15:49:56.884876 np0000003068 devstack@g-api.service[102225]: DEBUG glance.image_cache.drivers.centralized_db [None req-36cce6fe-9161-484f-a5d6-6f217ab13101 None None] Node reference is already recorded, ignoring it {{(pid=102225) configure /opt/stack/glance/glance/image_cache/drivers/centralized_db.py:71}}
Jun 17 15:49:56.889752 np0000003068 devstack@g-api.service[102226]: INFO glance.image_cache [None req-6ddef57e-072b-46e9-822a-729fb3f7fd47 None None] Image cache loaded driver 'centralized_db'.
Jun 17 15:49:56.891369 np0000003068 devstack@g-api.service[102225]: DEBUG glance.api.v2.cached_images [None req-36cce6fe-9161-484f-a5d6-6f217ab13101 None None] Started cache worker thread {{(pid=102225) __init__ /opt/stack/glance/glance/api/v2/cached_images.py:69}}
Jun 17 15:49:56.891990 np0000003068 devstack@g-api.service[102225]: INFO glance.image_cache [None req-36cce6fe-9161-484f-a5d6-6f217ab13101 None None] Image cache loaded driver 'centralized_db'.
Jun 17 15:49:56.899632 np0000003068 devstack@g-api.service[102226]: DEBUG glance.image_cache.drivers.centralized_db [None req-6ddef57e-072b-46e9-822a-729fb3f7fd47 None None] Node reference is already recorded, ignoring it {{(pid=102226) configure /opt/stack/glance/glance/image_cache/drivers/centralized_db.py:71}}
Jun 17 15:49:56.902475 np0000003068 devstack@g-api.service[102225]: DEBUG glance.image_cache.drivers.centralized_db [None req-36cce6fe-9161-484f-a5d6-6f217ab13101 None None] Node reference is already recorded, ignoring it {{(pid=102225) configure /opt/stack/glance/glance/image_cache/drivers/centralized_db.py:71}}
Jun 17 15:49:56.905676 np0000003068 devstack@g-api.service[102226]: DEBUG glance.api.v2.cached_images [None req-6ddef57e-072b-46e9-822a-729fb3f7fd47 None None] Started cache worker thread {{(pid=102226) __init__ /opt/stack/glance/glance/api/v2/cached_images.py:69}}
Jun 17 15:49:56.906258 np0000003068 devstack@g-api.service[102226]: INFO glance.image_cache [None req-6ddef57e-072b-46e9-822a-729fb3f7fd47 None None] Image cache loaded driver 'centralized_db'.
Jun 17 15:49:56.915058 np0000003068 devstack@g-api.service[102226]: DEBUG glance.image_cache.drivers.centralized_db [None req-6ddef57e-072b-46e9-822a-729fb3f7fd47 None None] Node reference is already recorded, ignoring it {{(pid=102226) configure /opt/stack/glance/glance/image_cache/drivers/centralized_db.py:71}}
Jun 17 15:49:56.924387 np0000003068 devstack@g-api.service[102226]: INFO glance.api.middleware.cache_manage [None req-6ddef57e-072b-46e9-822a-729fb3f7fd47 None None] Initialized image cache management middleware
Jun 17 15:49:56.924689 np0000003068 devstack@g-api.service[102226]: INFO glance.image_cache [None req-6ddef57e-072b-46e9-822a-729fb3f7fd47 None None] Image cache loaded driver 'centralized_db'.
Jun 17 15:49:56.998592 np0000003068 devstack@g-api.service[102227]: INFO glance.api.middleware.cache_manage [None req-6df8f412-6fe7-4442-819e-ad155fc359c0 None None] Initialized image cache management middleware
Jun 17 15:49:56.998871 np0000003068 devstack@g-api.service[102227]: INFO glance.image_cache [None req-6df8f412-6fe7-4442-819e-ad155fc359c0 None None] Image cache loaded driver 'centralized_db'.
Jun 17 15:49:57.008436 np0000003068 devstack@g-api.service[102227]: DEBUG glance.image_cache.drivers.centralized_db [None req-6df8f412-6fe7-4442-819e-ad155fc359c0 None None] Node reference is already recorded, ignoring it {{(pid=102227) configure /opt/stack/glance/glance/image_cache/drivers/centralized_db.py:71}}
Jun 17 15:49:57.014501 np0000003068 devstack@g-api.service[102227]: INFO glance.api.middleware.cache [None req-6df8f412-6fe7-4442-819e-ad155fc359c0 None None] Initialized image cache middleware
Jun 17 15:49:57.021611 np0000003068 devstack@g-api.service[102225]: INFO glance.api.middleware.cache_manage [None req-36cce6fe-9161-484f-a5d6-6f217ab13101 None None] Initialized image cache management middleware
Jun 17 15:49:57.021781 np0000003068 devstack@g-api.service[102225]: INFO glance.image_cache [None req-36cce6fe-9161-484f-a5d6-6f217ab13101 None None] Image cache loaded driver 'centralized_db'.
Jun 17 15:49:57.029373 np0000003068 devstack@g-api.service[102227]: DEBUG glance.common.config [None req-6df8f412-6fe7-4442-819e-ad155fc359c0 None None] ******************************************************************************** {{(pid=102227) log_opt_values /opt/stack/data/venv/lib/python3.12/site-packages/oslo_config/cfg.py:3226}}
Jun 17 15:49:57.029577 np0000003068 devstack@g-api.service[102227]: DEBUG glance.common.config [None req-6df8f412-6fe7-4442-819e-ad155fc359c0 None None] Configuration options gathered from: {{(pid=102227) log_opt_values /opt/stack/data/venv/lib/python3.12/site-packages/oslo_config/cfg.py:3227}}
Jun 17 15:49:57.029861 np0000003068 devstack@g-api.service[102227]: DEBUG glance.common.config [None req-6df8f412-6fe7-4442-819e-ad155fc359c0 None None] command line args: [] {{(pid=102227) log_opt_values /opt/stack/data/venv/lib/python3.12/site-packages/oslo_config/cfg.py:3228}}
Jun 17 15:49:57.030020 np0000003068 devstack@g-api.service[102227]: DEBUG glance.common.config [None req-6df8f412-6fe7-4442-819e-ad155fc359c0 None None] config files: ['/etc/glance/glance-image-import.conf', '/etc/glance/glance-api.conf'] {{(pid=102227) log_opt_values /opt/stack/data/venv/lib/python3.12/site-packages/oslo_config/cfg.py:3229}}
Jun 17 15:49:57.030122 np0000003068 devstack@g-api.service[102227]: DEBUG glance.common.config [None req-6df8f412-6fe7-4442-819e-ad155fc359c0 None None] ================================================================================ {{(pid=102227) log_opt_values /opt/stack/data/venv/lib/python3.12/site-packages/oslo_config/cfg.py:3234}}
Jun 17 15:49:57.030296 np0000003068 devstack@g-api.service[102227]: DEBUG glance.common.config [None req-6df8f412-6fe7-4442-819e-ad155fc359c0 None None] allow_anonymous_access = False {{(pid=102227) log_opt_values /opt/stack/data/venv/lib/python3.12/site-packages/oslo_config/cfg.py:3242}}
Jun 17 15:49:57.030424 np0000003068 devstack@g-api.service[102227]: DEBUG glance.common.config [None req-6df8f412-6fe7-4442-819e-ad155fc359c0 None None] api_limit_max = 1000 {{(pid=102227) log_opt_values /opt/stack/data/venv/lib/python3.12/site-packages/oslo_config/cfg.py:3242}}
Jun 17 15:49:57.030569 np0000003068 devstack@g-api.service[102227]: DEBUG glance.common.config [None req-6df8f412-6fe7-4442-819e-ad155fc359c0 None None] backlog = 4096 {{(pid=102227) log_opt_values /opt/stack/data/venv/lib/python3.12/site-packages/oslo_config/cfg.py:3242}}
Jun 17 15:49:57.030725 np0000003068 devstack@g-api.service[102227]: DEBUG glance.common.config [None req-6df8f412-6fe7-4442-819e-ad155fc359c0 None None] bind_host = 0.0.0.0 {{(pid=102227) log_opt_values /opt/stack/data/venv/lib/python3.12/site-packages/oslo_config/cfg.py:3242}}
Jun 17 15:49:57.030778 np0000003068 devstack@g-api.service[102225]: DEBUG glance.image_cache.drivers.centralized_db [None req-36cce6fe-9161-484f-a5d6-6f217ab13101 None None] Node reference is already recorded, ignoring it {{(pid=102225) configure /opt/stack/glance/glance/image_cache/drivers/centralized_db.py:71}}
Jun 17 15:49:57.030880 np0000003068 devstack@g-api.service[102227]: DEBUG glance.common.config [None req-6df8f412-6fe7-4442-819e-ad155fc359c0 None None] bind_port = 19292 {{(pid=102227) log_opt_values /opt/stack/data/venv/lib/python3.12/site-packages/oslo_config/cfg.py:3242}}
Jun 17 15:49:57.030996 np0000003068 devstack@g-api.service[102227]: DEBUG glance.common.config [None req-6df8f412-6fe7-4442-819e-ad155fc359c0 None None] client_socket_timeout = 900 {{(pid=102227) log_opt_values /opt/stack/data/venv/lib/python3.12/site-packages/oslo_config/cfg.py:3242}}
Jun 17 15:49:57.031142 np0000003068 devstack@g-api.service[102227]: DEBUG glance.common.config [None req-6df8f412-6fe7-4442-819e-ad155fc359c0 None None] config_dir = [] {{(pid=102227) log_opt_values /opt/stack/data/venv/lib/python3.12/site-packages/oslo_config/cfg.py:3242}}
Jun 17 15:49:57.031237 np0000003068 devstack@g-api.service[102227]: DEBUG glance.common.config [None req-6df8f412-6fe7-4442-819e-ad155fc359c0 None None] config_file = ['/etc/glance/glance-image-import.conf', '/etc/glance/glance-api.conf'] {{(pid=102227) log_opt_values /opt/stack/data/venv/lib/python3.12/site-packages/oslo_config/cfg.py:3242}}
Jun 17 15:49:57.031353 np0000003068 devstack@g-api.service[102227]: DEBUG glance.common.config [None req-6df8f412-6fe7-4442-819e-ad155fc359c0 None None] config_source = [] {{(pid=102227) log_opt_values /opt/stack/data/venv/lib/python3.12/site-packages/oslo_config/cfg.py:3242}}
Jun 17 15:49:57.031482 np0000003068 devstack@g-api.service[102227]: DEBUG glance.common.config [None req-6df8f412-6fe7-4442-819e-ad155fc359c0 None None] control_exchange = glance {{(pid=102227) log_opt_values /opt/stack/data/venv/lib/python3.12/site-packages/oslo_config/cfg.py:3242}}
Jun 17 15:49:57.031594 np0000003068 devstack@g-api.service[102227]: DEBUG glance.common.config [None req-6df8f412-6fe7-4442-819e-ad155fc359c0 None None] debug = True {{(pid=102227) log_opt_values /opt/stack/data/venv/lib/python3.12/site-packages/oslo_config/cfg.py:3242}}
Jun 17 15:49:57.031826 np0000003068 devstack@g-api.service[102227]: DEBUG glance.common.config [None req-6df8f412-6fe7-4442-819e-ad155fc359c0 None None] default_log_levels = ['amqp=WARN', 'boto=WARN', 'sqlalchemy=WARN', 'suds=INFO', 'oslo.messaging=INFO', 'oslo_messaging=INFO', 'iso8601=WARN', 'requests.packages.urllib3.connectionpool=WARN', 'urllib3.connectionpool=WARN', 'websocket=WARN', 'requests.packages.urllib3.util.retry=WARN', 'urllib3.util.retry=WARN', 'keystonemiddleware=WARN', 'routes.middleware=WARN', 'stevedore=WARN', 'taskflow=WARN', 'keystoneauth=WARN', 'oslo.cache=INFO', 'oslo_policy=INFO', 'dogpile.core.dogpile=INFO'] {{(pid=102227) log_opt_values /opt/stack/data/venv/lib/python3.12/site-packages/oslo_config/cfg.py:3242}}
Jun 17 15:49:57.031932 np0000003068 devstack@g-api.service[102227]: DEBUG glance.common.config [None req-6df8f412-6fe7-4442-819e-ad155fc359c0 None None] default_publisher_id = image.localhost {{(pid=102227) log_opt_values /opt/stack/data/venv/lib/python3.12/site-packages/oslo_config/cfg.py:3242}}
Jun 17 15:49:57.032074 np0000003068 devstack@g-api.service[102227]: DEBUG glance.common.config [None req-6df8f412-6fe7-4442-819e-ad155fc359c0 None None] delayed_delete = False {{(pid=102227) log_opt_values /opt/stack/data/venv/lib/python3.12/site-packages/oslo_config/cfg.py:3242}}
Jun 17 15:49:57.032201 np0000003068 devstack@g-api.service[102227]: DEBUG glance.common.config [None req-6df8f412-6fe7-4442-819e-ad155fc359c0 None None] digest_algorithm = sha256 {{(pid=102227) log_opt_values /opt/stack/data/venv/lib/python3.12/site-packages/oslo_config/cfg.py:3242}}
Jun 17 15:49:57.032320 np0000003068 devstack@g-api.service[102227]: DEBUG glance.common.config [None req-6df8f412-6fe7-4442-819e-ad155fc359c0 None None] disabled_notifications = [] {{(pid=102227) log_opt_values /opt/stack/data/venv/lib/python3.12/site-packages/oslo_config/cfg.py:3242}}
Jun 17 15:49:57.032428 np0000003068 devstack@g-api.service[102227]: DEBUG glance.common.config [None req-6df8f412-6fe7-4442-819e-ad155fc359c0 None None] do_secure_hash = True {{(pid=102227) log_opt_values /opt/stack/data/venv/lib/python3.12/site-packages/oslo_config/cfg.py:3242}}
Jun 17 15:49:57.032564 np0000003068 devstack@g-api.service[102227]: DEBUG glance.common.config [None req-6df8f412-6fe7-4442-819e-ad155fc359c0 None None] enabled_backends = None {{(pid=102227) log_opt_values /opt/stack/data/venv/lib/python3.12/site-packages/oslo_config/cfg.py:3242}}
Jun 17 15:49:57.032723 np0000003068 devstack@g-api.service[102227]: DEBUG glance.common.config [None req-6df8f412-6fe7-4442-819e-ad155fc359c0 None None] enabled_import_methods = ['glance-direct', 'web-download', 'copy-image'] {{(pid=102227) log_opt_values /opt/stack/data/venv/lib/python3.12/site-packages/oslo_config/cfg.py:3242}}
Jun 17 15:49:57.032864 np0000003068 devstack@g-api.service[102227]: DEBUG glance.common.config [None req-6df8f412-6fe7-4442-819e-ad155fc359c0 None None] fatal_deprecations = False {{(pid=102227) log_opt_values /opt/stack/data/venv/lib/python3.12/site-packages/oslo_config/cfg.py:3242}}
Jun 17 15:49:57.032994 np0000003068 devstack@g-api.service[102227]: DEBUG glance.common.config [None req-6df8f412-6fe7-4442-819e-ad155fc359c0 None None] hashing_algorithm = sha512 {{(pid=102227) log_opt_values /opt/stack/data/venv/lib/python3.12/site-packages/oslo_config/cfg.py:3242}}
Jun 17 15:49:57.033133 np0000003068 devstack@g-api.service[102227]: DEBUG glance.common.config [None req-6df8f412-6fe7-4442-819e-ad155fc359c0 None None] http_keepalive = True {{(pid=102227) log_opt_values /opt/stack/data/venv/lib/python3.12/site-packages/oslo_config/cfg.py:3242}}
Jun 17 15:49:57.033252 np0000003068 devstack@g-api.service[102227]: DEBUG glance.common.config [None req-6df8f412-6fe7-4442-819e-ad155fc359c0 None None] http_retries = 3 {{(pid=102227) log_opt_values /opt/stack/data/venv/lib/python3.12/site-packages/oslo_config/cfg.py:3242}}
Jun 17 15:49:57.033381 np0000003068 devstack@g-api.service[102227]: DEBUG glance.common.config [None req-6df8f412-6fe7-4442-819e-ad155fc359c0 None None] image_cache_dir = /opt/stack/data/glance/cache/ {{(pid=102227) log_opt_values /opt/stack/data/venv/lib/python3.12/site-packages/oslo_config/cfg.py:3242}}
Jun 17 15:49:57.033504 np0000003068 devstack@g-api.service[102227]: DEBUG glance.common.config [None req-6df8f412-6fe7-4442-819e-ad155fc359c0 None None] image_cache_driver = centralized_db {{(pid=102227) log_opt_values /opt/stack/data/venv/lib/python3.12/site-packages/oslo_config/cfg.py:3242}}
Jun 17 15:49:57.033638 np0000003068 devstack@g-api.service[102227]: DEBUG glance.common.config [None req-6df8f412-6fe7-4442-819e-ad155fc359c0 None None] image_cache_max_size = 10737418240 {{(pid=102227) log_opt_values /opt/stack/data/venv/lib/python3.12/site-packages/oslo_config/cfg.py:3242}}
Jun 17 15:49:57.033767 np0000003068 devstack@g-api.service[102227]: DEBUG glance.common.config [None req-6df8f412-6fe7-4442-819e-ad155fc359c0 None None] image_cache_sqlite_db = cache.db {{(pid=102227) log_opt_values /opt/stack/data/venv/lib/python3.12/site-packages/oslo_config/cfg.py:3242}}
Jun 17 15:49:57.033897 np0000003068 devstack@g-api.service[102227]: DEBUG glance.common.config [None req-6df8f412-6fe7-4442-819e-ad155fc359c0 None None] image_cache_stall_time = 86400 {{(pid=102227) log_opt_values /opt/stack/data/venv/lib/python3.12/site-packages/oslo_config/cfg.py:3242}}
Jun 17 15:49:57.034012 np0000003068 devstack@g-api.service[102227]: DEBUG glance.common.config [None req-6df8f412-6fe7-4442-819e-ad155fc359c0 None None] image_location_quota = 10 {{(pid=102227) log_opt_values /opt/stack/data/venv/lib/python3.12/site-packages/oslo_config/cfg.py:3242}}
Jun 17 15:49:57.034154 np0000003068 devstack@g-api.service[102227]: DEBUG glance.common.config [None req-6df8f412-6fe7-4442-819e-ad155fc359c0 None None] image_member_quota = 128 {{(pid=102227) log_opt_values /opt/stack/data/venv/lib/python3.12/site-packages/oslo_config/cfg.py:3242}}
Jun 17 15:49:57.034275 np0000003068 devstack@g-api.service[102227]: DEBUG glance.common.config [None req-6df8f412-6fe7-4442-819e-ad155fc359c0 None None] image_property_quota = 128 {{(pid=102227) log_opt_values /opt/stack/data/venv/lib/python3.12/site-packages/oslo_config/cfg.py:3242}}
Jun 17 15:49:57.034392 np0000003068 devstack@g-api.service[102227]: DEBUG glance.common.config [None req-6df8f412-6fe7-4442-819e-ad155fc359c0 None None] image_size_cap = 1099511627776 {{(pid=102227) log_opt_values /opt/stack/data/venv/lib/python3.12/site-packages/oslo_config/cfg.py:3242}}
Jun 17 15:49:57.034526 np0000003068 devstack@g-api.service[102227]: DEBUG glance.common.config [None req-6df8f412-6fe7-4442-819e-ad155fc359c0 None None] image_tag_quota = 128 {{(pid=102227) log_opt_values /opt/stack/data/venv/lib/python3.12/site-packages/oslo_config/cfg.py:3242}}
Jun 17 15:49:57.034643 np0000003068 devstack@g-api.service[102227]: DEBUG glance.common.config [None req-6df8f412-6fe7-4442-819e-ad155fc359c0 None None] instance_format = [instance: %(uuid)s] {{(pid=102227) log_opt_values /opt/stack/data/venv/lib/python3.12/site-packages/oslo_config/cfg.py:3242}}
Jun 17 15:49:57.034769 np0000003068 devstack@g-api.service[102227]: DEBUG glance.common.config [None req-6df8f412-6fe7-4442-819e-ad155fc359c0 None None] instance_uuid_format = [instance: %(uuid)s] {{(pid=102227) log_opt_values /opt/stack/data/venv/lib/python3.12/site-packages/oslo_config/cfg.py:3242}}
Jun 17 15:49:57.034885 np0000003068 devstack@g-api.service[102227]: DEBUG glance.common.config [None req-6df8f412-6fe7-4442-819e-ad155fc359c0 None None] limit_param_default = 25 {{(pid=102227) log_opt_values /opt/stack/data/venv/lib/python3.12/site-packages/oslo_config/cfg.py:3242}}
Jun 17 15:49:57.035013 np0000003068 devstack@g-api.service[102227]: DEBUG glance.common.config [None req-6df8f412-6fe7-4442-819e-ad155fc359c0 None None] log_color = False {{(pid=102227) log_opt_values /opt/stack/data/venv/lib/python3.12/site-packages/oslo_config/cfg.py:3242}}
Jun 17 15:49:57.035150 np0000003068 devstack@g-api.service[102225]: INFO glance.api.middleware.cache [None req-36cce6fe-9161-484f-a5d6-6f217ab13101 None None] Initialized image cache middleware
Jun 17 15:49:57.035206 np0000003068 devstack@g-api.service[102227]: DEBUG glance.common.config [None req-6df8f412-6fe7-4442-819e-ad155fc359c0 None None] log_config_append = None {{(pid=102227) log_opt_values /opt/stack/data/venv/lib/python3.12/site-packages/oslo_config/cfg.py:3242}}
Jun 17 15:49:57.035320 np0000003068 devstack@g-api.service[102227]: DEBUG glance.common.config [None req-6df8f412-6fe7-4442-819e-ad155fc359c0 None None] log_date_format = %Y-%m-%d %H:%M:%S {{(pid=102227) log_opt_values /opt/stack/data/venv/lib/python3.12/site-packages/oslo_config/cfg.py:3242}}
Jun 17 15:49:57.035408 np0000003068 devstack@g-api.service[102227]: DEBUG glance.common.config [None req-6df8f412-6fe7-4442-819e-ad155fc359c0 None None] log_dir = None {{(pid=102227) log_opt_values /opt/stack/data/venv/lib/python3.12/site-packages/oslo_config/cfg.py:3242}}
Jun 17 15:49:57.035529 np0000003068 devstack@g-api.service[102227]: DEBUG glance.common.config [None req-6df8f412-6fe7-4442-819e-ad155fc359c0 None None] log_file = None {{(pid=102227) log_opt_values /opt/stack/data/venv/lib/python3.12/site-packages/oslo_config/cfg.py:3242}}
Jun 17 15:49:57.035639 np0000003068 devstack@g-api.service[102227]: DEBUG glance.common.config [None req-6df8f412-6fe7-4442-819e-ad155fc359c0 None None] log_rotate_interval = 1 {{(pid=102227) log_opt_values /opt/stack/data/venv/lib/python3.12/site-packages/oslo_config/cfg.py:3242}}
Jun 17 15:49:57.035771 np0000003068 devstack@g-api.service[102227]: DEBUG glance.common.config [None req-6df8f412-6fe7-4442-819e-ad155fc359c0 None None] log_rotate_interval_type = days {{(pid=102227) log_opt_values /opt/stack/data/venv/lib/python3.12/site-packages/oslo_config/cfg.py:3242}}
Jun 17 15:49:57.035894 np0000003068 devstack@g-api.service[102227]: DEBUG glance.common.config [None req-6df8f412-6fe7-4442-819e-ad155fc359c0 None None] log_rotation_type = none {{(pid=102227) log_opt_values /opt/stack/data/venv/lib/python3.12/site-packages/oslo_config/cfg.py:3242}}
Jun 17 15:49:57.035994 np0000003068 devstack@g-api.service[102227]: DEBUG glance.common.config [None req-6df8f412-6fe7-4442-819e-ad155fc359c0 None None] logging_context_format_string = %(color)s%(levelname)s %(name)s [%(global_request_id)s %(request_id)s %(project_name)s %(user_name)s%(color)s] %(instance)s%(color)s%(message)s {{(pid=102227) log_opt_values /opt/stack/data/venv/lib/python3.12/site-packages/oslo_config/cfg.py:3242}}
Jun 17 15:49:57.036088 np0000003068 devstack@g-api.service[102227]: DEBUG glance.common.config [None req-6df8f412-6fe7-4442-819e-ad155fc359c0 None None] logging_debug_format_suffix = {{(pid=%(process)d) %(funcName)s %(pathname)s:%(lineno)d}} {{(pid=102227) log_opt_values /opt/stack/data/venv/lib/python3.12/site-packages/oslo_config/cfg.py:3242}}
Jun 17 15:49:57.036246 np0000003068 devstack@g-api.service[102227]: DEBUG glance.common.config [None req-6df8f412-6fe7-4442-819e-ad155fc359c0 None None] logging_default_format_string = %(color)s%(levelname)s %(name)s [-%(color)s] %(instance)s%(color)s%(message)s {{(pid=102227) log_opt_values /opt/stack/data/venv/lib/python3.12/site-packages/oslo_config/cfg.py:3242}}
Jun 17 15:49:57.036334 np0000003068 devstack@g-api.service[102227]: DEBUG glance.common.config [None req-6df8f412-6fe7-4442-819e-ad155fc359c0 None None] logging_exception_prefix = ERROR %(name)s %(instance)s {{(pid=102227) log_opt_values /opt/stack/data/venv/lib/python3.12/site-packages/oslo_config/cfg.py:3242}}
Jun 17 15:49:57.036435 np0000003068 devstack@g-api.service[102226]: DEBUG glance.image_cache.drivers.centralized_db [None req-6ddef57e-072b-46e9-822a-729fb3f7fd47 None None] Node reference is already recorded, ignoring it {{(pid=102226) configure /opt/stack/glance/glance/image_cache/drivers/centralized_db.py:71}}
Jun 17 15:49:57.036547 np0000003068 devstack@g-api.service[102227]: DEBUG glance.common.config [None req-6df8f412-6fe7-4442-819e-ad155fc359c0 None None] logging_user_identity_format = %(user)s %(project)s %(domain)s %(system_scope)s %(user_domain)s %(project_domain)s {{(pid=102227) log_opt_values /opt/stack/data/venv/lib/python3.12/site-packages/oslo_config/cfg.py:3242}}
Jun 17 15:49:57.036547 np0000003068 devstack@g-api.service[102227]: DEBUG glance.common.config [None req-6df8f412-6fe7-4442-819e-ad155fc359c0 None None] max_header_line = 16384 {{(pid=102227) log_opt_values /opt/stack/data/venv/lib/python3.12/site-packages/oslo_config/cfg.py:3242}}
Jun 17 15:49:57.036687 np0000003068 devstack@g-api.service[102227]: DEBUG glance.common.config [None req-6df8f412-6fe7-4442-819e-ad155fc359c0 None None] max_logfile_count = 30 {{(pid=102227) log_opt_values /opt/stack/data/venv/lib/python3.12/site-packages/oslo_config/cfg.py:3242}}
Jun 17 15:49:57.036805 np0000003068 devstack@g-api.service[102227]: DEBUG glance.common.config [None req-6df8f412-6fe7-4442-819e-ad155fc359c0 None None] max_logfile_size_mb = 200 {{(pid=102227) log_opt_values /opt/stack/data/venv/lib/python3.12/site-packages/oslo_config/cfg.py:3242}}
Jun 17 15:49:57.036922 np0000003068 devstack@g-api.service[102227]: DEBUG glance.common.config [None req-6df8f412-6fe7-4442-819e-ad155fc359c0 None None] max_request_id_length = 64 {{(pid=102227) log_opt_values /opt/stack/data/venv/lib/python3.12/site-packages/oslo_config/cfg.py:3242}}
Jun 17 15:49:57.037081 np0000003068 devstack@g-api.service[102227]: DEBUG glance.common.config [None req-6df8f412-6fe7-4442-819e-ad155fc359c0 None None] metadata_encryption_key = **** {{(pid=102227) log_opt_values /opt/stack/data/venv/lib/python3.12/site-packages/oslo_config/cfg.py:3242}}
Jun 17 15:49:57.037211 np0000003068 devstack@g-api.service[102227]: DEBUG glance.common.config [None req-6df8f412-6fe7-4442-819e-ad155fc359c0 None None] node_staging_uri = file:///tmp/staging/ {{(pid=102227) log_opt_values /opt/stack/data/venv/lib/python3.12/site-packages/oslo_config/cfg.py:3242}}
Jun 17 15:49:57.037329 np0000003068 devstack@g-api.service[102227]: DEBUG glance.common.config [None req-6df8f412-6fe7-4442-819e-ad155fc359c0 None None] property_protection_file = None {{(pid=102227) log_opt_values /opt/stack/data/venv/lib/python3.12/site-packages/oslo_config/cfg.py:3242}}
Jun 17 15:49:57.037455 np0000003068 devstack@g-api.service[102227]: DEBUG glance.common.config [None req-6df8f412-6fe7-4442-819e-ad155fc359c0 None None] property_protection_rule_format = roles {{(pid=102227) log_opt_values /opt/stack/data/venv/lib/python3.12/site-packages/oslo_config/cfg.py:3242}}
Jun 17 15:49:57.037589 np0000003068 devstack@g-api.service[102227]: DEBUG glance.common.config [None req-6df8f412-6fe7-4442-819e-ad155fc359c0 None None] public_endpoint = https://10.4.3.172/image {{(pid=102227) log_opt_values /opt/stack/data/venv/lib/python3.12/site-packages/oslo_config/cfg.py:3242}}
Jun 17 15:49:57.037709 np0000003068 devstack@g-api.service[102227]: DEBUG glance.common.config [None req-6df8f412-6fe7-4442-819e-ad155fc359c0 None None] publish_errors = False {{(pid=102227) log_opt_values /opt/stack/data/venv/lib/python3.12/site-packages/oslo_config/cfg.py:3242}}
Jun 17 15:49:57.037833 np0000003068 devstack@g-api.service[102227]: DEBUG glance.common.config [None req-6df8f412-6fe7-4442-819e-ad155fc359c0 None None] pydev_worker_debug_host = None {{(pid=102227) log_opt_values /opt/stack/data/venv/lib/python3.12/site-packages/oslo_config/cfg.py:3242}}
Jun 17 15:49:57.037951 np0000003068 devstack@g-api.service[102227]: DEBUG glance.common.config [None req-6df8f412-6fe7-4442-819e-ad155fc359c0 None None] pydev_worker_debug_port = 5678 {{(pid=102227) log_opt_values /opt/stack/data/venv/lib/python3.12/site-packages/oslo_config/cfg.py:3242}}
Jun 17 15:49:57.038084 np0000003068 devstack@g-api.service[102227]: DEBUG glance.common.config [None req-6df8f412-6fe7-4442-819e-ad155fc359c0 None None] rate_limit_burst = 0 {{(pid=102227) log_opt_values /opt/stack/data/venv/lib/python3.12/site-packages/oslo_config/cfg.py:3242}}
Jun 17 15:49:57.038210 np0000003068 devstack@g-api.service[102227]: DEBUG glance.common.config [None req-6df8f412-6fe7-4442-819e-ad155fc359c0 None None] rate_limit_except_level = CRITICAL {{(pid=102227) log_opt_values /opt/stack/data/venv/lib/python3.12/site-packages/oslo_config/cfg.py:3242}}
Jun 17 15:49:57.038323 np0000003068 devstack@g-api.service[102227]: DEBUG glance.common.config [None req-6df8f412-6fe7-4442-819e-ad155fc359c0 None None] rate_limit_interval = 0 {{(pid=102227) log_opt_values /opt/stack/data/venv/lib/python3.12/site-packages/oslo_config/cfg.py:3242}}
Jun 17 15:49:57.038436 np0000003068 devstack@g-api.service[102227]: DEBUG glance.common.config [None req-6df8f412-6fe7-4442-819e-ad155fc359c0 None None] scrub_pool_size = 1 {{(pid=102227) log_opt_values /opt/stack/data/venv/lib/python3.12/site-packages/oslo_config/cfg.py:3242}}
Jun 17 15:49:57.038562 np0000003068 devstack@g-api.service[102227]: DEBUG glance.common.config [None req-6df8f412-6fe7-4442-819e-ad155fc359c0 None None] scrub_time = 0 {{(pid=102227) log_opt_values /opt/stack/data/venv/lib/python3.12/site-packages/oslo_config/cfg.py:3242}}
Jun 17 15:49:57.038673 np0000003068 devstack@g-api.service[102227]: DEBUG glance.common.config [None req-6df8f412-6fe7-4442-819e-ad155fc359c0 None None] shell_completion = None {{(pid=102227) log_opt_values /opt/stack/data/venv/lib/python3.12/site-packages/oslo_config/cfg.py:3242}}
Jun 17 15:49:57.038804 np0000003068 devstack@g-api.service[102227]: DEBUG glance.common.config [None req-6df8f412-6fe7-4442-819e-ad155fc359c0 None None] show_image_direct_url = False {{(pid=102227) log_opt_values /opt/stack/data/venv/lib/python3.12/site-packages/oslo_config/cfg.py:3242}}
Jun 17 15:49:57.039334 np0000003068 devstack@g-api.service[102227]: WARNING oslo_config.cfg [None req-6df8f412-6fe7-4442-819e-ad155fc359c0 None None] Deprecated: Option "show_multiple_locations" from group "DEFAULT" is deprecated for removal (Use of this option, deprecated since Newton, is a security risk and will be removed once we figure out a way to satisfy those use cases that currently require it. An earlier announcement that the same functionality can be achieved with greater granularity by using policies is incorrect. You cannot work around this option via policy configuration at the present time, though that is the direction we believe the fix will take. Please keep an eye on the Glance release notes to stay up to date on progress in addressing this issue.). Its value may be silently ignored in the future.
Jun 17 15:49:57.039460 np0000003068 devstack@g-api.service[102227]: DEBUG glance.common.config [None req-6df8f412-6fe7-4442-819e-ad155fc359c0 None None] show_multiple_locations = False {{(pid=102227) log_opt_values /opt/stack/data/venv/lib/python3.12/site-packages/oslo_config/cfg.py:3242}}
Jun 17 15:49:57.039647 np0000003068 devstack@g-api.service[102227]: DEBUG glance.common.config [None req-6df8f412-6fe7-4442-819e-ad155fc359c0 None None] syslog_log_facility = LOG_USER {{(pid=102227) log_opt_values /opt/stack/data/venv/lib/python3.12/site-packages/oslo_config/cfg.py:3242}}
Jun 17 15:49:57.039747 np0000003068 devstack@g-api.service[102227]: DEBUG glance.common.config [None req-6df8f412-6fe7-4442-819e-ad155fc359c0 None None] tcp_keepidle = 600 {{(pid=102227) log_opt_values /opt/stack/data/venv/lib/python3.12/site-packages/oslo_config/cfg.py:3242}}
Jun 17 15:49:57.039831 np0000003068 devstack@g-api.service[102227]: DEBUG glance.common.config [None req-6df8f412-6fe7-4442-819e-ad155fc359c0 None None] transport_url = **** {{(pid=102227) log_opt_values /opt/stack/data/venv/lib/python3.12/site-packages/oslo_config/cfg.py:3242}}
Jun 17 15:49:57.039969 np0000003068 devstack@g-api.service[102227]: DEBUG glance.common.config [None req-6df8f412-6fe7-4442-819e-ad155fc359c0 None None] use_journal = False {{(pid=102227) log_opt_values /opt/stack/data/venv/lib/python3.12/site-packages/oslo_config/cfg.py:3242}}
Jun 17 15:49:57.040103 np0000003068 devstack@g-api.service[102227]: DEBUG glance.common.config [None req-6df8f412-6fe7-4442-819e-ad155fc359c0 None None] use_json = False {{(pid=102227) log_opt_values /opt/stack/data/venv/lib/python3.12/site-packages/oslo_config/cfg.py:3242}}
Jun 17 15:49:57.040223 np0000003068 devstack@g-api.service[102227]: DEBUG glance.common.config [None req-6df8f412-6fe7-4442-819e-ad155fc359c0 None None] use_keystone_limits = True {{(pid=102227) log_opt_values /opt/stack/data/venv/lib/python3.12/site-packages/oslo_config/cfg.py:3242}}
Jun 17 15:49:57.040351 np0000003068 devstack@g-api.service[102227]: DEBUG glance.common.config [None req-6df8f412-6fe7-4442-819e-ad155fc359c0 None None] use_stderr = False {{(pid=102227) log_opt_values /opt/stack/data/venv/lib/python3.12/site-packages/oslo_config/cfg.py:3242}}
Jun 17 15:49:57.040462 np0000003068 devstack@g-api.service[102227]: DEBUG glance.common.config [None req-6df8f412-6fe7-4442-819e-ad155fc359c0 None None] use_syslog = False {{(pid=102227) log_opt_values /opt/stack/data/venv/lib/python3.12/site-packages/oslo_config/cfg.py:3242}}
Jun 17 15:49:57.040592 np0000003068 devstack@g-api.service[102227]: DEBUG glance.common.config [None req-6df8f412-6fe7-4442-819e-ad155fc359c0 None None] user_storage_quota = 0 {{(pid=102227) log_opt_values /opt/stack/data/venv/lib/python3.12/site-packages/oslo_config/cfg.py:3242}}
Jun 17 15:49:57.040640 np0000003068 devstack@g-api.service[102226]: INFO glance.api.middleware.cache [None req-6ddef57e-072b-46e9-822a-729fb3f7fd47 None None] Initialized image cache middleware
Jun 17 15:49:57.040741 np0000003068 devstack@g-api.service[102227]: DEBUG glance.common.config [None req-6df8f412-6fe7-4442-819e-ad155fc359c0 None None] worker_self_reference_url = http://127.0.0.1:60999 {{(pid=102227) log_opt_values /opt/stack/data/venv/lib/python3.12/site-packages/oslo_config/cfg.py:3242}}
Jun 17 15:49:57.040846 np0000003068 devstack@g-api.service[102227]: DEBUG glance.common.config [None req-6df8f412-6fe7-4442-819e-ad155fc359c0 None None] workers = None {{(pid=102227) log_opt_values /opt/stack/data/venv/lib/python3.12/site-packages/oslo_config/cfg.py:3242}}
Jun 17 15:49:57.041043 np0000003068 devstack@g-api.service[102227]: DEBUG glance.common.config [None req-6df8f412-6fe7-4442-819e-ad155fc359c0 None None] oslo_concurrency.disable_process_locking = False {{(pid=102227) log_opt_values /opt/stack/data/venv/lib/python3.12/site-packages/oslo_config/cfg.py:3253}}
Jun 17 15:49:57.041185 np0000003068 devstack@g-api.service[102227]: DEBUG glance.common.config [None req-6df8f412-6fe7-4442-819e-ad155fc359c0 None None] oslo_concurrency.lock_path = /opt/stack/data/glance/locks {{(pid=102227) log_opt_values /opt/stack/data/venv/lib/python3.12/site-packages/oslo_config/cfg.py:3253}}
Jun 17 15:49:57.041330 np0000003068 devstack@g-api.service[102227]: DEBUG glance.common.config [None req-6df8f412-6fe7-4442-819e-ad155fc359c0 None None] oslo_middleware.enable_proxy_headers_parsing = False {{(pid=102227) log_opt_values /opt/stack/data/venv/lib/python3.12/site-packages/oslo_config/cfg.py:3253}}
Jun 17 15:49:57.041485 np0000003068 devstack@g-api.service[102227]: DEBUG glance.common.config [None req-6df8f412-6fe7-4442-819e-ad155fc359c0 None None] oslo_middleware.http_basic_auth_user_file = /etc/htpasswd {{(pid=102227) log_opt_values /opt/stack/data/venv/lib/python3.12/site-packages/oslo_config/cfg.py:3253}}
Jun 17 15:49:57.041615 np0000003068 devstack@g-api.service[102227]: DEBUG glance.common.config [None req-6df8f412-6fe7-4442-819e-ad155fc359c0 None None] paste_deploy.config_file = None {{(pid=102227) log_opt_values /opt/stack/data/venv/lib/python3.12/site-packages/oslo_config/cfg.py:3253}}
Jun 17 15:49:57.041748 np0000003068 devstack@g-api.service[102227]: DEBUG glance.common.config [None req-6df8f412-6fe7-4442-819e-ad155fc359c0 None None] paste_deploy.flavor = keystone+cachemanagement {{(pid=102227) log_opt_values /opt/stack/data/venv/lib/python3.12/site-packages/oslo_config/cfg.py:3253}}
Jun 17 15:49:57.041932 np0000003068 devstack@g-api.service[102227]: DEBUG glance.common.config [None req-6df8f412-6fe7-4442-819e-ad155fc359c0 None None] image_format.container_formats = ['ami', 'ari', 'aki', 'bare', 'ovf', 'ova', 'docker', 'compressed'] {{(pid=102227) log_opt_values /opt/stack/data/venv/lib/python3.12/site-packages/oslo_config/cfg.py:3253}}
Jun 17 15:49:57.042178 np0000003068 devstack@g-api.service[102227]: DEBUG glance.common.config [None req-6df8f412-6fe7-4442-819e-ad155fc359c0 None None] image_format.disk_formats = ['ami', 'ari', 'aki', 'vhd', 'vhdx', 'vmdk', 'raw', 'qcow2', 'vdi', 'iso', 'ploop'] {{(pid=102227) log_opt_values /opt/stack/data/venv/lib/python3.12/site-packages/oslo_config/cfg.py:3253}}
Jun 17 15:49:57.042300 np0000003068 devstack@g-api.service[102227]: DEBUG glance.common.config [None req-6df8f412-6fe7-4442-819e-ad155fc359c0 None None] image_format.gpt_safety_checks_nonfatal = [] {{(pid=102227) log_opt_values /opt/stack/data/venv/lib/python3.12/site-packages/oslo_config/cfg.py:3253}}
Jun 17 15:49:57.042421 np0000003068 devstack@g-api.service[102227]: DEBUG glance.common.config [None req-6df8f412-6fe7-4442-819e-ad155fc359c0 None None] image_format.require_image_format_match = True {{(pid=102227) log_opt_values /opt/stack/data/venv/lib/python3.12/site-packages/oslo_config/cfg.py:3253}}
Jun 17 15:49:57.042659 np0000003068 devstack@g-api.service[102227]: DEBUG glance.common.config [None req-6df8f412-6fe7-4442-819e-ad155fc359c0 None None] image_format.vmdk_allowed_types = ['streamOptimized', 'monolithicSparse'] {{(pid=102227) log_opt_values /opt/stack/data/venv/lib/python3.12/site-packages/oslo_config/cfg.py:3253}}
Jun 17 15:49:57.042763 np0000003068 devstack@g-api.service[102227]: DEBUG glance.common.config [None req-6df8f412-6fe7-4442-819e-ad155fc359c0 None None] task.task_executor = taskflow {{(pid=102227) log_opt_values /opt/stack/data/venv/lib/python3.12/site-packages/oslo_config/cfg.py:3253}}
