Jun 17 15:49:29.926707 np0000003068 nova-scheduler[95866]: DEBUG cotyledon.oslo_config_glue [-] oslo_limit.cafile = None {{(pid=95866) log_opt_values /opt/stack/data/venv/lib/python3.12/site-packages/oslo_config/cfg.py:3253}}
Jun 17 15:49:29.926999 np0000003068 nova-scheduler[95866]: DEBUG cotyledon.oslo_config_glue [-] oslo_limit.certfile = None {{(pid=95866) log_opt_values /opt/stack/data/venv/lib/python3.12/site-packages/oslo_config/cfg.py:3253}}
Jun 17 15:49:29.926999 np0000003068 nova-scheduler[95866]: DEBUG cotyledon.oslo_config_glue [-] oslo_limit.collect_timing = False {{(pid=95866) log_opt_values /opt/stack/data/venv/lib/python3.12/site-packages/oslo_config/cfg.py:3253}}
Jun 17 15:49:29.926999 np0000003068 nova-scheduler[95866]: DEBUG cotyledon.oslo_config_glue [-] oslo_limit.connect_retries = None {{(pid=95866) log_opt_values /opt/stack/data/venv/lib/python3.12/site-packages/oslo_config/cfg.py:3253}}
Jun 17 15:49:29.926999 np0000003068 nova-scheduler[95866]: DEBUG cotyledon.oslo_config_glue [-] oslo_limit.connect_retry_delay = None {{(pid=95866) log_opt_values /opt/stack/data/venv/lib/python3.12/site-packages/oslo_config/cfg.py:3253}}
Jun 17 15:49:29.926999 np0000003068 nova-scheduler[95866]: DEBUG cotyledon.oslo_config_glue [-] oslo_limit.endpoint_id = None {{(pid=95866) log_opt_values /opt/stack/data/venv/lib/python3.12/site-packages/oslo_config/cfg.py:3253}}
Jun 17 15:49:29.926999 np0000003068 nova-scheduler[95866]: DEBUG cotyledon.oslo_config_glue [-] oslo_limit.endpoint_interface = public {{(pid=95866) log_opt_values /opt/stack/data/venv/lib/python3.12/site-packages/oslo_config/cfg.py:3253}}
Jun 17 15:49:29.926999 np0000003068 nova-scheduler[95866]: DEBUG cotyledon.oslo_config_glue [-] oslo_limit.endpoint_override = None {{(pid=95866) log_opt_values /opt/stack/data/venv/lib/python3.12/site-packages/oslo_config/cfg.py:3253}}
Jun 17 15:49:29.926999 np0000003068 nova-scheduler[95866]: DEBUG cotyledon.oslo_config_glue [-] oslo_limit.endpoint_region_name = None {{(pid=95866) log_opt_values /opt/stack/data/venv/lib/python3.12/site-packages/oslo_config/cfg.py:3253}}
Jun 17 15:49:29.926999 np0000003068 nova-scheduler[95866]: DEBUG cotyledon.oslo_config_glue [-] oslo_limit.endpoint_service_name = None {{(pid=95866) log_opt_values /opt/stack/data/venv/lib/python3.12/site-packages/oslo_config/cfg.py:3253}}
Jun 17 15:49:29.927279 np0000003068 nova-scheduler[95866]: DEBUG cotyledon.oslo_config_glue [-] oslo_limit.endpoint_service_type = None {{(pid=95866) log_opt_values /opt/stack/data/venv/lib/python3.12/site-packages/oslo_config/cfg.py:3253}}
Jun 17 15:49:29.927279 np0000003068 nova-scheduler[95866]: DEBUG cotyledon.oslo_config_glue [-] oslo_limit.insecure = False {{(pid=95866) log_opt_values /opt/stack/data/venv/lib/python3.12/site-packages/oslo_config/cfg.py:3253}}
Jun 17 15:49:29.927279 np0000003068 nova-scheduler[95866]: DEBUG cotyledon.oslo_config_glue [-] oslo_limit.keyfile = None {{(pid=95866) log_opt_values /opt/stack/data/venv/lib/python3.12/site-packages/oslo_config/cfg.py:3253}}
Jun 17 15:49:29.927279 np0000003068 nova-scheduler[95866]: DEBUG cotyledon.oslo_config_glue [-] oslo_limit.max_version = None {{(pid=95866) log_opt_values /opt/stack/data/venv/lib/python3.12/site-packages/oslo_config/cfg.py:3253}}
Jun 17 15:49:29.927279 np0000003068 nova-scheduler[95866]: DEBUG cotyledon.oslo_config_glue [-] oslo_limit.min_version = None {{(pid=95866) log_opt_values /opt/stack/data/venv/lib/python3.12/site-packages/oslo_config/cfg.py:3253}}
Jun 17 15:49:29.927279 np0000003068 nova-scheduler[95866]: DEBUG cotyledon.oslo_config_glue [-] oslo_limit.region_name = None {{(pid=95866) log_opt_values /opt/stack/data/venv/lib/python3.12/site-packages/oslo_config/cfg.py:3253}}
Jun 17 15:49:29.927279 np0000003068 nova-scheduler[95866]: DEBUG cotyledon.oslo_config_glue [-] oslo_limit.retriable_status_codes = None {{(pid=95866) log_opt_values /opt/stack/data/venv/lib/python3.12/site-packages/oslo_config/cfg.py:3253}}
Jun 17 15:49:29.927279 np0000003068 nova-scheduler[95866]: DEBUG cotyledon.oslo_config_glue [-] oslo_limit.service_name = None {{(pid=95866) log_opt_values /opt/stack/data/venv/lib/python3.12/site-packages/oslo_config/cfg.py:3253}}
Jun 17 15:49:29.927279 np0000003068 nova-scheduler[95866]: DEBUG cotyledon.oslo_config_glue [-] oslo_limit.service_type = None {{(pid=95866) log_opt_values /opt/stack/data/venv/lib/python3.12/site-packages/oslo_config/cfg.py:3253}}
Jun 17 15:49:29.927524 np0000003068 nova-scheduler[95866]: DEBUG cotyledon.oslo_config_glue [-] oslo_limit.split_loggers = False {{(pid=95866) log_opt_values /opt/stack/data/venv/lib/python3.12/site-packages/oslo_config/cfg.py:3253}}
Jun 17 15:49:29.927524 np0000003068 nova-scheduler[95866]: DEBUG cotyledon.oslo_config_glue [-] oslo_limit.status_code_retries = None {{(pid=95866) log_opt_values /opt/stack/data/venv/lib/python3.12/site-packages/oslo_config/cfg.py:3253}}
Jun 17 15:49:29.927524 np0000003068 nova-scheduler[95866]: DEBUG cotyledon.oslo_config_glue [-] oslo_limit.status_code_retry_delay = None {{(pid=95866) log_opt_values /opt/stack/data/venv/lib/python3.12/site-packages/oslo_config/cfg.py:3253}}
Jun 17 15:49:29.927524 np0000003068 nova-scheduler[95866]: DEBUG cotyledon.oslo_config_glue [-] oslo_limit.timeout = None {{(pid=95866) log_opt_values /opt/stack/data/venv/lib/python3.12/site-packages/oslo_config/cfg.py:3253}}
Jun 17 15:49:29.927524 np0000003068 nova-scheduler[95866]: DEBUG cotyledon.oslo_config_glue [-] oslo_limit.valid_interfaces = None {{(pid=95866) log_opt_values /opt/stack/data/venv/lib/python3.12/site-packages/oslo_config/cfg.py:3253}}
Jun 17 15:49:29.927524 np0000003068 nova-scheduler[95866]: DEBUG cotyledon.oslo_config_glue [-] oslo_limit.version = None {{(pid=95866) log_opt_values /opt/stack/data/venv/lib/python3.12/site-packages/oslo_config/cfg.py:3253}}
Jun 17 15:49:29.927524 np0000003068 nova-scheduler[95866]: DEBUG cotyledon.oslo_config_glue [-] oslo_reports.file_event_handler = None {{(pid=95866) log_opt_values /opt/stack/data/venv/lib/python3.12/site-packages/oslo_config/cfg.py:3253}}
Jun 17 15:49:29.927524 np0000003068 nova-scheduler[95866]: DEBUG cotyledon.oslo_config_glue [-] oslo_reports.file_event_handler_interval = 1 {{(pid=95866) log_opt_values /opt/stack/data/venv/lib/python3.12/site-packages/oslo_config/cfg.py:3253}}
Jun 17 15:49:29.927524 np0000003068 nova-scheduler[95866]: DEBUG cotyledon.oslo_config_glue [-] oslo_reports.log_dir = None {{(pid=95866) log_opt_values /opt/stack/data/venv/lib/python3.12/site-packages/oslo_config/cfg.py:3253}}
Jun 17 15:49:29.927768 np0000003068 nova-scheduler[95866]: DEBUG cotyledon.oslo_config_glue [-] ******************************************************************************** {{(pid=95866) log_opt_values /opt/stack/data/venv/lib/python3.12/site-packages/oslo_config/cfg.py:3260}}
Jun 17 15:49:29.927768 np0000003068 nova-scheduler[95866]: DEBUG cotyledon._service_worker [-] Run service ServiceWrapper(2) [95866] {{(pid=95866) wait_forever /opt/stack/data/venv/lib/python3.12/site-packages/cotyledon/_service_worker.py:218}}
Jun 17 15:49:29.927768 np0000003068 nova-scheduler[95866]: INFO nova.service [-] Starting scheduler node (version 33.1.0)
Jun 17 15:49:29.927768 np0000003068 nova-scheduler[95866]: INFO dbcounter [None req-cbbf36f3-3411-459c-b9f9-c0b4476f0c5a None None] Registered counter for database nova_cell0
Jun 17 15:49:29.931701 np0000003068 nova-scheduler[95862]: DEBUG oslo_db.sqlalchemy.engines [None req-cd2ad055-4a22-42ea-a3dd-acad8c1e808d None None] MySQL server mode set to STRICT_TRANS_TABLES,STRICT_ALL_TABLES,NO_ZERO_IN_DATE,NO_ZERO_DATE,ERROR_FOR_DIVISION_BY_ZERO,TRADITIONAL,NO_ENGINE_SUBSTITUTION {{(pid=95862) _check_effective_sql_mode /opt/stack/data/venv/lib/python3.12/site-packages/oslo_db/sqlalchemy/engines.py:325}}
Jun 17 15:49:29.935662 np0000003068 nova-scheduler[95864]: DEBUG oslo_db.sqlalchemy.engines [None req-e9205ac5-c543-467f-b921-8b8faf91bdd3 None None] MySQL server mode set to STRICT_TRANS_TABLES,STRICT_ALL_TABLES,NO_ZERO_IN_DATE,NO_ZERO_DATE,ERROR_FOR_DIVISION_BY_ZERO,TRADITIONAL,NO_ENGINE_SUBSTITUTION {{(pid=95864) _check_effective_sql_mode /opt/stack/data/venv/lib/python3.12/site-packages/oslo_db/sqlalchemy/engines.py:325}}
Jun 17 15:49:29.942398 np0000003068 nova-scheduler[95862]: DEBUG dbcounter [-] [95862] Writer thread running {{(pid=95862) stat_writer /opt/stack/data/venv/lib/python3.12/site-packages/dbcounter.py:102}}
Jun 17 15:49:29.946163 np0000003068 nova-scheduler[95864]: DEBUG dbcounter [-] [95864] Writer thread running {{(pid=95864) stat_writer /opt/stack/data/venv/lib/python3.12/site-packages/dbcounter.py:102}}
Jun 17 15:49:29.962370 np0000003068 nova-scheduler[95866]: DEBUG oslo_db.sqlalchemy.engines [None req-cbbf36f3-3411-459c-b9f9-c0b4476f0c5a None None] MySQL server mode set to STRICT_TRANS_TABLES,STRICT_ALL_TABLES,NO_ZERO_IN_DATE,NO_ZERO_DATE,ERROR_FOR_DIVISION_BY_ZERO,TRADITIONAL,NO_ENGINE_SUBSTITUTION {{(pid=95866) _check_effective_sql_mode /opt/stack/data/venv/lib/python3.12/site-packages/oslo_db/sqlalchemy/engines.py:325}}
Jun 17 15:49:29.963217 np0000003068 nova-scheduler[95862]: DEBUG nova.service [None req-cd2ad055-4a22-42ea-a3dd-acad8c1e808d None None] Creating RPC server for service: nova-scheduler on topic: scheduler {{(pid=95862) start /opt/stack/nova/nova/service.py:196}}
Jun 17 15:49:29.972005 np0000003068 nova-scheduler[95864]: DEBUG nova.service [None req-e9205ac5-c543-467f-b921-8b8faf91bdd3 None None] Creating RPC server for service: nova-scheduler on topic: scheduler {{(pid=95864) start /opt/stack/nova/nova/service.py:196}}
Jun 17 15:49:29.975883 np0000003068 nova-scheduler[95866]: DEBUG dbcounter [-] [95866] Writer thread running {{(pid=95866) stat_writer /opt/stack/data/venv/lib/python3.12/site-packages/dbcounter.py:102}}
Jun 17 15:49:29.980318 np0000003068 nova-scheduler[95866]: DEBUG nova.service [None req-cbbf36f3-3411-459c-b9f9-c0b4476f0c5a None None] Creating RPC server for service: nova-scheduler on topic: scheduler {{(pid=95866) start /opt/stack/nova/nova/service.py:196}}
Jun 17 15:49:29.992039 np0000003068 nova-scheduler[95862]: DEBUG nova.service [None req-cd2ad055-4a22-42ea-a3dd-acad8c1e808d None None] Join ServiceGroup membership for this service scheduler {{(pid=95862) start /opt/stack/nova/nova/service.py:222}}
Jun 17 15:49:29.992177 np0000003068 nova-scheduler[95864]: DEBUG nova.service [None req-e9205ac5-c543-467f-b921-8b8faf91bdd3 None None] Join ServiceGroup membership for this service scheduler {{(pid=95864) start /opt/stack/nova/nova/service.py:222}}
Jun 17 15:49:29.992386 np0000003068 nova-scheduler[95864]: DEBUG nova.servicegroup.drivers.db [None req-e9205ac5-c543-467f-b921-8b8faf91bdd3 None None] DB_Driver: join new ServiceGroup member np0000003068 to the scheduler group, service = {{(pid=95864) join /opt/stack/nova/nova/servicegroup/drivers/db.py:44}}
Jun 17 15:49:29.992472 np0000003068 nova-scheduler[95862]: DEBUG nova.servicegroup.drivers.db [None req-cd2ad055-4a22-42ea-a3dd-acad8c1e808d None None] DB_Driver: join new ServiceGroup member np0000003068 to the scheduler group, service = {{(pid=95862) join /opt/stack/nova/nova/servicegroup/drivers/db.py:44}}
Jun 17 15:49:30.007638 np0000003068 nova-scheduler[95866]: DEBUG nova.service [None req-cbbf36f3-3411-459c-b9f9-c0b4476f0c5a None None] Join ServiceGroup membership for this service scheduler {{(pid=95866) start /opt/stack/nova/nova/service.py:222}}
Jun 17 15:49:30.008039 np0000003068 nova-scheduler[95866]: DEBUG nova.servicegroup.drivers.db [None req-cbbf36f3-3411-459c-b9f9-c0b4476f0c5a None None] DB_Driver: join new ServiceGroup member np0000003068 to the scheduler group, service = {{(pid=95866) join /opt/stack/nova/nova/servicegroup/drivers/db.py:44}}
Jun 17 15:49:33.994746 np0000003068 nova-scheduler[95864]: DEBUG oslo.service.backend._threading.loopingcall [None req-1467f498-6446-4ea7-9881-7f8c8afe2d93 None None] Dynamic interval looping call 'nova.service.Service.periodic_tasks' sleeping for 60.00 seconds {{(pid=95864) _run_loop /opt/stack/data/venv/lib/python3.12/site-packages/oslo_service/backend/_threading/loopingcall.py:125}}
Jun 17 15:49:35.011537 np0000003068 nova-scheduler[95862]: DEBUG oslo.service.backend._threading.loopingcall [-] Fixed interval looping call 'nova.servicegroup.drivers.db.DbDriver._report_state' sleeping for 119.98 seconds {{(pid=95862) _run_loop /opt/stack/data/venv/lib/python3.12/site-packages/oslo_service/backend/_threading/loopingcall.py:125}}
Jun 17 15:49:35.011945 np0000003068 nova-scheduler[95864]: DEBUG oslo.service.backend._threading.loopingcall [-] Fixed interval looping call 'nova.servicegroup.drivers.db.DbDriver._report_state' sleeping for 119.98 seconds {{(pid=95864) _run_loop /opt/stack/data/venv/lib/python3.12/site-packages/oslo_service/backend/_threading/loopingcall.py:125}}
Jun 17 15:49:35.021851 np0000003068 nova-scheduler[95866]: DEBUG oslo.service.backend._threading.loopingcall [-] Fixed interval looping call 'nova.servicegroup.drivers.db.DbDriver._report_state' sleeping for 119.99 seconds {{(pid=95866) _run_loop /opt/stack/data/venv/lib/python3.12/site-packages/oslo_service/backend/_threading/loopingcall.py:125}}
Jun 17 15:49:38.475009 np0000003068 nova-scheduler[94669]: DEBUG dbcounter [-] [94669] Writing DB stats nova_api:SELECT=3 {{(pid=94669) stat_writer /opt/stack/data/venv/lib/python3.12/site-packages/dbcounter.py:115}}
Jun 17 15:49:38.623787 np0000003068 nova-scheduler[94669]: DEBUG dbcounter [-] [94669] Writing DB stats nova_cell0:SELECT=1 {{(pid=94669) stat_writer /opt/stack/data/venv/lib/python3.12/site-packages/dbcounter.py:115}}
Jun 17 15:49:38.625839 np0000003068 nova-scheduler[94669]: DEBUG dbcounter [-] [94669] Writing DB stats nova_cell1:SELECT=1 {{(pid=94669) stat_writer /opt/stack/data/venv/lib/python3.12/site-packages/dbcounter.py:115}}
Jun 17 15:49:45.003567 np0000003068 nova-scheduler[95862]: DEBUG dbcounter [-] [95862] Writing DB stats nova_cell0:SELECT=4,nova_cell0:INSERT=1,nova_cell0:UPDATE=1 {{(pid=95862) stat_writer /opt/stack/data/venv/lib/python3.12/site-packages/dbcounter.py:115}}
Jun 17 15:49:45.006743 np0000003068 nova-scheduler[95864]: DEBUG dbcounter [-] [95864] Writing DB stats nova_cell0:SELECT=5,nova_cell0:INSERT=1,nova_cell0:UPDATE=1 {{(pid=95864) stat_writer /opt/stack/data/venv/lib/python3.12/site-packages/dbcounter.py:115}}
Jun 17 15:49:45.018494 np0000003068 nova-scheduler[95866]: DEBUG dbcounter [-] [95866] Writing DB stats nova_cell0:SELECT=3 {{(pid=95866) stat_writer /opt/stack/data/venv/lib/python3.12/site-packages/dbcounter.py:115}}
Jun 17 15:50:22.995594 np0000003068 nova-scheduler[95862]: DEBUG oslo.service.backend._threading.loopingcall [None req-56de90ea-6758-4f69-846b-6ffa32c32041 None None] Dynamic interval looping call 'nova.service.Service.periodic_tasks' sleeping for 60.00 seconds {{(pid=95862) _run_loop /opt/stack/data/venv/lib/python3.12/site-packages/oslo_service/backend/_threading/loopingcall.py:125}}
Jun 17 15:50:28.010617 np0000003068 nova-scheduler[95866]: DEBUG oslo.service.backend._threading.loopingcall [None req-122c7fe4-c3f7-4142-8bbf-7c6e0fb1387b None None] Dynamic interval looping call 'nova.service.Service.periodic_tasks' sleeping for 60.00 seconds {{(pid=95866) _run_loop /opt/stack/data/venv/lib/python3.12/site-packages/oslo_service/backend/_threading/loopingcall.py:125}}
Jun 17 15:50:33.995472 np0000003068 nova-scheduler[95864]: DEBUG oslo.service.backend._threading.loopingcall [None req-1467f498-6446-4ea7-9881-7f8c8afe2d93 None None] Dynamic interval looping call 'nova.service.Service.periodic_tasks' sleeping for 60.00 seconds {{(pid=95864) _run_loop /opt/stack/data/venv/lib/python3.12/site-packages/oslo_service/backend/_threading/loopingcall.py:125}}
Jun 17 15:51:22.996060 np0000003068 nova-scheduler[95862]: DEBUG oslo.service.backend._threading.loopingcall [None req-56de90ea-6758-4f69-846b-6ffa32c32041 None None] Dynamic interval looping call 'nova.service.Service.periodic_tasks' sleeping for 60.00 seconds {{(pid=95862) _run_loop /opt/stack/data/venv/lib/python3.12/site-packages/oslo_service/backend/_threading/loopingcall.py:125}}
Jun 17 15:51:28.011107 np0000003068 nova-scheduler[95866]: DEBUG oslo.service.backend._threading.loopingcall [None req-122c7fe4-c3f7-4142-8bbf-7c6e0fb1387b None None] Dynamic interval looping call 'nova.service.Service.periodic_tasks' sleeping for 60.00 seconds {{(pid=95866) _run_loop /opt/stack/data/venv/lib/python3.12/site-packages/oslo_service/backend/_threading/loopingcall.py:125}}
Jun 17 15:51:33.996564 np0000003068 nova-scheduler[95864]: DEBUG oslo.service.backend._threading.loopingcall [None req-1467f498-6446-4ea7-9881-7f8c8afe2d93 None None] Dynamic interval looping call 'nova.service.Service.periodic_tasks' sleeping for 60.00 seconds {{(pid=95864) _run_loop /opt/stack/data/venv/lib/python3.12/site-packages/oslo_service/backend/_threading/loopingcall.py:125}}
Jun 17 15:51:35.002400 np0000003068 nova-scheduler[95864]: DEBUG oslo.service.backend._threading.loopingcall [-] Fixed interval looping call 'nova.servicegroup.drivers.db.DbDriver._report_state' sleeping for 119.99 seconds {{(pid=95864) _run_loop /opt/stack/data/venv/lib/python3.12/site-packages/oslo_service/backend/_threading/loopingcall.py:125}}
Jun 17 15:51:35.003300 np0000003068 nova-scheduler[95862]: DEBUG oslo.service.backend._threading.loopingcall [-] Fixed interval looping call 'nova.servicegroup.drivers.db.DbDriver._report_state' sleeping for 119.99 seconds {{(pid=95862) _run_loop /opt/stack/data/venv/lib/python3.12/site-packages/oslo_service/backend/_threading/loopingcall.py:125}}
Jun 17 15:51:35.015458 np0000003068 nova-scheduler[95866]: DEBUG oslo.service.backend._threading.loopingcall [-] Fixed interval looping call 'nova.servicegroup.drivers.db.DbDriver._report_state' sleeping for 120.00 seconds {{(pid=95866) _run_loop /opt/stack/data/venv/lib/python3.12/site-packages/oslo_service/backend/_threading/loopingcall.py:125}}
Jun 17 15:51:44.995916 np0000003068 nova-scheduler[95864]: DEBUG dbcounter [-] [95864] Writing DB stats nova_cell0:SELECT=1,nova_cell0:UPDATE=1 {{(pid=95864) stat_writer /opt/stack/data/venv/lib/python3.12/site-packages/dbcounter.py:115}}
Jun 17 15:51:44.996339 np0000003068 nova-scheduler[95862]: DEBUG dbcounter [-] [95862] Writing DB stats nova_cell0:SELECT=1,nova_cell0:UPDATE=1 {{(pid=95862) stat_writer /opt/stack/data/venv/lib/python3.12/site-packages/dbcounter.py:115}}
Jun 17 15:51:45.013661 np0000003068 nova-scheduler[95866]: DEBUG dbcounter [-] [95866] Writing DB stats nova_cell0:SELECT=1 {{(pid=95866) stat_writer /opt/stack/data/venv/lib/python3.12/site-packages/dbcounter.py:115}}
Jun 17 15:52:22.996593 np0000003068 nova-scheduler[95862]: DEBUG oslo.service.backend._threading.loopingcall [None req-56de90ea-6758-4f69-846b-6ffa32c32041 None None] Dynamic interval looping call 'nova.service.Service.periodic_tasks' sleeping for 60.00 seconds {{(pid=95862) _run_loop /opt/stack/data/venv/lib/python3.12/site-packages/oslo_service/backend/_threading/loopingcall.py:125}}
Jun 17 15:52:28.014457 np0000003068 nova-scheduler[95866]: DEBUG oslo.service.backend._threading.loopingcall [None req-122c7fe4-c3f7-4142-8bbf-7c6e0fb1387b None None] Dynamic interval looping call 'nova.service.Service.periodic_tasks' sleeping for 60.00 seconds {{(pid=95866) _run_loop /opt/stack/data/venv/lib/python3.12/site-packages/oslo_service/backend/_threading/loopingcall.py:125}}
Jun 17 15:52:29.874272 np0000003068 nova-scheduler[95862]: DEBUG nova.scheduler.manager [None req-b69edccd-9eab-4a14-b27b-cf8208230a10 tempest-DeleteServersTestJSON-748091340 tempest-DeleteServersTestJSON-748091340-project-member] Starting to schedule for instances: ['e7eb4718-9d28-4a98-bddd-fdeabc031e1f'] {{(pid=95862) select_destinations /opt/stack/nova/nova/scheduler/manager.py:210}}
Jun 17 15:52:29.875047 np0000003068 nova-scheduler[95862]: DEBUG nova.scheduler.request_filter [None req-b69edccd-9eab-4a14-b27b-cf8208230a10 tempest-DeleteServersTestJSON-748091340 tempest-DeleteServersTestJSON-748091340-project-member] compute_status_filter request filter added forbidden trait COMPUTE_STATUS_DISABLED {{(pid=95862) compute_status_filter /opt/stack/nova/nova/scheduler/request_filter.py:253}}
Jun 17 15:52:29.875233 np0000003068 nova-scheduler[95862]: DEBUG nova.scheduler.request_filter [None req-b69edccd-9eab-4a14-b27b-cf8208230a10 tempest-DeleteServersTestJSON-748091340 tempest-DeleteServersTestJSON-748091340-project-member] Request filter 'compute_status_filter' took 0.0 seconds {{(pid=95862) wrapper /opt/stack/nova/nova/scheduler/request_filter.py:46}}
Jun 17 15:52:29.875541 np0000003068 nova-scheduler[95862]: DEBUG nova.scheduler.request_filter [None req-b69edccd-9eab-4a14-b27b-cf8208230a10 tempest-DeleteServersTestJSON-748091340 tempest-DeleteServersTestJSON-748091340-project-member] Request filter 'accelerators_filter' took 0.0 seconds {{(pid=95862) wrapper /opt/stack/nova/nova/scheduler/request_filter.py:46}}
Jun 17 15:52:29.875790 np0000003068 nova-scheduler[95862]: DEBUG nova.scheduler.request_filter [None req-b69edccd-9eab-4a14-b27b-cf8208230a10 tempest-DeleteServersTestJSON-748091340 tempest-DeleteServersTestJSON-748091340-project-member] Request filter 'packed_virtqueue_filter' took 0.0 seconds {{(pid=95862) wrapper /opt/stack/nova/nova/scheduler/request_filter.py:46}}
Jun 17 15:52:29.876203 np0000003068 nova-scheduler[95862]: DEBUG nova.scheduler.request_filter [None req-b69edccd-9eab-4a14-b27b-cf8208230a10 tempest-DeleteServersTestJSON-748091340 tempest-DeleteServersTestJSON-748091340-project-member] Request filter 'remote_managed_ports_filter' took 0.0 seconds {{(pid=95862) wrapper /opt/stack/nova/nova/scheduler/request_filter.py:46}}
Jun 17 15:52:29.876358 np0000003068 nova-scheduler[95862]: DEBUG nova.scheduler.request_filter [None req-b69edccd-9eab-4a14-b27b-cf8208230a10 tempest-DeleteServersTestJSON-748091340 tempest-DeleteServersTestJSON-748091340-project-member] ephemeral_encryption_filter skipped {{(pid=95862) ephemeral_encryption_filter /opt/stack/nova/nova/scheduler/request_filter.py:426}}
Jun 17 15:52:29.877234 np0000003068 nova-scheduler[95862]: DEBUG nova.scheduler.request_filter [None req-b69edccd-9eab-4a14-b27b-cf8208230a10 tempest-DeleteServersTestJSON-748091340 tempest-DeleteServersTestJSON-748091340-project-member] virtio_sound_filter skipped {{(pid=95862) virtio_sound_filter /opt/stack/nova/nova/scheduler/request_filter.py:460}}
Jun 17 15:52:29.877234 np0000003068 nova-scheduler[95862]: DEBUG nova.scheduler.request_filter [None req-b69edccd-9eab-4a14-b27b-cf8208230a10 tempest-DeleteServersTestJSON-748091340 tempest-DeleteServersTestJSON-748091340-project-member] tpm_secret_security_filter skipped {{(pid=95862) tpm_secret_security_filter /opt/stack/nova/nova/scheduler/request_filter.py:477}}
Jun 17 15:52:30.640148 np0000003068 nova-scheduler[95862]: INFO nova.utils [None req-b69edccd-9eab-4a14-b27b-cf8208230a10 tempest-DeleteServersTestJSON-748091340 tempest-DeleteServersTestJSON-748091340-project-member] The cell worker thread pool ForkProcess-1.cell_worker is initialized
Jun 17 15:52:30.640380 np0000003068 nova-scheduler[95862]: DEBUG oslo_concurrency.lockutils [None req-b69edccd-9eab-4a14-b27b-cf8208230a10 tempest-DeleteServersTestJSON-748091340 tempest-DeleteServersTestJSON-748091340-project-member] Acquiring lock "ca06faf2-f43a-4f03-8de3-5c72ed070005" by "nova.context.set_target_cell..get_or_set_cached_cell_and_set_connections" {{(pid=95862) inner /opt/stack/data/venv/lib/python3.12/site-packages/oslo_concurrency/lockutils.py:511}}
Jun 17 15:52:30.640606 np0000003068 nova-scheduler[95862]: DEBUG oslo_concurrency.lockutils [None req-b69edccd-9eab-4a14-b27b-cf8208230a10 tempest-DeleteServersTestJSON-748091340 tempest-DeleteServersTestJSON-748091340-project-member] Lock "ca06faf2-f43a-4f03-8de3-5c72ed070005" acquired by "nova.context.set_target_cell..get_or_set_cached_cell_and_set_connections" :: waited 0.000s {{(pid=95862) inner /opt/stack/data/venv/lib/python3.12/site-packages/oslo_concurrency/lockutils.py:524}}
Jun 17 15:52:30.643905 np0000003068 nova-scheduler[95862]: DEBUG oslo_concurrency.lockutils [None req-b69edccd-9eab-4a14-b27b-cf8208230a10 tempest-DeleteServersTestJSON-748091340 tempest-DeleteServersTestJSON-748091340-project-member] Lock "ca06faf2-f43a-4f03-8de3-5c72ed070005" "released" by "nova.context.set_target_cell..get_or_set_cached_cell_and_set_connections" :: held 0.001s {{(pid=95862) inner /opt/stack/data/venv/lib/python3.12/site-packages/oslo_concurrency/lockutils.py:543}}
Jun 17 15:52:30.644102 np0000003068 nova-scheduler[95862]: INFO dbcounter [None req-b69edccd-9eab-4a14-b27b-cf8208230a10 tempest-DeleteServersTestJSON-748091340 tempest-DeleteServersTestJSON-748091340-project-member] Registered counter for database nova_cell1
Jun 17 15:52:30.688969 np0000003068 nova-scheduler[95862]: DEBUG oslo_db.sqlalchemy.engines [None req-b69edccd-9eab-4a14-b27b-cf8208230a10 tempest-DeleteServersTestJSON-748091340 tempest-DeleteServersTestJSON-748091340-project-member] MySQL server mode set to STRICT_TRANS_TABLES,STRICT_ALL_TABLES,NO_ZERO_IN_DATE,NO_ZERO_DATE,ERROR_FOR_DIVISION_BY_ZERO,TRADITIONAL,NO_ENGINE_SUBSTITUTION {{(pid=95862) _check_effective_sql_mode /opt/stack/data/venv/lib/python3.12/site-packages/oslo_db/sqlalchemy/engines.py:325}}
Jun 17 15:52:30.697656 np0000003068 nova-scheduler[95862]: DEBUG dbcounter [-] [95862] Writer thread running {{(pid=95862) stat_writer /opt/stack/data/venv/lib/python3.12/site-packages/dbcounter.py:102}}
Jun 17 15:52:30.718194 np0000003068 nova-scheduler[95862]: DEBUG oslo_db.sqlalchemy.engines [None req-b69edccd-9eab-4a14-b27b-cf8208230a10 tempest-DeleteServersTestJSON-748091340 tempest-DeleteServersTestJSON-748091340-project-member] Parent process 94669 forked (95862) with an open database connection, which is being discarded and recreated. {{(pid=95862) checkout /opt/stack/data/venv/lib/python3.12/site-packages/oslo_db/sqlalchemy/engines.py:402}}
Jun 17 15:52:30.774282 np0000003068 nova-scheduler[95862]: DEBUG dbcounter [-] [95862] Writer thread running {{(pid=95862) stat_writer /opt/stack/data/venv/lib/python3.12/site-packages/dbcounter.py:102}}
Jun 17 15:52:30.782158 np0000003068 nova-scheduler[95862]: DEBUG oslo_concurrency.lockutils [None req-b69edccd-9eab-4a14-b27b-cf8208230a10 tempest-DeleteServersTestJSON-748091340 tempest-DeleteServersTestJSON-748091340-project-member] Acquiring lock "ca06faf2-f43a-4f03-8de3-5c72ed070005" by "nova.context.set_target_cell..get_or_set_cached_cell_and_set_connections" {{(pid=95862) inner /opt/stack/data/venv/lib/python3.12/site-packages/oslo_concurrency/lockutils.py:511}}
Jun 17 15:52:30.782409 np0000003068 nova-scheduler[95862]: DEBUG oslo_concurrency.lockutils [None req-b69edccd-9eab-4a14-b27b-cf8208230a10 tempest-DeleteServersTestJSON-748091340 tempest-DeleteServersTestJSON-748091340-project-member] Lock "ca06faf2-f43a-4f03-8de3-5c72ed070005" acquired by "nova.context.set_target_cell..get_or_set_cached_cell_and_set_connections" :: waited 0.000s {{(pid=95862) inner /opt/stack/data/venv/lib/python3.12/site-packages/oslo_concurrency/lockutils.py:524}}
Jun 17 15:52:30.782541 np0000003068 nova-scheduler[95862]: DEBUG oslo_concurrency.lockutils [None req-b69edccd-9eab-4a14-b27b-cf8208230a10 tempest-DeleteServersTestJSON-748091340 tempest-DeleteServersTestJSON-748091340-project-member] Lock "ca06faf2-f43a-4f03-8de3-5c72ed070005" "released" by "nova.context.set_target_cell..get_or_set_cached_cell_and_set_connections" :: held 0.000s {{(pid=95862) inner /opt/stack/data/venv/lib/python3.12/site-packages/oslo_concurrency/lockutils.py:543}}
Jun 17 15:52:30.788558 np0000003068 nova-scheduler[95862]: DEBUG oslo_concurrency.lockutils [None req-b69edccd-9eab-4a14-b27b-cf8208230a10 tempest-DeleteServersTestJSON-748091340 tempest-DeleteServersTestJSON-748091340-project-member] Acquiring lock "('np0000003068', 'np0000003068')" by "nova.scheduler.host_manager.HostState.update.._locked_update" {{(pid=95862) inner /opt/stack/data/venv/lib/python3.12/site-packages/oslo_concurrency/lockutils.py:511}}
Jun 17 15:52:30.789121 np0000003068 nova-scheduler[95862]: DEBUG oslo_concurrency.lockutils [None req-b69edccd-9eab-4a14-b27b-cf8208230a10 tempest-DeleteServersTestJSON-748091340 tempest-DeleteServersTestJSON-748091340-project-member] Lock "('np0000003068', 'np0000003068')" acquired by "nova.scheduler.host_manager.HostState.update.._locked_update" :: waited 0.000s {{(pid=95862) inner /opt/stack/data/venv/lib/python3.12/site-packages/oslo_concurrency/lockutils.py:524}}
Jun 17 15:52:30.790058 np0000003068 nova-scheduler[95862]: DEBUG nova.scheduler.host_manager [None req-b69edccd-9eab-4a14-b27b-cf8208230a10 tempest-DeleteServersTestJSON-748091340 tempest-DeleteServersTestJSON-748091340-project-member] Update host state from compute node: ComputeNode(cpu_allocation_ratio=4.0,cpu_info='{"arch": "x86_64", "model": "EPYC-Milan", "vendor": "AMD", "topology": {"cells": 1, "sockets": 12, "cores": 1, "threads": 1}, "maxphysaddr": {"mode": "emulate", "bits": 40}, "features": ["sse4.1", "mmxext", "stibp-always-on", "pku", "umip", "clwb", "cmov", "xsaveopt", "tsc-scale", "vgif", "abm", "vpclmulqdq", "xsaves", "tsc", "mds-no", "rdrand", "clflushopt", "misalignsse", "pcid", "pse", "vaes", "clflush", "xsavec", "fxsr_opt", "bmi1", "fpu", "amd-psfd", "ibpb", "perfctr_core", "nx", "amd-ssbd", "topoext", "pge", "pdpe1gb", "pat", "v-vmsave-vmload", "ssse3", "mtrr", "arch-capabilities", "lm", "3dnowprefetch", "ibrs", "mca", "tsc_adjust", "cr8legacy", "x2apic", "pause-filter", "hypervisor", "virt-ssbd", "rdctl-no", "erms", "xsaveerptr", "vmcb-clean", "pclmuldq", "arat", "avx", "mmx", "stibp", "vme", "tsc-deadline", "rdtscp", "adx", "gds-no", "pse36", "cx8", "sse", "popcnt", "apic", "clzero", "ssbd", "de", "smep", "movbe", "skip-l1dfl-vmentry", "sse2", "cmp_legacy", "syscall", "pfthreshold", "spec-ctrl", "sse4.2", "npt", "lfence-always-serializing", "fsrm", "sep", "fsgsbase", "f16c", "svm", "mce", "nrip-save", "msr", "flushbyasid", "xgetbv1", "avx2", "invpcid", "wbnoinvd", "smap", "sse4a", "xsave", "sha-ni", "aes", "fxsr", "fma", "cx16", "lahf_lm", "svme-addr-chk", "pni", "rdpid", "lbrv", "no-nested-data-bp", "rdseed", "amd-stibp", "pae", "pschange-mc-no", "null-sel-clr-base", "osvw", "bmi2"]}',created_at=2026-06-17T15:49:57Z,current_workload=0,deleted=False,deleted_at=None,disk_allocation_ratio=1.0,disk_available_least=74,free_disk_gb=95,free_ram_mb=23518,host='np0000003068',host_ip=10.4.3.172,hypervisor_hostname='np0000003068',hypervisor_type='QEMU',hypervisor_version=8002002,id=1,local_gb=95,local_gb_used=0,mapped=1,memory_mb=24030,memory_mb_used=512,metrics='[]',numa_topology='{"nova_object.name": "NUMATopology", "nova_object.namespace": "nova", "nova_object.version": "1.2", "nova_object.data": {"cells": [{"nova_object.name": "NUMACell", "nova_object.namespace": "nova", "nova_object.version": "1.5", "nova_object.data": {"id": 0, "cpuset": [0, 1, 2, 3, 4, 5, 6, 7, 8, 9, 10, 11], "pcpuset": [0, 1, 2, 3, 4, 5, 6, 7, 8, 9, 10, 11], "memory": 24030, "cpu_usage": 0, "memory_usage": 0, "pinned_cpus": [], "siblings": [[6], [2], [5], [11], [8], [4], [1], [7], [10], [0], [3], [9]], "mempages": [{"nova_object.name": "NUMAPagesTopology", "nova_object.namespace": "nova", "nova_object.version": "1.1", "nova_object.data": {"size_kb": 4, "total": 6151796, "used": 0, "reserved": 0}, "nova_object.changes": ["reserved", "used", "size_kb", "total"]}, {"nova_object.name": "NUMAPagesTopology", "nova_object.namespace": "nova", "nova_object.version": "1.1", "nova_object.data": {"size_kb": 2048, "total": 0, "used": 0, "reserved": 0}, "nova_object.changes": ["reserved", "used", "size_kb", "total"]}, {"nova_object.name": "NUMAPagesTopology", "nova_object.namespace": "nova", "nova_object.version": "1.1", "nova_object.data": {"size_kb": 1048576, "total": 0, "used": 0, "reserved": 0}, "nova_object.changes": ["reserved", "used", "size_kb", "total"]}], "network_metadata": {"nova_object.name": "NetworkMetadata", "nova_object.namespace": "nova", "nova_object.version": "1.0", "nova_object.data": {"physnets": [], "tunneled": false}, "nova_object.changes": ["physnets", "tunneled"]}, "socket": null}, "nova_object.changes": ["memory_usage", "pcpuset", "pinned_cpus", "cpuset", "socket", "id", "siblings", "cpu_usage", "memory", "network_metadata", "mempages"]}]}, "nova_object.changes": ["cells"]}',pci_device_pools=PciDevicePoolList,ram_allocation_ratio=1.0,running_vms=0,service_id=3,stats={failed_builds='0',uptime=' 15:51:42 up 25 min, 2 users, load average: 1.25, 1.45, 0.88
Jun 17 15:52:30.790058 np0000003068 nova-scheduler[95862]: '},supported_hv_specs=[HVSpec,HVSpec,HVSpec,HVSpec,HVSpec,HVSpec,HVSpec,HVSpec,HVSpec,HVSpec,HVSpec,HVSpec,HVSpec,HVSpec,HVSpec,HVSpec,HVSpec,HVSpec,HVSpec,HVSpec,HVSpec,HVSpec,HVSpec,HVSpec,HVSpec],updated_at=2026-06-17T15:51:44Z,uuid=c4e7e651-2194-4bdb-9c4e-3a0efb52b82b,vcpus=12,vcpus_used=0) {{(pid=95862) _locked_update /opt/stack/nova/nova/scheduler/host_manager.py:168}}
Jun 17 15:52:30.792557 np0000003068 nova-scheduler[95862]: DEBUG nova.scheduler.host_manager [None req-b69edccd-9eab-4a14-b27b-cf8208230a10 tempest-DeleteServersTestJSON-748091340 tempest-DeleteServersTestJSON-748091340-project-member] Update host state with aggregates: [] {{(pid=95862) _locked_update /opt/stack/nova/nova/scheduler/host_manager.py:171}}
Jun 17 15:52:30.793122 np0000003068 nova-scheduler[95862]: DEBUG nova.scheduler.host_manager [None req-b69edccd-9eab-4a14-b27b-cf8208230a10 tempest-DeleteServersTestJSON-748091340 tempest-DeleteServersTestJSON-748091340-project-member] Update host state with service dict: {'id': 3, 'uuid': '91ed0f72-8555-4d0e-a096-ab73ced70637', 'host': 'np0000003068', 'binary': 'nova-compute', 'topic': 'compute', 'report_count': 2, 'disabled': False, 'disabled_reason': None, 'last_seen_up': datetime.datetime(2026, 6, 17, 15, 52, 6, tzinfo=datetime.timezone.utc), 'forced_down': False, 'version': 72, 'created_at': datetime.datetime(2026, 6, 17, 15, 49, 55, tzinfo=datetime.timezone.utc), 'updated_at': datetime.datetime(2026, 6, 17, 15, 52, 6, tzinfo=datetime.timezone.utc), 'deleted_at': None, 'deleted': False} {{(pid=95862) _locked_update /opt/stack/nova/nova/scheduler/host_manager.py:174}}
Jun 17 15:52:30.793362 np0000003068 nova-scheduler[95862]: DEBUG nova.scheduler.host_manager [None req-b69edccd-9eab-4a14-b27b-cf8208230a10 tempest-DeleteServersTestJSON-748091340 tempest-DeleteServersTestJSON-748091340-project-member] Update host state with instances: [] {{(pid=95862) _locked_update /opt/stack/nova/nova/scheduler/host_manager.py:177}}
Jun 17 15:52:30.793560 np0000003068 nova-scheduler[95862]: DEBUG oslo_concurrency.lockutils [None req-b69edccd-9eab-4a14-b27b-cf8208230a10 tempest-DeleteServersTestJSON-748091340 tempest-DeleteServersTestJSON-748091340-project-member] Lock "('np0000003068', 'np0000003068')" "released" by "nova.scheduler.host_manager.HostState.update.._locked_update" :: held 0.005s {{(pid=95862) inner /opt/stack/data/venv/lib/python3.12/site-packages/oslo_concurrency/lockutils.py:543}}
Jun 17 15:52:30.794244 np0000003068 nova-scheduler[95862]: DEBUG nova.filters [None req-b69edccd-9eab-4a14-b27b-cf8208230a10 tempest-DeleteServersTestJSON-748091340 tempest-DeleteServersTestJSON-748091340-project-member] Starting with 1 host(s) {{(pid=95862) get_filtered_objects /opt/stack/nova/nova/filters.py:70}}
Jun 17 15:52:30.794567 np0000003068 nova-scheduler[95862]: DEBUG nova.filters [None req-b69edccd-9eab-4a14-b27b-cf8208230a10 tempest-DeleteServersTestJSON-748091340 tempest-DeleteServersTestJSON-748091340-project-member] Filter ComputeFilter returned 1 host(s) {{(pid=95862) get_filtered_objects /opt/stack/nova/nova/filters.py:102}}
Jun 17 15:52:30.794793 np0000003068 nova-scheduler[95862]: DEBUG nova.filters [None req-b69edccd-9eab-4a14-b27b-cf8208230a10 tempest-DeleteServersTestJSON-748091340 tempest-DeleteServersTestJSON-748091340-project-member] Filter ComputeCapabilitiesFilter returned 1 host(s) {{(pid=95862) get_filtered_objects /opt/stack/nova/nova/filters.py:102}}
Jun 17 15:52:30.795203 np0000003068 nova-scheduler[95862]: DEBUG nova.filters [None req-b69edccd-9eab-4a14-b27b-cf8208230a10 tempest-DeleteServersTestJSON-748091340 tempest-DeleteServersTestJSON-748091340-project-member] Filter ImagePropertiesFilter returned 1 host(s) {{(pid=95862) get_filtered_objects /opt/stack/nova/nova/filters.py:102}}
Jun 17 15:52:30.795839 np0000003068 nova-scheduler[95862]: DEBUG nova.filters [None req-b69edccd-9eab-4a14-b27b-cf8208230a10 tempest-DeleteServersTestJSON-748091340 tempest-DeleteServersTestJSON-748091340-project-member] Filter ServerGroupAntiAffinityFilter returned 1 host(s) {{(pid=95862) get_filtered_objects /opt/stack/nova/nova/filters.py:102}}
Jun 17 15:52:30.796140 np0000003068 nova-scheduler[95862]: DEBUG nova.filters [None req-b69edccd-9eab-4a14-b27b-cf8208230a10 tempest-DeleteServersTestJSON-748091340 tempest-DeleteServersTestJSON-748091340-project-member] Filter ServerGroupAffinityFilter returned 1 host(s) {{(pid=95862) get_filtered_objects /opt/stack/nova/nova/filters.py:102}}
Jun 17 15:52:30.796465 np0000003068 nova-scheduler[95862]: DEBUG nova.filters [None req-b69edccd-9eab-4a14-b27b-cf8208230a10 tempest-DeleteServersTestJSON-748091340 tempest-DeleteServersTestJSON-748091340-project-member] Filter SameHostFilter returned 1 host(s) {{(pid=95862) get_filtered_objects /opt/stack/nova/nova/filters.py:102}}
Jun 17 15:52:30.796465 np0000003068 nova-scheduler[95862]: DEBUG nova.filters [None req-b69edccd-9eab-4a14-b27b-cf8208230a10 tempest-DeleteServersTestJSON-748091340 tempest-DeleteServersTestJSON-748091340-project-member] Filter DifferentHostFilter returned 1 host(s) {{(pid=95862) get_filtered_objects /opt/stack/nova/nova/filters.py:102}}
Jun 17 15:52:30.796880 np0000003068 nova-scheduler[95862]: DEBUG nova.scheduler.manager [None req-b69edccd-9eab-4a14-b27b-cf8208230a10 tempest-DeleteServersTestJSON-748091340 tempest-DeleteServersTestJSON-748091340-project-member] Filtered [(np0000003068, np0000003068) ram: 23518MB disk: 75776MB io_ops: 0 instances: 0, allocation_candidates: 1] {{(pid=95862) _get_sorted_hosts /opt/stack/nova/nova/scheduler/manager.py:743}}
Jun 17 15:52:30.796880 np0000003068 nova-scheduler[95862]: DEBUG nova.scheduler.manager [None req-b69edccd-9eab-4a14-b27b-cf8208230a10 tempest-DeleteServersTestJSON-748091340 tempest-DeleteServersTestJSON-748091340-project-member] Weighed [WeighedHost [host: (np0000003068, np0000003068) ram: 23518MB disk: 75776MB io_ops: 0 instances: 0, allocation_candidates: 1, weight: 0.0]] {{(pid=95862) _get_sorted_hosts /opt/stack/nova/nova/scheduler/manager.py:765}}
Jun 17 15:52:30.797677 np0000003068 nova-scheduler[95862]: DEBUG nova.scheduler.utils [None req-b69edccd-9eab-4a14-b27b-cf8208230a10 tempest-DeleteServersTestJSON-748091340 tempest-DeleteServersTestJSON-748091340-project-member] Attempting to claim resources in the placement API for instance e7eb4718-9d28-4a98-bddd-fdeabc031e1f {{(pid=95862) claim_resources /opt/stack/nova/nova/scheduler/utils.py:1345}}
Jun 17 15:52:30.814160 np0000003068 nova-scheduler[95864]: DEBUG nova.scheduler.manager [None req-085f9132-0ca2-4971-8d38-fdcda3a0a9cf tempest-ServerActionsTestOtherA-725538550 tempest-ServerActionsTestOtherA-725538550-project-member] Starting to schedule for instances: ['a01102f6-7b1c-43a7-861d-768871a3edb6'] {{(pid=95864) select_destinations /opt/stack/nova/nova/scheduler/manager.py:210}}
Jun 17 15:52:30.814803 np0000003068 nova-scheduler[95864]: DEBUG nova.scheduler.request_filter [None req-085f9132-0ca2-4971-8d38-fdcda3a0a9cf tempest-ServerActionsTestOtherA-725538550 tempest-ServerActionsTestOtherA-725538550-project-member] compute_status_filter request filter added forbidden trait COMPUTE_STATUS_DISABLED {{(pid=95864) compute_status_filter /opt/stack/nova/nova/scheduler/request_filter.py:253}}
Jun 17 15:52:30.814803 np0000003068 nova-scheduler[95864]: DEBUG nova.scheduler.request_filter [None req-085f9132-0ca2-4971-8d38-fdcda3a0a9cf tempest-ServerActionsTestOtherA-725538550 tempest-ServerActionsTestOtherA-725538550-project-member] Request filter 'compute_status_filter' took 0.0 seconds {{(pid=95864) wrapper /opt/stack/nova/nova/scheduler/request_filter.py:46}}
Jun 17 15:52:30.814885 np0000003068 nova-scheduler[95864]: DEBUG nova.scheduler.request_filter [None req-085f9132-0ca2-4971-8d38-fdcda3a0a9cf tempest-ServerActionsTestOtherA-725538550 tempest-ServerActionsTestOtherA-725538550-project-member] Request filter 'accelerators_filter' took 0.0 seconds {{(pid=95864) wrapper /opt/stack/nova/nova/scheduler/request_filter.py:46}}
Jun 17 15:52:30.815780 np0000003068 nova-scheduler[95864]: DEBUG nova.scheduler.request_filter [None req-085f9132-0ca2-4971-8d38-fdcda3a0a9cf tempest-ServerActionsTestOtherA-725538550 tempest-ServerActionsTestOtherA-725538550-project-member] Request filter 'packed_virtqueue_filter' took 0.0 seconds {{(pid=95864) wrapper /opt/stack/nova/nova/scheduler/request_filter.py:46}}
Jun 17 15:52:30.816164 np0000003068 nova-scheduler[95864]: DEBUG nova.scheduler.request_filter [None req-085f9132-0ca2-4971-8d38-fdcda3a0a9cf tempest-ServerActionsTestOtherA-725538550 tempest-ServerActionsTestOtherA-725538550-project-member] Request filter 'remote_managed_ports_filter' took 0.0 seconds {{(pid=95864) wrapper /opt/stack/nova/nova/scheduler/request_filter.py:46}}
Jun 17 15:52:30.816860 np0000003068 nova-scheduler[95864]: DEBUG nova.scheduler.request_filter [None req-085f9132-0ca2-4971-8d38-fdcda3a0a9cf tempest-ServerActionsTestOtherA-725538550 tempest-ServerActionsTestOtherA-725538550-project-member] ephemeral_encryption_filter skipped {{(pid=95864) ephemeral_encryption_filter /opt/stack/nova/nova/scheduler/request_filter.py:426}}
Jun 17 15:52:30.816860 np0000003068 nova-scheduler[95864]: DEBUG nova.scheduler.request_filter [None req-085f9132-0ca2-4971-8d38-fdcda3a0a9cf tempest-ServerActionsTestOtherA-725538550 tempest-ServerActionsTestOtherA-725538550-project-member] virtio_sound_filter skipped {{(pid=95864) virtio_sound_filter /opt/stack/nova/nova/scheduler/request_filter.py:460}}
Jun 17 15:52:30.817789 np0000003068 nova-scheduler[95864]: DEBUG nova.scheduler.request_filter [None req-085f9132-0ca2-4971-8d38-fdcda3a0a9cf tempest-ServerActionsTestOtherA-725538550 tempest-ServerActionsTestOtherA-725538550-project-member] tpm_secret_security_filter skipped {{(pid=95864) tpm_secret_security_filter /opt/stack/nova/nova/scheduler/request_filter.py:477}}
Jun 17 15:52:30.985877 np0000003068 nova-scheduler[95864]: INFO nova.utils [None req-085f9132-0ca2-4971-8d38-fdcda3a0a9cf tempest-ServerActionsTestOtherA-725538550 tempest-ServerActionsTestOtherA-725538550-project-member] The cell worker thread pool ForkProcess-2.cell_worker is initialized
Jun 17 15:52:30.986357 np0000003068 nova-scheduler[95864]: DEBUG oslo_concurrency.lockutils [None req-085f9132-0ca2-4971-8d38-fdcda3a0a9cf tempest-ServerActionsTestOtherA-725538550 tempest-ServerActionsTestOtherA-725538550-project-member] Acquiring lock "ca06faf2-f43a-4f03-8de3-5c72ed070005" by "nova.context.set_target_cell..get_or_set_cached_cell_and_set_connections" {{(pid=95864) inner /opt/stack/data/venv/lib/python3.12/site-packages/oslo_concurrency/lockutils.py:511}}
Jun 17 15:52:30.987325 np0000003068 nova-scheduler[95864]: DEBUG oslo_concurrency.lockutils [None req-085f9132-0ca2-4971-8d38-fdcda3a0a9cf tempest-ServerActionsTestOtherA-725538550 tempest-ServerActionsTestOtherA-725538550-project-member] Lock "ca06faf2-f43a-4f03-8de3-5c72ed070005" acquired by "nova.context.set_target_cell..get_or_set_cached_cell_and_set_connections" :: waited 0.000s {{(pid=95864) inner /opt/stack/data/venv/lib/python3.12/site-packages/oslo_concurrency/lockutils.py:524}}
Jun 17 15:52:30.989122 np0000003068 nova-scheduler[95864]: DEBUG oslo_concurrency.lockutils [None req-085f9132-0ca2-4971-8d38-fdcda3a0a9cf tempest-ServerActionsTestOtherA-725538550 tempest-ServerActionsTestOtherA-725538550-project-member] Lock "ca06faf2-f43a-4f03-8de3-5c72ed070005" "released" by "nova.context.set_target_cell..get_or_set_cached_cell_and_set_connections" :: held 0.002s {{(pid=95864) inner /opt/stack/data/venv/lib/python3.12/site-packages/oslo_concurrency/lockutils.py:543}}
Jun 17 15:52:30.995262 np0000003068 nova-scheduler[95864]: INFO dbcounter [None req-085f9132-0ca2-4971-8d38-fdcda3a0a9cf tempest-ServerActionsTestOtherA-725538550 tempest-ServerActionsTestOtherA-725538550-project-member] Registered counter for database nova_cell1
Jun 17 15:52:30.997673 np0000003068 nova-scheduler[95862]: DEBUG nova.scheduler.manager [None req-b69edccd-9eab-4a14-b27b-cf8208230a10 tempest-DeleteServersTestJSON-748091340 tempest-DeleteServersTestJSON-748091340-project-member] [instance: e7eb4718-9d28-4a98-bddd-fdeabc031e1f] Selected host: (np0000003068, np0000003068) ram: 23518MB disk: 75776MB io_ops: 0 instances: 0, allocation_candidates: 1 {{(pid=95862) _consume_selected_host /opt/stack/nova/nova/scheduler/manager.py:625}}
Jun 17 15:52:30.997673 np0000003068 nova-scheduler[95862]: DEBUG oslo_concurrency.lockutils [None req-b69edccd-9eab-4a14-b27b-cf8208230a10 tempest-DeleteServersTestJSON-748091340 tempest-DeleteServersTestJSON-748091340-project-member] Acquiring lock "('np0000003068', 'np0000003068')" by "nova.scheduler.host_manager.HostState.consume_from_request.._locked" {{(pid=95862) inner /opt/stack/data/venv/lib/python3.12/site-packages/oslo_concurrency/lockutils.py:511}}
Jun 17 15:52:30.997673 np0000003068 nova-scheduler[95862]: DEBUG oslo_concurrency.lockutils [None req-b69edccd-9eab-4a14-b27b-cf8208230a10 tempest-DeleteServersTestJSON-748091340 tempest-DeleteServersTestJSON-748091340-project-member] Lock "('np0000003068', 'np0000003068')" acquired by "nova.scheduler.host_manager.HostState.consume_from_request.._locked" :: waited 0.000s {{(pid=95862) inner /opt/stack/data/venv/lib/python3.12/site-packages/oslo_concurrency/lockutils.py:524}}
Jun 17 15:52:30.998196 np0000003068 nova-scheduler[95862]: DEBUG oslo_concurrency.lockutils [None req-b69edccd-9eab-4a14-b27b-cf8208230a10 tempest-DeleteServersTestJSON-748091340 tempest-DeleteServersTestJSON-748091340-project-member] Lock "('np0000003068', 'np0000003068')" "released" by "nova.scheduler.host_manager.HostState.consume_from_request.._locked" :: held 0.000s {{(pid=95862) inner /opt/stack/data/venv/lib/python3.12/site-packages/oslo_concurrency/lockutils.py:543}}
Jun 17 15:52:31.052410 np0000003068 nova-scheduler[95864]: DEBUG oslo_db.sqlalchemy.engines [None req-085f9132-0ca2-4971-8d38-fdcda3a0a9cf tempest-ServerActionsTestOtherA-725538550 tempest-ServerActionsTestOtherA-725538550-project-member] MySQL server mode set to STRICT_TRANS_TABLES,STRICT_ALL_TABLES,NO_ZERO_IN_DATE,NO_ZERO_DATE,ERROR_FOR_DIVISION_BY_ZERO,TRADITIONAL,NO_ENGINE_SUBSTITUTION {{(pid=95864) _check_effective_sql_mode /opt/stack/data/venv/lib/python3.12/site-packages/oslo_db/sqlalchemy/engines.py:325}}
Jun 17 15:52:31.058321 np0000003068 nova-scheduler[95864]: DEBUG dbcounter [-] [95864] Writer thread running {{(pid=95864) stat_writer /opt/stack/data/venv/lib/python3.12/site-packages/dbcounter.py:102}}
Jun 17 15:52:31.118597 np0000003068 nova-scheduler[95864]: DEBUG dbcounter [-] [95864] Writer thread running {{(pid=95864) stat_writer /opt/stack/data/venv/lib/python3.12/site-packages/dbcounter.py:102}}
Jun 17 15:52:31.122819 np0000003068 nova-scheduler[95864]: DEBUG oslo_concurrency.lockutils [None req-085f9132-0ca2-4971-8d38-fdcda3a0a9cf tempest-ServerActionsTestOtherA-725538550 tempest-ServerActionsTestOtherA-725538550-project-member] Acquiring lock "ca06faf2-f43a-4f03-8de3-5c72ed070005" by "nova.context.set_target_cell..get_or_set_cached_cell_and_set_connections" {{(pid=95864) inner /opt/stack/data/venv/lib/python3.12/site-packages/oslo_concurrency/lockutils.py:511}}
Jun 17 15:52:31.123038 np0000003068 nova-scheduler[95864]: DEBUG oslo_concurrency.lockutils [None req-085f9132-0ca2-4971-8d38-fdcda3a0a9cf tempest-ServerActionsTestOtherA-725538550 tempest-ServerActionsTestOtherA-725538550-project-member] Lock "ca06faf2-f43a-4f03-8de3-5c72ed070005" acquired by "nova.context.set_target_cell..get_or_set_cached_cell_and_set_connections" :: waited 0.000s {{(pid=95864) inner /opt/stack/data/venv/lib/python3.12/site-packages/oslo_concurrency/lockutils.py:524}}
Jun 17 15:52:31.123297 np0000003068 nova-scheduler[95864]: DEBUG oslo_concurrency.lockutils [None req-085f9132-0ca2-4971-8d38-fdcda3a0a9cf tempest-ServerActionsTestOtherA-725538550 tempest-ServerActionsTestOtherA-725538550-project-member] Lock "ca06faf2-f43a-4f03-8de3-5c72ed070005" "released" by "nova.context.set_target_cell..get_or_set_cached_cell_and_set_connections" :: held 0.000s {{(pid=95864) inner /opt/stack/data/venv/lib/python3.12/site-packages/oslo_concurrency/lockutils.py:543}}
Jun 17 15:52:31.127148 np0000003068 nova-scheduler[95864]: DEBUG oslo_concurrency.lockutils [None req-085f9132-0ca2-4971-8d38-fdcda3a0a9cf tempest-ServerActionsTestOtherA-725538550 tempest-ServerActionsTestOtherA-725538550-project-member] Acquiring lock "('np0000003068', 'np0000003068')" by "nova.scheduler.host_manager.HostState.update.._locked_update" {{(pid=95864) inner /opt/stack/data/venv/lib/python3.12/site-packages/oslo_concurrency/lockutils.py:511}}
Jun 17 15:52:31.127352 np0000003068 nova-scheduler[95864]: DEBUG oslo_concurrency.lockutils [None req-085f9132-0ca2-4971-8d38-fdcda3a0a9cf tempest-ServerActionsTestOtherA-725538550 tempest-ServerActionsTestOtherA-725538550-project-member] Lock "('np0000003068', 'np0000003068')" acquired by "nova.scheduler.host_manager.HostState.update.._locked_update" :: waited 0.000s {{(pid=95864) inner /opt/stack/data/venv/lib/python3.12/site-packages/oslo_concurrency/lockutils.py:524}}
