Jun 04 19:45:19.002448 np0000002186 devstack@g-api.service[101915]: DEBUG glance.api.middleware.version_negotiation [None req-c29076c8-68b0-4f46-ac97-07d3c2922001 tempest-ServerBootFromVolumeStableRescueTest-1813389125 tempest-ServerBootFromVolumeStableRescueTest-1813389125-project-member] Using url versioning {{(pid=101915) process_request /opt/stack/glance/glance/api/middleware/version_negotiation.py:57}}
Jun 04 19:45:19.002448 np0000002186 devstack@g-api.service[101915]: DEBUG glance.api.middleware.version_negotiation [None req-c29076c8-68b0-4f46-ac97-07d3c2922001 tempest-ServerBootFromVolumeStableRescueTest-1813389125 tempest-ServerBootFromVolumeStableRescueTest-1813389125-project-member] Matched version: v2 {{(pid=101915) process_request /opt/stack/glance/glance/api/middleware/version_negotiation.py:69}}
Jun 04 19:45:19.002807 np0000002186 devstack@g-api.service[101915]: DEBUG glance.api.middleware.version_negotiation [None req-c29076c8-68b0-4f46-ac97-07d3c2922001 tempest-ServerBootFromVolumeStableRescueTest-1813389125 tempest-ServerBootFromVolumeStableRescueTest-1813389125-project-member] new path /v2/images/72911f6e-5f0f-47e2-88e4-13b24782db11 {{(pid=101915) process_request /opt/stack/glance/glance/api/middleware/version_negotiation.py:70}}
Jun 04 19:45:19.023551 np0000002186 devstack@g-api.service[101915]: [pid: 101915|app: 0|req: 43/136] 127.0.0.1 () {44 vars in 1115 bytes} [Thu Jun 4 19:45:19 2026] GET /v2/images/72911f6e-5f0f-47e2-88e4-13b24782db11 => generated 1617 bytes in 22 msecs (HTTP/1.1 200) 4 headers in 158 bytes (1 switches on core 0)
Jun 04 19:45:19.089118 np0000002186 devstack@g-api.service[101913]: DEBUG glance.api.middleware.version_negotiation [None req-75128501-afd0-4c3f-b4ac-4ca06f9a8db8 tempest-ServerBootFromVolumeStableRescueTest-1813389125 tempest-ServerBootFromVolumeStableRescueTest-1813389125-project-member] Determining version of request: GET /v2/images/72911f6e-5f0f-47e2-88e4-13b24782db11/file Accept: */* {{(pid=101913) process_request /opt/stack/glance/glance/api/middleware/version_negotiation.py:44}}
Jun 04 19:45:19.089118 np0000002186 devstack@g-api.service[101913]: DEBUG glance.api.middleware.version_negotiation [None req-75128501-afd0-4c3f-b4ac-4ca06f9a8db8 tempest-ServerBootFromVolumeStableRescueTest-1813389125 tempest-ServerBootFromVolumeStableRescueTest-1813389125-project-member] Using url versioning {{(pid=101913) process_request /opt/stack/glance/glance/api/middleware/version_negotiation.py:57}}
Jun 04 19:45:19.089657 np0000002186 devstack@g-api.service[101913]: DEBUG glance.api.middleware.version_negotiation [None req-75128501-afd0-4c3f-b4ac-4ca06f9a8db8 tempest-ServerBootFromVolumeStableRescueTest-1813389125 tempest-ServerBootFromVolumeStableRescueTest-1813389125-project-member] Matched version: v2 {{(pid=101913) process_request /opt/stack/glance/glance/api/middleware/version_negotiation.py:69}}
Jun 04 19:45:19.089657 np0000002186 devstack@g-api.service[101913]: DEBUG glance.api.middleware.version_negotiation [None req-75128501-afd0-4c3f-b4ac-4ca06f9a8db8 tempest-ServerBootFromVolumeStableRescueTest-1813389125 tempest-ServerBootFromVolumeStableRescueTest-1813389125-project-member] new path /v2/images/72911f6e-5f0f-47e2-88e4-13b24782db11/file {{(pid=101913) process_request /opt/stack/glance/glance/api/middleware/version_negotiation.py:70}}
Jun 04 19:45:19.113886 np0000002186 devstack@g-api.service[101913]: DEBUG glance_store.backend [None req-4661abc7-fc1c-4541-b7fb-6ce792967c3c tempest-AttachVolumeShelveTestJSON-121890794 tempest-AttachVolumeShelveTestJSON-121890794-project-member] Attempting to import store swift {{(pid=101913) _load_store /opt/stack/data/venv/lib/python3.12/site-packages/glance_store/backend.py:215}}
Jun 04 19:45:19.114828 np0000002186 devstack@g-api.service[101913]: DEBUG glance_store.capabilities [None req-4661abc7-fc1c-4541-b7fb-6ce792967c3c tempest-AttachVolumeShelveTestJSON-121890794 tempest-AttachVolumeShelveTestJSON-121890794-project-member] Store glance_store._drivers.swift.store.SingleTenantStore doesn't support updating dynamic storage capabilities. Please overwrite 'update_capabilities' method of the store to implement updating logics if needed. {{(pid=101913) update_capabilities /opt/stack/data/venv/lib/python3.12/site-packages/glance_store/capabilities.py:91}}
Jun 04 19:45:19.114951 np0000002186 devstack@g-api.service[101913]: DEBUG glance_store.driver [None req-4661abc7-fc1c-4541-b7fb-6ce792967c3c tempest-AttachVolumeShelveTestJSON-121890794 tempest-AttachVolumeShelveTestJSON-121890794-project-member] Late loading location class glance_store._drivers.swift.store.StoreLocation {{(pid=101913) get_store_location_class /opt/stack/data/venv/lib/python3.12/site-packages/glance_store/driver.py:134}}
Jun 04 19:45:19.115145 np0000002186 devstack@g-api.service[101913]: DEBUG glance_store.location [None req-4661abc7-fc1c-4541-b7fb-6ce792967c3c tempest-AttachVolumeShelveTestJSON-121890794 tempest-AttachVolumeShelveTestJSON-121890794-project-member] Registering scheme swift+https with {'store': , 'location_class': , 'store_entry': 'swift'} {{(pid=101913) register_scheme_map /opt/stack/data/venv/lib/python3.12/site-packages/glance_store/location.py:146}}
Jun 04 19:45:19.115274 np0000002186 devstack@g-api.service[101913]: DEBUG glance_store.location [None req-4661abc7-fc1c-4541-b7fb-6ce792967c3c tempest-AttachVolumeShelveTestJSON-121890794 tempest-AttachVolumeShelveTestJSON-121890794-project-member] Registering scheme swift+https with {'store': , 'location_class': , 'store_entry': 'swift'} {{(pid=101913) register_scheme_map /opt/stack/data/venv/lib/python3.12/site-packages/glance_store/location.py:146}}
Jun 04 19:45:19.115404 np0000002186 devstack@g-api.service[101913]: DEBUG glance_store.location [None req-4661abc7-fc1c-4541-b7fb-6ce792967c3c tempest-AttachVolumeShelveTestJSON-121890794 tempest-AttachVolumeShelveTestJSON-121890794-project-member] Registering scheme swift with {'store': , 'location_class': , 'store_entry': 'swift'} {{(pid=101913) register_scheme_map /opt/stack/data/venv/lib/python3.12/site-packages/glance_store/location.py:146}}
Jun 04 19:45:19.115566 np0000002186 devstack@g-api.service[101913]: DEBUG glance_store.location [None req-4661abc7-fc1c-4541-b7fb-6ce792967c3c tempest-AttachVolumeShelveTestJSON-121890794 tempest-AttachVolumeShelveTestJSON-121890794-project-member] Registering scheme swift+https with {'store': , 'location_class': , 'store_entry': 'swift'} {{(pid=101913) register_scheme_map /opt/stack/data/venv/lib/python3.12/site-packages/glance_store/location.py:146}}
Jun 04 19:45:19.115626 np0000002186 devstack@g-api.service[101913]: DEBUG glance_store.location [None req-4661abc7-fc1c-4541-b7fb-6ce792967c3c tempest-AttachVolumeShelveTestJSON-121890794 tempest-AttachVolumeShelveTestJSON-121890794-project-member] Registering scheme swift with {'store': , 'location_class': , 'store_entry': 'swift'} {{(pid=101913) register_scheme_map /opt/stack/data/venv/lib/python3.12/site-packages/glance_store/location.py:146}}
Jun 04 19:45:19.115740 np0000002186 devstack@g-api.service[101913]: DEBUG glance_store.location [None req-4661abc7-fc1c-4541-b7fb-6ce792967c3c tempest-AttachVolumeShelveTestJSON-121890794 tempest-AttachVolumeShelveTestJSON-121890794-project-member] Registering scheme swift+http with {'store': , 'location_class': , 'store_entry': 'swift'} {{(pid=101913) register_scheme_map /opt/stack/data/venv/lib/python3.12/site-packages/glance_store/location.py:146}}
Jun 04 19:45:19.115859 np0000002186 devstack@g-api.service[101913]: DEBUG glance_store.location [None req-4661abc7-fc1c-4541-b7fb-6ce792967c3c tempest-AttachVolumeShelveTestJSON-121890794 tempest-AttachVolumeShelveTestJSON-121890794-project-member] Registering scheme swift+https with {'store': , 'location_class': , 'store_entry': 'swift'} {{(pid=101913) register_scheme_map /opt/stack/data/venv/lib/python3.12/site-packages/glance_store/location.py:146}}
Jun 04 19:45:19.116016 np0000002186 devstack@g-api.service[101913]: DEBUG glance_store.location [None req-4661abc7-fc1c-4541-b7fb-6ce792967c3c tempest-AttachVolumeShelveTestJSON-121890794 tempest-AttachVolumeShelveTestJSON-121890794-project-member] Registering scheme swift with {'store': , 'location_class': , 'store_entry': 'swift'} {{(pid=101913) register_scheme_map /opt/stack/data/venv/lib/python3.12/site-packages/glance_store/location.py:146}}
Jun 04 19:45:19.116124 np0000002186 devstack@g-api.service[101913]: DEBUG glance_store.location [None req-4661abc7-fc1c-4541-b7fb-6ce792967c3c tempest-AttachVolumeShelveTestJSON-121890794 tempest-AttachVolumeShelveTestJSON-121890794-project-member] Registering scheme swift+http with {'store': , 'location_class': , 'store_entry': 'swift'} {{(pid=101913) register_scheme_map /opt/stack/data/venv/lib/python3.12/site-packages/glance_store/location.py:146}}
Jun 04 19:45:19.116226 np0000002186 devstack@g-api.service[101913]: DEBUG glance_store.location [None req-4661abc7-fc1c-4541-b7fb-6ce792967c3c tempest-AttachVolumeShelveTestJSON-121890794 tempest-AttachVolumeShelveTestJSON-121890794-project-member] Registering scheme swift+config with {'store': , 'location_class': , 'store_entry': 'swift'} {{(pid=101913) register_scheme_map /opt/stack/data/venv/lib/python3.12/site-packages/glance_store/location.py:146}}
Jun 04 19:45:19.525669 np0000002186 devstack@g-api.service[101914]: DEBUG glance.api.middleware.version_negotiation [None req-ff6645f2-7fbe-43e3-ba41-094111cecbf6 tempest-ServerBootFromVolumeStableRescueTest-1813389125 tempest-ServerBootFromVolumeStableRescueTest-1813389125-project-member] Determining version of request: GET /v2/images/e2babcd9-f6e7-4b36-8f25-03f1ff3777d6 Accept: application/json {{(pid=101914) process_request /opt/stack/glance/glance/api/middleware/version_negotiation.py:44}}
Jun 04 19:45:19.525669 np0000002186 devstack@g-api.service[101914]: DEBUG glance.api.middleware.version_negotiation [None req-ff6645f2-7fbe-43e3-ba41-094111cecbf6 tempest-ServerBootFromVolumeStableRescueTest-1813389125 tempest-ServerBootFromVolumeStableRescueTest-1813389125-project-member] Using url versioning {{(pid=101914) process_request /opt/stack/glance/glance/api/middleware/version_negotiation.py:57}}
Jun 04 19:45:19.525669 np0000002186 devstack@g-api.service[101914]: DEBUG glance.api.middleware.version_negotiation [None req-ff6645f2-7fbe-43e3-ba41-094111cecbf6 tempest-ServerBootFromVolumeStableRescueTest-1813389125 tempest-ServerBootFromVolumeStableRescueTest-1813389125-project-member] Matched version: v2 {{(pid=101914) process_request /opt/stack/glance/glance/api/middleware/version_negotiation.py:69}}
Jun 04 19:45:19.526200 np0000002186 devstack@g-api.service[101914]: DEBUG glance.api.middleware.version_negotiation [None req-ff6645f2-7fbe-43e3-ba41-094111cecbf6 tempest-ServerBootFromVolumeStableRescueTest-1813389125 tempest-ServerBootFromVolumeStableRescueTest-1813389125-project-member] new path /v2/images/e2babcd9-f6e7-4b36-8f25-03f1ff3777d6 {{(pid=101914) process_request /opt/stack/glance/glance/api/middleware/version_negotiation.py:70}}
Jun 04 19:45:19.545617 np0000002186 devstack@g-api.service[101914]: [pid: 101914|app: 0|req: 49/137] 127.0.0.1 () {40 vars in 838 bytes} [Thu Jun 4 19:45:19 2026] GET /v2/images/e2babcd9-f6e7-4b36-8f25-03f1ff3777d6 => generated 1360 bytes in 20 msecs (HTTP/1.1 200) 4 headers in 158 bytes (1 switches on core 0)
Jun 04 19:45:19.650540 np0000002186 devstack@g-api.service[101913]: DEBUG swiftclient [None req-4661abc7-fc1c-4541-b7fb-6ce792967c3c tempest-AttachVolumeShelveTestJSON-121890794 tempest-AttachVolumeShelveTestJSON-121890794-project-member] REQ: curl -i https://10.4.3.189:8080/v1/AUTH_899eb493288e4ca6b67c357e85c3cd40/glance/72911f6e-5f0f-47e2-88e4-13b24782db11 -X GET -H "X-Auth-Token: gAAAAABqIdXPk1uV..." {{(pid=101913) http_log /opt/stack/data/venv/lib/python3.12/site-packages/swiftclient/client.py:160}}
Jun 04 19:45:19.650876 np0000002186 devstack@g-api.service[101913]: DEBUG swiftclient [None req-4661abc7-fc1c-4541-b7fb-6ce792967c3c tempest-AttachVolumeShelveTestJSON-121890794 tempest-AttachVolumeShelveTestJSON-121890794-project-member] RESP STATUS: 200 OK {{(pid=101913) http_log /opt/stack/data/venv/lib/python3.12/site-packages/swiftclient/client.py:161}}
Jun 04 19:45:19.651235 np0000002186 devstack@g-api.service[101913]: DEBUG swiftclient [None req-4661abc7-fc1c-4541-b7fb-6ce792967c3c tempest-AttachVolumeShelveTestJSON-121890794 tempest-AttachVolumeShelveTestJSON-121890794-project-member] RESP HEADERS: {'Date': 'Thu, 04 Jun 2026 19:45:19 GMT', 'Server': 'Apache/2.4.58 (Ubuntu)', 'Content-Type': 'application/octet-stream', 'X-Object-Manifest': 'glance/72911f6e-5f0f-47e2-88e4-13b24782db11-', 'Last-Modified': 'Thu, 04 Jun 2026 19:45:01 GMT', 'X-Timestamp': '1780602300.54839', 'Accept-Ranges': 'bytes', 'Content-Length': '53608448', 'Etag': '"22f20b42dfb35271fae4924b8b36db18"', 'X-Trans-Id': 'txf7abc5ba52ac43a8b0837-006a21d5cf', 'X-Openstack-Request-Id': 'txf7abc5ba52ac43a8b0837-006a21d5cf', 'Connection': 'close'} {{(pid=101913) http_log /opt/stack/data/venv/lib/python3.12/site-packages/swiftclient/client.py:162}}
Jun 04 19:45:19.674292 np0000002186 devstack@g-api.service[101913]: DEBUG glance.image_cache [None req-4661abc7-fc1c-4541-b7fb-6ce792967c3c tempest-AttachVolumeShelveTestJSON-121890794 tempest-AttachVolumeShelveTestJSON-121890794-project-member] Tee'ing image '72911f6e-5f0f-47e2-88e4-13b24782db11' into cache {{(pid=101913) get_caching_iter /opt/stack/glance/glance/image_cache/__init__.py:356}}
Jun 04 19:45:19.973601 np0000002186 devstack@g-api.service[101915]: DEBUG glance.api.middleware.version_negotiation [None req-4661abc7-fc1c-4541-b7fb-6ce792967c3c tempest-AttachVolumeShelveTestJSON-121890794 tempest-AttachVolumeShelveTestJSON-121890794-project-member] Determining version of request: GET /v2/images/e2babcd9-f6e7-4b36-8f25-03f1ff3777d6 Accept: */* {{(pid=101915) process_request /opt/stack/glance/glance/api/middleware/version_negotiation.py:44}}
Jun 04 19:45:19.973766 np0000002186 devstack@g-api.service[101915]: DEBUG glance.api.middleware.version_negotiation [None req-4661abc7-fc1c-4541-b7fb-6ce792967c3c tempest-AttachVolumeShelveTestJSON-121890794 tempest-AttachVolumeShelveTestJSON-121890794-project-member] Using url versioning {{(pid=101915) process_request /opt/stack/glance/glance/api/middleware/version_negotiation.py:57}}
Jun 04 19:45:19.974441 np0000002186 devstack@g-api.service[101915]: DEBUG glance.api.middleware.version_negotiation [None req-4661abc7-fc1c-4541-b7fb-6ce792967c3c tempest-AttachVolumeShelveTestJSON-121890794 tempest-AttachVolumeShelveTestJSON-121890794-project-member] Matched version: v2 {{(pid=101915) process_request /opt/stack/glance/glance/api/middleware/version_negotiation.py:69}}
Jun 04 19:45:19.974581 np0000002186 devstack@g-api.service[101915]: DEBUG glance.api.middleware.version_negotiation [None req-4661abc7-fc1c-4541-b7fb-6ce792967c3c tempest-AttachVolumeShelveTestJSON-121890794 tempest-AttachVolumeShelveTestJSON-121890794-project-member] new path /v2/images/e2babcd9-f6e7-4b36-8f25-03f1ff3777d6 {{(pid=101915) process_request /opt/stack/glance/glance/api/middleware/version_negotiation.py:70}}
Jun 04 19:45:19.991962 np0000002186 devstack@g-api.service[101915]: [pid: 101915|app: 0|req: 44/138] 127.0.0.1 () {44 vars in 1115 bytes} [Thu Jun 4 19:45:19 2026] GET /v2/images/e2babcd9-f6e7-4b36-8f25-03f1ff3777d6 => generated 1360 bytes in 18 msecs (HTTP/1.1 200) 4 headers in 158 bytes (1 switches on core 0)
Jun 04 19:45:20.015870 np0000002186 devstack@g-api.service[101913]: DEBUG glance.image_cache.drivers.centralized_db [None req-4661abc7-fc1c-4541-b7fb-6ce792967c3c tempest-AttachVolumeShelveTestJSON-121890794 tempest-AttachVolumeShelveTestJSON-121890794-project-member] Fetch finished, moving '/opt/stack/data/glance/cache/incomplete/72911f6e-5f0f-47e2-88e4-13b24782db11' to '/opt/stack/data/glance/cache/72911f6e-5f0f-47e2-88e4-13b24782db11' {{(pid=101913) commit /opt/stack/glance/glance/image_cache/drivers/centralized_db.py:243}}
Jun 04 19:45:20.027702 np0000002186 devstack@g-api.service[101913]: DEBUG glance.image_cache.drivers.centralized_db [None req-4661abc7-fc1c-4541-b7fb-6ce792967c3c tempest-AttachVolumeShelveTestJSON-121890794 tempest-AttachVolumeShelveTestJSON-121890794-project-member] Image cached successfully. {{(pid=101913) commit /opt/stack/glance/glance/image_cache/drivers/centralized_db.py:258}}
Jun 04 19:45:20.029865 np0000002186 devstack@g-api.service[101913]: [pid: 101913|app: 0|req: 46/139] 127.0.0.1 () {44 vars in 1125 bytes} [Thu Jun 4 19:45:19 2026] GET /v2/images/72911f6e-5f0f-47e2-88e4-13b24782db11/file => generated 53608448 bytes in 939 msecs (HTTP/1.1 200) 4 headers in 191 bytes (819 switches on core 0)
Jun 04 19:45:20.050358 np0000002186 devstack@g-api.service[101914]: DEBUG glance.api.middleware.version_negotiation [None req-f11d30b7-0be3-4dc6-94da-ff3cd829d87a tempest-ServerBootFromVolumeStableRescueTest-1813389125 tempest-ServerBootFromVolumeStableRescueTest-1813389125-project-member] Determining version of request: GET /v2/schemas/image Accept: */* {{(pid=101914) process_request /opt/stack/glance/glance/api/middleware/version_negotiation.py:44}}
Jun 04 19:45:20.050613 np0000002186 devstack@g-api.service[101914]: DEBUG glance.api.middleware.version_negotiation [None req-f11d30b7-0be3-4dc6-94da-ff3cd829d87a tempest-ServerBootFromVolumeStableRescueTest-1813389125 tempest-ServerBootFromVolumeStableRescueTest-1813389125-project-member] Using url versioning {{(pid=101914) process_request /opt/stack/glance/glance/api/middleware/version_negotiation.py:57}}
Jun 04 19:45:20.050835 np0000002186 devstack@g-api.service[101914]: DEBUG glance.api.middleware.version_negotiation [None req-f11d30b7-0be3-4dc6-94da-ff3cd829d87a tempest-ServerBootFromVolumeStableRescueTest-1813389125 tempest-ServerBootFromVolumeStableRescueTest-1813389125-project-member] Matched version: v2 {{(pid=101914) process_request /opt/stack/glance/glance/api/middleware/version_negotiation.py:69}}
Jun 04 19:45:20.051035 np0000002186 devstack@g-api.service[101914]: DEBUG glance.api.middleware.version_negotiation [None req-f11d30b7-0be3-4dc6-94da-ff3cd829d87a tempest-ServerBootFromVolumeStableRescueTest-1813389125 tempest-ServerBootFromVolumeStableRescueTest-1813389125-project-member] new path /v2/schemas/image {{(pid=101914) process_request /opt/stack/glance/glance/api/middleware/version_negotiation.py:70}}
Jun 04 19:45:20.056300 np0000002186 devstack@g-api.service[101914]: [pid: 101914|app: 0|req: 50/140] 127.0.0.1 () {44 vars in 1055 bytes} [Thu Jun 4 19:45:20 2026] GET /v2/schemas/image => generated 6083 bytes in 6 msecs (HTTP/1.1 200) 4 headers in 158 bytes (1 switches on core 0)
Jun 04 19:45:20.098187 np0000002186 devstack@g-api.service[101915]: DEBUG glance.api.middleware.version_negotiation [None req-c29076c8-68b0-4f46-ac97-07d3c2922001 tempest-ServerBootFromVolumeStableRescueTest-1813389125 tempest-ServerBootFromVolumeStableRescueTest-1813389125-project-member] Determining version of request: GET /v2/schemas/image Accept: */* {{(pid=101915) process_request /opt/stack/glance/glance/api/middleware/version_negotiation.py:44}}
Jun 04 19:45:20.098187 np0000002186 devstack@g-api.service[101915]: DEBUG glance.api.middleware.version_negotiation [None req-c29076c8-68b0-4f46-ac97-07d3c2922001 tempest-ServerBootFromVolumeStableRescueTest-1813389125 tempest-ServerBootFromVolumeStableRescueTest-1813389125-project-member] Using url versioning {{(pid=101915) process_request /opt/stack/glance/glance/api/middleware/version_negotiation.py:57}}
Jun 04 19:45:20.098187 np0000002186 devstack@g-api.service[101915]: DEBUG glance.api.middleware.version_negotiation [None req-c29076c8-68b0-4f46-ac97-07d3c2922001 tempest-ServerBootFromVolumeStableRescueTest-1813389125 tempest-ServerBootFromVolumeStableRescueTest-1813389125-project-member] Matched version: v2 {{(pid=101915) process_request /opt/stack/glance/glance/api/middleware/version_negotiation.py:69}}
Jun 04 19:45:20.098187 np0000002186 devstack@g-api.service[101915]: DEBUG glance.api.middleware.version_negotiation [None req-c29076c8-68b0-4f46-ac97-07d3c2922001 tempest-ServerBootFromVolumeStableRescueTest-1813389125 tempest-ServerBootFromVolumeStableRescueTest-1813389125-project-member] new path /v2/schemas/image {{(pid=101915) process_request /opt/stack/glance/glance/api/middleware/version_negotiation.py:70}}
Jun 04 19:45:20.102573 np0000002186 devstack@g-api.service[101915]: [pid: 101915|app: 0|req: 45/141] 127.0.0.1 () {44 vars in 1055 bytes} [Thu Jun 4 19:45:20 2026] GET /v2/schemas/image => generated 6083 bytes in 5 msecs (HTTP/1.1 200) 4 headers in 158 bytes (1 switches on core 0)
Jun 04 19:45:20.140600 np0000002186 devstack@g-api.service[101913]: DEBUG glance.api.middleware.version_negotiation [None req-4661abc7-fc1c-4541-b7fb-6ce792967c3c tempest-AttachVolumeShelveTestJSON-121890794 tempest-AttachVolumeShelveTestJSON-121890794-project-member] Determining version of request: PATCH /v2/images/e2babcd9-f6e7-4b36-8f25-03f1ff3777d6 Accept: */* {{(pid=101913) process_request /opt/stack/glance/glance/api/middleware/version_negotiation.py:44}}
Jun 04 19:45:20.141004 np0000002186 devstack@g-api.service[101913]: DEBUG glance.api.middleware.version_negotiation [None req-4661abc7-fc1c-4541-b7fb-6ce792967c3c tempest-AttachVolumeShelveTestJSON-121890794 tempest-AttachVolumeShelveTestJSON-121890794-project-member] Using url versioning {{(pid=101913) process_request /opt/stack/glance/glance/api/middleware/version_negotiation.py:57}}
Jun 04 19:45:20.142321 np0000002186 devstack@g-api.service[101913]: DEBUG glance.api.middleware.version_negotiation [None req-4661abc7-fc1c-4541-b7fb-6ce792967c3c tempest-AttachVolumeShelveTestJSON-121890794 tempest-AttachVolumeShelveTestJSON-121890794-project-member] Matched version: v2 {{(pid=101913) process_request /opt/stack/glance/glance/api/middleware/version_negotiation.py:69}}
Jun 04 19:45:20.142568 np0000002186 devstack@g-api.service[101913]: DEBUG glance.api.middleware.version_negotiation [None req-4661abc7-fc1c-4541-b7fb-6ce792967c3c tempest-AttachVolumeShelveTestJSON-121890794 tempest-AttachVolumeShelveTestJSON-121890794-project-member] new path /v2/images/e2babcd9-f6e7-4b36-8f25-03f1ff3777d6 {{(pid=101913) process_request /opt/stack/glance/glance/api/middleware/version_negotiation.py:70}}
Jun 04 19:45:20.266250 np0000002186 devstack@g-api.service[101914]: DEBUG glance.api.middleware.version_negotiation [None req-c29076c8-68b0-4f46-ac97-07d3c2922001 tempest-ServerBootFromVolumeStableRescueTest-1813389125 tempest-ServerBootFromVolumeStableRescueTest-1813389125-project-member] Determining version of request: GET /v2/images/72911f6e-5f0f-47e2-88e4-13b24782db11 Accept: */* {{(pid=101914) process_request /opt/stack/glance/glance/api/middleware/version_negotiation.py:44}}
Jun 04 19:45:20.266414 np0000002186 devstack@g-api.service[101914]: DEBUG glance.api.middleware.version_negotiation [None req-c29076c8-68b0-4f46-ac97-07d3c2922001 tempest-ServerBootFromVolumeStableRescueTest-1813389125 tempest-ServerBootFromVolumeStableRescueTest-1813389125-project-member] Using url versioning {{(pid=101914) process_request /opt/stack/glance/glance/api/middleware/version_negotiation.py:57}}
Jun 04 19:45:20.266613 np0000002186 devstack@g-api.service[101914]: DEBUG glance.api.middleware.version_negotiation [None req-c29076c8-68b0-4f46-ac97-07d3c2922001 tempest-ServerBootFromVolumeStableRescueTest-1813389125 tempest-ServerBootFromVolumeStableRescueTest-1813389125-project-member] Matched version: v2 {{(pid=101914) process_request /opt/stack/glance/glance/api/middleware/version_negotiation.py:69}}
Jun 04 19:45:20.266736 np0000002186 devstack@g-api.service[101914]: DEBUG glance.api.middleware.version_negotiation [None req-c29076c8-68b0-4f46-ac97-07d3c2922001 tempest-ServerBootFromVolumeStableRescueTest-1813389125 tempest-ServerBootFromVolumeStableRescueTest-1813389125-project-member] new path /v2/images/72911f6e-5f0f-47e2-88e4-13b24782db11 {{(pid=101914) process_request /opt/stack/glance/glance/api/middleware/version_negotiation.py:70}}
Jun 04 19:45:20.287575 np0000002186 devstack@g-api.service[101914]: [pid: 101914|app: 0|req: 51/142] 127.0.0.1 () {44 vars in 1115 bytes} [Thu Jun 4 19:45:20 2026] GET /v2/images/72911f6e-5f0f-47e2-88e4-13b24782db11 => generated 1617 bytes in 21 msecs (HTTP/1.1 200) 4 headers in 158 bytes (1 switches on core 0)
Jun 04 19:45:20.324044 np0000002186 devstack@g-api.service[101913]: [pid: 101913|app: 0|req: 47/143] 127.0.0.1 () {46 vars in 1158 bytes} [Thu Jun 4 19:45:20 2026] PATCH /v2/images/e2babcd9-f6e7-4b36-8f25-03f1ff3777d6 => generated 1471 bytes in 184 msecs (HTTP/1.1 200) 4 headers in 158 bytes (1 switches on core 0)
Jun 04 19:45:20.336374 np0000002186 devstack@g-api.service[101915]: DEBUG glance.api.middleware.version_negotiation [None req-c29076c8-68b0-4f46-ac97-07d3c2922001 tempest-ServerBootFromVolumeStableRescueTest-1813389125 tempest-ServerBootFromVolumeStableRescueTest-1813389125-project-member] Determining version of request: GET /v2/schemas/image Accept: */* {{(pid=101915) process_request /opt/stack/glance/glance/api/middleware/version_negotiation.py:44}}
Jun 04 19:45:20.336559 np0000002186 devstack@g-api.service[101915]: DEBUG glance.api.middleware.version_negotiation [None req-c29076c8-68b0-4f46-ac97-07d3c2922001 tempest-ServerBootFromVolumeStableRescueTest-1813389125 tempest-ServerBootFromVolumeStableRescueTest-1813389125-project-member] Using url versioning {{(pid=101915) process_request /opt/stack/glance/glance/api/middleware/version_negotiation.py:57}}
Jun 04 19:45:20.336735 np0000002186 devstack@g-api.service[101915]: DEBUG glance.api.middleware.version_negotiation [None req-c29076c8-68b0-4f46-ac97-07d3c2922001 tempest-ServerBootFromVolumeStableRescueTest-1813389125 tempest-ServerBootFromVolumeStableRescueTest-1813389125-project-member] Matched version: v2 {{(pid=101915) process_request /opt/stack/glance/glance/api/middleware/version_negotiation.py:69}}
Jun 04 19:45:20.336735 np0000002186 devstack@g-api.service[101915]: DEBUG glance.api.middleware.version_negotiation [None req-c29076c8-68b0-4f46-ac97-07d3c2922001 tempest-ServerBootFromVolumeStableRescueTest-1813389125 tempest-ServerBootFromVolumeStableRescueTest-1813389125-project-member] new path /v2/schemas/image {{(pid=101915) process_request /opt/stack/glance/glance/api/middleware/version_negotiation.py:70}}
Jun 04 19:45:20.339227 np0000002186 devstack@g-api.service[101915]: [pid: 101915|app: 0|req: 46/144] 127.0.0.1 () {44 vars in 1055 bytes} [Thu Jun 4 19:45:20 2026] GET /v2/schemas/image => generated 6083 bytes in 3 msecs (HTTP/1.1 200) 4 headers in 158 bytes (1 switches on core 0)
Jun 04 19:45:20.397023 np0000002186 devstack@g-api.service[101914]: DEBUG glance.api.middleware.version_negotiation [None req-4661abc7-fc1c-4541-b7fb-6ce792967c3c tempest-AttachVolumeShelveTestJSON-121890794 tempest-AttachVolumeShelveTestJSON-121890794-project-member] Determining version of request: GET /v2/images/e2babcd9-f6e7-4b36-8f25-03f1ff3777d6 Accept: */* {{(pid=101914) process_request /opt/stack/glance/glance/api/middleware/version_negotiation.py:44}}
Jun 04 19:45:20.397023 np0000002186 devstack@g-api.service[101914]: DEBUG glance.api.middleware.version_negotiation [None req-4661abc7-fc1c-4541-b7fb-6ce792967c3c tempest-AttachVolumeShelveTestJSON-121890794 tempest-AttachVolumeShelveTestJSON-121890794-project-member] Using url versioning {{(pid=101914) process_request /opt/stack/glance/glance/api/middleware/version_negotiation.py:57}}
Jun 04 19:45:20.397023 np0000002186 devstack@g-api.service[101914]: DEBUG glance.api.middleware.version_negotiation [None req-4661abc7-fc1c-4541-b7fb-6ce792967c3c tempest-AttachVolumeShelveTestJSON-121890794 tempest-AttachVolumeShelveTestJSON-121890794-project-member] Matched version: v2 {{(pid=101914) process_request /opt/stack/glance/glance/api/middleware/version_negotiation.py:69}}
Jun 04 19:45:20.397023 np0000002186 devstack@g-api.service[101914]: DEBUG glance.api.middleware.version_negotiation [None req-4661abc7-fc1c-4541-b7fb-6ce792967c3c tempest-AttachVolumeShelveTestJSON-121890794 tempest-AttachVolumeShelveTestJSON-121890794-project-member] new path /v2/images/e2babcd9-f6e7-4b36-8f25-03f1ff3777d6 {{(pid=101914) process_request /opt/stack/glance/glance/api/middleware/version_negotiation.py:70}}
Jun 04 19:45:20.424314 np0000002186 devstack@g-api.service[101914]: [pid: 101914|app: 0|req: 52/145] 127.0.0.1 () {44 vars in 1115 bytes} [Thu Jun 4 19:45:20 2026] GET /v2/images/e2babcd9-f6e7-4b36-8f25-03f1ff3777d6 => generated 1471 bytes in 28 msecs (HTTP/1.1 200) 4 headers in 158 bytes (1 switches on core 0)
Jun 04 19:45:20.540877 np0000002186 devstack@g-api.service[101913]: DEBUG glance.api.middleware.version_negotiation [None req-c29076c8-68b0-4f46-ac97-07d3c2922001 tempest-ServerBootFromVolumeStableRescueTest-1813389125 tempest-ServerBootFromVolumeStableRescueTest-1813389125-project-member] Determining version of request: PUT /v2/images/e2babcd9-f6e7-4b36-8f25-03f1ff3777d6/file Accept: */* {{(pid=101913) process_request /opt/stack/glance/glance/api/middleware/version_negotiation.py:44}}
Jun 04 19:45:20.541045 np0000002186 devstack@g-api.service[101913]: DEBUG glance.api.middleware.version_negotiation [None req-c29076c8-68b0-4f46-ac97-07d3c2922001 tempest-ServerBootFromVolumeStableRescueTest-1813389125 tempest-ServerBootFromVolumeStableRescueTest-1813389125-project-member] Using url versioning {{(pid=101913) process_request /opt/stack/glance/glance/api/middleware/version_negotiation.py:57}}
Jun 04 19:45:20.541186 np0000002186 devstack@g-api.service[101913]: DEBUG glance.api.middleware.version_negotiation [None req-c29076c8-68b0-4f46-ac97-07d3c2922001 tempest-ServerBootFromVolumeStableRescueTest-1813389125 tempest-ServerBootFromVolumeStableRescueTest-1813389125-project-member] Matched version: v2 {{(pid=101913) process_request /opt/stack/glance/glance/api/middleware/version_negotiation.py:69}}
Jun 04 19:45:20.541313 np0000002186 devstack@g-api.service[101913]: DEBUG glance.api.middleware.version_negotiation [None req-c29076c8-68b0-4f46-ac97-07d3c2922001 tempest-ServerBootFromVolumeStableRescueTest-1813389125 tempest-ServerBootFromVolumeStableRescueTest-1813389125-project-member] new path /v2/images/e2babcd9-f6e7-4b36-8f25-03f1ff3777d6/file {{(pid=101913) process_request /opt/stack/glance/glance/api/middleware/version_negotiation.py:70}}
Jun 04 19:45:20.561960 np0000002186 devstack@g-api.service[101915]: DEBUG glance.api.middleware.version_negotiation [None req-4661abc7-fc1c-4541-b7fb-6ce792967c3c tempest-AttachVolumeShelveTestJSON-121890794 tempest-AttachVolumeShelveTestJSON-121890794-project-member] Determining version of request: GET /v2/images/e2babcd9-f6e7-4b36-8f25-03f1ff3777d6 Accept: application/json {{(pid=101915) process_request /opt/stack/glance/glance/api/middleware/version_negotiation.py:44}}
Jun 04 19:45:20.562124 np0000002186 devstack@g-api.service[101915]: DEBUG glance.api.middleware.version_negotiation [None req-4661abc7-fc1c-4541-b7fb-6ce792967c3c tempest-AttachVolumeShelveTestJSON-121890794 tempest-AttachVolumeShelveTestJSON-121890794-project-member] Using url versioning {{(pid=101915) process_request /opt/stack/glance/glance/api/middleware/version_negotiation.py:57}}
Jun 04 19:45:20.562266 np0000002186 devstack@g-api.service[101915]: DEBUG glance.api.middleware.version_negotiation [None req-4661abc7-fc1c-4541-b7fb-6ce792967c3c tempest-AttachVolumeShelveTestJSON-121890794 tempest-AttachVolumeShelveTestJSON-121890794-project-member] Matched version: v2 {{(pid=101915) process_request /opt/stack/glance/glance/api/middleware/version_negotiation.py:69}}
Jun 04 19:45:20.563012 np0000002186 devstack@g-api.service[101915]: DEBUG glance.api.middleware.version_negotiation [None req-4661abc7-fc1c-4541-b7fb-6ce792967c3c tempest-AttachVolumeShelveTestJSON-121890794 tempest-AttachVolumeShelveTestJSON-121890794-project-member] new path /v2/images/e2babcd9-f6e7-4b36-8f25-03f1ff3777d6 {{(pid=101915) process_request /opt/stack/glance/glance/api/middleware/version_negotiation.py:70}}
Jun 04 19:45:20.597381 np0000002186 devstack@g-api.service[101915]: [pid: 101915|app: 0|req: 47/146] 127.0.0.1 () {40 vars in 838 bytes} [Thu Jun 4 19:45:20 2026] GET /v2/images/e2babcd9-f6e7-4b36-8f25-03f1ff3777d6 => generated 1471 bytes in 36 msecs (HTTP/1.1 200) 4 headers in 158 bytes (1 switches on core 0)
Jun 04 19:45:21.589222 np0000002186 devstack@g-api.service[101913]: INFO glance.api.v2.image_data [None req-c29076c8-68b0-4f46-ac97-07d3c2922001 tempest-ServerBootFromVolumeStableRescueTest-1813389125 tempest-ServerBootFromVolumeStableRescueTest-1813389125-project-member] Unable to create trust: no such option collect_timing in group [keystone_authtoken] Use the existing user token.
Jun 04 19:45:21.609231 np0000002186 devstack@g-api.service[101914]: DEBUG glance.api.middleware.version_negotiation [None req-c29076c8-68b0-4f46-ac97-07d3c2922001 tempest-ServerBootFromVolumeStableRescueTest-1813389125 tempest-ServerBootFromVolumeStableRescueTest-1813389125-project-member] Determining version of request: GET /v2/images/e2babcd9-f6e7-4b36-8f25-03f1ff3777d6 Accept: application/json {{(pid=101914) process_request /opt/stack/glance/glance/api/middleware/version_negotiation.py:44}}
Jun 04 19:45:21.609231 np0000002186 devstack@g-api.service[101914]: DEBUG glance.api.middleware.version_negotiation [None req-c29076c8-68b0-4f46-ac97-07d3c2922001 tempest-ServerBootFromVolumeStableRescueTest-1813389125 tempest-ServerBootFromVolumeStableRescueTest-1813389125-project-member] Using url versioning {{(pid=101914) process_request /opt/stack/glance/glance/api/middleware/version_negotiation.py:57}}
Jun 04 19:45:21.609231 np0000002186 devstack@g-api.service[101914]: DEBUG glance.api.middleware.version_negotiation [None req-c29076c8-68b0-4f46-ac97-07d3c2922001 tempest-ServerBootFromVolumeStableRescueTest-1813389125 tempest-ServerBootFromVolumeStableRescueTest-1813389125-project-member] Matched version: v2 {{(pid=101914) process_request /opt/stack/glance/glance/api/middleware/version_negotiation.py:69}}
Jun 04 19:45:21.609697 np0000002186 devstack@g-api.service[101914]: DEBUG glance.api.middleware.version_negotiation [None req-c29076c8-68b0-4f46-ac97-07d3c2922001 tempest-ServerBootFromVolumeStableRescueTest-1813389125 tempest-ServerBootFromVolumeStableRescueTest-1813389125-project-member] new path /v2/images/e2babcd9-f6e7-4b36-8f25-03f1ff3777d6 {{(pid=101914) process_request /opt/stack/glance/glance/api/middleware/version_negotiation.py:70}}
Jun 04 19:45:21.622735 np0000002186 devstack@g-api.service[101914]: [pid: 101914|app: 0|req: 53/147] 127.0.0.1 () {40 vars in 838 bytes} [Thu Jun 4 19:45:21 2026] GET /v2/images/e2babcd9-f6e7-4b36-8f25-03f1ff3777d6 => generated 1471 bytes in 14 msecs (HTTP/1.1 200) 4 headers in 158 bytes (1 switches on core 0)
Jun 04 19:45:22.374887 np0000002186 devstack@g-api.service[101913]: DEBUG glance.location [None req-c29076c8-68b0-4f46-ac97-07d3c2922001 tempest-ServerBootFromVolumeStableRescueTest-1813389125 tempest-ServerBootFromVolumeStableRescueTest-1813389125-project-member] Enabling in-flight format inspection for qcow2 {{(pid=101913) set_data /opt/stack/glance/glance/location.py:616}}
Jun 04 19:45:22.375370 np0000002186 devstack@g-api.service[101913]: DEBUG glance_store.backend [None req-c29076c8-68b0-4f46-ac97-07d3c2922001 tempest-ServerBootFromVolumeStableRescueTest-1813389125 tempest-ServerBootFromVolumeStableRescueTest-1813389125-project-member] Attempting to import store swift {{(pid=101913) _load_store /opt/stack/data/venv/lib/python3.12/site-packages/glance_store/backend.py:215}}
Jun 04 19:45:22.377588 np0000002186 devstack@g-api.service[101913]: DEBUG glance_store.capabilities [None req-c29076c8-68b0-4f46-ac97-07d3c2922001 tempest-ServerBootFromVolumeStableRescueTest-1813389125 tempest-ServerBootFromVolumeStableRescueTest-1813389125-project-member] Store glance_store._drivers.swift.store.SingleTenantStore doesn't support updating dynamic storage capabilities. Please overwrite 'update_capabilities' method of the store to implement updating logics if needed. {{(pid=101913) update_capabilities /opt/stack/data/venv/lib/python3.12/site-packages/glance_store/capabilities.py:91}}
Jun 04 19:45:22.377925 np0000002186 devstack@g-api.service[101913]: DEBUG glance_store.driver [None req-c29076c8-68b0-4f46-ac97-07d3c2922001 tempest-ServerBootFromVolumeStableRescueTest-1813389125 tempest-ServerBootFromVolumeStableRescueTest-1813389125-project-member] Late loading location class glance_store._drivers.swift.store.StoreLocation {{(pid=101913) get_store_location_class /opt/stack/data/venv/lib/python3.12/site-packages/glance_store/driver.py:134}}
Jun 04 19:45:22.377983 np0000002186 devstack@g-api.service[101913]: DEBUG glance_store.location [None req-c29076c8-68b0-4f46-ac97-07d3c2922001 tempest-ServerBootFromVolumeStableRescueTest-1813389125 tempest-ServerBootFromVolumeStableRescueTest-1813389125-project-member] Registering scheme swift+https with {'store': , 'location_class': , 'store_entry': 'swift'} {{(pid=101913) register_scheme_map /opt/stack/data/venv/lib/python3.12/site-packages/glance_store/location.py:146}}
Jun 04 19:45:22.378160 np0000002186 devstack@g-api.service[101913]: DEBUG glance_store.location [None req-c29076c8-68b0-4f46-ac97-07d3c2922001 tempest-ServerBootFromVolumeStableRescueTest-1813389125 tempest-ServerBootFromVolumeStableRescueTest-1813389125-project-member] Registering scheme swift+https with {'store': , 'location_class': , 'store_entry': 'swift'} {{(pid=101913) register_scheme_map /opt/stack/data/venv/lib/python3.12/site-packages/glance_store/location.py:146}}
Jun 04 19:45:22.378274 np0000002186 devstack@g-api.service[101913]: DEBUG glance_store.location [None req-c29076c8-68b0-4f46-ac97-07d3c2922001 tempest-ServerBootFromVolumeStableRescueTest-1813389125 tempest-ServerBootFromVolumeStableRescueTest-1813389125-project-member] Registering scheme swift with {'store': , 'location_class': , 'store_entry': 'swift'} {{(pid=101913) register_scheme_map /opt/stack/data/venv/lib/python3.12/site-packages/glance_store/location.py:146}}
Jun 04 19:45:22.378385 np0000002186 devstack@g-api.service[101913]: DEBUG glance_store.location [None req-c29076c8-68b0-4f46-ac97-07d3c2922001 tempest-ServerBootFromVolumeStableRescueTest-1813389125 tempest-ServerBootFromVolumeStableRescueTest-1813389125-project-member] Registering scheme swift+https with {'store': , 'location_class': , 'store_entry': 'swift'} {{(pid=101913) register_scheme_map /opt/stack/data/venv/lib/python3.12/site-packages/glance_store/location.py:146}}
Jun 04 19:45:22.378576 np0000002186 devstack@g-api.service[101913]: DEBUG glance_store.location [None req-c29076c8-68b0-4f46-ac97-07d3c2922001 tempest-ServerBootFromVolumeStableRescueTest-1813389125 tempest-ServerBootFromVolumeStableRescueTest-1813389125-project-member] Registering scheme swift with {'store': , 'location_class': , 'store_entry': 'swift'} {{(pid=101913) register_scheme_map /opt/stack/data/venv/lib/python3.12/site-packages/glance_store/location.py:146}}
Jun 04 19:45:22.378761 np0000002186 devstack@g-api.service[101913]: DEBUG glance_store.location [None req-c29076c8-68b0-4f46-ac97-07d3c2922001 tempest-ServerBootFromVolumeStableRescueTest-1813389125 tempest-ServerBootFromVolumeStableRescueTest-1813389125-project-member] Registering scheme swift+http with {'store': , 'location_class': , 'store_entry': 'swift'} {{(pid=101913) register_scheme_map /opt/stack/data/venv/lib/python3.12/site-packages/glance_store/location.py:146}}
Jun 04 19:45:22.378943 np0000002186 devstack@g-api.service[101913]: DEBUG glance_store.location [None req-c29076c8-68b0-4f46-ac97-07d3c2922001 tempest-ServerBootFromVolumeStableRescueTest-1813389125 tempest-ServerBootFromVolumeStableRescueTest-1813389125-project-member] Registering scheme swift+https with {'store': , 'location_class': , 'store_entry': 'swift'} {{(pid=101913) register_scheme_map /opt/stack/data/venv/lib/python3.12/site-packages/glance_store/location.py:146}}
Jun 04 19:45:22.379114 np0000002186 devstack@g-api.service[101913]: DEBUG glance_store.location [None req-c29076c8-68b0-4f46-ac97-07d3c2922001 tempest-ServerBootFromVolumeStableRescueTest-1813389125 tempest-ServerBootFromVolumeStableRescueTest-1813389125-project-member] Registering scheme swift with {'store': , 'location_class': , 'store_entry': 'swift'} {{(pid=101913) register_scheme_map /opt/stack/data/venv/lib/python3.12/site-packages/glance_store/location.py:146}}
Jun 04 19:45:22.379266 np0000002186 devstack@g-api.service[101913]: DEBUG glance_store.location [None req-c29076c8-68b0-4f46-ac97-07d3c2922001 tempest-ServerBootFromVolumeStableRescueTest-1813389125 tempest-ServerBootFromVolumeStableRescueTest-1813389125-project-member] Registering scheme swift+http with {'store': , 'location_class': , 'store_entry': 'swift'} {{(pid=101913) register_scheme_map /opt/stack/data/venv/lib/python3.12/site-packages/glance_store/location.py:146}}
Jun 04 19:45:22.379437 np0000002186 devstack@g-api.service[101913]: DEBUG glance_store.location [None req-c29076c8-68b0-4f46-ac97-07d3c2922001 tempest-ServerBootFromVolumeStableRescueTest-1813389125 tempest-ServerBootFromVolumeStableRescueTest-1813389125-project-member] Registering scheme swift+config with {'store': , 'location_class': , 'store_entry': 'swift'} {{(pid=101913) register_scheme_map /opt/stack/data/venv/lib/python3.12/site-packages/glance_store/location.py:146}}
Jun 04 19:45:22.632818 np0000002186 devstack@g-api.service[101915]: DEBUG glance.api.middleware.version_negotiation [None req-8906df24-33f6-4d8b-b842-efde8c9bf5ae tempest-ServerBootFromVolumeStableRescueTest-1813389125 tempest-ServerBootFromVolumeStableRescueTest-1813389125-project-member] Determining version of request: GET /v2/images/e2babcd9-f6e7-4b36-8f25-03f1ff3777d6 Accept: application/json {{(pid=101915) process_request /opt/stack/glance/glance/api/middleware/version_negotiation.py:44}}
Jun 04 19:45:22.633172 np0000002186 devstack@g-api.service[101915]: DEBUG glance.api.middleware.version_negotiation [None req-8906df24-33f6-4d8b-b842-efde8c9bf5ae tempest-ServerBootFromVolumeStableRescueTest-1813389125 tempest-ServerBootFromVolumeStableRescueTest-1813389125-project-member] Using url versioning {{(pid=101915) process_request /opt/stack/glance/glance/api/middleware/version_negotiation.py:57}}
Jun 04 19:45:22.633263 np0000002186 devstack@g-api.service[101915]: DEBUG glance.api.middleware.version_negotiation [None req-8906df24-33f6-4d8b-b842-efde8c9bf5ae tempest-ServerBootFromVolumeStableRescueTest-1813389125 tempest-ServerBootFromVolumeStableRescueTest-1813389125-project-member] Matched version: v2 {{(pid=101915) process_request /opt/stack/glance/glance/api/middleware/version_negotiation.py:69}}
Jun 04 19:45:22.633434 np0000002186 devstack@g-api.service[101915]: DEBUG glance.api.middleware.version_negotiation [None req-8906df24-33f6-4d8b-b842-efde8c9bf5ae tempest-ServerBootFromVolumeStableRescueTest-1813389125 tempest-ServerBootFromVolumeStableRescueTest-1813389125-project-member] new path /v2/images/e2babcd9-f6e7-4b36-8f25-03f1ff3777d6 {{(pid=101915) process_request /opt/stack/glance/glance/api/middleware/version_negotiation.py:70}}
Jun 04 19:45:22.651594 np0000002186 devstack@g-api.service[101915]: [pid: 101915|app: 0|req: 48/148] 127.0.0.1 () {40 vars in 838 bytes} [Thu Jun 4 19:45:22 2026] GET /v2/images/e2babcd9-f6e7-4b36-8f25-03f1ff3777d6 => generated 1471 bytes in 19 msecs (HTTP/1.1 200) 4 headers in 158 bytes (1 switches on core 0)
Jun 04 19:45:22.859361 np0000002186 devstack@g-api.service[101913]: DEBUG swiftclient [None req-c29076c8-68b0-4f46-ac97-07d3c2922001 tempest-ServerBootFromVolumeStableRescueTest-1813389125 tempest-ServerBootFromVolumeStableRescueTest-1813389125-project-member] REQ: curl -i https://10.4.3.189:8080/v1/AUTH_899eb493288e4ca6b67c357e85c3cd40/glance -I -H "X-Auth-Token: gAAAAABqIdXSf8D6..." {{(pid=101913) http_log /opt/stack/data/venv/lib/python3.12/site-packages/swiftclient/client.py:160}}
Jun 04 19:45:22.859687 np0000002186 devstack@g-api.service[101913]: DEBUG swiftclient [None req-c29076c8-68b0-4f46-ac97-07d3c2922001 tempest-ServerBootFromVolumeStableRescueTest-1813389125 tempest-ServerBootFromVolumeStableRescueTest-1813389125-project-member] RESP STATUS: 204 No Content {{(pid=101913) http_log /opt/stack/data/venv/lib/python3.12/site-packages/swiftclient/client.py:161}}
Jun 04 19:45:22.859766 np0000002186 devstack@g-api.service[101913]: DEBUG swiftclient [None req-c29076c8-68b0-4f46-ac97-07d3c2922001 tempest-ServerBootFromVolumeStableRescueTest-1813389125 tempest-ServerBootFromVolumeStableRescueTest-1813389125-project-member] RESP HEADERS: {'Date': 'Thu, 04 Jun 2026 19:45:22 GMT', 'Server': 'Apache/2.4.58 (Ubuntu)', 'Content-Type': 'text/plain; charset=utf-8', 'X-Container-Object-Count': '7', 'X-Container-Bytes-Used': '141492224', 'X-Timestamp': '1780602084.00542', 'Last-Modified': 'Thu, 04 Jun 2026 19:41:24 GMT', 'Accept-Ranges': 'bytes', 'X-Storage-Policy': 'Policy-0', 'X-Container-Sharding': 'False', 'Vary': 'Accept', 'X-Trans-Id': 'tx0df79cd4a3274617864db-006a21d5d2', 'X-Openstack-Request-Id': 'tx0df79cd4a3274617864db-006a21d5d2', 'Connection': 'close'} {{(pid=101913) http_log /opt/stack/data/venv/lib/python3.12/site-packages/swiftclient/client.py:162}}
Jun 04 19:45:22.859992 np0000002186 devstack@g-api.service[101913]: DEBUG glance_store._drivers.swift.store [None req-c29076c8-68b0-4f46-ac97-07d3c2922001 tempest-ServerBootFromVolumeStableRescueTest-1813389125 tempest-ServerBootFromVolumeStableRescueTest-1813389125-project-member] Adding image object 'e2babcd9-f6e7-4b36-8f25-03f1ff3777d6' to Swift {{(pid=101913) add /opt/stack/data/venv/lib/python3.12/site-packages/glance_store/_drivers/swift/store.py:970}}
Jun 04 19:45:22.860131 np0000002186 devstack@g-api.service[101913]: DEBUG glance_store._drivers.swift.store [None req-c29076c8-68b0-4f46-ac97-07d3c2922001 tempest-ServerBootFromVolumeStableRescueTest-1813389125 tempest-ServerBootFromVolumeStableRescueTest-1813389125-project-member] Cannot determine image size because it is either not provided in the request or chunked-transfer encoding is used. Adding image as a segmented object to Swift. {{(pid=101913) add /opt/stack/data/venv/lib/python3.12/site-packages/glance_store/_drivers/swift/store.py:994}}
Jun 04 19:45:22.867304 np0000002186 devstack@g-api.service[101913]: DEBUG oslo_utils.imageutils.format_inspector [None req-c29076c8-68b0-4f46-ac97-07d3c2922001 tempest-ServerBootFromVolumeStableRescueTest-1813389125 tempest-ServerBootFromVolumeStableRescueTest-1813389125-project-member] Format inspector for vmdk does not match, excluding from consideration (Signature KDMV not found: b'QFI\xfb') {{(pid=101913) _process_chunk /opt/stack/data/venv/lib/python3.12/site-packages/oslo_utils/imageutils/format_inspector.py:1758}}
Jun 04 19:45:22.869187 np0000002186 devstack@g-api.service[101913]: DEBUG oslo_utils.imageutils.format_inspector [None req-c29076c8-68b0-4f46-ac97-07d3c2922001 tempest-ServerBootFromVolumeStableRescueTest-1813389125 tempest-ServerBootFromVolumeStableRescueTest-1813389125-project-member] Format inspector for vhdx does not match, excluding from consideration (Region signature not found at 30000) {{(pid=101913) _process_chunk /opt/stack/data/venv/lib/python3.12/site-packages/oslo_utils/imageutils/format_inspector.py:1758}}
Jun 04 19:45:23.663346 np0000002186 devstack@g-api.service[101914]: DEBUG glance.api.middleware.version_negotiation [None req-961b868a-32ac-4025-8911-8cb27abc9760 tempest-ServerBootFromVolumeStableRescueTest-1813389125 tempest-ServerBootFromVolumeStableRescueTest-1813389125-project-member] Determining version of request: GET /v2/images/e2babcd9-f6e7-4b36-8f25-03f1ff3777d6 Accept: application/json {{(pid=101914) process_request /opt/stack/glance/glance/api/middleware/version_negotiation.py:44}}
Jun 04 19:45:23.663346 np0000002186 devstack@g-api.service[101914]: DEBUG glance.api.middleware.version_negotiation [None req-961b868a-32ac-4025-8911-8cb27abc9760 tempest-ServerBootFromVolumeStableRescueTest-1813389125 tempest-ServerBootFromVolumeStableRescueTest-1813389125-project-member] Using url versioning {{(pid=101914) process_request /opt/stack/glance/glance/api/middleware/version_negotiation.py:57}}
Jun 04 19:45:23.663346 np0000002186 devstack@g-api.service[101914]: DEBUG glance.api.middleware.version_negotiation [None req-961b868a-32ac-4025-8911-8cb27abc9760 tempest-ServerBootFromVolumeStableRescueTest-1813389125 tempest-ServerBootFromVolumeStableRescueTest-1813389125-project-member] Matched version: v2 {{(pid=101914) process_request /opt/stack/glance/glance/api/middleware/version_negotiation.py:69}}
Jun 04 19:45:23.663692 np0000002186 devstack@g-api.service[101914]: DEBUG glance.api.middleware.version_negotiation [None req-961b868a-32ac-4025-8911-8cb27abc9760 tempest-ServerBootFromVolumeStableRescueTest-1813389125 tempest-ServerBootFromVolumeStableRescueTest-1813389125-project-member] new path /v2/images/e2babcd9-f6e7-4b36-8f25-03f1ff3777d6 {{(pid=101914) process_request /opt/stack/glance/glance/api/middleware/version_negotiation.py:70}}
Jun 04 19:45:23.682134 np0000002186 devstack@g-api.service[101914]: [pid: 101914|app: 0|req: 54/149] 127.0.0.1 () {40 vars in 838 bytes} [Thu Jun 4 19:45:23 2026] GET /v2/images/e2babcd9-f6e7-4b36-8f25-03f1ff3777d6 => generated 1471 bytes in 19 msecs (HTTP/1.1 200) 4 headers in 158 bytes (1 switches on core 0)
