Jun 04 19:40:55.034100 np0000002186 nova-scheduler[95579]: DEBUG cotyledon.oslo_config_glue [-] oslo_limit.endpoint_interface = public {{(pid=95579) log_opt_values /opt/stack/data/venv/lib/python3.12/site-packages/oslo_config/cfg.py:3256}}
Jun 04 19:40:55.034100 np0000002186 nova-scheduler[95579]: DEBUG cotyledon.oslo_config_glue [-] oslo_limit.endpoint_override = None {{(pid=95579) log_opt_values /opt/stack/data/venv/lib/python3.12/site-packages/oslo_config/cfg.py:3256}}
Jun 04 19:40:55.034100 np0000002186 nova-scheduler[95579]: DEBUG cotyledon.oslo_config_glue [-] oslo_limit.endpoint_region_name = None {{(pid=95579) log_opt_values /opt/stack/data/venv/lib/python3.12/site-packages/oslo_config/cfg.py:3256}}
Jun 04 19:40:55.034190 np0000002186 nova-scheduler[95621]: DEBUG cotyledon._service_worker [-] Run service ServiceWrapper(2) [95621] {{(pid=95621) wait_forever /opt/stack/data/venv/lib/python3.12/site-packages/cotyledon/_service_worker.py:218}}
Jun 04 19:40:55.034214 np0000002186 nova-scheduler[95579]: DEBUG cotyledon.oslo_config_glue [-] oslo_limit.endpoint_service_name = None {{(pid=95579) log_opt_values /opt/stack/data/venv/lib/python3.12/site-packages/oslo_config/cfg.py:3256}}
Jun 04 19:40:55.034214 np0000002186 nova-scheduler[95579]: DEBUG cotyledon.oslo_config_glue [-] oslo_limit.endpoint_service_type = None {{(pid=95579) log_opt_values /opt/stack/data/venv/lib/python3.12/site-packages/oslo_config/cfg.py:3256}}
Jun 04 19:40:55.034214 np0000002186 nova-scheduler[95579]: DEBUG cotyledon.oslo_config_glue [-] oslo_limit.insecure = False {{(pid=95579) log_opt_values /opt/stack/data/venv/lib/python3.12/site-packages/oslo_config/cfg.py:3256}}
Jun 04 19:40:55.034214 np0000002186 nova-scheduler[95579]: DEBUG cotyledon.oslo_config_glue [-] oslo_limit.keyfile = None {{(pid=95579) log_opt_values /opt/stack/data/venv/lib/python3.12/site-packages/oslo_config/cfg.py:3256}}
Jun 04 19:40:55.034214 np0000002186 nova-scheduler[95579]: DEBUG cotyledon.oslo_config_glue [-] oslo_limit.max_version = None {{(pid=95579) log_opt_values /opt/stack/data/venv/lib/python3.12/site-packages/oslo_config/cfg.py:3256}}
Jun 04 19:40:55.034214 np0000002186 nova-scheduler[95579]: DEBUG cotyledon.oslo_config_glue [-] oslo_limit.min_version = None {{(pid=95579) log_opt_values /opt/stack/data/venv/lib/python3.12/site-packages/oslo_config/cfg.py:3256}}
Jun 04 19:40:55.034214 np0000002186 nova-scheduler[95579]: DEBUG cotyledon.oslo_config_glue [-] oslo_limit.region_name = None {{(pid=95579) log_opt_values /opt/stack/data/venv/lib/python3.12/site-packages/oslo_config/cfg.py:3256}}
Jun 04 19:40:55.034214 np0000002186 nova-scheduler[95579]: DEBUG cotyledon.oslo_config_glue [-] oslo_limit.retriable_status_codes = None {{(pid=95579) log_opt_values /opt/stack/data/venv/lib/python3.12/site-packages/oslo_config/cfg.py:3256}}
Jun 04 19:40:55.034214 np0000002186 nova-scheduler[95579]: DEBUG cotyledon.oslo_config_glue [-] oslo_limit.service_name = None {{(pid=95579) log_opt_values /opt/stack/data/venv/lib/python3.12/site-packages/oslo_config/cfg.py:3256}}
Jun 04 19:40:55.034393 np0000002186 nova-scheduler[95579]: DEBUG cotyledon.oslo_config_glue [-] oslo_limit.service_type = None {{(pid=95579) log_opt_values /opt/stack/data/venv/lib/python3.12/site-packages/oslo_config/cfg.py:3256}}
Jun 04 19:40:55.034393 np0000002186 nova-scheduler[95579]: DEBUG cotyledon.oslo_config_glue [-] oslo_limit.split_loggers = False {{(pid=95579) log_opt_values /opt/stack/data/venv/lib/python3.12/site-packages/oslo_config/cfg.py:3256}}
Jun 04 19:40:55.034393 np0000002186 nova-scheduler[95579]: DEBUG cotyledon.oslo_config_glue [-] oslo_limit.status_code_retries = None {{(pid=95579) log_opt_values /opt/stack/data/venv/lib/python3.12/site-packages/oslo_config/cfg.py:3256}}
Jun 04 19:40:55.034393 np0000002186 nova-scheduler[95579]: DEBUG cotyledon.oslo_config_glue [-] oslo_limit.status_code_retry_delay = None {{(pid=95579) log_opt_values /opt/stack/data/venv/lib/python3.12/site-packages/oslo_config/cfg.py:3256}}
Jun 04 19:40:55.034393 np0000002186 nova-scheduler[95579]: DEBUG cotyledon.oslo_config_glue [-] oslo_limit.timeout = None {{(pid=95579) log_opt_values /opt/stack/data/venv/lib/python3.12/site-packages/oslo_config/cfg.py:3256}}
Jun 04 19:40:55.034393 np0000002186 nova-scheduler[95579]: DEBUG cotyledon.oslo_config_glue [-] oslo_limit.valid_interfaces = None {{(pid=95579) log_opt_values /opt/stack/data/venv/lib/python3.12/site-packages/oslo_config/cfg.py:3256}}
Jun 04 19:40:55.034393 np0000002186 nova-scheduler[95579]: DEBUG cotyledon.oslo_config_glue [-] oslo_limit.version = None {{(pid=95579) log_opt_values /opt/stack/data/venv/lib/python3.12/site-packages/oslo_config/cfg.py:3256}}
Jun 04 19:40:55.034393 np0000002186 nova-scheduler[95579]: DEBUG cotyledon.oslo_config_glue [-] oslo_reports.file_event_handler = None {{(pid=95579) log_opt_values /opt/stack/data/venv/lib/python3.12/site-packages/oslo_config/cfg.py:3256}}
Jun 04 19:40:55.034393 np0000002186 nova-scheduler[95579]: DEBUG cotyledon.oslo_config_glue [-] oslo_reports.file_event_handler_interval = 1 {{(pid=95579) log_opt_values /opt/stack/data/venv/lib/python3.12/site-packages/oslo_config/cfg.py:3256}}
Jun 04 19:40:55.034577 np0000002186 nova-scheduler[95579]: DEBUG cotyledon.oslo_config_glue [-] oslo_reports.log_dir = None {{(pid=95579) log_opt_values /opt/stack/data/venv/lib/python3.12/site-packages/oslo_config/cfg.py:3256}}
Jun 04 19:40:55.034577 np0000002186 nova-scheduler[95579]: DEBUG cotyledon.oslo_config_glue [-] ******************************************************************************** {{(pid=95579) log_opt_values /opt/stack/data/venv/lib/python3.12/site-packages/oslo_config/cfg.py:3263}}
Jun 04 19:40:55.034577 np0000002186 nova-scheduler[95579]: DEBUG cotyledon._service_worker [-] Run service ServiceWrapper(1) [95579] {{(pid=95579) wait_forever /opt/stack/data/venv/lib/python3.12/site-packages/cotyledon/_service_worker.py:218}}
Jun 04 19:40:55.034637 np0000002186 nova-scheduler[95621]: INFO nova.service [-] Starting scheduler node (version 33.1.0)
Jun 04 19:40:55.034658 np0000002186 nova-scheduler[95579]: INFO nova.service [-] Starting scheduler node (version 33.1.0)
Jun 04 19:40:55.034682 np0000002186 nova-scheduler[95621]: INFO dbcounter [None req-06f9dbc2-f06d-40ae-b648-6db572015c8c None None] Registered counter for database nova_cell0
Jun 04 19:40:55.034703 np0000002186 nova-scheduler[95579]: INFO dbcounter [None req-7f4421dd-9069-4b28-8721-7358eeb16694 None None] Registered counter for database nova_cell0
Jun 04 19:40:55.034727 np0000002186 nova-scheduler[95575]: DEBUG oslo_db.sqlalchemy.engines [None req-50a5250b-c260-4d79-b946-dbfcdbee7f49 None None] MySQL server mode set to STRICT_TRANS_TABLES,STRICT_ALL_TABLES,NO_ZERO_IN_DATE,NO_ZERO_DATE,ERROR_FOR_DIVISION_BY_ZERO,TRADITIONAL,NO_ENGINE_SUBSTITUTION {{(pid=95575) _check_effective_sql_mode /opt/stack/data/venv/lib/python3.12/site-packages/oslo_db/sqlalchemy/engines.py:325}}
Jun 04 19:40:55.034727 np0000002186 nova-scheduler[95575]: DEBUG dbcounter [-] [95575] Writer thread running {{(pid=95575) stat_writer /opt/stack/data/venv/lib/python3.12/site-packages/dbcounter.py:102}}
Jun 04 19:40:55.040624 np0000002186 nova-scheduler[95621]: DEBUG oslo_db.sqlalchemy.engines [None req-06f9dbc2-f06d-40ae-b648-6db572015c8c None None] MySQL server mode set to STRICT_TRANS_TABLES,STRICT_ALL_TABLES,NO_ZERO_IN_DATE,NO_ZERO_DATE,ERROR_FOR_DIVISION_BY_ZERO,TRADITIONAL,NO_ENGINE_SUBSTITUTION {{(pid=95621) _check_effective_sql_mode /opt/stack/data/venv/lib/python3.12/site-packages/oslo_db/sqlalchemy/engines.py:325}}
Jun 04 19:40:55.043962 np0000002186 nova-scheduler[95575]: DEBUG nova.service [None req-50a5250b-c260-4d79-b946-dbfcdbee7f49 None None] Creating RPC server for service: nova-scheduler on topic: scheduler {{(pid=95575) start /opt/stack/nova/nova/service.py:195}}
Jun 04 19:40:55.047185 np0000002186 nova-scheduler[95579]: DEBUG oslo_db.sqlalchemy.engines [None req-7f4421dd-9069-4b28-8721-7358eeb16694 None None] MySQL server mode set to STRICT_TRANS_TABLES,STRICT_ALL_TABLES,NO_ZERO_IN_DATE,NO_ZERO_DATE,ERROR_FOR_DIVISION_BY_ZERO,TRADITIONAL,NO_ENGINE_SUBSTITUTION {{(pid=95579) _check_effective_sql_mode /opt/stack/data/venv/lib/python3.12/site-packages/oslo_db/sqlalchemy/engines.py:325}}
Jun 04 19:40:55.050371 np0000002186 nova-scheduler[95621]: DEBUG dbcounter [-] [95621] Writer thread running {{(pid=95621) stat_writer /opt/stack/data/venv/lib/python3.12/site-packages/dbcounter.py:102}}
Jun 04 19:40:55.053079 np0000002186 nova-scheduler[95621]: DEBUG nova.service [None req-06f9dbc2-f06d-40ae-b648-6db572015c8c None None] Creating RPC server for service: nova-scheduler on topic: scheduler {{(pid=95621) start /opt/stack/nova/nova/service.py:195}}
Jun 04 19:40:55.057245 np0000002186 nova-scheduler[95579]: DEBUG dbcounter [-] [95579] Writer thread running {{(pid=95579) stat_writer /opt/stack/data/venv/lib/python3.12/site-packages/dbcounter.py:102}}
Jun 04 19:40:55.059757 np0000002186 nova-scheduler[95579]: DEBUG nova.service [None req-7f4421dd-9069-4b28-8721-7358eeb16694 None None] Creating RPC server for service: nova-scheduler on topic: scheduler {{(pid=95579) start /opt/stack/nova/nova/service.py:195}}
Jun 04 19:40:55.076451 np0000002186 nova-scheduler[95621]: DEBUG nova.service [None req-06f9dbc2-f06d-40ae-b648-6db572015c8c None None] Join ServiceGroup membership for this service scheduler {{(pid=95621) start /opt/stack/nova/nova/service.py:221}}
Jun 04 19:40:55.076688 np0000002186 nova-scheduler[95621]: DEBUG nova.servicegroup.drivers.db [None req-06f9dbc2-f06d-40ae-b648-6db572015c8c None None] DB_Driver: join new ServiceGroup member np0000002186 to the scheduler group, service = {{(pid=95621) join /opt/stack/nova/nova/servicegroup/drivers/db.py:44}}
Jun 04 19:40:55.078314 np0000002186 nova-scheduler[95579]: DEBUG nova.service [None req-7f4421dd-9069-4b28-8721-7358eeb16694 None None] Join ServiceGroup membership for this service scheduler {{(pid=95579) start /opt/stack/nova/nova/service.py:221}}
Jun 04 19:40:55.078501 np0000002186 nova-scheduler[95579]: DEBUG nova.servicegroup.drivers.db [None req-7f4421dd-9069-4b28-8721-7358eeb16694 None None] DB_Driver: join new ServiceGroup member np0000002186 to the scheduler group, service = {{(pid=95579) join /opt/stack/nova/nova/servicegroup/drivers/db.py:44}}
Jun 04 19:40:55.080685 np0000002186 nova-scheduler[95575]: DEBUG nova.service [None req-50a5250b-c260-4d79-b946-dbfcdbee7f49 None None] Join ServiceGroup membership for this service scheduler {{(pid=95575) start /opt/stack/nova/nova/service.py:221}}
Jun 04 19:40:55.080880 np0000002186 nova-scheduler[95575]: DEBUG nova.servicegroup.drivers.db [None req-50a5250b-c260-4d79-b946-dbfcdbee7f49 None None] DB_Driver: join new ServiceGroup member np0000002186 to the scheduler group, service = {{(pid=95575) join /opt/stack/nova/nova/servicegroup/drivers/db.py:44}}
Jun 04 19:41:00.098229 np0000002186 nova-scheduler[95575]: DEBUG oslo.service.backend._threading.loopingcall [-] Fixed interval looping call 'nova.servicegroup.drivers.db.DbDriver._report_state' sleeping for 119.98 seconds {{(pid=95575) _run_loop /opt/stack/data/venv/lib/python3.12/site-packages/oslo_service/backend/_threading/loopingcall.py:125}}
Jun 04 19:41:00.100226 np0000002186 nova-scheduler[95621]: DEBUG oslo.service.backend._threading.loopingcall [-] Fixed interval looping call 'nova.servicegroup.drivers.db.DbDriver._report_state' sleeping for 119.98 seconds {{(pid=95621) _run_loop /opt/stack/data/venv/lib/python3.12/site-packages/oslo_service/backend/_threading/loopingcall.py:125}}
Jun 04 19:41:00.108359 np0000002186 nova-scheduler[95579]: DEBUG oslo.service.backend._threading.loopingcall [-] Fixed interval looping call 'nova.servicegroup.drivers.db.DbDriver._report_state' sleeping for 119.98 seconds {{(pid=95579) _run_loop /opt/stack/data/venv/lib/python3.12/site-packages/oslo_service/backend/_threading/loopingcall.py:125}}
Jun 04 19:41:03.662825 np0000002186 nova-scheduler[94359]: DEBUG dbcounter [-] [94359] Writing DB stats nova_api:SELECT=3 {{(pid=94359) stat_writer /opt/stack/data/venv/lib/python3.12/site-packages/dbcounter.py:115}}
Jun 04 19:41:03.795451 np0000002186 nova-scheduler[94359]: DEBUG dbcounter [-] [94359] Writing DB stats nova_cell0:SELECT=1 {{(pid=94359) stat_writer /opt/stack/data/venv/lib/python3.12/site-packages/dbcounter.py:115}}
Jun 04 19:41:03.805567 np0000002186 nova-scheduler[94359]: DEBUG dbcounter [-] [94359] Writing DB stats nova_cell1:SELECT=1 {{(pid=94359) stat_writer /opt/stack/data/venv/lib/python3.12/site-packages/dbcounter.py:115}}
Jun 04 19:41:10.093754 np0000002186 nova-scheduler[95575]: DEBUG dbcounter [-] [95575] Writing DB stats nova_cell0:SELECT=4,nova_cell0:INSERT=1,nova_cell0:UPDATE=1 {{(pid=95575) stat_writer /opt/stack/data/venv/lib/python3.12/site-packages/dbcounter.py:115}}
Jun 04 19:41:10.100884 np0000002186 nova-scheduler[95621]: DEBUG dbcounter [-] [95621] Writing DB stats nova_cell0:SELECT=3,nova_cell0:UPDATE=1 {{(pid=95621) stat_writer /opt/stack/data/venv/lib/python3.12/site-packages/dbcounter.py:115}}
Jun 04 19:41:10.109860 np0000002186 nova-scheduler[95579]: DEBUG dbcounter [-] [95579] Writing DB stats nova_cell0:SELECT=3,nova_cell0:UPDATE=1 {{(pid=95579) stat_writer /opt/stack/data/venv/lib/python3.12/site-packages/dbcounter.py:115}}
Jun 04 19:41:15.083752 np0000002186 nova-scheduler[95579]: DEBUG oslo.service.backend._threading.loopingcall [None req-e782718d-2ebc-4943-a6b2-d99fc1efae02 None None] Dynamic interval looping call 'nova.service.Service.periodic_tasks' sleeping for 60.00 seconds {{(pid=95579) _run_loop /opt/stack/data/venv/lib/python3.12/site-packages/oslo_service/backend/_threading/loopingcall.py:125}}
Jun 04 19:41:43.082635 np0000002186 nova-scheduler[95575]: DEBUG oslo.service.backend._threading.loopingcall [None req-b7839b81-74f9-4062-9675-d445d71d33f9 None None] Dynamic interval looping call 'nova.service.Service.periodic_tasks' sleeping for 60.00 seconds {{(pid=95575) _run_loop /opt/stack/data/venv/lib/python3.12/site-packages/oslo_service/backend/_threading/loopingcall.py:125}}
Jun 04 19:41:47.081182 np0000002186 nova-scheduler[95621]: DEBUG oslo.service.backend._threading.loopingcall [None req-aee8635c-d269-4239-9c10-4587ed7f828d None None] Dynamic interval looping call 'nova.service.Service.periodic_tasks' sleeping for 60.00 seconds {{(pid=95621) _run_loop /opt/stack/data/venv/lib/python3.12/site-packages/oslo_service/backend/_threading/loopingcall.py:125}}
Jun 04 19:42:15.084240 np0000002186 nova-scheduler[95579]: DEBUG oslo.service.backend._threading.loopingcall [None req-e782718d-2ebc-4943-a6b2-d99fc1efae02 None None] Dynamic interval looping call 'nova.service.Service.periodic_tasks' sleeping for 60.00 seconds {{(pid=95579) _run_loop /opt/stack/data/venv/lib/python3.12/site-packages/oslo_service/backend/_threading/loopingcall.py:125}}
Jun 04 19:42:43.083084 np0000002186 nova-scheduler[95575]: DEBUG oslo.service.backend._threading.loopingcall [None req-b7839b81-74f9-4062-9675-d445d71d33f9 None None] Dynamic interval looping call 'nova.service.Service.periodic_tasks' sleeping for 60.00 seconds {{(pid=95575) _run_loop /opt/stack/data/venv/lib/python3.12/site-packages/oslo_service/backend/_threading/loopingcall.py:125}}
Jun 04 19:42:47.081784 np0000002186 nova-scheduler[95621]: DEBUG oslo.service.backend._threading.loopingcall [None req-aee8635c-d269-4239-9c10-4587ed7f828d None None] Dynamic interval looping call 'nova.service.Service.periodic_tasks' sleeping for 60.00 seconds {{(pid=95621) _run_loop /opt/stack/data/venv/lib/python3.12/site-packages/oslo_service/backend/_threading/loopingcall.py:125}}
Jun 04 19:43:00.087746 np0000002186 nova-scheduler[95575]: DEBUG oslo.service.backend._threading.loopingcall [-] Fixed interval looping call 'nova.servicegroup.drivers.db.DbDriver._report_state' sleeping for 119.99 seconds {{(pid=95575) _run_loop /opt/stack/data/venv/lib/python3.12/site-packages/oslo_service/backend/_threading/loopingcall.py:125}}
Jun 04 19:43:00.088322 np0000002186 nova-scheduler[95621]: DEBUG oslo.service.backend._threading.loopingcall [-] Fixed interval looping call 'nova.servicegroup.drivers.db.DbDriver._report_state' sleeping for 119.99 seconds {{(pid=95621) _run_loop /opt/stack/data/venv/lib/python3.12/site-packages/oslo_service/backend/_threading/loopingcall.py:125}}
Jun 04 19:43:00.092551 np0000002186 nova-scheduler[95579]: DEBUG oslo.service.backend._threading.loopingcall [-] Fixed interval looping call 'nova.servicegroup.drivers.db.DbDriver._report_state' sleeping for 120.00 seconds {{(pid=95579) _run_loop /opt/stack/data/venv/lib/python3.12/site-packages/oslo_service/backend/_threading/loopingcall.py:125}}
Jun 04 19:43:10.081579 np0000002186 nova-scheduler[95575]: DEBUG dbcounter [-] [95575] Writing DB stats nova_cell0:SELECT=1,nova_cell0:UPDATE=1 {{(pid=95575) stat_writer /opt/stack/data/venv/lib/python3.12/site-packages/dbcounter.py:115}}
Jun 04 19:43:10.083242 np0000002186 nova-scheduler[95621]: DEBUG dbcounter [-] [95621] Writing DB stats nova_cell0:SELECT=1,nova_cell0:UPDATE=1 {{(pid=95621) stat_writer /opt/stack/data/venv/lib/python3.12/site-packages/dbcounter.py:115}}
Jun 04 19:43:10.090505 np0000002186 nova-scheduler[95579]: DEBUG dbcounter [-] [95579] Writing DB stats nova_cell0:SELECT=1 {{(pid=95579) stat_writer /opt/stack/data/venv/lib/python3.12/site-packages/dbcounter.py:115}}
Jun 04 19:43:15.085009 np0000002186 nova-scheduler[95579]: DEBUG oslo.service.backend._threading.loopingcall [None req-e782718d-2ebc-4943-a6b2-d99fc1efae02 None None] Dynamic interval looping call 'nova.service.Service.periodic_tasks' sleeping for 60.00 seconds {{(pid=95579) _run_loop /opt/stack/data/venv/lib/python3.12/site-packages/oslo_service/backend/_threading/loopingcall.py:125}}
Jun 04 19:43:27.030626 np0000002186 nova-scheduler[95621]: DEBUG nova.scheduler.manager [None req-a2d17b20-2cd8-4717-9a7d-1f745d317a3d tempest-DeleteServersTestJSON-2142853602 tempest-DeleteServersTestJSON-2142853602-project-member] Starting to schedule for instances: ['9f852ba4-7a29-4d28-97d4-0ecd0cda7c0c'] {{(pid=95621) select_destinations /opt/stack/nova/nova/scheduler/manager.py:210}}
Jun 04 19:43:27.032624 np0000002186 nova-scheduler[95621]: DEBUG nova.scheduler.request_filter [None req-a2d17b20-2cd8-4717-9a7d-1f745d317a3d tempest-DeleteServersTestJSON-2142853602 tempest-DeleteServersTestJSON-2142853602-project-member] compute_status_filter request filter added forbidden trait COMPUTE_STATUS_DISABLED {{(pid=95621) compute_status_filter /opt/stack/nova/nova/scheduler/request_filter.py:253}}
Jun 04 19:43:27.032820 np0000002186 nova-scheduler[95621]: DEBUG nova.scheduler.request_filter [None req-a2d17b20-2cd8-4717-9a7d-1f745d317a3d tempest-DeleteServersTestJSON-2142853602 tempest-DeleteServersTestJSON-2142853602-project-member] Request filter 'compute_status_filter' took 0.0 seconds {{(pid=95621) wrapper /opt/stack/nova/nova/scheduler/request_filter.py:46}}
Jun 04 19:43:27.033525 np0000002186 nova-scheduler[95621]: DEBUG nova.scheduler.request_filter [None req-a2d17b20-2cd8-4717-9a7d-1f745d317a3d tempest-DeleteServersTestJSON-2142853602 tempest-DeleteServersTestJSON-2142853602-project-member] Request filter 'accelerators_filter' took 0.0 seconds {{(pid=95621) wrapper /opt/stack/nova/nova/scheduler/request_filter.py:46}}
Jun 04 19:43:27.033634 np0000002186 nova-scheduler[95621]: DEBUG nova.scheduler.request_filter [None req-a2d17b20-2cd8-4717-9a7d-1f745d317a3d tempest-DeleteServersTestJSON-2142853602 tempest-DeleteServersTestJSON-2142853602-project-member] Request filter 'packed_virtqueue_filter' took 0.0 seconds {{(pid=95621) wrapper /opt/stack/nova/nova/scheduler/request_filter.py:46}}
Jun 04 19:43:27.034045 np0000002186 nova-scheduler[95621]: DEBUG nova.scheduler.request_filter [None req-a2d17b20-2cd8-4717-9a7d-1f745d317a3d tempest-DeleteServersTestJSON-2142853602 tempest-DeleteServersTestJSON-2142853602-project-member] Request filter 'remote_managed_ports_filter' took 0.0 seconds {{(pid=95621) wrapper /opt/stack/nova/nova/scheduler/request_filter.py:46}}
Jun 04 19:43:27.034254 np0000002186 nova-scheduler[95621]: DEBUG nova.scheduler.request_filter [None req-a2d17b20-2cd8-4717-9a7d-1f745d317a3d tempest-DeleteServersTestJSON-2142853602 tempest-DeleteServersTestJSON-2142853602-project-member] ephemeral_encryption_filter skipped {{(pid=95621) ephemeral_encryption_filter /opt/stack/nova/nova/scheduler/request_filter.py:426}}
Jun 04 19:43:27.034452 np0000002186 nova-scheduler[95621]: DEBUG nova.scheduler.request_filter [None req-a2d17b20-2cd8-4717-9a7d-1f745d317a3d tempest-DeleteServersTestJSON-2142853602 tempest-DeleteServersTestJSON-2142853602-project-member] virtio_sound_filter skipped {{(pid=95621) virtio_sound_filter /opt/stack/nova/nova/scheduler/request_filter.py:460}}
Jun 04 19:43:27.034637 np0000002186 nova-scheduler[95621]: DEBUG nova.scheduler.request_filter [None req-a2d17b20-2cd8-4717-9a7d-1f745d317a3d tempest-DeleteServersTestJSON-2142853602 tempest-DeleteServersTestJSON-2142853602-project-member] tpm_secret_security_filter skipped {{(pid=95621) tpm_secret_security_filter /opt/stack/nova/nova/scheduler/request_filter.py:477}}
Jun 04 19:43:27.855200 np0000002186 nova-scheduler[95621]: INFO nova.utils [None req-a2d17b20-2cd8-4717-9a7d-1f745d317a3d tempest-DeleteServersTestJSON-2142853602 tempest-DeleteServersTestJSON-2142853602-project-member] The cell worker thread pool ForkProcess-3.cell_worker is initialized
Jun 04 19:43:27.855200 np0000002186 nova-scheduler[95621]: DEBUG oslo_concurrency.lockutils [None req-a2d17b20-2cd8-4717-9a7d-1f745d317a3d tempest-DeleteServersTestJSON-2142853602 tempest-DeleteServersTestJSON-2142853602-project-member] Acquiring lock "d1f75a39-cac9-4a4c-b294-bd39f7d78bdb" by "nova.context.set_target_cell..get_or_set_cached_cell_and_set_connections" {{(pid=95621) inner /opt/stack/data/venv/lib/python3.12/site-packages/oslo_concurrency/lockutils.py:511}}
Jun 04 19:43:27.855200 np0000002186 nova-scheduler[95621]: DEBUG oslo_concurrency.lockutils [None req-a2d17b20-2cd8-4717-9a7d-1f745d317a3d tempest-DeleteServersTestJSON-2142853602 tempest-DeleteServersTestJSON-2142853602-project-member] Lock "d1f75a39-cac9-4a4c-b294-bd39f7d78bdb" acquired by "nova.context.set_target_cell..get_or_set_cached_cell_and_set_connections" :: waited 0.000s {{(pid=95621) inner /opt/stack/data/venv/lib/python3.12/site-packages/oslo_concurrency/lockutils.py:524}}
Jun 04 19:43:27.856582 np0000002186 nova-scheduler[95621]: DEBUG oslo_concurrency.lockutils [None req-a2d17b20-2cd8-4717-9a7d-1f745d317a3d tempest-DeleteServersTestJSON-2142853602 tempest-DeleteServersTestJSON-2142853602-project-member] Lock "d1f75a39-cac9-4a4c-b294-bd39f7d78bdb" "released" by "nova.context.set_target_cell..get_or_set_cached_cell_and_set_connections" :: held 0.001s {{(pid=95621) inner /opt/stack/data/venv/lib/python3.12/site-packages/oslo_concurrency/lockutils.py:543}}
Jun 04 19:43:27.859481 np0000002186 nova-scheduler[95621]: INFO dbcounter [None req-a2d17b20-2cd8-4717-9a7d-1f745d317a3d tempest-DeleteServersTestJSON-2142853602 tempest-DeleteServersTestJSON-2142853602-project-member] Registered counter for database nova_cell1
Jun 04 19:43:27.898052 np0000002186 nova-scheduler[95621]: DEBUG oslo_db.sqlalchemy.engines [None req-a2d17b20-2cd8-4717-9a7d-1f745d317a3d tempest-DeleteServersTestJSON-2142853602 tempest-DeleteServersTestJSON-2142853602-project-member] MySQL server mode set to STRICT_TRANS_TABLES,STRICT_ALL_TABLES,NO_ZERO_IN_DATE,NO_ZERO_DATE,ERROR_FOR_DIVISION_BY_ZERO,TRADITIONAL,NO_ENGINE_SUBSTITUTION {{(pid=95621) _check_effective_sql_mode /opt/stack/data/venv/lib/python3.12/site-packages/oslo_db/sqlalchemy/engines.py:325}}
Jun 04 19:43:27.904283 np0000002186 nova-scheduler[95621]: DEBUG dbcounter [-] [95621] Writer thread running {{(pid=95621) stat_writer /opt/stack/data/venv/lib/python3.12/site-packages/dbcounter.py:102}}
Jun 04 19:43:27.919862 np0000002186 nova-scheduler[95621]: DEBUG oslo_db.sqlalchemy.engines [None req-a2d17b20-2cd8-4717-9a7d-1f745d317a3d tempest-DeleteServersTestJSON-2142853602 tempest-DeleteServersTestJSON-2142853602-project-member] Parent process 94359 forked (95621) with an open database connection, which is being discarded and recreated. {{(pid=95621) checkout /opt/stack/data/venv/lib/python3.12/site-packages/oslo_db/sqlalchemy/engines.py:402}}
Jun 04 19:43:27.973124 np0000002186 nova-scheduler[95621]: DEBUG dbcounter [-] [95621] Writer thread running {{(pid=95621) stat_writer /opt/stack/data/venv/lib/python3.12/site-packages/dbcounter.py:102}}
Jun 04 19:43:27.976249 np0000002186 nova-scheduler[95621]: DEBUG oslo_concurrency.lockutils [None req-a2d17b20-2cd8-4717-9a7d-1f745d317a3d tempest-DeleteServersTestJSON-2142853602 tempest-DeleteServersTestJSON-2142853602-project-member] Acquiring lock "d1f75a39-cac9-4a4c-b294-bd39f7d78bdb" by "nova.context.set_target_cell..get_or_set_cached_cell_and_set_connections" {{(pid=95621) inner /opt/stack/data/venv/lib/python3.12/site-packages/oslo_concurrency/lockutils.py:511}}
Jun 04 19:43:27.976446 np0000002186 nova-scheduler[95621]: DEBUG oslo_concurrency.lockutils [None req-a2d17b20-2cd8-4717-9a7d-1f745d317a3d tempest-DeleteServersTestJSON-2142853602 tempest-DeleteServersTestJSON-2142853602-project-member] Lock "d1f75a39-cac9-4a4c-b294-bd39f7d78bdb" acquired by "nova.context.set_target_cell..get_or_set_cached_cell_and_set_connections" :: waited 0.000s {{(pid=95621) inner /opt/stack/data/venv/lib/python3.12/site-packages/oslo_concurrency/lockutils.py:524}}
Jun 04 19:43:27.976612 np0000002186 nova-scheduler[95621]: DEBUG oslo_concurrency.lockutils [None req-a2d17b20-2cd8-4717-9a7d-1f745d317a3d tempest-DeleteServersTestJSON-2142853602 tempest-DeleteServersTestJSON-2142853602-project-member] Lock "d1f75a39-cac9-4a4c-b294-bd39f7d78bdb" "released" by "nova.context.set_target_cell..get_or_set_cached_cell_and_set_connections" :: held 0.000s {{(pid=95621) inner /opt/stack/data/venv/lib/python3.12/site-packages/oslo_concurrency/lockutils.py:543}}
Jun 04 19:43:27.982141 np0000002186 nova-scheduler[95621]: DEBUG oslo_concurrency.lockutils [None req-a2d17b20-2cd8-4717-9a7d-1f745d317a3d tempest-DeleteServersTestJSON-2142853602 tempest-DeleteServersTestJSON-2142853602-project-member] Acquiring lock "('np0000002186', 'np0000002186')" by "nova.scheduler.host_manager.HostState.update.._locked_update" {{(pid=95621) inner /opt/stack/data/venv/lib/python3.12/site-packages/oslo_concurrency/lockutils.py:511}}
Jun 04 19:43:27.982308 np0000002186 nova-scheduler[95621]: DEBUG oslo_concurrency.lockutils [None req-a2d17b20-2cd8-4717-9a7d-1f745d317a3d tempest-DeleteServersTestJSON-2142853602 tempest-DeleteServersTestJSON-2142853602-project-member] Lock "('np0000002186', 'np0000002186')" acquired by "nova.scheduler.host_manager.HostState.update.._locked_update" :: waited 0.000s {{(pid=95621) inner /opt/stack/data/venv/lib/python3.12/site-packages/oslo_concurrency/lockutils.py:524}}
Jun 04 19:43:27.986881 np0000002186 nova-scheduler[95621]: DEBUG nova.scheduler.host_manager [None req-a2d17b20-2cd8-4717-9a7d-1f745d317a3d tempest-DeleteServersTestJSON-2142853602 tempest-DeleteServersTestJSON-2142853602-project-member] Update host state from compute node: ComputeNode(cpu_allocation_ratio=4.0,cpu_info='{"arch": "x86_64", "model": "EPYC-Milan", "vendor": "AMD", "topology": {"cells": 1, "sockets": 12, "cores": 1, "threads": 1}, "maxphysaddr": {"mode": "emulate", "bits": 40}, "features": ["fxsr", "fpu", "clflushopt", "xsavec", "null-sel-clr-base", "vaes", "svm", "clflush", "pae", "tsc", "misalignsse", "fma", "adx", "vpclmulqdq", "xsaveerptr", "smap", "mds-no", "sse4.1", "aes", "rdctl-no", "cmp_legacy", "nx", "pku", "rdseed", "sse4.2", "amd-psfd", "abm", "mmx", "pge", "lbrv", "sse2", "pdpe1gb", "cr8legacy", "pse36", "fsgsbase", "ibrs", "ssse3", "bmi2", "pcid", "spec-ctrl", "bmi1", "f16c", "osvw", "msr", "ibpb", "vgif", "amd-ssbd", "vme", "pat", "invpcid", "flushbyasid", "pschange-mc-no", "lfence-always-serializing", "amd-stibp", "avx", "tsc_adjust", "pause-filter", "lahf_lm", "avx2", "sep", "arch-capabilities", "v-vmsave-vmload", "clzero", "movbe", "clwb", "virt-ssbd", "no-nested-data-bp", "perfctr_core", "popcnt", "fsrm", "xsaves", "cx16", "pfthreshold", "pni", "rdrand", "de", "gds-no", "erms", "cmov", "xgetbv1", "mca", "xsave", "svme-addr-chk", "pclmuldq", "sse4a", "arat", "sha-ni", "x2apic", "nrip-save", "skip-l1dfl-vmentry", "cx8", "ssbd", "mce", "wbnoinvd", "mmxext", "lm", "pse", "rdtscp", "rdpid", "syscall", "topoext", "apic", "umip", "smep", "3dnowprefetch", "npt", "sse", "xsaveopt", "stibp-always-on", "fxsr_opt", "tsc-deadline", "mtrr", "vmcb-clean", "stibp", "hypervisor", "tsc-scale"]}',created_at=2026-06-04T19:41:20Z,current_workload=0,deleted=False,deleted_at=None,disk_allocation_ratio=1.0,disk_available_least=74,free_disk_gb=95,free_ram_mb=23518,host='np0000002186',host_ip=10.4.3.189,hypervisor_hostname='np0000002186',hypervisor_type='QEMU',hypervisor_version=8002002,id=1,local_gb=95,local_gb_used=0,mapped=1,memory_mb=24030,memory_mb_used=512,metrics='[]',numa_topology='{"nova_object.name": "NUMATopology", "nova_object.namespace": "nova", "nova_object.version": "1.2", "nova_object.data": {"cells": [{"nova_object.name": "NUMACell", "nova_object.namespace": "nova", "nova_object.version": "1.5", "nova_object.data": {"id": 0, "cpuset": [0, 1, 2, 3, 4, 5, 6, 7, 8, 9, 10, 11], "pcpuset": [0, 1, 2, 3, 4, 5, 6, 7, 8, 9, 10, 11], "memory": 24030, "cpu_usage": 0, "memory_usage": 0, "pinned_cpus": [], "siblings": [[6], [2], [5], [11], [8], [4], [1], [7], [10], [0], [3], [9]], "mempages": [{"nova_object.name": "NUMAPagesTopology", "nova_object.namespace": "nova", "nova_object.version": "1.1", "nova_object.data": {"size_kb": 4, "total": 6151798, "used": 0, "reserved": 0}, "nova_object.changes": ["reserved", "total", "used", "size_kb"]}, {"nova_object.name": "NUMAPagesTopology", "nova_object.namespace": "nova", "nova_object.version": "1.1", "nova_object.data": {"size_kb": 2048, "total": 0, "used": 0, "reserved": 0}, "nova_object.changes": ["reserved", "total", "used", "size_kb"]}, {"nova_object.name": "NUMAPagesTopology", "nova_object.namespace": "nova", "nova_object.version": "1.1", "nova_object.data": {"size_kb": 1048576, "total": 0, "used": 0, "reserved": 0}, "nova_object.changes": ["reserved", "total", "used", "size_kb"]}], "network_metadata": {"nova_object.name": "NetworkMetadata", "nova_object.namespace": "nova", "nova_object.version": "1.0", "nova_object.data": {"physnets": [], "tunneled": false}, "nova_object.changes": ["tunneled", "physnets"]}, "socket": null}, "nova_object.changes": ["socket", "network_metadata", "siblings", "pinned_cpus", "id", "cpu_usage", "mempages", "memory", "pcpuset", "memory_usage", "cpuset"]}]}, "nova_object.changes": ["cells"]}',pci_device_pools=PciDevicePoolList,ram_allocation_ratio=1.0,running_vms=0,service_id=3,stats={failed_builds='0',uptime=' 19:43:05 up 28 min, 2 users, load average: 1.50, 1.42, 0.82
Jun 04 19:43:27.986881 np0000002186 nova-scheduler[95621]: '},supported_hv_specs=[HVSpec,HVSpec,HVSpec,HVSpec,HVSpec,HVSpec,HVSpec,HVSpec,HVSpec,HVSpec,HVSpec,HVSpec,HVSpec,HVSpec,HVSpec,HVSpec,HVSpec,HVSpec,HVSpec,HVSpec,HVSpec,HVSpec,HVSpec,HVSpec,HVSpec],updated_at=2026-06-04T19:43:07Z,uuid=8b44344c-63eb-459c-a3cd-ebbc842eebae,vcpus=12,vcpus_used=0) {{(pid=95621) _locked_update /opt/stack/nova/nova/scheduler/host_manager.py:168}}
Jun 04 19:43:27.986881 np0000002186 nova-scheduler[95621]: DEBUG nova.scheduler.host_manager [None req-a2d17b20-2cd8-4717-9a7d-1f745d317a3d tempest-DeleteServersTestJSON-2142853602 tempest-DeleteServersTestJSON-2142853602-project-member] Update host state with aggregates: [] {{(pid=95621) _locked_update /opt/stack/nova/nova/scheduler/host_manager.py:171}}
Jun 04 19:43:27.986881 np0000002186 nova-scheduler[95621]: DEBUG nova.scheduler.host_manager [None req-a2d17b20-2cd8-4717-9a7d-1f745d317a3d tempest-DeleteServersTestJSON-2142853602 tempest-DeleteServersTestJSON-2142853602-project-member] Update host state with service dict: {'id': 3, 'uuid': '1af64d29-6142-485e-aad7-dd61899889b1', 'host': 'np0000002186', 'binary': 'nova-compute', 'topic': 'compute', 'report_count': 1, 'disabled': False, 'disabled_reason': None, 'last_seen_up': datetime.datetime(2026, 6, 4, 19, 41, 29, tzinfo=datetime.timezone.utc), 'forced_down': False, 'version': 72, 'created_at': datetime.datetime(2026, 6, 4, 19, 41, 18, tzinfo=datetime.timezone.utc), 'updated_at': datetime.datetime(2026, 6, 4, 19, 41, 29, tzinfo=datetime.timezone.utc), 'deleted_at': None, 'deleted': False} {{(pid=95621) _locked_update /opt/stack/nova/nova/scheduler/host_manager.py:174}}
Jun 04 19:43:27.986881 np0000002186 nova-scheduler[95621]: DEBUG nova.scheduler.host_manager [None req-a2d17b20-2cd8-4717-9a7d-1f745d317a3d tempest-DeleteServersTestJSON-2142853602 tempest-DeleteServersTestJSON-2142853602-project-member] Update host state with instances: [] {{(pid=95621) _locked_update /opt/stack/nova/nova/scheduler/host_manager.py:177}}
Jun 04 19:43:27.987288 np0000002186 nova-scheduler[95621]: DEBUG oslo_concurrency.lockutils [None req-a2d17b20-2cd8-4717-9a7d-1f745d317a3d tempest-DeleteServersTestJSON-2142853602 tempest-DeleteServersTestJSON-2142853602-project-member] Lock "('np0000002186', 'np0000002186')" "released" by "nova.scheduler.host_manager.HostState.update.._locked_update" :: held 0.002s {{(pid=95621) inner /opt/stack/data/venv/lib/python3.12/site-packages/oslo_concurrency/lockutils.py:543}}
Jun 04 19:43:27.987288 np0000002186 nova-scheduler[95621]: DEBUG nova.filters [None req-a2d17b20-2cd8-4717-9a7d-1f745d317a3d tempest-DeleteServersTestJSON-2142853602 tempest-DeleteServersTestJSON-2142853602-project-member] Starting with 1 host(s) {{(pid=95621) get_filtered_objects /opt/stack/nova/nova/filters.py:70}}
Jun 04 19:43:27.988714 np0000002186 nova-scheduler[95621]: DEBUG nova.filters [None req-a2d17b20-2cd8-4717-9a7d-1f745d317a3d tempest-DeleteServersTestJSON-2142853602 tempest-DeleteServersTestJSON-2142853602-project-member] Filter ComputeFilter returned 1 host(s) {{(pid=95621) get_filtered_objects /opt/stack/nova/nova/filters.py:102}}
Jun 04 19:43:27.988938 np0000002186 nova-scheduler[95621]: DEBUG nova.filters [None req-a2d17b20-2cd8-4717-9a7d-1f745d317a3d tempest-DeleteServersTestJSON-2142853602 tempest-DeleteServersTestJSON-2142853602-project-member] Filter ComputeCapabilitiesFilter returned 1 host(s) {{(pid=95621) get_filtered_objects /opt/stack/nova/nova/filters.py:102}}
Jun 04 19:43:27.989188 np0000002186 nova-scheduler[95621]: DEBUG nova.filters [None req-a2d17b20-2cd8-4717-9a7d-1f745d317a3d tempest-DeleteServersTestJSON-2142853602 tempest-DeleteServersTestJSON-2142853602-project-member] Filter ImagePropertiesFilter returned 1 host(s) {{(pid=95621) get_filtered_objects /opt/stack/nova/nova/filters.py:102}}
Jun 04 19:43:27.989310 np0000002186 nova-scheduler[95621]: DEBUG nova.filters [None req-a2d17b20-2cd8-4717-9a7d-1f745d317a3d tempest-DeleteServersTestJSON-2142853602 tempest-DeleteServersTestJSON-2142853602-project-member] Filter ServerGroupAntiAffinityFilter returned 1 host(s) {{(pid=95621) get_filtered_objects /opt/stack/nova/nova/filters.py:102}}
Jun 04 19:43:27.989418 np0000002186 nova-scheduler[95621]: DEBUG nova.filters [None req-a2d17b20-2cd8-4717-9a7d-1f745d317a3d tempest-DeleteServersTestJSON-2142853602 tempest-DeleteServersTestJSON-2142853602-project-member] Filter ServerGroupAffinityFilter returned 1 host(s) {{(pid=95621) get_filtered_objects /opt/stack/nova/nova/filters.py:102}}
Jun 04 19:43:27.989538 np0000002186 nova-scheduler[95621]: DEBUG nova.filters [None req-a2d17b20-2cd8-4717-9a7d-1f745d317a3d tempest-DeleteServersTestJSON-2142853602 tempest-DeleteServersTestJSON-2142853602-project-member] Filter SameHostFilter returned 1 host(s) {{(pid=95621) get_filtered_objects /opt/stack/nova/nova/filters.py:102}}
Jun 04 19:43:27.989670 np0000002186 nova-scheduler[95621]: DEBUG nova.filters [None req-a2d17b20-2cd8-4717-9a7d-1f745d317a3d tempest-DeleteServersTestJSON-2142853602 tempest-DeleteServersTestJSON-2142853602-project-member] Filter DifferentHostFilter returned 1 host(s) {{(pid=95621) get_filtered_objects /opt/stack/nova/nova/filters.py:102}}
Jun 04 19:43:27.989758 np0000002186 nova-scheduler[95621]: DEBUG nova.scheduler.manager [None req-a2d17b20-2cd8-4717-9a7d-1f745d317a3d tempest-DeleteServersTestJSON-2142853602 tempest-DeleteServersTestJSON-2142853602-project-member] Filtered [(np0000002186, np0000002186) ram: 23518MB disk: 75776MB io_ops: 0 instances: 0, allocation_candidates: 1] {{(pid=95621) _get_sorted_hosts /opt/stack/nova/nova/scheduler/manager.py:743}}
Jun 04 19:43:27.990003 np0000002186 nova-scheduler[95621]: DEBUG nova.scheduler.manager [None req-a2d17b20-2cd8-4717-9a7d-1f745d317a3d tempest-DeleteServersTestJSON-2142853602 tempest-DeleteServersTestJSON-2142853602-project-member] Weighed [WeighedHost [host: (np0000002186, np0000002186) ram: 23518MB disk: 75776MB io_ops: 0 instances: 0, allocation_candidates: 1, weight: 0.0]] {{(pid=95621) _get_sorted_hosts /opt/stack/nova/nova/scheduler/manager.py:765}}
Jun 04 19:43:27.990328 np0000002186 nova-scheduler[95621]: DEBUG nova.scheduler.utils [None req-a2d17b20-2cd8-4717-9a7d-1f745d317a3d tempest-DeleteServersTestJSON-2142853602 tempest-DeleteServersTestJSON-2142853602-project-member] Attempting to claim resources in the placement API for instance 9f852ba4-7a29-4d28-97d4-0ecd0cda7c0c {{(pid=95621) claim_resources /opt/stack/nova/nova/scheduler/utils.py:1345}}
Jun 04 19:43:28.123221 np0000002186 nova-scheduler[95579]: DEBUG nova.scheduler.manager [None req-bf4814aa-65c4-434d-9bb6-bc19aca0ac2a tempest-ServerBootFromVolumeStableRescueTest-1813389125 tempest-ServerBootFromVolumeStableRescueTest-1813389125-project-member] Starting to schedule for instances: ['c1fc658e-e687-4092-ab83-80dba998a514'] {{(pid=95579) select_destinations /opt/stack/nova/nova/scheduler/manager.py:210}}
Jun 04 19:43:28.123808 np0000002186 nova-scheduler[95579]: DEBUG nova.scheduler.request_filter [None req-bf4814aa-65c4-434d-9bb6-bc19aca0ac2a tempest-ServerBootFromVolumeStableRescueTest-1813389125 tempest-ServerBootFromVolumeStableRescueTest-1813389125-project-member] compute_status_filter request filter added forbidden trait COMPUTE_STATUS_DISABLED {{(pid=95579) compute_status_filter /opt/stack/nova/nova/scheduler/request_filter.py:253}}
Jun 04 19:43:28.124200 np0000002186 nova-scheduler[95579]: DEBUG nova.scheduler.request_filter [None req-bf4814aa-65c4-434d-9bb6-bc19aca0ac2a tempest-ServerBootFromVolumeStableRescueTest-1813389125 tempest-ServerBootFromVolumeStableRescueTest-1813389125-project-member] Request filter 'compute_status_filter' took 0.0 seconds {{(pid=95579) wrapper /opt/stack/nova/nova/scheduler/request_filter.py:46}}
Jun 04 19:43:28.124533 np0000002186 nova-scheduler[95579]: DEBUG nova.scheduler.request_filter [None req-bf4814aa-65c4-434d-9bb6-bc19aca0ac2a tempest-ServerBootFromVolumeStableRescueTest-1813389125 tempest-ServerBootFromVolumeStableRescueTest-1813389125-project-member] Request filter 'accelerators_filter' took 0.0 seconds {{(pid=95579) wrapper /opt/stack/nova/nova/scheduler/request_filter.py:46}}
Jun 04 19:43:28.125126 np0000002186 nova-scheduler[95579]: DEBUG nova.scheduler.request_filter [None req-bf4814aa-65c4-434d-9bb6-bc19aca0ac2a tempest-ServerBootFromVolumeStableRescueTest-1813389125 tempest-ServerBootFromVolumeStableRescueTest-1813389125-project-member] Request filter 'packed_virtqueue_filter' took 0.0 seconds {{(pid=95579) wrapper /opt/stack/nova/nova/scheduler/request_filter.py:46}}
Jun 04 19:43:28.125415 np0000002186 nova-scheduler[95579]: DEBUG nova.scheduler.request_filter [None req-bf4814aa-65c4-434d-9bb6-bc19aca0ac2a tempest-ServerBootFromVolumeStableRescueTest-1813389125 tempest-ServerBootFromVolumeStableRescueTest-1813389125-project-member] Request filter 'remote_managed_ports_filter' took 0.0 seconds {{(pid=95579) wrapper /opt/stack/nova/nova/scheduler/request_filter.py:46}}
Jun 04 19:43:28.125549 np0000002186 nova-scheduler[95579]: DEBUG nova.scheduler.request_filter [None req-bf4814aa-65c4-434d-9bb6-bc19aca0ac2a tempest-ServerBootFromVolumeStableRescueTest-1813389125 tempest-ServerBootFromVolumeStableRescueTest-1813389125-project-member] ephemeral_encryption_filter skipped {{(pid=95579) ephemeral_encryption_filter /opt/stack/nova/nova/scheduler/request_filter.py:426}}
Jun 04 19:43:28.125678 np0000002186 nova-scheduler[95579]: DEBUG nova.scheduler.request_filter [None req-bf4814aa-65c4-434d-9bb6-bc19aca0ac2a tempest-ServerBootFromVolumeStableRescueTest-1813389125 tempest-ServerBootFromVolumeStableRescueTest-1813389125-project-member] virtio_sound_filter skipped {{(pid=95579) virtio_sound_filter /opt/stack/nova/nova/scheduler/request_filter.py:460}}
Jun 04 19:43:28.125866 np0000002186 nova-scheduler[95579]: DEBUG nova.scheduler.request_filter [None req-bf4814aa-65c4-434d-9bb6-bc19aca0ac2a tempest-ServerBootFromVolumeStableRescueTest-1813389125 tempest-ServerBootFromVolumeStableRescueTest-1813389125-project-member] tpm_secret_security_filter skipped {{(pid=95579) tpm_secret_security_filter /opt/stack/nova/nova/scheduler/request_filter.py:477}}
Jun 04 19:43:28.159596 np0000002186 nova-scheduler[95621]: DEBUG nova.scheduler.manager [None req-a2d17b20-2cd8-4717-9a7d-1f745d317a3d tempest-DeleteServersTestJSON-2142853602 tempest-DeleteServersTestJSON-2142853602-project-member] [instance: 9f852ba4-7a29-4d28-97d4-0ecd0cda7c0c] Selected host: (np0000002186, np0000002186) ram: 23518MB disk: 75776MB io_ops: 0 instances: 0, allocation_candidates: 1 {{(pid=95621) _consume_selected_host /opt/stack/nova/nova/scheduler/manager.py:625}}
Jun 04 19:43:28.160244 np0000002186 nova-scheduler[95621]: DEBUG oslo_concurrency.lockutils [None req-a2d17b20-2cd8-4717-9a7d-1f745d317a3d tempest-DeleteServersTestJSON-2142853602 tempest-DeleteServersTestJSON-2142853602-project-member] Acquiring lock "('np0000002186', 'np0000002186')" by "nova.scheduler.host_manager.HostState.consume_from_request.._locked" {{(pid=95621) inner /opt/stack/data/venv/lib/python3.12/site-packages/oslo_concurrency/lockutils.py:511}}
Jun 04 19:43:28.160467 np0000002186 nova-scheduler[95621]: DEBUG oslo_concurrency.lockutils [None req-a2d17b20-2cd8-4717-9a7d-1f745d317a3d tempest-DeleteServersTestJSON-2142853602 tempest-DeleteServersTestJSON-2142853602-project-member] Lock "('np0000002186', 'np0000002186')" acquired by "nova.scheduler.host_manager.HostState.consume_from_request.._locked" :: waited 0.000s {{(pid=95621) inner /opt/stack/data/venv/lib/python3.12/site-packages/oslo_concurrency/lockutils.py:524}}
Jun 04 19:43:28.160604 np0000002186 nova-scheduler[95621]: DEBUG oslo_concurrency.lockutils [None req-a2d17b20-2cd8-4717-9a7d-1f745d317a3d tempest-DeleteServersTestJSON-2142853602 tempest-DeleteServersTestJSON-2142853602-project-member] Lock "('np0000002186', 'np0000002186')" "released" by "nova.scheduler.host_manager.HostState.consume_from_request.._locked" :: held 0.000s {{(pid=95621) inner /opt/stack/data/venv/lib/python3.12/site-packages/oslo_concurrency/lockutils.py:543}}
Jun 04 19:43:28.233350 np0000002186 nova-scheduler[95579]: INFO nova.utils [None req-bf4814aa-65c4-434d-9bb6-bc19aca0ac2a tempest-ServerBootFromVolumeStableRescueTest-1813389125 tempest-ServerBootFromVolumeStableRescueTest-1813389125-project-member] The cell worker thread pool ForkProcess-2.cell_worker is initialized
Jun 04 19:43:28.233773 np0000002186 nova-scheduler[95579]: DEBUG oslo_concurrency.lockutils [None req-bf4814aa-65c4-434d-9bb6-bc19aca0ac2a tempest-ServerBootFromVolumeStableRescueTest-1813389125 tempest-ServerBootFromVolumeStableRescueTest-1813389125-project-member] Acquiring lock "d1f75a39-cac9-4a4c-b294-bd39f7d78bdb" by "nova.context.set_target_cell..get_or_set_cached_cell_and_set_connections" {{(pid=95579) inner /opt/stack/data/venv/lib/python3.12/site-packages/oslo_concurrency/lockutils.py:511}}
Jun 04 19:43:28.234040 np0000002186 nova-scheduler[95579]: DEBUG oslo_concurrency.lockutils [None req-bf4814aa-65c4-434d-9bb6-bc19aca0ac2a tempest-ServerBootFromVolumeStableRescueTest-1813389125 tempest-ServerBootFromVolumeStableRescueTest-1813389125-project-member] Lock "d1f75a39-cac9-4a4c-b294-bd39f7d78bdb" acquired by "nova.context.set_target_cell..get_or_set_cached_cell_and_set_connections" :: waited 0.000s {{(pid=95579) inner /opt/stack/data/venv/lib/python3.12/site-packages/oslo_concurrency/lockutils.py:524}}
Jun 04 19:43:28.236695 np0000002186 nova-scheduler[95579]: DEBUG oslo_concurrency.lockutils [None req-bf4814aa-65c4-434d-9bb6-bc19aca0ac2a tempest-ServerBootFromVolumeStableRescueTest-1813389125 tempest-ServerBootFromVolumeStableRescueTest-1813389125-project-member] Lock "d1f75a39-cac9-4a4c-b294-bd39f7d78bdb" "released" by "nova.context.set_target_cell..get_or_set_cached_cell_and_set_connections" :: held 0.002s {{(pid=95579) inner /opt/stack/data/venv/lib/python3.12/site-packages/oslo_concurrency/lockutils.py:543}}
Jun 04 19:43:28.238885 np0000002186 nova-scheduler[95579]: INFO dbcounter [None req-bf4814aa-65c4-434d-9bb6-bc19aca0ac2a tempest-ServerBootFromVolumeStableRescueTest-1813389125 tempest-ServerBootFromVolumeStableRescueTest-1813389125-project-member] Registered counter for database nova_cell1
Jun 04 19:43:28.286601 np0000002186 nova-scheduler[95579]: DEBUG oslo_db.sqlalchemy.engines [None req-bf4814aa-65c4-434d-9bb6-bc19aca0ac2a tempest-ServerBootFromVolumeStableRescueTest-1813389125 tempest-ServerBootFromVolumeStableRescueTest-1813389125-project-member] MySQL server mode set to STRICT_TRANS_TABLES,STRICT_ALL_TABLES,NO_ZERO_IN_DATE,NO_ZERO_DATE,ERROR_FOR_DIVISION_BY_ZERO,TRADITIONAL,NO_ENGINE_SUBSTITUTION {{(pid=95579) _check_effective_sql_mode /opt/stack/data/venv/lib/python3.12/site-packages/oslo_db/sqlalchemy/engines.py:325}}
Jun 04 19:43:28.292593 np0000002186 nova-scheduler[95579]: DEBUG dbcounter [-] [95579] Writer thread running {{(pid=95579) stat_writer /opt/stack/data/venv/lib/python3.12/site-packages/dbcounter.py:102}}
Jun 04 19:43:28.356421 np0000002186 nova-scheduler[95579]: DEBUG dbcounter [-] [95579] Writer thread running {{(pid=95579) stat_writer /opt/stack/data/venv/lib/python3.12/site-packages/dbcounter.py:102}}
Jun 04 19:43:28.359897 np0000002186 nova-scheduler[95579]: DEBUG oslo_concurrency.lockutils [None req-bf4814aa-65c4-434d-9bb6-bc19aca0ac2a tempest-ServerBootFromVolumeStableRescueTest-1813389125 tempest-ServerBootFromVolumeStableRescueTest-1813389125-project-member] Acquiring lock "d1f75a39-cac9-4a4c-b294-bd39f7d78bdb" by "nova.context.set_target_cell..get_or_set_cached_cell_and_set_connections" {{(pid=95579) inner /opt/stack/data/venv/lib/python3.12/site-packages/oslo_concurrency/lockutils.py:511}}
Jun 04 19:43:28.360001 np0000002186 nova-scheduler[95579]: DEBUG oslo_concurrency.lockutils [None req-bf4814aa-65c4-434d-9bb6-bc19aca0ac2a tempest-ServerBootFromVolumeStableRescueTest-1813389125 tempest-ServerBootFromVolumeStableRescueTest-1813389125-project-member] Lock "d1f75a39-cac9-4a4c-b294-bd39f7d78bdb" acquired by "nova.context.set_target_cell..get_or_set_cached_cell_and_set_connections" :: waited 0.000s {{(pid=95579) inner /opt/stack/data/venv/lib/python3.12/site-packages/oslo_concurrency/lockutils.py:524}}
Jun 04 19:43:28.360212 np0000002186 nova-scheduler[95579]: DEBUG oslo_concurrency.lockutils [None req-bf4814aa-65c4-434d-9bb6-bc19aca0ac2a tempest-ServerBootFromVolumeStableRescueTest-1813389125 tempest-ServerBootFromVolumeStableRescueTest-1813389125-project-member] Lock "d1f75a39-cac9-4a4c-b294-bd39f7d78bdb" "released" by "nova.context.set_target_cell..get_or_set_cached_cell_and_set_connections" :: held 0.000s {{(pid=95579) inner /opt/stack/data/venv/lib/python3.12/site-packages/oslo_concurrency/lockutils.py:543}}
Jun 04 19:43:28.363640 np0000002186 nova-scheduler[95579]: DEBUG oslo_concurrency.lockutils [None req-bf4814aa-65c4-434d-9bb6-bc19aca0ac2a tempest-ServerBootFromVolumeStableRescueTest-1813389125 tempest-ServerBootFromVolumeStableRescueTest-1813389125-project-member] Acquiring lock "('np0000002186', 'np0000002186')" by "nova.scheduler.host_manager.HostState.update.._locked_update" {{(pid=95579) inner /opt/stack/data/venv/lib/python3.12/site-packages/oslo_concurrency/lockutils.py:511}}
Jun 04 19:43:28.363960 np0000002186 nova-scheduler[95579]: DEBUG oslo_concurrency.lockutils [None req-bf4814aa-65c4-434d-9bb6-bc19aca0ac2a tempest-ServerBootFromVolumeStableRescueTest-1813389125 tempest-ServerBootFromVolumeStableRescueTest-1813389125-project-member] Lock "('np0000002186', 'np0000002186')" acquired by "nova.scheduler.host_manager.HostState.update.._locked_update" :: waited 0.000s {{(pid=95579) inner /opt/stack/data/venv/lib/python3.12/site-packages/oslo_concurrency/lockutils.py:524}}
