Jun 18 23:07:00.255732 np0000003200 devstack@g-api.service[101994]: DEBUG glance_store._drivers.swift.store [None req-94281f19-c6b8-4bc5-b909-83f6ea95678b tempest-VolumesActionsTest-847648238 tempest-VolumesActionsTest-847648238-project-member] Adding image object '6688038d-72db-45f4-9eea-606fec97145b' to Swift {{(pid=101994) add /opt/stack/data/venv/lib/python3.12/site-packages/glance_store/_drivers/swift/store.py:970}}
Jun 18 23:07:00.255873 np0000003200 devstack@g-api.service[101994]: DEBUG glance_store._drivers.swift.store [None req-94281f19-c6b8-4bc5-b909-83f6ea95678b tempest-VolumesActionsTest-847648238 tempest-VolumesActionsTest-847648238-project-member] Cannot determine image size because it is either not provided in the request or chunked-transfer encoding is used. Adding image as a segmented object to Swift. {{(pid=101994) add /opt/stack/data/venv/lib/python3.12/site-packages/glance_store/_drivers/swift/store.py:994}}
Jun 18 23:07:00.262862 np0000003200 devstack@g-api.service[101994]: DEBUG oslo_utils.imageutils.format_inspector [None req-94281f19-c6b8-4bc5-b909-83f6ea95678b tempest-VolumesActionsTest-847648238 tempest-VolumesActionsTest-847648238-project-member] Format inspector for vmdk does not match, excluding from consideration (Signature KDMV not found: b'\x00\x00\x00\x00') {{(pid=101994) _process_chunk /opt/stack/data/venv/lib/python3.12/site-packages/oslo_utils/imageutils/format_inspector.py:1758}}
Jun 18 23:07:00.265038 np0000003200 devstack@g-api.service[101994]: DEBUG oslo_utils.imageutils.format_inspector [None req-94281f19-c6b8-4bc5-b909-83f6ea95678b tempest-VolumesActionsTest-847648238 tempest-VolumesActionsTest-847648238-project-member] Format inspector for vhdx does not match, excluding from consideration (Region signature not found at 30000) {{(pid=101994) _process_chunk /opt/stack/data/venv/lib/python3.12/site-packages/oslo_utils/imageutils/format_inspector.py:1758}}
Jun 18 23:07:00.958542 np0000003200 devstack@g-api.service[101996]: DEBUG glance.api.middleware.version_negotiation [None req-97c815d1-d0b3-4c55-b420-5e19f58c61a7 tempest-VolumesBackupsTest-1947602549 tempest-VolumesBackupsTest-1947602549-project-member] Determining version of request: GET /v2/images/6688038d-72db-45f4-9eea-606fec97145b Accept: application/json {{(pid=101996) process_request /opt/stack/glance/glance/api/middleware/version_negotiation.py:44}}
Jun 18 23:07:00.958853 np0000003200 devstack@g-api.service[101996]: DEBUG glance.api.middleware.version_negotiation [None req-97c815d1-d0b3-4c55-b420-5e19f58c61a7 tempest-VolumesBackupsTest-1947602549 tempest-VolumesBackupsTest-1947602549-project-member] Using url versioning {{(pid=101996) process_request /opt/stack/glance/glance/api/middleware/version_negotiation.py:57}}
Jun 18 23:07:00.958853 np0000003200 devstack@g-api.service[101996]: DEBUG glance.api.middleware.version_negotiation [None req-97c815d1-d0b3-4c55-b420-5e19f58c61a7 tempest-VolumesBackupsTest-1947602549 tempest-VolumesBackupsTest-1947602549-project-member] Matched version: v2 {{(pid=101996) process_request /opt/stack/glance/glance/api/middleware/version_negotiation.py:69}}
Jun 18 23:07:00.958940 np0000003200 devstack@g-api.service[101996]: DEBUG glance.api.middleware.version_negotiation [None req-97c815d1-d0b3-4c55-b420-5e19f58c61a7 tempest-VolumesBackupsTest-1947602549 tempest-VolumesBackupsTest-1947602549-project-member] new path /v2/images/6688038d-72db-45f4-9eea-606fec97145b {{(pid=101996) process_request /opt/stack/glance/glance/api/middleware/version_negotiation.py:70}}
Jun 18 23:07:00.966654 np0000003200 devstack@g-api.service[101996]: [pid: 101996|app: 0|req: 157/464] 127.0.0.1 () {40 vars in 838 bytes} [Thu Jun 18 23:07:00 2026] GET /v2/images/6688038d-72db-45f4-9eea-606fec97145b => generated 649 bytes in 8 msecs (HTTP/1.1 200) 4 headers in 157 bytes (1 switches on core 0)
Jun 18 23:07:01.975682 np0000003200 devstack@g-api.service[101995]: DEBUG glance.api.middleware.version_negotiation [None req-a7a517ed-c045-46fa-9234-145f93ef55ef tempest-VolumesActionsTest-847648238 tempest-VolumesActionsTest-847648238-project-member] Determining version of request: GET /v2/images/6688038d-72db-45f4-9eea-606fec97145b Accept: application/json {{(pid=101995) process_request /opt/stack/glance/glance/api/middleware/version_negotiation.py:44}}
Jun 18 23:07:01.976129 np0000003200 devstack@g-api.service[101995]: DEBUG glance.api.middleware.version_negotiation [None req-a7a517ed-c045-46fa-9234-145f93ef55ef tempest-VolumesActionsTest-847648238 tempest-VolumesActionsTest-847648238-project-member] Using url versioning {{(pid=101995) process_request /opt/stack/glance/glance/api/middleware/version_negotiation.py:57}}
Jun 18 23:07:01.976129 np0000003200 devstack@g-api.service[101995]: DEBUG glance.api.middleware.version_negotiation [None req-a7a517ed-c045-46fa-9234-145f93ef55ef tempest-VolumesActionsTest-847648238 tempest-VolumesActionsTest-847648238-project-member] Matched version: v2 {{(pid=101995) process_request /opt/stack/glance/glance/api/middleware/version_negotiation.py:69}}
Jun 18 23:07:01.976204 np0000003200 devstack@g-api.service[101995]: DEBUG glance.api.middleware.version_negotiation [None req-a7a517ed-c045-46fa-9234-145f93ef55ef tempest-VolumesActionsTest-847648238 tempest-VolumesActionsTest-847648238-project-member] new path /v2/images/6688038d-72db-45f4-9eea-606fec97145b {{(pid=101995) process_request /opt/stack/glance/glance/api/middleware/version_negotiation.py:70}}
Jun 18 23:07:01.989109 np0000003200 devstack@g-api.service[101995]: [pid: 101995|app: 0|req: 159/465] 127.0.0.1 () {40 vars in 838 bytes} [Thu Jun 18 23:07:01 2026] GET /v2/images/6688038d-72db-45f4-9eea-606fec97145b => generated 649 bytes in 15 msecs (HTTP/1.1 200) 4 headers in 157 bytes (1 switches on core 0)
Jun 18 23:07:02.866640 np0000003200 devstack@g-api.service[101994]: DEBUG swiftclient [None req-94281f19-c6b8-4bc5-b909-83f6ea95678b tempest-VolumesActionsTest-847648238 tempest-VolumesActionsTest-847648238-project-member] REQ: curl -i https://10.4.3.209:8080/v1/AUTH_f263e9b50fef40019f387a5c962cd3e8/glance/6688038d-72db-45f4-9eea-606fec97145b-00001 -X PUT -H "X-Auth-Token: gAAAAABqNHoUGlmC..." {{(pid=101994) http_log /opt/stack/data/venv/lib/python3.12/site-packages/swiftclient/client.py:160}}
Jun 18 23:07:02.866995 np0000003200 devstack@g-api.service[101994]: DEBUG swiftclient [None req-94281f19-c6b8-4bc5-b909-83f6ea95678b tempest-VolumesActionsTest-847648238 tempest-VolumesActionsTest-847648238-project-member] RESP STATUS: 201 Created {{(pid=101994) http_log /opt/stack/data/venv/lib/python3.12/site-packages/swiftclient/client.py:161}}
Jun 18 23:07:02.866995 np0000003200 devstack@g-api.service[101994]: DEBUG swiftclient [None req-94281f19-c6b8-4bc5-b909-83f6ea95678b tempest-VolumesActionsTest-847648238 tempest-VolumesActionsTest-847648238-project-member] RESP HEADERS: {'Date': 'Thu, 18 Jun 2026 23:07:02 GMT', 'Server': 'Apache/2.4.58 (Ubuntu)', 'Content-Type': 'text/html; charset=UTF-8', 'Content-Length': '0', 'Etag': 'eda9a9889837ac4bc81d6387d92c1bec', 'Last-Modified': 'Thu, 18 Jun 2026 23:07:01 GMT', 'X-Trans-Id': 'txe485318b09914aa38b4af-006a347a14', 'X-Openstack-Request-Id': 'txe485318b09914aa38b4af-006a347a14', 'Connection': 'close'} {{(pid=101994) http_log /opt/stack/data/venv/lib/python3.12/site-packages/swiftclient/client.py:162}}
Jun 18 23:07:02.867153 np0000003200 devstack@g-api.service[101994]: DEBUG glance_store._drivers.swift.store [None req-94281f19-c6b8-4bc5-b909-83f6ea95678b tempest-VolumesActionsTest-847648238 tempest-VolumesActionsTest-847648238-project-member] Wrote chunk 6688038d-72db-45f4-9eea-606fec97145b-00001 (1/?) of length 204800000 to Swift returning MD5 of content: eda9a9889837ac4bc81d6387d92c1bec {{(pid=101994) add /opt/stack/data/venv/lib/python3.12/site-packages/glance_store/_drivers/swift/store.py:1059}}
Jun 18 23:07:03.004470 np0000003200 devstack@g-api.service[101996]: DEBUG glance.api.middleware.version_negotiation [None req-a9e73d50-2a89-4928-b4d6-2936d2f3426a tempest-VolumesActionsTest-847648238 tempest-VolumesActionsTest-847648238-project-member] Determining version of request: GET /v2/images/6688038d-72db-45f4-9eea-606fec97145b Accept: application/json {{(pid=101996) process_request /opt/stack/glance/glance/api/middleware/version_negotiation.py:44}}
Jun 18 23:07:03.004470 np0000003200 devstack@g-api.service[101996]: DEBUG glance.api.middleware.version_negotiation [None req-a9e73d50-2a89-4928-b4d6-2936d2f3426a tempest-VolumesActionsTest-847648238 tempest-VolumesActionsTest-847648238-project-member] Using url versioning {{(pid=101996) process_request /opt/stack/glance/glance/api/middleware/version_negotiation.py:57}}
Jun 18 23:07:03.004470 np0000003200 devstack@g-api.service[101996]: DEBUG glance.api.middleware.version_negotiation [None req-a9e73d50-2a89-4928-b4d6-2936d2f3426a tempest-VolumesActionsTest-847648238 tempest-VolumesActionsTest-847648238-project-member] Matched version: v2 {{(pid=101996) process_request /opt/stack/glance/glance/api/middleware/version_negotiation.py:69}}
Jun 18 23:07:03.004470 np0000003200 devstack@g-api.service[101996]: DEBUG glance.api.middleware.version_negotiation [None req-a9e73d50-2a89-4928-b4d6-2936d2f3426a tempest-VolumesActionsTest-847648238 tempest-VolumesActionsTest-847648238-project-member] new path /v2/images/6688038d-72db-45f4-9eea-606fec97145b {{(pid=101996) process_request /opt/stack/glance/glance/api/middleware/version_negotiation.py:70}}
Jun 18 23:07:03.018175 np0000003200 devstack@g-api.service[101996]: [pid: 101996|app: 0|req: 158/466] 127.0.0.1 () {40 vars in 838 bytes} [Thu Jun 18 23:07:03 2026] GET /v2/images/6688038d-72db-45f4-9eea-606fec97145b => generated 649 bytes in 17 msecs (HTTP/1.1 200) 4 headers in 157 bytes (1 switches on core 0)
Jun 18 23:07:04.030754 np0000003200 devstack@g-api.service[101995]: DEBUG glance.api.middleware.version_negotiation [None req-ea0f9a13-0e14-412d-b28c-c0949f9e1c34 tempest-VolumesActionsTest-847648238 tempest-VolumesActionsTest-847648238-project-member] Determining version of request: GET /v2/images/6688038d-72db-45f4-9eea-606fec97145b Accept: application/json {{(pid=101995) process_request /opt/stack/glance/glance/api/middleware/version_negotiation.py:44}}
Jun 18 23:07:04.031103 np0000003200 devstack@g-api.service[101995]: DEBUG glance.api.middleware.version_negotiation [None req-ea0f9a13-0e14-412d-b28c-c0949f9e1c34 tempest-VolumesActionsTest-847648238 tempest-VolumesActionsTest-847648238-project-member] Using url versioning {{(pid=101995) process_request /opt/stack/glance/glance/api/middleware/version_negotiation.py:57}}
Jun 18 23:07:04.031103 np0000003200 devstack@g-api.service[101995]: DEBUG glance.api.middleware.version_negotiation [None req-ea0f9a13-0e14-412d-b28c-c0949f9e1c34 tempest-VolumesActionsTest-847648238 tempest-VolumesActionsTest-847648238-project-member] Matched version: v2 {{(pid=101995) process_request /opt/stack/glance/glance/api/middleware/version_negotiation.py:69}}
Jun 18 23:07:04.031536 np0000003200 devstack@g-api.service[101995]: DEBUG glance.api.middleware.version_negotiation [None req-ea0f9a13-0e14-412d-b28c-c0949f9e1c34 tempest-VolumesActionsTest-847648238 tempest-VolumesActionsTest-847648238-project-member] new path /v2/images/6688038d-72db-45f4-9eea-606fec97145b {{(pid=101995) process_request /opt/stack/glance/glance/api/middleware/version_negotiation.py:70}}
Jun 18 23:07:04.041635 np0000003200 devstack@g-api.service[101995]: [pid: 101995|app: 0|req: 160/467] 127.0.0.1 () {40 vars in 838 bytes} [Thu Jun 18 23:07:04 2026] GET /v2/images/6688038d-72db-45f4-9eea-606fec97145b => generated 649 bytes in 11 msecs (HTTP/1.1 200) 4 headers in 157 bytes (1 switches on core 0)
Jun 18 23:07:04.942775 np0000003200 devstack@g-api.service[101994]: DEBUG swiftclient [None req-94281f19-c6b8-4bc5-b909-83f6ea95678b tempest-VolumesActionsTest-847648238 tempest-VolumesActionsTest-847648238-project-member] REQ: curl -i https://10.4.3.209:8080/v1/AUTH_f263e9b50fef40019f387a5c962cd3e8/glance/6688038d-72db-45f4-9eea-606fec97145b-00002 -X PUT -H "X-Auth-Token: gAAAAABqNHoUGlmC..." {{(pid=101994) http_log /opt/stack/data/venv/lib/python3.12/site-packages/swiftclient/client.py:160}}
Jun 18 23:07:04.942775 np0000003200 devstack@g-api.service[101994]: DEBUG swiftclient [None req-94281f19-c6b8-4bc5-b909-83f6ea95678b tempest-VolumesActionsTest-847648238 tempest-VolumesActionsTest-847648238-project-member] RESP STATUS: 201 Created {{(pid=101994) http_log /opt/stack/data/venv/lib/python3.12/site-packages/swiftclient/client.py:161}}
Jun 18 23:07:04.942775 np0000003200 devstack@g-api.service[101994]: DEBUG swiftclient [None req-94281f19-c6b8-4bc5-b909-83f6ea95678b tempest-VolumesActionsTest-847648238 tempest-VolumesActionsTest-847648238-project-member] RESP HEADERS: {'Date': 'Thu, 18 Jun 2026 23:07:04 GMT', 'Server': 'Apache/2.4.58 (Ubuntu)', 'Content-Type': 'text/html; charset=UTF-8', 'Content-Length': '0', 'Etag': 'eda9a9889837ac4bc81d6387d92c1bec', 'Last-Modified': 'Thu, 18 Jun 2026 23:07:03 GMT', 'X-Trans-Id': 'txf695bb03075e4649aa011-006a347a16', 'X-Openstack-Request-Id': 'txf695bb03075e4649aa011-006a347a16', 'Connection': 'close'} {{(pid=101994) http_log /opt/stack/data/venv/lib/python3.12/site-packages/swiftclient/client.py:162}}
Jun 18 23:07:04.943118 np0000003200 devstack@g-api.service[101994]: DEBUG glance_store._drivers.swift.store [None req-94281f19-c6b8-4bc5-b909-83f6ea95678b tempest-VolumesActionsTest-847648238 tempest-VolumesActionsTest-847648238-project-member] Wrote chunk 6688038d-72db-45f4-9eea-606fec97145b-00002 (2/?) of length 204800000 to Swift returning MD5 of content: eda9a9889837ac4bc81d6387d92c1bec {{(pid=101994) add /opt/stack/data/venv/lib/python3.12/site-packages/glance_store/_drivers/swift/store.py:1059}}
Jun 18 23:07:05.053949 np0000003200 devstack@g-api.service[101996]: DEBUG glance.api.middleware.version_negotiation [None req-6da122d6-7e06-4947-9ba4-38e214461136 tempest-VolumesActionsTest-847648238 tempest-VolumesActionsTest-847648238-project-member] Determining version of request: GET /v2/images/6688038d-72db-45f4-9eea-606fec97145b Accept: application/json {{(pid=101996) process_request /opt/stack/glance/glance/api/middleware/version_negotiation.py:44}}
Jun 18 23:07:05.054389 np0000003200 devstack@g-api.service[101996]: DEBUG glance.api.middleware.version_negotiation [None req-6da122d6-7e06-4947-9ba4-38e214461136 tempest-VolumesActionsTest-847648238 tempest-VolumesActionsTest-847648238-project-member] Using url versioning {{(pid=101996) process_request /opt/stack/glance/glance/api/middleware/version_negotiation.py:57}}
Jun 18 23:07:05.054389 np0000003200 devstack@g-api.service[101996]: DEBUG glance.api.middleware.version_negotiation [None req-6da122d6-7e06-4947-9ba4-38e214461136 tempest-VolumesActionsTest-847648238 tempest-VolumesActionsTest-847648238-project-member] Matched version: v2 {{(pid=101996) process_request /opt/stack/glance/glance/api/middleware/version_negotiation.py:69}}
Jun 18 23:07:05.054389 np0000003200 devstack@g-api.service[101996]: DEBUG glance.api.middleware.version_negotiation [None req-6da122d6-7e06-4947-9ba4-38e214461136 tempest-VolumesActionsTest-847648238 tempest-VolumesActionsTest-847648238-project-member] new path /v2/images/6688038d-72db-45f4-9eea-606fec97145b {{(pid=101996) process_request /opt/stack/glance/glance/api/middleware/version_negotiation.py:70}}
Jun 18 23:07:05.068155 np0000003200 devstack@g-api.service[101996]: [pid: 101996|app: 0|req: 159/468] 127.0.0.1 () {40 vars in 838 bytes} [Thu Jun 18 23:07:05 2026] GET /v2/images/6688038d-72db-45f4-9eea-606fec97145b => generated 649 bytes in 14 msecs (HTTP/1.1 200) 4 headers in 157 bytes (1 switches on core 0)
Jun 18 23:07:06.080503 np0000003200 devstack@g-api.service[101995]: DEBUG glance.api.middleware.version_negotiation [None req-d9454339-3daa-40ab-9228-6e6a4134b3b4 tempest-VolumesActionsTest-847648238 tempest-VolumesActionsTest-847648238-project-member] Determining version of request: GET /v2/images/6688038d-72db-45f4-9eea-606fec97145b Accept: application/json {{(pid=101995) process_request /opt/stack/glance/glance/api/middleware/version_negotiation.py:44}}
Jun 18 23:07:06.080923 np0000003200 devstack@g-api.service[101995]: DEBUG glance.api.middleware.version_negotiation [None req-d9454339-3daa-40ab-9228-6e6a4134b3b4 tempest-VolumesActionsTest-847648238 tempest-VolumesActionsTest-847648238-project-member] Using url versioning {{(pid=101995) process_request /opt/stack/glance/glance/api/middleware/version_negotiation.py:57}}
Jun 18 23:07:06.080923 np0000003200 devstack@g-api.service[101995]: DEBUG glance.api.middleware.version_negotiation [None req-d9454339-3daa-40ab-9228-6e6a4134b3b4 tempest-VolumesActionsTest-847648238 tempest-VolumesActionsTest-847648238-project-member] Matched version: v2 {{(pid=101995) process_request /opt/stack/glance/glance/api/middleware/version_negotiation.py:69}}
Jun 18 23:07:06.080923 np0000003200 devstack@g-api.service[101995]: DEBUG glance.api.middleware.version_negotiation [None req-d9454339-3daa-40ab-9228-6e6a4134b3b4 tempest-VolumesActionsTest-847648238 tempest-VolumesActionsTest-847648238-project-member] new path /v2/images/6688038d-72db-45f4-9eea-606fec97145b {{(pid=101995) process_request /opt/stack/glance/glance/api/middleware/version_negotiation.py:70}}
Jun 18 23:07:06.094427 np0000003200 devstack@g-api.service[101995]: [pid: 101995|app: 0|req: 161/469] 127.0.0.1 () {40 vars in 838 bytes} [Thu Jun 18 23:07:06 2026] GET /v2/images/6688038d-72db-45f4-9eea-606fec97145b => generated 649 bytes in 14 msecs (HTTP/1.1 200) 4 headers in 157 bytes (1 switches on core 0)
Jun 18 23:07:07.106126 np0000003200 devstack@g-api.service[101996]: DEBUG glance.api.middleware.version_negotiation [None req-a5f8a898-2681-4411-bdfa-3ee723428511 tempest-VolumesActionsTest-847648238 tempest-VolumesActionsTest-847648238-project-member] Determining version of request: GET /v2/images/6688038d-72db-45f4-9eea-606fec97145b Accept: application/json {{(pid=101996) process_request /opt/stack/glance/glance/api/middleware/version_negotiation.py:44}}
Jun 18 23:07:07.106593 np0000003200 devstack@g-api.service[101996]: DEBUG glance.api.middleware.version_negotiation [None req-a5f8a898-2681-4411-bdfa-3ee723428511 tempest-VolumesActionsTest-847648238 tempest-VolumesActionsTest-847648238-project-member] Using url versioning {{(pid=101996) process_request /opt/stack/glance/glance/api/middleware/version_negotiation.py:57}}
Jun 18 23:07:07.106593 np0000003200 devstack@g-api.service[101996]: DEBUG glance.api.middleware.version_negotiation [None req-a5f8a898-2681-4411-bdfa-3ee723428511 tempest-VolumesActionsTest-847648238 tempest-VolumesActionsTest-847648238-project-member] Matched version: v2 {{(pid=101996) process_request /opt/stack/glance/glance/api/middleware/version_negotiation.py:69}}
Jun 18 23:07:07.107869 np0000003200 devstack@g-api.service[101996]: DEBUG glance.api.middleware.version_negotiation [None req-a5f8a898-2681-4411-bdfa-3ee723428511 tempest-VolumesActionsTest-847648238 tempest-VolumesActionsTest-847648238-project-member] new path /v2/images/6688038d-72db-45f4-9eea-606fec97145b {{(pid=101996) process_request /opt/stack/glance/glance/api/middleware/version_negotiation.py:70}}
Jun 18 23:07:07.122078 np0000003200 devstack@g-api.service[101996]: [pid: 101996|app: 0|req: 160/470] 127.0.0.1 () {40 vars in 838 bytes} [Thu Jun 18 23:07:07 2026] GET /v2/images/6688038d-72db-45f4-9eea-606fec97145b => generated 649 bytes in 16 msecs (HTTP/1.1 200) 4 headers in 157 bytes (1 switches on core 0)
Jun 18 23:07:07.414989 np0000003200 devstack@g-api.service[101994]: DEBUG swiftclient [None req-94281f19-c6b8-4bc5-b909-83f6ea95678b tempest-VolumesActionsTest-847648238 tempest-VolumesActionsTest-847648238-project-member] REQ: curl -i https://10.4.3.209:8080/v1/AUTH_f263e9b50fef40019f387a5c962cd3e8/glance/6688038d-72db-45f4-9eea-606fec97145b-00003 -X PUT -H "X-Auth-Token: gAAAAABqNHoUGlmC..." {{(pid=101994) http_log /opt/stack/data/venv/lib/python3.12/site-packages/swiftclient/client.py:160}}
Jun 18 23:07:07.415735 np0000003200 devstack@g-api.service[101994]: DEBUG swiftclient [None req-94281f19-c6b8-4bc5-b909-83f6ea95678b tempest-VolumesActionsTest-847648238 tempest-VolumesActionsTest-847648238-project-member] RESP STATUS: 201 Created {{(pid=101994) http_log /opt/stack/data/venv/lib/python3.12/site-packages/swiftclient/client.py:161}}
Jun 18 23:07:07.415735 np0000003200 devstack@g-api.service[101994]: DEBUG swiftclient [None req-94281f19-c6b8-4bc5-b909-83f6ea95678b tempest-VolumesActionsTest-847648238 tempest-VolumesActionsTest-847648238-project-member] RESP HEADERS: {'Date': 'Thu, 18 Jun 2026 23:07:07 GMT', 'Server': 'Apache/2.4.58 (Ubuntu)', 'Content-Type': 'text/html; charset=UTF-8', 'Content-Length': '0', 'Etag': 'eda9a9889837ac4bc81d6387d92c1bec', 'Last-Modified': 'Thu, 18 Jun 2026 23:07:05 GMT', 'X-Trans-Id': 'tx5146f08209224c558f830-006a347a18', 'X-Openstack-Request-Id': 'tx5146f08209224c558f830-006a347a18', 'Connection': 'close'} {{(pid=101994) http_log /opt/stack/data/venv/lib/python3.12/site-packages/swiftclient/client.py:162}}
Jun 18 23:07:07.415735 np0000003200 devstack@g-api.service[101994]: DEBUG glance_store._drivers.swift.store [None req-94281f19-c6b8-4bc5-b909-83f6ea95678b tempest-VolumesActionsTest-847648238 tempest-VolumesActionsTest-847648238-project-member] Wrote chunk 6688038d-72db-45f4-9eea-606fec97145b-00003 (3/?) of length 204800000 to Swift returning MD5 of content: eda9a9889837ac4bc81d6387d92c1bec {{(pid=101994) add /opt/stack/data/venv/lib/python3.12/site-packages/glance_store/_drivers/swift/store.py:1059}}
Jun 18 23:07:08.136659 np0000003200 devstack@g-api.service[101995]: DEBUG glance.api.middleware.version_negotiation [None req-e75431e6-c620-4b33-8eac-9312ed61b0ca tempest-VolumesActionsTest-847648238 tempest-VolumesActionsTest-847648238-project-member] Determining version of request: GET /v2/images/6688038d-72db-45f4-9eea-606fec97145b Accept: application/json {{(pid=101995) process_request /opt/stack/glance/glance/api/middleware/version_negotiation.py:44}}
Jun 18 23:07:08.136659 np0000003200 devstack@g-api.service[101995]: DEBUG glance.api.middleware.version_negotiation [None req-e75431e6-c620-4b33-8eac-9312ed61b0ca tempest-VolumesActionsTest-847648238 tempest-VolumesActionsTest-847648238-project-member] Using url versioning {{(pid=101995) process_request /opt/stack/glance/glance/api/middleware/version_negotiation.py:57}}
Jun 18 23:07:08.137177 np0000003200 devstack@g-api.service[101995]: DEBUG glance.api.middleware.version_negotiation [None req-e75431e6-c620-4b33-8eac-9312ed61b0ca tempest-VolumesActionsTest-847648238 tempest-VolumesActionsTest-847648238-project-member] Matched version: v2 {{(pid=101995) process_request /opt/stack/glance/glance/api/middleware/version_negotiation.py:69}}
Jun 18 23:07:08.137177 np0000003200 devstack@g-api.service[101995]: DEBUG glance.api.middleware.version_negotiation [None req-e75431e6-c620-4b33-8eac-9312ed61b0ca tempest-VolumesActionsTest-847648238 tempest-VolumesActionsTest-847648238-project-member] new path /v2/images/6688038d-72db-45f4-9eea-606fec97145b {{(pid=101995) process_request /opt/stack/glance/glance/api/middleware/version_negotiation.py:70}}
Jun 18 23:07:08.148880 np0000003200 devstack@g-api.service[101995]: [pid: 101995|app: 0|req: 162/471] 127.0.0.1 () {40 vars in 838 bytes} [Thu Jun 18 23:07:08 2026] GET /v2/images/6688038d-72db-45f4-9eea-606fec97145b => generated 649 bytes in 13 msecs (HTTP/1.1 200) 4 headers in 157 bytes (1 switches on core 0)
Jun 18 23:07:09.159701 np0000003200 devstack@g-api.service[101996]: DEBUG glance.api.middleware.version_negotiation [None req-ac852a9f-b516-4efc-9ed3-a049bbce2eb2 tempest-VolumesActionsTest-847648238 tempest-VolumesActionsTest-847648238-project-member] Determining version of request: GET /v2/images/6688038d-72db-45f4-9eea-606fec97145b Accept: application/json {{(pid=101996) process_request /opt/stack/glance/glance/api/middleware/version_negotiation.py:44}}
Jun 18 23:07:09.160364 np0000003200 devstack@g-api.service[101996]: DEBUG glance.api.middleware.version_negotiation [None req-ac852a9f-b516-4efc-9ed3-a049bbce2eb2 tempest-VolumesActionsTest-847648238 tempest-VolumesActionsTest-847648238-project-member] Using url versioning {{(pid=101996) process_request /opt/stack/glance/glance/api/middleware/version_negotiation.py:57}}
Jun 18 23:07:09.160364 np0000003200 devstack@g-api.service[101996]: DEBUG glance.api.middleware.version_negotiation [None req-ac852a9f-b516-4efc-9ed3-a049bbce2eb2 tempest-VolumesActionsTest-847648238 tempest-VolumesActionsTest-847648238-project-member] Matched version: v2 {{(pid=101996) process_request /opt/stack/glance/glance/api/middleware/version_negotiation.py:69}}
Jun 18 23:07:09.160364 np0000003200 devstack@g-api.service[101996]: DEBUG glance.api.middleware.version_negotiation [None req-ac852a9f-b516-4efc-9ed3-a049bbce2eb2 tempest-VolumesActionsTest-847648238 tempest-VolumesActionsTest-847648238-project-member] new path /v2/images/6688038d-72db-45f4-9eea-606fec97145b {{(pid=101996) process_request /opt/stack/glance/glance/api/middleware/version_negotiation.py:70}}
Jun 18 23:07:09.194743 np0000003200 devstack@g-api.service[101996]: [pid: 101996|app: 0|req: 161/472] 127.0.0.1 () {40 vars in 838 bytes} [Thu Jun 18 23:07:09 2026] GET /v2/images/6688038d-72db-45f4-9eea-606fec97145b => generated 649 bytes in 35 msecs (HTTP/1.1 200) 4 headers in 157 bytes (1 switches on core 0)
Jun 18 23:07:09.521563 np0000003200 devstack@g-api.service[101994]: DEBUG swiftclient [None req-94281f19-c6b8-4bc5-b909-83f6ea95678b tempest-VolumesActionsTest-847648238 tempest-VolumesActionsTest-847648238-project-member] REQ: curl -i https://10.4.3.209:8080/v1/AUTH_f263e9b50fef40019f387a5c962cd3e8/glance/6688038d-72db-45f4-9eea-606fec97145b-00004 -X PUT -H "X-Auth-Token: gAAAAABqNHoUGlmC..." {{(pid=101994) http_log /opt/stack/data/venv/lib/python3.12/site-packages/swiftclient/client.py:160}}
Jun 18 23:07:09.521976 np0000003200 devstack@g-api.service[101994]: DEBUG swiftclient [None req-94281f19-c6b8-4bc5-b909-83f6ea95678b tempest-VolumesActionsTest-847648238 tempest-VolumesActionsTest-847648238-project-member] RESP STATUS: 201 Created {{(pid=101994) http_log /opt/stack/data/venv/lib/python3.12/site-packages/swiftclient/client.py:161}}
Jun 18 23:07:09.521976 np0000003200 devstack@g-api.service[101994]: DEBUG swiftclient [None req-94281f19-c6b8-4bc5-b909-83f6ea95678b tempest-VolumesActionsTest-847648238 tempest-VolumesActionsTest-847648238-project-member] RESP HEADERS: {'Date': 'Thu, 18 Jun 2026 23:07:09 GMT', 'Server': 'Apache/2.4.58 (Ubuntu)', 'Content-Type': 'text/html; charset=UTF-8', 'Content-Length': '0', 'Etag': 'eda9a9889837ac4bc81d6387d92c1bec', 'Last-Modified': 'Thu, 18 Jun 2026 23:07:08 GMT', 'X-Trans-Id': 'txc0f192bbcac14f678612a-006a347a1b', 'X-Openstack-Request-Id': 'txc0f192bbcac14f678612a-006a347a1b', 'Connection': 'close'} {{(pid=101994) http_log /opt/stack/data/venv/lib/python3.12/site-packages/swiftclient/client.py:162}}
Jun 18 23:07:09.521976 np0000003200 devstack@g-api.service[101994]: DEBUG glance_store._drivers.swift.store [None req-94281f19-c6b8-4bc5-b909-83f6ea95678b tempest-VolumesActionsTest-847648238 tempest-VolumesActionsTest-847648238-project-member] Wrote chunk 6688038d-72db-45f4-9eea-606fec97145b-00004 (4/?) of length 204800000 to Swift returning MD5 of content: eda9a9889837ac4bc81d6387d92c1bec {{(pid=101994) add /opt/stack/data/venv/lib/python3.12/site-packages/glance_store/_drivers/swift/store.py:1059}}
Jun 18 23:07:10.009183 np0000003200 devstack@g-api.service[101994]: DEBUG dbcounter [-] [101994] Writing DB stats glance:SELECT=42,glance:UPDATE=3,glance:INSERT=1 {{(pid=101994) stat_writer /opt/stack/data/venv/lib/python3.12/site-packages/dbcounter.py:115}}
Jun 18 23:07:10.206412 np0000003200 devstack@g-api.service[101995]: DEBUG glance.api.middleware.version_negotiation [None req-57f60600-7ef1-4b1c-949c-e386dba55dc4 tempest-VolumesActionsTest-847648238 tempest-VolumesActionsTest-847648238-project-member] Determining version of request: GET /v2/images/6688038d-72db-45f4-9eea-606fec97145b Accept: application/json {{(pid=101995) process_request /opt/stack/glance/glance/api/middleware/version_negotiation.py:44}}
Jun 18 23:07:10.206412 np0000003200 devstack@g-api.service[101995]: DEBUG glance.api.middleware.version_negotiation [None req-57f60600-7ef1-4b1c-949c-e386dba55dc4 tempest-VolumesActionsTest-847648238 tempest-VolumesActionsTest-847648238-project-member] Using url versioning {{(pid=101995) process_request /opt/stack/glance/glance/api/middleware/version_negotiation.py:57}}
Jun 18 23:07:10.206412 np0000003200 devstack@g-api.service[101995]: DEBUG glance.api.middleware.version_negotiation [None req-57f60600-7ef1-4b1c-949c-e386dba55dc4 tempest-VolumesActionsTest-847648238 tempest-VolumesActionsTest-847648238-project-member] Matched version: v2 {{(pid=101995) process_request /opt/stack/glance/glance/api/middleware/version_negotiation.py:69}}
Jun 18 23:07:10.206412 np0000003200 devstack@g-api.service[101995]: DEBUG glance.api.middleware.version_negotiation [None req-57f60600-7ef1-4b1c-949c-e386dba55dc4 tempest-VolumesActionsTest-847648238 tempest-VolumesActionsTest-847648238-project-member] new path /v2/images/6688038d-72db-45f4-9eea-606fec97145b {{(pid=101995) process_request /opt/stack/glance/glance/api/middleware/version_negotiation.py:70}}
Jun 18 23:07:10.222413 np0000003200 devstack@g-api.service[101995]: [pid: 101995|app: 0|req: 163/473] 127.0.0.1 () {40 vars in 838 bytes} [Thu Jun 18 23:07:10 2026] GET /v2/images/6688038d-72db-45f4-9eea-606fec97145b => generated 649 bytes in 17 msecs (HTTP/1.1 200) 4 headers in 157 bytes (1 switches on core 0)
Jun 18 23:07:11.239792 np0000003200 devstack@g-api.service[101996]: DEBUG glance.api.middleware.version_negotiation [None req-db2b6861-270a-4d32-993e-9a8b7f94b6f6 tempest-VolumesActionsTest-847648238 tempest-VolumesActionsTest-847648238-project-member] Determining version of request: GET /v2/images/6688038d-72db-45f4-9eea-606fec97145b Accept: application/json {{(pid=101996) process_request /opt/stack/glance/glance/api/middleware/version_negotiation.py:44}}
Jun 18 23:07:11.239792 np0000003200 devstack@g-api.service[101996]: DEBUG glance.api.middleware.version_negotiation [None req-db2b6861-270a-4d32-993e-9a8b7f94b6f6 tempest-VolumesActionsTest-847648238 tempest-VolumesActionsTest-847648238-project-member] Using url versioning {{(pid=101996) process_request /opt/stack/glance/glance/api/middleware/version_negotiation.py:57}}
Jun 18 23:07:11.239792 np0000003200 devstack@g-api.service[101996]: DEBUG glance.api.middleware.version_negotiation [None req-db2b6861-270a-4d32-993e-9a8b7f94b6f6 tempest-VolumesActionsTest-847648238 tempest-VolumesActionsTest-847648238-project-member] Matched version: v2 {{(pid=101996) process_request /opt/stack/glance/glance/api/middleware/version_negotiation.py:69}}
Jun 18 23:07:11.239792 np0000003200 devstack@g-api.service[101996]: DEBUG glance.api.middleware.version_negotiation [None req-db2b6861-270a-4d32-993e-9a8b7f94b6f6 tempest-VolumesActionsTest-847648238 tempest-VolumesActionsTest-847648238-project-member] new path /v2/images/6688038d-72db-45f4-9eea-606fec97145b {{(pid=101996) process_request /opt/stack/glance/glance/api/middleware/version_negotiation.py:70}}
Jun 18 23:07:11.257988 np0000003200 devstack@g-api.service[101996]: [pid: 101996|app: 0|req: 162/474] 127.0.0.1 () {40 vars in 838 bytes} [Thu Jun 18 23:07:11 2026] GET /v2/images/6688038d-72db-45f4-9eea-606fec97145b => generated 649 bytes in 18 msecs (HTTP/1.1 200) 4 headers in 157 bytes (1 switches on core 0)
Jun 18 23:07:11.654594 np0000003200 devstack@g-api.service[101994]: DEBUG swiftclient [None req-94281f19-c6b8-4bc5-b909-83f6ea95678b tempest-VolumesActionsTest-847648238 tempest-VolumesActionsTest-847648238-project-member] REQ: curl -i https://10.4.3.209:8080/v1/AUTH_f263e9b50fef40019f387a5c962cd3e8/glance/6688038d-72db-45f4-9eea-606fec97145b-00005 -X PUT -H "X-Auth-Token: gAAAAABqNHoUGlmC..." {{(pid=101994) http_log /opt/stack/data/venv/lib/python3.12/site-packages/swiftclient/client.py:160}}
Jun 18 23:07:11.654802 np0000003200 devstack@g-api.service[101994]: DEBUG swiftclient [None req-94281f19-c6b8-4bc5-b909-83f6ea95678b tempest-VolumesActionsTest-847648238 tempest-VolumesActionsTest-847648238-project-member] RESP STATUS: 201 Created {{(pid=101994) http_log /opt/stack/data/venv/lib/python3.12/site-packages/swiftclient/client.py:161}}
Jun 18 23:07:11.654802 np0000003200 devstack@g-api.service[101994]: DEBUG swiftclient [None req-94281f19-c6b8-4bc5-b909-83f6ea95678b tempest-VolumesActionsTest-847648238 tempest-VolumesActionsTest-847648238-project-member] RESP HEADERS: {'Date': 'Thu, 18 Jun 2026 23:07:11 GMT', 'Server': 'Apache/2.4.58 (Ubuntu)', 'Content-Type': 'text/html; charset=UTF-8', 'Content-Length': '0', 'Etag': 'eda9a9889837ac4bc81d6387d92c1bec', 'Last-Modified': 'Thu, 18 Jun 2026 23:07:10 GMT', 'X-Trans-Id': 'txfcf3067e27cd420da7f96-006a347a1d', 'X-Openstack-Request-Id': 'txfcf3067e27cd420da7f96-006a347a1d', 'Connection': 'close'} {{(pid=101994) http_log /opt/stack/data/venv/lib/python3.12/site-packages/swiftclient/client.py:162}}
Jun 18 23:07:11.654906 np0000003200 devstack@g-api.service[101994]: DEBUG glance_store._drivers.swift.store [None req-94281f19-c6b8-4bc5-b909-83f6ea95678b tempest-VolumesActionsTest-847648238 tempest-VolumesActionsTest-847648238-project-member] Wrote chunk 6688038d-72db-45f4-9eea-606fec97145b-00005 (5/?) of length 204800000 to Swift returning MD5 of content: eda9a9889837ac4bc81d6387d92c1bec {{(pid=101994) add /opt/stack/data/venv/lib/python3.12/site-packages/glance_store/_drivers/swift/store.py:1059}}
Jun 18 23:07:12.171637 np0000003200 devstack@g-api.service[101994]: DEBUG swiftclient [None req-94281f19-c6b8-4bc5-b909-83f6ea95678b tempest-VolumesActionsTest-847648238 tempest-VolumesActionsTest-847648238-project-member] REQ: curl -i https://10.4.3.209:8080/v1/AUTH_f263e9b50fef40019f387a5c962cd3e8/glance/6688038d-72db-45f4-9eea-606fec97145b-00006 -X PUT -H "X-Auth-Token: gAAAAABqNHoUGlmC..." {{(pid=101994) http_log /opt/stack/data/venv/lib/python3.12/site-packages/swiftclient/client.py:160}}
Jun 18 23:07:12.171702 np0000003200 devstack@g-api.service[101994]: DEBUG swiftclient [None req-94281f19-c6b8-4bc5-b909-83f6ea95678b tempest-VolumesActionsTest-847648238 tempest-VolumesActionsTest-847648238-project-member] RESP STATUS: 201 Created {{(pid=101994) http_log /opt/stack/data/venv/lib/python3.12/site-packages/swiftclient/client.py:161}}
Jun 18 23:07:12.171857 np0000003200 devstack@g-api.service[101994]: DEBUG swiftclient [None req-94281f19-c6b8-4bc5-b909-83f6ea95678b tempest-VolumesActionsTest-847648238 tempest-VolumesActionsTest-847648238-project-member] RESP HEADERS: {'Date': 'Thu, 18 Jun 2026 23:07:12 GMT', 'Server': 'Apache/2.4.58 (Ubuntu)', 'Content-Type': 'text/html; charset=UTF-8', 'Content-Length': '0', 'Etag': '708761f3b8777ec77058e63da08eeeb6', 'Last-Modified': 'Thu, 18 Jun 2026 23:07:12 GMT', 'X-Trans-Id': 'tx38dab7883dbd4c65993e4-006a347a1f', 'X-Openstack-Request-Id': 'tx38dab7883dbd4c65993e4-006a347a1f', 'Connection': 'close'} {{(pid=101994) http_log /opt/stack/data/venv/lib/python3.12/site-packages/swiftclient/client.py:162}}
Jun 18 23:07:12.171950 np0000003200 devstack@g-api.service[101994]: DEBUG glance_store._drivers.swift.store [None req-94281f19-c6b8-4bc5-b909-83f6ea95678b tempest-VolumesActionsTest-847648238 tempest-VolumesActionsTest-847648238-project-member] Wrote chunk 6688038d-72db-45f4-9eea-606fec97145b-00006 (6/?) of length 49741824 to Swift returning MD5 of content: 708761f3b8777ec77058e63da08eeeb6 {{(pid=101994) add /opt/stack/data/venv/lib/python3.12/site-packages/glance_store/_drivers/swift/store.py:1059}}
Jun 18 23:07:12.172183 np0000003200 devstack@g-api.service[101994]: DEBUG glance_store._drivers.swift.store [None req-94281f19-c6b8-4bc5-b909-83f6ea95678b tempest-VolumesActionsTest-847648238 tempest-VolumesActionsTest-847648238-project-member] Not writing zero-length chunk. {{(pid=101994) add /opt/stack/data/venv/lib/python3.12/site-packages/glance_store/_drivers/swift/store.py:1028}}
Jun 18 23:07:12.199078 np0000003200 devstack@g-api.service[101994]: DEBUG swiftclient [None req-94281f19-c6b8-4bc5-b909-83f6ea95678b tempest-VolumesActionsTest-847648238 tempest-VolumesActionsTest-847648238-project-member] REQ: curl -i https://10.4.3.209:8080/v1/AUTH_f263e9b50fef40019f387a5c962cd3e8/glance/6688038d-72db-45f4-9eea-606fec97145b -X PUT -H "X-Object-Manifest: glance/6688038d-72db-45f4-9eea-606fec97145b-" -H "X-Auth-Token: gAAAAABqNHoUGlmC..." -H "Content-Length: 0" {{(pid=101994) http_log /opt/stack/data/venv/lib/python3.12/site-packages/swiftclient/client.py:160}}
Jun 18 23:07:12.199188 np0000003200 devstack@g-api.service[101994]: DEBUG swiftclient [None req-94281f19-c6b8-4bc5-b909-83f6ea95678b tempest-VolumesActionsTest-847648238 tempest-VolumesActionsTest-847648238-project-member] RESP STATUS: 201 Created {{(pid=101994) http_log /opt/stack/data/venv/lib/python3.12/site-packages/swiftclient/client.py:161}}
Jun 18 23:07:12.199348 np0000003200 devstack@g-api.service[101994]: DEBUG swiftclient [None req-94281f19-c6b8-4bc5-b909-83f6ea95678b tempest-VolumesActionsTest-847648238 tempest-VolumesActionsTest-847648238-project-member] RESP HEADERS: {'Date': 'Thu, 18 Jun 2026 23:07:12 GMT', 'Server': 'Apache/2.4.58 (Ubuntu)', 'Content-Type': 'text/html; charset=UTF-8', 'Content-Length': '0', 'Etag': 'd41d8cd98f00b204e9800998ecf8427e', 'Last-Modified': 'Thu, 18 Jun 2026 23:07:13 GMT', 'X-Trans-Id': 'txf54ba7ca979646ecb37c8-006a347a20', 'X-Openstack-Request-Id': 'txf54ba7ca979646ecb37c8-006a347a20', 'Connection': 'close'} {{(pid=101994) http_log /opt/stack/data/venv/lib/python3.12/site-packages/swiftclient/client.py:162}}
Jun 18 23:07:12.199896 np0000003200 devstack@g-api.service[101994]: INFO glance.location [None req-94281f19-c6b8-4bc5-b909-83f6ea95678b tempest-VolumesActionsTest-847648238 tempest-VolumesActionsTest-847648238-project-member] Image format matched and virtual size computed: 1073741824
Jun 18 23:07:12.229476 np0000003200 devstack@g-api.service[101994]: DEBUG glance_store.backend [None req-94281f19-c6b8-4bc5-b909-83f6ea95678b tempest-VolumesActionsTest-847648238 tempest-VolumesActionsTest-847648238-project-member] Attempting to import store swift {{(pid=101994) _load_store /opt/stack/data/venv/lib/python3.12/site-packages/glance_store/backend.py:215}}
Jun 18 23:07:12.229990 np0000003200 devstack@g-api.service[101994]: DEBUG glance_store.capabilities [None req-94281f19-c6b8-4bc5-b909-83f6ea95678b tempest-VolumesActionsTest-847648238 tempest-VolumesActionsTest-847648238-project-member] Store glance_store._drivers.swift.store.SingleTenantStore doesn't support updating dynamic storage capabilities. Please overwrite 'update_capabilities' method of the store to implement updating logics if needed. {{(pid=101994) update_capabilities /opt/stack/data/venv/lib/python3.12/site-packages/glance_store/capabilities.py:91}}
Jun 18 23:07:12.230083 np0000003200 devstack@g-api.service[101994]: DEBUG glance_store.driver [None req-94281f19-c6b8-4bc5-b909-83f6ea95678b tempest-VolumesActionsTest-847648238 tempest-VolumesActionsTest-847648238-project-member] Late loading location class glance_store._drivers.swift.store.StoreLocation {{(pid=101994) get_store_location_class /opt/stack/data/venv/lib/python3.12/site-packages/glance_store/driver.py:134}}
Jun 18 23:07:12.230176 np0000003200 devstack@g-api.service[101994]: DEBUG glance_store.location [None req-94281f19-c6b8-4bc5-b909-83f6ea95678b tempest-VolumesActionsTest-847648238 tempest-VolumesActionsTest-847648238-project-member] Registering scheme swift+https with {'store': , 'location_class': , 'store_entry': 'swift'} {{(pid=101994) register_scheme_map /opt/stack/data/venv/lib/python3.12/site-packages/glance_store/location.py:146}}
Jun 18 23:07:12.230249 np0000003200 devstack@g-api.service[101994]: DEBUG glance_store.location [None req-94281f19-c6b8-4bc5-b909-83f6ea95678b tempest-VolumesActionsTest-847648238 tempest-VolumesActionsTest-847648238-project-member] Registering scheme swift+https with {'store': , 'location_class': , 'store_entry': 'swift'} {{(pid=101994) register_scheme_map /opt/stack/data/venv/lib/python3.12/site-packages/glance_store/location.py:146}}
Jun 18 23:07:12.230323 np0000003200 devstack@g-api.service[101994]: DEBUG glance_store.location [None req-94281f19-c6b8-4bc5-b909-83f6ea95678b tempest-VolumesActionsTest-847648238 tempest-VolumesActionsTest-847648238-project-member] Registering scheme swift with {'store': , 'location_class': , 'store_entry': 'swift'} {{(pid=101994) register_scheme_map /opt/stack/data/venv/lib/python3.12/site-packages/glance_store/location.py:146}}
Jun 18 23:07:12.230396 np0000003200 devstack@g-api.service[101994]: DEBUG glance_store.location [None req-94281f19-c6b8-4bc5-b909-83f6ea95678b tempest-VolumesActionsTest-847648238 tempest-VolumesActionsTest-847648238-project-member] Registering scheme swift+https with {'store': , 'location_class': , 'store_entry': 'swift'} {{(pid=101994) register_scheme_map /opt/stack/data/venv/lib/python3.12/site-packages/glance_store/location.py:146}}
Jun 18 23:07:12.230486 np0000003200 devstack@g-api.service[101994]: DEBUG glance_store.location [None req-94281f19-c6b8-4bc5-b909-83f6ea95678b tempest-VolumesActionsTest-847648238 tempest-VolumesActionsTest-847648238-project-member] Registering scheme swift with {'store': , 'location_class': , 'store_entry': 'swift'} {{(pid=101994) register_scheme_map /opt/stack/data/venv/lib/python3.12/site-packages/glance_store/location.py:146}}
Jun 18 23:07:12.230571 np0000003200 devstack@g-api.service[101994]: DEBUG glance_store.location [None req-94281f19-c6b8-4bc5-b909-83f6ea95678b tempest-VolumesActionsTest-847648238 tempest-VolumesActionsTest-847648238-project-member] Registering scheme swift+http with {'store': , 'location_class': , 'store_entry': 'swift'} {{(pid=101994) register_scheme_map /opt/stack/data/venv/lib/python3.12/site-packages/glance_store/location.py:146}}
Jun 18 23:07:12.230654 np0000003200 devstack@g-api.service[101994]: DEBUG glance_store.location [None req-94281f19-c6b8-4bc5-b909-83f6ea95678b tempest-VolumesActionsTest-847648238 tempest-VolumesActionsTest-847648238-project-member] Registering scheme swift+https with {'store': , 'location_class': , 'store_entry': 'swift'} {{(pid=101994) register_scheme_map /opt/stack/data/venv/lib/python3.12/site-packages/glance_store/location.py:146}}
Jun 18 23:07:12.230733 np0000003200 devstack@g-api.service[101994]: DEBUG glance_store.location [None req-94281f19-c6b8-4bc5-b909-83f6ea95678b tempest-VolumesActionsTest-847648238 tempest-VolumesActionsTest-847648238-project-member] Registering scheme swift with {'store': , 'location_class': , 'store_entry': 'swift'} {{(pid=101994) register_scheme_map /opt/stack/data/venv/lib/python3.12/site-packages/glance_store/location.py:146}}
Jun 18 23:07:12.230867 np0000003200 devstack@g-api.service[101994]: DEBUG glance_store.location [None req-94281f19-c6b8-4bc5-b909-83f6ea95678b tempest-VolumesActionsTest-847648238 tempest-VolumesActionsTest-847648238-project-member] Registering scheme swift+http with {'store': , 'location_class': , 'store_entry': 'swift'} {{(pid=101994) register_scheme_map /opt/stack/data/venv/lib/python3.12/site-packages/glance_store/location.py:146}}
Jun 18 23:07:12.230993 np0000003200 devstack@g-api.service[101994]: DEBUG glance_store.location [None req-94281f19-c6b8-4bc5-b909-83f6ea95678b tempest-VolumesActionsTest-847648238 tempest-VolumesActionsTest-847648238-project-member] Registering scheme swift+config with {'store': , 'location_class': , 'store_entry': 'swift'} {{(pid=101994) register_scheme_map /opt/stack/data/venv/lib/python3.12/site-packages/glance_store/location.py:146}}
Jun 18 23:07:12.231479 np0000003200 devstack@g-api.service[101994]: DEBUG glance_store.backend [None req-94281f19-c6b8-4bc5-b909-83f6ea95678b tempest-VolumesActionsTest-847648238 tempest-VolumesActionsTest-847648238-project-member] Skipping store.set_acls... not implemented. {{(pid=101994) set_acls /opt/stack/data/venv/lib/python3.12/site-packages/glance_store/backend.py:507}}
Jun 18 23:07:12.232966 np0000003200 devstack@g-api.service[101994]: [pid: 101994|app: 0|req: 150/475] 127.0.0.1 () {46 vars in 1158 bytes} [Thu Jun 18 23:06:59 2026] PUT /v2/images/6688038d-72db-45f4-9eea-606fec97145b/file => generated 0 bytes in 13219 msecs (HTTP/1.1 204) 4 headers in 171 bytes (1 switches on core 0)
Jun 18 23:07:12.240798 np0000003200 devstack@g-api.service[101995]: DEBUG glance.api.middleware.version_negotiation [None req-753486d7-5bd1-47f4-9c4c-a032739e204d tempest-VolumesActionsTest-847648238 tempest-VolumesActionsTest-847648238-project-member] Determining version of request: GET /v2/images/6688038d-72db-45f4-9eea-606fec97145b Accept: */* {{(pid=101995) process_request /opt/stack/glance/glance/api/middleware/version_negotiation.py:44}}
Jun 18 23:07:12.241135 np0000003200 devstack@g-api.service[101995]: DEBUG glance.api.middleware.version_negotiation [None req-753486d7-5bd1-47f4-9c4c-a032739e204d tempest-VolumesActionsTest-847648238 tempest-VolumesActionsTest-847648238-project-member] Using url versioning {{(pid=101995) process_request /opt/stack/glance/glance/api/middleware/version_negotiation.py:57}}
Jun 18 23:07:12.242829 np0000003200 devstack@g-api.service[101995]: DEBUG glance.api.middleware.version_negotiation [None req-753486d7-5bd1-47f4-9c4c-a032739e204d tempest-VolumesActionsTest-847648238 tempest-VolumesActionsTest-847648238-project-member] Matched version: v2 {{(pid=101995) process_request /opt/stack/glance/glance/api/middleware/version_negotiation.py:69}}
Jun 18 23:07:12.242829 np0000003200 devstack@g-api.service[101995]: DEBUG glance.api.middleware.version_negotiation [None req-753486d7-5bd1-47f4-9c4c-a032739e204d tempest-VolumesActionsTest-847648238 tempest-VolumesActionsTest-847648238-project-member] new path /v2/images/6688038d-72db-45f4-9eea-606fec97145b {{(pid=101995) process_request /opt/stack/glance/glance/api/middleware/version_negotiation.py:70}}
Jun 18 23:07:12.253426 np0000003200 devstack@g-api.service[101995]: [pid: 101995|app: 0|req: 164/476] 127.0.0.1 () {44 vars in 1115 bytes} [Thu Jun 18 23:07:12 2026] GET /v2/images/6688038d-72db-45f4-9eea-606fec97145b => generated 821 bytes in 13 msecs (HTTP/1.1 200) 4 headers in 157 bytes (1 switches on core 0)
Jun 18 23:07:12.264781 np0000003200 devstack@g-api.service[101996]: DEBUG glance.api.middleware.version_negotiation [None req-be62203f-9540-4711-84e9-1fee7618808b tempest-VolumesActionsTest-847648238 tempest-VolumesActionsTest-847648238-project-member] Determining version of request: GET /v2/schemas/image Accept: */* {{(pid=101996) process_request /opt/stack/glance/glance/api/middleware/version_negotiation.py:44}}
Jun 18 23:07:12.265091 np0000003200 devstack@g-api.service[101996]: DEBUG glance.api.middleware.version_negotiation [None req-be62203f-9540-4711-84e9-1fee7618808b tempest-VolumesActionsTest-847648238 tempest-VolumesActionsTest-847648238-project-member] Using url versioning {{(pid=101996) process_request /opt/stack/glance/glance/api/middleware/version_negotiation.py:57}}
Jun 18 23:07:12.265091 np0000003200 devstack@g-api.service[101996]: DEBUG glance.api.middleware.version_negotiation [None req-be62203f-9540-4711-84e9-1fee7618808b tempest-VolumesActionsTest-847648238 tempest-VolumesActionsTest-847648238-project-member] Matched version: v2 {{(pid=101996) process_request /opt/stack/glance/glance/api/middleware/version_negotiation.py:69}}
Jun 18 23:07:12.265091 np0000003200 devstack@g-api.service[101996]: DEBUG glance.api.middleware.version_negotiation [None req-be62203f-9540-4711-84e9-1fee7618808b tempest-VolumesActionsTest-847648238 tempest-VolumesActionsTest-847648238-project-member] new path /v2/schemas/image {{(pid=101996) process_request /opt/stack/glance/glance/api/middleware/version_negotiation.py:70}}
Jun 18 23:07:12.267458 np0000003200 devstack@g-api.service[101994]: DEBUG glance.api.middleware.version_negotiation [None req-94281f19-c6b8-4bc5-b909-83f6ea95678b tempest-VolumesActionsTest-847648238 tempest-VolumesActionsTest-847648238-project-member] Determining version of request: GET /v2/images/6688038d-72db-45f4-9eea-606fec97145b Accept: application/json {{(pid=101994) process_request /opt/stack/glance/glance/api/middleware/version_negotiation.py:44}}
Jun 18 23:07:12.267599 np0000003200 devstack@g-api.service[101994]: DEBUG glance.api.middleware.version_negotiation [None req-94281f19-c6b8-4bc5-b909-83f6ea95678b tempest-VolumesActionsTest-847648238 tempest-VolumesActionsTest-847648238-project-member] Using url versioning {{(pid=101994) process_request /opt/stack/glance/glance/api/middleware/version_negotiation.py:57}}
Jun 18 23:07:12.267709 np0000003200 devstack@g-api.service[101994]: DEBUG glance.api.middleware.version_negotiation [None req-94281f19-c6b8-4bc5-b909-83f6ea95678b tempest-VolumesActionsTest-847648238 tempest-VolumesActionsTest-847648238-project-member] Matched version: v2 {{(pid=101994) process_request /opt/stack/glance/glance/api/middleware/version_negotiation.py:69}}
Jun 18 23:07:12.267794 np0000003200 devstack@g-api.service[101994]: DEBUG glance.api.middleware.version_negotiation [None req-94281f19-c6b8-4bc5-b909-83f6ea95678b tempest-VolumesActionsTest-847648238 tempest-VolumesActionsTest-847648238-project-member] new path /v2/images/6688038d-72db-45f4-9eea-606fec97145b {{(pid=101994) process_request /opt/stack/glance/glance/api/middleware/version_negotiation.py:70}}
Jun 18 23:07:12.269385 np0000003200 devstack@g-api.service[101996]: [pid: 101996|app: 0|req: 163/477] 127.0.0.1 () {44 vars in 1055 bytes} [Thu Jun 18 23:07:12 2026] GET /v2/schemas/image => generated 6083 bytes in 5 msecs (HTTP/1.1 200) 4 headers in 158 bytes (1 switches on core 0)
