Jun 18 23:06:24.193579 np0000003200 devstack@g-api.service[101994]: DEBUG oslo_utils.imageutils.format_inspector [None req-b6307177-9cd9-4669-9b58-972ca3d7215e tempest-ServerBootFromVolumeStableRescueTest-482315762 tempest-ServerBootFromVolumeStableRescueTest-482315762-project-member] Format inspector for vmdk does not match, excluding from consideration (Signature KDMV not found: b'QFI\xfb') {{(pid=101994) _process_chunk /opt/stack/data/venv/lib/python3.12/site-packages/oslo_utils/imageutils/format_inspector.py:1758}}
Jun 18 23:06:24.196217 np0000003200 devstack@g-api.service[101994]: DEBUG oslo_utils.imageutils.format_inspector [None req-b6307177-9cd9-4669-9b58-972ca3d7215e tempest-ServerBootFromVolumeStableRescueTest-482315762 tempest-ServerBootFromVolumeStableRescueTest-482315762-project-member] Format inspector for vhdx does not match, excluding from consideration (Region signature not found at 30000) {{(pid=101994) _process_chunk /opt/stack/data/venv/lib/python3.12/site-packages/oslo_utils/imageutils/format_inspector.py:1758}}
Jun 18 23:06:24.279993 np0000003200 devstack@g-api.service[101996]: DEBUG glance.api.middleware.version_negotiation [None req-b6307177-9cd9-4669-9b58-972ca3d7215e tempest-ServerBootFromVolumeStableRescueTest-482315762 tempest-ServerBootFromVolumeStableRescueTest-482315762-project-member] Determining version of request: GET /v2/images/17c0ae79-44a9-4413-b094-731137d3bb27 Accept: application/json {{(pid=101996) process_request /opt/stack/glance/glance/api/middleware/version_negotiation.py:44}}
Jun 18 23:06:24.280211 np0000003200 devstack@g-api.service[101996]: DEBUG glance.api.middleware.version_negotiation [None req-b6307177-9cd9-4669-9b58-972ca3d7215e tempest-ServerBootFromVolumeStableRescueTest-482315762 tempest-ServerBootFromVolumeStableRescueTest-482315762-project-member] Using url versioning {{(pid=101996) process_request /opt/stack/glance/glance/api/middleware/version_negotiation.py:57}}
Jun 18 23:06:24.280356 np0000003200 devstack@g-api.service[101996]: DEBUG glance.api.middleware.version_negotiation [None req-b6307177-9cd9-4669-9b58-972ca3d7215e tempest-ServerBootFromVolumeStableRescueTest-482315762 tempest-ServerBootFromVolumeStableRescueTest-482315762-project-member] Matched version: v2 {{(pid=101996) process_request /opt/stack/glance/glance/api/middleware/version_negotiation.py:69}}
Jun 18 23:06:24.280487 np0000003200 devstack@g-api.service[101996]: DEBUG glance.api.middleware.version_negotiation [None req-b6307177-9cd9-4669-9b58-972ca3d7215e tempest-ServerBootFromVolumeStableRescueTest-482315762 tempest-ServerBootFromVolumeStableRescueTest-482315762-project-member] new path /v2/images/17c0ae79-44a9-4413-b094-731137d3bb27 {{(pid=101996) process_request /opt/stack/glance/glance/api/middleware/version_negotiation.py:70}}
Jun 18 23:06:24.296121 np0000003200 devstack@g-api.service[101996]: [pid: 101996|app: 0|req: 129/382] 127.0.0.1 () {40 vars in 838 bytes} [Thu Jun 18 23:06:24 2026] GET /v2/images/17c0ae79-44a9-4413-b094-731137d3bb27 => generated 1468 bytes in 16 msecs (HTTP/1.1 200) 4 headers in 158 bytes (1 switches on core 0)
Jun 18 23:06:24.423732 np0000003200 devstack@g-api.service[101994]: DEBUG swiftclient [None req-b6307177-9cd9-4669-9b58-972ca3d7215e tempest-ServerBootFromVolumeStableRescueTest-482315762 tempest-ServerBootFromVolumeStableRescueTest-482315762-project-member] REQ: curl -i https://10.4.3.209:8080/v1/AUTH_f263e9b50fef40019f387a5c962cd3e8/glance/17c0ae79-44a9-4413-b094-731137d3bb27-00001 -X PUT -H "X-Auth-Token: gAAAAABqNHnwnJaw..." {{(pid=101994) http_log /opt/stack/data/venv/lib/python3.12/site-packages/swiftclient/client.py:160}}
Jun 18 23:06:24.423862 np0000003200 devstack@g-api.service[101994]: DEBUG swiftclient [None req-b6307177-9cd9-4669-9b58-972ca3d7215e tempest-ServerBootFromVolumeStableRescueTest-482315762 tempest-ServerBootFromVolumeStableRescueTest-482315762-project-member] RESP STATUS: 201 Created {{(pid=101994) http_log /opt/stack/data/venv/lib/python3.12/site-packages/swiftclient/client.py:161}}
Jun 18 23:06:24.424022 np0000003200 devstack@g-api.service[101994]: DEBUG swiftclient [None req-b6307177-9cd9-4669-9b58-972ca3d7215e tempest-ServerBootFromVolumeStableRescueTest-482315762 tempest-ServerBootFromVolumeStableRescueTest-482315762-project-member] RESP HEADERS: {'Date': 'Thu, 18 Jun 2026 23:06:24 GMT', 'Server': 'Apache/2.4.58 (Ubuntu)', 'Content-Type': 'text/html; charset=UTF-8', 'Content-Length': '0', 'Etag': '4fa343ee581d8d2e78533191fd1ac3e1', 'Last-Modified': 'Thu, 18 Jun 2026 23:06:25 GMT', 'X-Trans-Id': 'tx93ce456783014ff38b7c4-006a3479f0', 'X-Openstack-Request-Id': 'tx93ce456783014ff38b7c4-006a3479f0', 'Connection': 'close'} {{(pid=101994) http_log /opt/stack/data/venv/lib/python3.12/site-packages/swiftclient/client.py:162}}
Jun 18 23:06:24.424113 np0000003200 devstack@g-api.service[101994]: DEBUG glance_store._drivers.swift.store [None req-b6307177-9cd9-4669-9b58-972ca3d7215e tempest-ServerBootFromVolumeStableRescueTest-482315762 tempest-ServerBootFromVolumeStableRescueTest-482315762-project-member] Wrote chunk 17c0ae79-44a9-4413-b094-731137d3bb27-00001 (1/?) of length 23527424 to Swift returning MD5 of content: 4fa343ee581d8d2e78533191fd1ac3e1 {{(pid=101994) add /opt/stack/data/venv/lib/python3.12/site-packages/glance_store/_drivers/swift/store.py:1059}}
Jun 18 23:06:24.424380 np0000003200 devstack@g-api.service[101994]: DEBUG glance_store._drivers.swift.store [None req-b6307177-9cd9-4669-9b58-972ca3d7215e tempest-ServerBootFromVolumeStableRescueTest-482315762 tempest-ServerBootFromVolumeStableRescueTest-482315762-project-member] Not writing zero-length chunk. {{(pid=101994) add /opt/stack/data/venv/lib/python3.12/site-packages/glance_store/_drivers/swift/store.py:1028}}
Jun 18 23:06:24.447775 np0000003200 devstack@g-api.service[101994]: DEBUG swiftclient [None req-b6307177-9cd9-4669-9b58-972ca3d7215e tempest-ServerBootFromVolumeStableRescueTest-482315762 tempest-ServerBootFromVolumeStableRescueTest-482315762-project-member] REQ: curl -i https://10.4.3.209:8080/v1/AUTH_f263e9b50fef40019f387a5c962cd3e8/glance/17c0ae79-44a9-4413-b094-731137d3bb27 -X PUT -H "X-Object-Manifest: glance/17c0ae79-44a9-4413-b094-731137d3bb27-" -H "X-Auth-Token: gAAAAABqNHnwnJaw..." -H "Content-Length: 0" {{(pid=101994) http_log /opt/stack/data/venv/lib/python3.12/site-packages/swiftclient/client.py:160}}
Jun 18 23:06:24.447893 np0000003200 devstack@g-api.service[101994]: DEBUG swiftclient [None req-b6307177-9cd9-4669-9b58-972ca3d7215e tempest-ServerBootFromVolumeStableRescueTest-482315762 tempest-ServerBootFromVolumeStableRescueTest-482315762-project-member] RESP STATUS: 201 Created {{(pid=101994) http_log /opt/stack/data/venv/lib/python3.12/site-packages/swiftclient/client.py:161}}
Jun 18 23:06:24.448045 np0000003200 devstack@g-api.service[101994]: DEBUG swiftclient [None req-b6307177-9cd9-4669-9b58-972ca3d7215e tempest-ServerBootFromVolumeStableRescueTest-482315762 tempest-ServerBootFromVolumeStableRescueTest-482315762-project-member] RESP HEADERS: {'Date': 'Thu, 18 Jun 2026 23:06:24 GMT', 'Server': 'Apache/2.4.58 (Ubuntu)', 'Content-Type': 'text/html; charset=UTF-8', 'Content-Length': '0', 'Etag': 'd41d8cd98f00b204e9800998ecf8427e', 'Last-Modified': 'Thu, 18 Jun 2026 23:06:25 GMT', 'X-Trans-Id': 'txa210d340eb584cd98833d-006a3479f0', 'X-Openstack-Request-Id': 'txa210d340eb584cd98833d-006a3479f0', 'Connection': 'close'} {{(pid=101994) http_log /opt/stack/data/venv/lib/python3.12/site-packages/swiftclient/client.py:162}}
Jun 18 23:06:24.448382 np0000003200 devstack@g-api.service[101994]: INFO glance.location [None req-b6307177-9cd9-4669-9b58-972ca3d7215e tempest-ServerBootFromVolumeStableRescueTest-482315762 tempest-ServerBootFromVolumeStableRescueTest-482315762-project-member] Image format matched and virtual size computed: 1073741824
Jun 18 23:06:24.486324 np0000003200 devstack@g-api.service[101994]: DEBUG glance_store.backend [None req-b6307177-9cd9-4669-9b58-972ca3d7215e tempest-ServerBootFromVolumeStableRescueTest-482315762 tempest-ServerBootFromVolumeStableRescueTest-482315762-project-member] Attempting to import store swift {{(pid=101994) _load_store /opt/stack/data/venv/lib/python3.12/site-packages/glance_store/backend.py:215}}
Jun 18 23:06:24.487908 np0000003200 devstack@g-api.service[101994]: DEBUG glance_store.capabilities [None req-b6307177-9cd9-4669-9b58-972ca3d7215e tempest-ServerBootFromVolumeStableRescueTest-482315762 tempest-ServerBootFromVolumeStableRescueTest-482315762-project-member] Store glance_store._drivers.swift.store.SingleTenantStore doesn't support updating dynamic storage capabilities. Please overwrite 'update_capabilities' method of the store to implement updating logics if needed. {{(pid=101994) update_capabilities /opt/stack/data/venv/lib/python3.12/site-packages/glance_store/capabilities.py:91}}
Jun 18 23:06:24.488044 np0000003200 devstack@g-api.service[101994]: DEBUG glance_store.driver [None req-b6307177-9cd9-4669-9b58-972ca3d7215e tempest-ServerBootFromVolumeStableRescueTest-482315762 tempest-ServerBootFromVolumeStableRescueTest-482315762-project-member] Late loading location class glance_store._drivers.swift.store.StoreLocation {{(pid=101994) get_store_location_class /opt/stack/data/venv/lib/python3.12/site-packages/glance_store/driver.py:134}}
Jun 18 23:06:24.488120 np0000003200 devstack@g-api.service[101994]: DEBUG glance_store.location [None req-b6307177-9cd9-4669-9b58-972ca3d7215e tempest-ServerBootFromVolumeStableRescueTest-482315762 tempest-ServerBootFromVolumeStableRescueTest-482315762-project-member] Registering scheme swift+https with {'store': , 'location_class': , 'store_entry': 'swift'} {{(pid=101994) register_scheme_map /opt/stack/data/venv/lib/python3.12/site-packages/glance_store/location.py:146}}
Jun 18 23:06:24.488224 np0000003200 devstack@g-api.service[101994]: DEBUG glance_store.location [None req-b6307177-9cd9-4669-9b58-972ca3d7215e tempest-ServerBootFromVolumeStableRescueTest-482315762 tempest-ServerBootFromVolumeStableRescueTest-482315762-project-member] Registering scheme swift+https with {'store': , 'location_class': , 'store_entry': 'swift'} {{(pid=101994) register_scheme_map /opt/stack/data/venv/lib/python3.12/site-packages/glance_store/location.py:146}}
Jun 18 23:06:24.488315 np0000003200 devstack@g-api.service[101994]: DEBUG glance_store.location [None req-b6307177-9cd9-4669-9b58-972ca3d7215e tempest-ServerBootFromVolumeStableRescueTest-482315762 tempest-ServerBootFromVolumeStableRescueTest-482315762-project-member] Registering scheme swift with {'store': , 'location_class': , 'store_entry': 'swift'} {{(pid=101994) register_scheme_map /opt/stack/data/venv/lib/python3.12/site-packages/glance_store/location.py:146}}
Jun 18 23:06:24.488406 np0000003200 devstack@g-api.service[101994]: DEBUG glance_store.location [None req-b6307177-9cd9-4669-9b58-972ca3d7215e tempest-ServerBootFromVolumeStableRescueTest-482315762 tempest-ServerBootFromVolumeStableRescueTest-482315762-project-member] Registering scheme swift+https with {'store': , 'location_class': , 'store_entry': 'swift'} {{(pid=101994) register_scheme_map /opt/stack/data/venv/lib/python3.12/site-packages/glance_store/location.py:146}}
Jun 18 23:06:24.488514 np0000003200 devstack@g-api.service[101994]: DEBUG glance_store.location [None req-b6307177-9cd9-4669-9b58-972ca3d7215e tempest-ServerBootFromVolumeStableRescueTest-482315762 tempest-ServerBootFromVolumeStableRescueTest-482315762-project-member] Registering scheme swift with {'store': , 'location_class': , 'store_entry': 'swift'} {{(pid=101994) register_scheme_map /opt/stack/data/venv/lib/python3.12/site-packages/glance_store/location.py:146}}
Jun 18 23:06:24.488603 np0000003200 devstack@g-api.service[101994]: DEBUG glance_store.location [None req-b6307177-9cd9-4669-9b58-972ca3d7215e tempest-ServerBootFromVolumeStableRescueTest-482315762 tempest-ServerBootFromVolumeStableRescueTest-482315762-project-member] Registering scheme swift+http with {'store': , 'location_class': , 'store_entry': 'swift'} {{(pid=101994) register_scheme_map /opt/stack/data/venv/lib/python3.12/site-packages/glance_store/location.py:146}}
Jun 18 23:06:24.488679 np0000003200 devstack@g-api.service[101994]: DEBUG glance_store.location [None req-b6307177-9cd9-4669-9b58-972ca3d7215e tempest-ServerBootFromVolumeStableRescueTest-482315762 tempest-ServerBootFromVolumeStableRescueTest-482315762-project-member] Registering scheme swift+https with {'store': , 'location_class': , 'store_entry': 'swift'} {{(pid=101994) register_scheme_map /opt/stack/data/venv/lib/python3.12/site-packages/glance_store/location.py:146}}
Jun 18 23:06:24.488797 np0000003200 devstack@g-api.service[101994]: DEBUG glance_store.location [None req-b6307177-9cd9-4669-9b58-972ca3d7215e tempest-ServerBootFromVolumeStableRescueTest-482315762 tempest-ServerBootFromVolumeStableRescueTest-482315762-project-member] Registering scheme swift with {'store': , 'location_class': , 'store_entry': 'swift'} {{(pid=101994) register_scheme_map /opt/stack/data/venv/lib/python3.12/site-packages/glance_store/location.py:146}}
Jun 18 23:06:24.488870 np0000003200 devstack@g-api.service[101994]: DEBUG glance_store.location [None req-b6307177-9cd9-4669-9b58-972ca3d7215e tempest-ServerBootFromVolumeStableRescueTest-482315762 tempest-ServerBootFromVolumeStableRescueTest-482315762-project-member] Registering scheme swift+http with {'store': , 'location_class': , 'store_entry': 'swift'} {{(pid=101994) register_scheme_map /opt/stack/data/venv/lib/python3.12/site-packages/glance_store/location.py:146}}
Jun 18 23:06:24.488941 np0000003200 devstack@g-api.service[101994]: DEBUG glance_store.location [None req-b6307177-9cd9-4669-9b58-972ca3d7215e tempest-ServerBootFromVolumeStableRescueTest-482315762 tempest-ServerBootFromVolumeStableRescueTest-482315762-project-member] Registering scheme swift+config with {'store': , 'location_class': , 'store_entry': 'swift'} {{(pid=101994) register_scheme_map /opt/stack/data/venv/lib/python3.12/site-packages/glance_store/location.py:146}}
Jun 18 23:06:24.489028 np0000003200 devstack@g-api.service[101994]: DEBUG glance_store.backend [None req-b6307177-9cd9-4669-9b58-972ca3d7215e tempest-ServerBootFromVolumeStableRescueTest-482315762 tempest-ServerBootFromVolumeStableRescueTest-482315762-project-member] Skipping store.set_acls... not implemented. {{(pid=101994) set_acls /opt/stack/data/venv/lib/python3.12/site-packages/glance_store/backend.py:507}}
Jun 18 23:06:24.490923 np0000003200 devstack@g-api.service[101994]: [pid: 101994|app: 0|req: 124/383] 127.0.0.1 () {46 vars in 1158 bytes} [Thu Jun 18 23:06:23 2026] PUT /v2/images/17c0ae79-44a9-4413-b094-731137d3bb27/file => generated 0 bytes in 1428 msecs (HTTP/1.1 204) 4 headers in 171 bytes (1 switches on core 0)
Jun 18 23:06:24.539012 np0000003200 devstack@g-api.service[101995]: DEBUG glance.api.middleware.version_negotiation [None req-5c7bec24-bbf2-4d55-bcfc-5b585350aa20 tempest-ServerBootFromVolumeStableRescueTest-482315762 tempest-ServerBootFromVolumeStableRescueTest-482315762-project-member] Determining version of request: GET /v2/images/17c0ae79-44a9-4413-b094-731137d3bb27 Accept: */* {{(pid=101995) process_request /opt/stack/glance/glance/api/middleware/version_negotiation.py:44}}
Jun 18 23:06:24.539473 np0000003200 devstack@g-api.service[101995]: DEBUG glance.api.middleware.version_negotiation [None req-5c7bec24-bbf2-4d55-bcfc-5b585350aa20 tempest-ServerBootFromVolumeStableRescueTest-482315762 tempest-ServerBootFromVolumeStableRescueTest-482315762-project-member] Using url versioning {{(pid=101995) process_request /opt/stack/glance/glance/api/middleware/version_negotiation.py:57}}
Jun 18 23:06:24.539473 np0000003200 devstack@g-api.service[101995]: DEBUG glance.api.middleware.version_negotiation [None req-5c7bec24-bbf2-4d55-bcfc-5b585350aa20 tempest-ServerBootFromVolumeStableRescueTest-482315762 tempest-ServerBootFromVolumeStableRescueTest-482315762-project-member] Matched version: v2 {{(pid=101995) process_request /opt/stack/glance/glance/api/middleware/version_negotiation.py:69}}
Jun 18 23:06:24.539473 np0000003200 devstack@g-api.service[101995]: DEBUG glance.api.middleware.version_negotiation [None req-5c7bec24-bbf2-4d55-bcfc-5b585350aa20 tempest-ServerBootFromVolumeStableRescueTest-482315762 tempest-ServerBootFromVolumeStableRescueTest-482315762-project-member] new path /v2/images/17c0ae79-44a9-4413-b094-731137d3bb27 {{(pid=101995) process_request /opt/stack/glance/glance/api/middleware/version_negotiation.py:70}}
Jun 18 23:06:24.562334 np0000003200 devstack@g-api.service[101995]: [pid: 101995|app: 0|req: 131/384] 127.0.0.1 () {44 vars in 1115 bytes} [Thu Jun 18 23:06:24 2026] GET /v2/images/17c0ae79-44a9-4413-b094-731137d3bb27 => generated 1638 bytes in 23 msecs (HTTP/1.1 200) 4 headers in 158 bytes (1 switches on core 0)
Jun 18 23:06:24.606229 np0000003200 devstack@g-api.service[101996]: DEBUG glance.api.middleware.version_negotiation [None req-cb8614fe-ae6a-4e19-9834-56a9d14a179d tempest-ServerBootFromVolumeStableRescueTest-482315762 tempest-ServerBootFromVolumeStableRescueTest-482315762-project-member] Determining version of request: GET /v2/schemas/image Accept: */* {{(pid=101996) process_request /opt/stack/glance/glance/api/middleware/version_negotiation.py:44}}
Jun 18 23:06:24.606420 np0000003200 devstack@g-api.service[101996]: DEBUG glance.api.middleware.version_negotiation [None req-cb8614fe-ae6a-4e19-9834-56a9d14a179d tempest-ServerBootFromVolumeStableRescueTest-482315762 tempest-ServerBootFromVolumeStableRescueTest-482315762-project-member] Using url versioning {{(pid=101996) process_request /opt/stack/glance/glance/api/middleware/version_negotiation.py:57}}
Jun 18 23:06:24.606613 np0000003200 devstack@g-api.service[101996]: DEBUG glance.api.middleware.version_negotiation [None req-cb8614fe-ae6a-4e19-9834-56a9d14a179d tempest-ServerBootFromVolumeStableRescueTest-482315762 tempest-ServerBootFromVolumeStableRescueTest-482315762-project-member] Matched version: v2 {{(pid=101996) process_request /opt/stack/glance/glance/api/middleware/version_negotiation.py:69}}
Jun 18 23:06:24.606826 np0000003200 devstack@g-api.service[101996]: DEBUG glance.api.middleware.version_negotiation [None req-cb8614fe-ae6a-4e19-9834-56a9d14a179d tempest-ServerBootFromVolumeStableRescueTest-482315762 tempest-ServerBootFromVolumeStableRescueTest-482315762-project-member] new path /v2/schemas/image {{(pid=101996) process_request /opt/stack/glance/glance/api/middleware/version_negotiation.py:70}}
Jun 18 23:06:24.610777 np0000003200 devstack@g-api.service[101996]: [pid: 101996|app: 0|req: 130/385] 127.0.0.1 () {44 vars in 1055 bytes} [Thu Jun 18 23:06:24 2026] GET /v2/schemas/image => generated 6083 bytes in 5 msecs (HTTP/1.1 200) 4 headers in 158 bytes (1 switches on core 0)
Jun 18 23:06:25.305767 np0000003200 devstack@g-api.service[101994]: DEBUG glance.api.middleware.version_negotiation [None req-b6307177-9cd9-4669-9b58-972ca3d7215e tempest-ServerBootFromVolumeStableRescueTest-482315762 tempest-ServerBootFromVolumeStableRescueTest-482315762-project-member] Determining version of request: GET /v2/images/17c0ae79-44a9-4413-b094-731137d3bb27 Accept: application/json {{(pid=101994) process_request /opt/stack/glance/glance/api/middleware/version_negotiation.py:44}}
Jun 18 23:06:25.306965 np0000003200 devstack@g-api.service[101994]: DEBUG glance.api.middleware.version_negotiation [None req-b6307177-9cd9-4669-9b58-972ca3d7215e tempest-ServerBootFromVolumeStableRescueTest-482315762 tempest-ServerBootFromVolumeStableRescueTest-482315762-project-member] Using url versioning {{(pid=101994) process_request /opt/stack/glance/glance/api/middleware/version_negotiation.py:57}}
Jun 18 23:06:25.306965 np0000003200 devstack@g-api.service[101994]: DEBUG glance.api.middleware.version_negotiation [None req-b6307177-9cd9-4669-9b58-972ca3d7215e tempest-ServerBootFromVolumeStableRescueTest-482315762 tempest-ServerBootFromVolumeStableRescueTest-482315762-project-member] Matched version: v2 {{(pid=101994) process_request /opt/stack/glance/glance/api/middleware/version_negotiation.py:69}}
Jun 18 23:06:25.306965 np0000003200 devstack@g-api.service[101994]: DEBUG glance.api.middleware.version_negotiation [None req-b6307177-9cd9-4669-9b58-972ca3d7215e tempest-ServerBootFromVolumeStableRescueTest-482315762 tempest-ServerBootFromVolumeStableRescueTest-482315762-project-member] new path /v2/images/17c0ae79-44a9-4413-b094-731137d3bb27 {{(pid=101994) process_request /opt/stack/glance/glance/api/middleware/version_negotiation.py:70}}
Jun 18 23:06:25.321056 np0000003200 devstack@g-api.service[101994]: [pid: 101994|app: 0|req: 125/386] 127.0.0.1 () {40 vars in 838 bytes} [Thu Jun 18 23:06:25 2026] GET /v2/images/17c0ae79-44a9-4413-b094-731137d3bb27 => generated 1638 bytes in 15 msecs (HTTP/1.1 200) 4 headers in 158 bytes (1 switches on core 0)
Jun 18 23:06:25.328268 np0000003200 devstack@g-api.service[101995]: DEBUG glance.api.middleware.version_negotiation [None req-b6307177-9cd9-4669-9b58-972ca3d7215e tempest-ServerBootFromVolumeStableRescueTest-482315762 tempest-ServerBootFromVolumeStableRescueTest-482315762-project-member] Determining version of request: GET /v2/images/17c0ae79-44a9-4413-b094-731137d3bb27 Accept: application/json {{(pid=101995) process_request /opt/stack/glance/glance/api/middleware/version_negotiation.py:44}}
Jun 18 23:06:25.328893 np0000003200 devstack@g-api.service[101995]: DEBUG glance.api.middleware.version_negotiation [None req-b6307177-9cd9-4669-9b58-972ca3d7215e tempest-ServerBootFromVolumeStableRescueTest-482315762 tempest-ServerBootFromVolumeStableRescueTest-482315762-project-member] Using url versioning {{(pid=101995) process_request /opt/stack/glance/glance/api/middleware/version_negotiation.py:57}}
Jun 18 23:06:25.328893 np0000003200 devstack@g-api.service[101995]: DEBUG glance.api.middleware.version_negotiation [None req-b6307177-9cd9-4669-9b58-972ca3d7215e tempest-ServerBootFromVolumeStableRescueTest-482315762 tempest-ServerBootFromVolumeStableRescueTest-482315762-project-member] Matched version: v2 {{(pid=101995) process_request /opt/stack/glance/glance/api/middleware/version_negotiation.py:69}}
Jun 18 23:06:25.328893 np0000003200 devstack@g-api.service[101995]: DEBUG glance.api.middleware.version_negotiation [None req-b6307177-9cd9-4669-9b58-972ca3d7215e tempest-ServerBootFromVolumeStableRescueTest-482315762 tempest-ServerBootFromVolumeStableRescueTest-482315762-project-member] new path /v2/images/17c0ae79-44a9-4413-b094-731137d3bb27 {{(pid=101995) process_request /opt/stack/glance/glance/api/middleware/version_negotiation.py:70}}
Jun 18 23:06:25.341521 np0000003200 devstack@g-api.service[101995]: [pid: 101995|app: 0|req: 132/387] 127.0.0.1 () {40 vars in 838 bytes} [Thu Jun 18 23:06:25 2026] GET /v2/images/17c0ae79-44a9-4413-b094-731137d3bb27 => generated 1638 bytes in 13 msecs (HTTP/1.1 200) 4 headers in 158 bytes (1 switches on core 0)
Jun 18 23:06:25.772579 np0000003200 devstack@g-api.service[101996]: DEBUG glance.api.middleware.version_negotiation [None req-b6307177-9cd9-4669-9b58-972ca3d7215e tempest-ServerBootFromVolumeStableRescueTest-482315762 tempest-ServerBootFromVolumeStableRescueTest-482315762-project-member] Determining version of request: GET /v2/images/92434e2f-535e-4e84-9b57-f2303f1dc741 Accept: */* {{(pid=101996) process_request /opt/stack/glance/glance/api/middleware/version_negotiation.py:44}}
Jun 18 23:06:25.772907 np0000003200 devstack@g-api.service[101996]: DEBUG glance.api.middleware.version_negotiation [None req-b6307177-9cd9-4669-9b58-972ca3d7215e tempest-ServerBootFromVolumeStableRescueTest-482315762 tempest-ServerBootFromVolumeStableRescueTest-482315762-project-member] Using url versioning {{(pid=101996) process_request /opt/stack/glance/glance/api/middleware/version_negotiation.py:57}}
Jun 18 23:06:25.773768 np0000003200 devstack@g-api.service[101996]: DEBUG glance.api.middleware.version_negotiation [None req-b6307177-9cd9-4669-9b58-972ca3d7215e tempest-ServerBootFromVolumeStableRescueTest-482315762 tempest-ServerBootFromVolumeStableRescueTest-482315762-project-member] Matched version: v2 {{(pid=101996) process_request /opt/stack/glance/glance/api/middleware/version_negotiation.py:69}}
Jun 18 23:06:25.773934 np0000003200 devstack@g-api.service[101996]: DEBUG glance.api.middleware.version_negotiation [None req-b6307177-9cd9-4669-9b58-972ca3d7215e tempest-ServerBootFromVolumeStableRescueTest-482315762 tempest-ServerBootFromVolumeStableRescueTest-482315762-project-member] new path /v2/images/92434e2f-535e-4e84-9b57-f2303f1dc741 {{(pid=101996) process_request /opt/stack/glance/glance/api/middleware/version_negotiation.py:70}}
Jun 18 23:06:25.792743 np0000003200 devstack@g-api.service[101996]: [pid: 101996|app: 0|req: 131/388] 127.0.0.1 () {44 vars in 1115 bytes} [Thu Jun 18 23:06:25 2026] GET /v2/images/92434e2f-535e-4e84-9b57-f2303f1dc741 => generated 1044 bytes in 19 msecs (HTTP/1.1 200) 4 headers in 158 bytes (1 switches on core 0)
Jun 18 23:06:25.881407 np0000003200 devstack@g-api.service[101994]: DEBUG glance.api.middleware.version_negotiation [None req-12e2c0ca-863b-48f2-ac7d-d9deb6cca527 tempest-ServerBootFromVolumeStableRescueTest-482315762 tempest-ServerBootFromVolumeStableRescueTest-482315762-project-member] Determining version of request: GET /v2/schemas/image Accept: */* {{(pid=101994) process_request /opt/stack/glance/glance/api/middleware/version_negotiation.py:44}}
Jun 18 23:06:25.881644 np0000003200 devstack@g-api.service[101994]: DEBUG glance.api.middleware.version_negotiation [None req-12e2c0ca-863b-48f2-ac7d-d9deb6cca527 tempest-ServerBootFromVolumeStableRescueTest-482315762 tempest-ServerBootFromVolumeStableRescueTest-482315762-project-member] Using url versioning {{(pid=101994) process_request /opt/stack/glance/glance/api/middleware/version_negotiation.py:57}}
Jun 18 23:06:25.881918 np0000003200 devstack@g-api.service[101994]: DEBUG glance.api.middleware.version_negotiation [None req-12e2c0ca-863b-48f2-ac7d-d9deb6cca527 tempest-ServerBootFromVolumeStableRescueTest-482315762 tempest-ServerBootFromVolumeStableRescueTest-482315762-project-member] Matched version: v2 {{(pid=101994) process_request /opt/stack/glance/glance/api/middleware/version_negotiation.py:69}}
Jun 18 23:06:25.881978 np0000003200 devstack@g-api.service[101994]: DEBUG glance.api.middleware.version_negotiation [None req-12e2c0ca-863b-48f2-ac7d-d9deb6cca527 tempest-ServerBootFromVolumeStableRescueTest-482315762 tempest-ServerBootFromVolumeStableRescueTest-482315762-project-member] new path /v2/schemas/image {{(pid=101994) process_request /opt/stack/glance/glance/api/middleware/version_negotiation.py:70}}
Jun 18 23:06:25.895848 np0000003200 devstack@g-api.service[101994]: [pid: 101994|app: 0|req: 126/389] 127.0.0.1 () {44 vars in 1055 bytes} [Thu Jun 18 23:06:25 2026] GET /v2/schemas/image => generated 6083 bytes in 14 msecs (HTTP/1.1 200) 4 headers in 158 bytes (1 switches on core 0)
Jun 18 23:06:33.738510 np0000003200 devstack@g-api.service[101995]: DEBUG glance.api.middleware.version_negotiation [None req-03038a22-8087-4b2a-a939-3121541a8f43 tempest-ServerBootFromVolumeStableRescueTest-482315762 tempest-ServerBootFromVolumeStableRescueTest-482315762-project-member] Determining version of request: GET /v2/images/92434e2f-535e-4e84-9b57-f2303f1dc741 Accept: */* {{(pid=101995) process_request /opt/stack/glance/glance/api/middleware/version_negotiation.py:44}}
Jun 18 23:06:33.738510 np0000003200 devstack@g-api.service[101995]: DEBUG glance.api.middleware.version_negotiation [None req-03038a22-8087-4b2a-a939-3121541a8f43 tempest-ServerBootFromVolumeStableRescueTest-482315762 tempest-ServerBootFromVolumeStableRescueTest-482315762-project-member] Using url versioning {{(pid=101995) process_request /opt/stack/glance/glance/api/middleware/version_negotiation.py:57}}
Jun 18 23:06:33.738510 np0000003200 devstack@g-api.service[101995]: DEBUG glance.api.middleware.version_negotiation [None req-03038a22-8087-4b2a-a939-3121541a8f43 tempest-ServerBootFromVolumeStableRescueTest-482315762 tempest-ServerBootFromVolumeStableRescueTest-482315762-project-member] Matched version: v2 {{(pid=101995) process_request /opt/stack/glance/glance/api/middleware/version_negotiation.py:69}}
Jun 18 23:06:33.738510 np0000003200 devstack@g-api.service[101995]: DEBUG glance.api.middleware.version_negotiation [None req-03038a22-8087-4b2a-a939-3121541a8f43 tempest-ServerBootFromVolumeStableRescueTest-482315762 tempest-ServerBootFromVolumeStableRescueTest-482315762-project-member] new path /v2/images/92434e2f-535e-4e84-9b57-f2303f1dc741 {{(pid=101995) process_request /opt/stack/glance/glance/api/middleware/version_negotiation.py:70}}
Jun 18 23:06:33.940976 np0000003200 devstack@g-api.service[101995]: [pid: 101995|app: 0|req: 133/390] 127.0.0.1 () {44 vars in 1115 bytes} [Thu Jun 18 23:06:33 2026] GET /v2/images/92434e2f-535e-4e84-9b57-f2303f1dc741 => generated 1044 bytes in 204 msecs (HTTP/1.1 200) 4 headers in 158 bytes (1 switches on core 0)
Jun 18 23:06:33.955122 np0000003200 devstack@g-api.service[101996]: DEBUG glance.api.middleware.version_negotiation [None req-b03292bc-daad-41c1-8f2f-9fbe44819399 tempest-ServerBootFromVolumeStableRescueTest-482315762 tempest-ServerBootFromVolumeStableRescueTest-482315762-project-member] Determining version of request: GET /v2/schemas/image Accept: */* {{(pid=101996) process_request /opt/stack/glance/glance/api/middleware/version_negotiation.py:44}}
Jun 18 23:06:33.955492 np0000003200 devstack@g-api.service[101996]: DEBUG glance.api.middleware.version_negotiation [None req-b03292bc-daad-41c1-8f2f-9fbe44819399 tempest-ServerBootFromVolumeStableRescueTest-482315762 tempest-ServerBootFromVolumeStableRescueTest-482315762-project-member] Using url versioning {{(pid=101996) process_request /opt/stack/glance/glance/api/middleware/version_negotiation.py:57}}
Jun 18 23:06:33.955492 np0000003200 devstack@g-api.service[101996]: DEBUG glance.api.middleware.version_negotiation [None req-b03292bc-daad-41c1-8f2f-9fbe44819399 tempest-ServerBootFromVolumeStableRescueTest-482315762 tempest-ServerBootFromVolumeStableRescueTest-482315762-project-member] Matched version: v2 {{(pid=101996) process_request /opt/stack/glance/glance/api/middleware/version_negotiation.py:69}}
Jun 18 23:06:33.955492 np0000003200 devstack@g-api.service[101996]: DEBUG glance.api.middleware.version_negotiation [None req-b03292bc-daad-41c1-8f2f-9fbe44819399 tempest-ServerBootFromVolumeStableRescueTest-482315762 tempest-ServerBootFromVolumeStableRescueTest-482315762-project-member] new path /v2/schemas/image {{(pid=101996) process_request /opt/stack/glance/glance/api/middleware/version_negotiation.py:70}}
Jun 18 23:06:33.957556 np0000003200 devstack@g-api.service[101996]: [pid: 101996|app: 0|req: 132/391] 127.0.0.1 () {44 vars in 1055 bytes} [Thu Jun 18 23:06:33 2026] GET /v2/schemas/image => generated 6083 bytes in 2 msecs (HTTP/1.1 200) 4 headers in 158 bytes (1 switches on core 0)
Jun 18 23:06:33.967734 np0000003200 devstack@g-api.service[101994]: DEBUG glance.api.middleware.version_negotiation [None req-b03292bc-daad-41c1-8f2f-9fbe44819399 tempest-ServerBootFromVolumeStableRescueTest-482315762 tempest-ServerBootFromVolumeStableRescueTest-482315762-project-member] Determining version of request: GET /v2/schemas/image Accept: */* {{(pid=101994) process_request /opt/stack/glance/glance/api/middleware/version_negotiation.py:44}}
Jun 18 23:06:33.967734 np0000003200 devstack@g-api.service[101994]: DEBUG glance.api.middleware.version_negotiation [None req-b03292bc-daad-41c1-8f2f-9fbe44819399 tempest-ServerBootFromVolumeStableRescueTest-482315762 tempest-ServerBootFromVolumeStableRescueTest-482315762-project-member] Using url versioning {{(pid=101994) process_request /opt/stack/glance/glance/api/middleware/version_negotiation.py:57}}
Jun 18 23:06:33.967734 np0000003200 devstack@g-api.service[101994]: DEBUG glance.api.middleware.version_negotiation [None req-b03292bc-daad-41c1-8f2f-9fbe44819399 tempest-ServerBootFromVolumeStableRescueTest-482315762 tempest-ServerBootFromVolumeStableRescueTest-482315762-project-member] Matched version: v2 {{(pid=101994) process_request /opt/stack/glance/glance/api/middleware/version_negotiation.py:69}}
Jun 18 23:06:33.967734 np0000003200 devstack@g-api.service[101994]: DEBUG glance.api.middleware.version_negotiation [None req-b03292bc-daad-41c1-8f2f-9fbe44819399 tempest-ServerBootFromVolumeStableRescueTest-482315762 tempest-ServerBootFromVolumeStableRescueTest-482315762-project-member] new path /v2/schemas/image {{(pid=101994) process_request /opt/stack/glance/glance/api/middleware/version_negotiation.py:70}}
Jun 18 23:06:33.976832 np0000003200 devstack@g-api.service[101994]: [pid: 101994|app: 0|req: 127/392] 127.0.0.1 () {44 vars in 1055 bytes} [Thu Jun 18 23:06:33 2026] GET /v2/schemas/image => generated 6083 bytes in 10 msecs (HTTP/1.1 200) 4 headers in 158 bytes (1 switches on core 0)
Jun 18 23:06:33.986532 np0000003200 devstack@g-api.service[101995]: DEBUG glance.api.middleware.version_negotiation [None req-b03292bc-daad-41c1-8f2f-9fbe44819399 tempest-ServerBootFromVolumeStableRescueTest-482315762 tempest-ServerBootFromVolumeStableRescueTest-482315762-project-member] Determining version of request: GET /v2/images/92434e2f-535e-4e84-9b57-f2303f1dc741 Accept: */* {{(pid=101995) process_request /opt/stack/glance/glance/api/middleware/version_negotiation.py:44}}
Jun 18 23:06:33.986674 np0000003200 devstack@g-api.service[101995]: DEBUG glance.api.middleware.version_negotiation [None req-b03292bc-daad-41c1-8f2f-9fbe44819399 tempest-ServerBootFromVolumeStableRescueTest-482315762 tempest-ServerBootFromVolumeStableRescueTest-482315762-project-member] Using url versioning {{(pid=101995) process_request /opt/stack/glance/glance/api/middleware/version_negotiation.py:57}}
Jun 18 23:06:33.988482 np0000003200 devstack@g-api.service[101995]: DEBUG glance.api.middleware.version_negotiation [None req-b03292bc-daad-41c1-8f2f-9fbe44819399 tempest-ServerBootFromVolumeStableRescueTest-482315762 tempest-ServerBootFromVolumeStableRescueTest-482315762-project-member] Matched version: v2 {{(pid=101995) process_request /opt/stack/glance/glance/api/middleware/version_negotiation.py:69}}
Jun 18 23:06:33.988482 np0000003200 devstack@g-api.service[101995]: DEBUG glance.api.middleware.version_negotiation [None req-b03292bc-daad-41c1-8f2f-9fbe44819399 tempest-ServerBootFromVolumeStableRescueTest-482315762 tempest-ServerBootFromVolumeStableRescueTest-482315762-project-member] new path /v2/images/92434e2f-535e-4e84-9b57-f2303f1dc741 {{(pid=101995) process_request /opt/stack/glance/glance/api/middleware/version_negotiation.py:70}}
Jun 18 23:06:33.998924 np0000003200 devstack@g-api.service[101995]: [pid: 101995|app: 0|req: 134/393] 127.0.0.1 () {44 vars in 1115 bytes} [Thu Jun 18 23:06:33 2026] GET /v2/images/92434e2f-535e-4e84-9b57-f2303f1dc741 => generated 1044 bytes in 12 msecs (HTTP/1.1 200) 4 headers in 158 bytes (1 switches on core 0)
Jun 18 23:06:34.011082 np0000003200 devstack@g-api.service[101996]: DEBUG glance.api.middleware.version_negotiation [None req-b03292bc-daad-41c1-8f2f-9fbe44819399 tempest-ServerBootFromVolumeStableRescueTest-482315762 tempest-ServerBootFromVolumeStableRescueTest-482315762-project-member] Determining version of request: GET /v2/schemas/image Accept: */* {{(pid=101996) process_request /opt/stack/glance/glance/api/middleware/version_negotiation.py:44}}
Jun 18 23:06:34.011082 np0000003200 devstack@g-api.service[101996]: DEBUG glance.api.middleware.version_negotiation [None req-b03292bc-daad-41c1-8f2f-9fbe44819399 tempest-ServerBootFromVolumeStableRescueTest-482315762 tempest-ServerBootFromVolumeStableRescueTest-482315762-project-member] Using url versioning {{(pid=101996) process_request /opt/stack/glance/glance/api/middleware/version_negotiation.py:57}}
Jun 18 23:06:34.011082 np0000003200 devstack@g-api.service[101996]: DEBUG glance.api.middleware.version_negotiation [None req-b03292bc-daad-41c1-8f2f-9fbe44819399 tempest-ServerBootFromVolumeStableRescueTest-482315762 tempest-ServerBootFromVolumeStableRescueTest-482315762-project-member] Matched version: v2 {{(pid=101996) process_request /opt/stack/glance/glance/api/middleware/version_negotiation.py:69}}
Jun 18 23:06:34.011082 np0000003200 devstack@g-api.service[101996]: DEBUG glance.api.middleware.version_negotiation [None req-b03292bc-daad-41c1-8f2f-9fbe44819399 tempest-ServerBootFromVolumeStableRescueTest-482315762 tempest-ServerBootFromVolumeStableRescueTest-482315762-project-member] new path /v2/schemas/image {{(pid=101996) process_request /opt/stack/glance/glance/api/middleware/version_negotiation.py:70}}
Jun 18 23:06:34.012880 np0000003200 devstack@g-api.service[101996]: [pid: 101996|app: 0|req: 133/394] 127.0.0.1 () {44 vars in 1055 bytes} [Thu Jun 18 23:06:34 2026] GET /v2/schemas/image => generated 6083 bytes in 2 msecs (HTTP/1.1 200) 4 headers in 158 bytes (1 switches on core 0)
Jun 18 23:06:34.023653 np0000003200 devstack@g-api.service[101994]: DEBUG glance.api.middleware.version_negotiation [None req-b03292bc-daad-41c1-8f2f-9fbe44819399 tempest-ServerBootFromVolumeStableRescueTest-482315762 tempest-ServerBootFromVolumeStableRescueTest-482315762-project-member] Determining version of request: GET /v2/schemas/image Accept: */* {{(pid=101994) process_request /opt/stack/glance/glance/api/middleware/version_negotiation.py:44}}
Jun 18 23:06:34.023815 np0000003200 devstack@g-api.service[101994]: DEBUG glance.api.middleware.version_negotiation [None req-b03292bc-daad-41c1-8f2f-9fbe44819399 tempest-ServerBootFromVolumeStableRescueTest-482315762 tempest-ServerBootFromVolumeStableRescueTest-482315762-project-member] Using url versioning {{(pid=101994) process_request /opt/stack/glance/glance/api/middleware/version_negotiation.py:57}}
Jun 18 23:06:34.023973 np0000003200 devstack@g-api.service[101994]: DEBUG glance.api.middleware.version_negotiation [None req-b03292bc-daad-41c1-8f2f-9fbe44819399 tempest-ServerBootFromVolumeStableRescueTest-482315762 tempest-ServerBootFromVolumeStableRescueTest-482315762-project-member] Matched version: v2 {{(pid=101994) process_request /opt/stack/glance/glance/api/middleware/version_negotiation.py:69}}
Jun 18 23:06:34.024069 np0000003200 devstack@g-api.service[101994]: DEBUG glance.api.middleware.version_negotiation [None req-b03292bc-daad-41c1-8f2f-9fbe44819399 tempest-ServerBootFromVolumeStableRescueTest-482315762 tempest-ServerBootFromVolumeStableRescueTest-482315762-project-member] new path /v2/schemas/image {{(pid=101994) process_request /opt/stack/glance/glance/api/middleware/version_negotiation.py:70}}
Jun 18 23:06:34.026876 np0000003200 devstack@g-api.service[101994]: [pid: 101994|app: 0|req: 128/395] 127.0.0.1 () {44 vars in 1055 bytes} [Thu Jun 18 23:06:34 2026] GET /v2/schemas/image => generated 6083 bytes in 3 msecs (HTTP/1.1 200) 4 headers in 158 bytes (1 switches on core 0)
Jun 18 23:06:34.057578 np0000003200 devstack@g-api.service[101995]: DEBUG glance.api.middleware.version_negotiation [None req-b03292bc-daad-41c1-8f2f-9fbe44819399 tempest-ServerBootFromVolumeStableRescueTest-482315762 tempest-ServerBootFromVolumeStableRescueTest-482315762-project-member] Determining version of request: GET /v2/images/92434e2f-535e-4e84-9b57-f2303f1dc741 Accept: */* {{(pid=101995) process_request /opt/stack/glance/glance/api/middleware/version_negotiation.py:44}}
Jun 18 23:06:34.057754 np0000003200 devstack@g-api.service[101995]: DEBUG glance.api.middleware.version_negotiation [None req-b03292bc-daad-41c1-8f2f-9fbe44819399 tempest-ServerBootFromVolumeStableRescueTest-482315762 tempest-ServerBootFromVolumeStableRescueTest-482315762-project-member] Using url versioning {{(pid=101995) process_request /opt/stack/glance/glance/api/middleware/version_negotiation.py:57}}
Jun 18 23:06:34.057901 np0000003200 devstack@g-api.service[101995]: DEBUG glance.api.middleware.version_negotiation [None req-b03292bc-daad-41c1-8f2f-9fbe44819399 tempest-ServerBootFromVolumeStableRescueTest-482315762 tempest-ServerBootFromVolumeStableRescueTest-482315762-project-member] Matched version: v2 {{(pid=101995) process_request /opt/stack/glance/glance/api/middleware/version_negotiation.py:69}}
Jun 18 23:06:34.058018 np0000003200 devstack@g-api.service[101995]: DEBUG glance.api.middleware.version_negotiation [None req-b03292bc-daad-41c1-8f2f-9fbe44819399 tempest-ServerBootFromVolumeStableRescueTest-482315762 tempest-ServerBootFromVolumeStableRescueTest-482315762-project-member] new path /v2/images/92434e2f-535e-4e84-9b57-f2303f1dc741 {{(pid=101995) process_request /opt/stack/glance/glance/api/middleware/version_negotiation.py:70}}
Jun 18 23:06:34.073603 np0000003200 devstack@g-api.service[101995]: [pid: 101995|app: 0|req: 135/396] 127.0.0.1 () {44 vars in 1115 bytes} [Thu Jun 18 23:06:34 2026] GET /v2/images/92434e2f-535e-4e84-9b57-f2303f1dc741 => generated 1044 bytes in 15 msecs (HTTP/1.1 200) 4 headers in 158 bytes (1 switches on core 0)
Jun 18 23:06:34.082521 np0000003200 devstack@g-api.service[101996]: DEBUG glance.api.middleware.version_negotiation [None req-b03292bc-daad-41c1-8f2f-9fbe44819399 tempest-ServerBootFromVolumeStableRescueTest-482315762 tempest-ServerBootFromVolumeStableRescueTest-482315762-project-member] Determining version of request: GET /v2/schemas/image Accept: */* {{(pid=101996) process_request /opt/stack/glance/glance/api/middleware/version_negotiation.py:44}}
Jun 18 23:06:34.082521 np0000003200 devstack@g-api.service[101996]: DEBUG glance.api.middleware.version_negotiation [None req-b03292bc-daad-41c1-8f2f-9fbe44819399 tempest-ServerBootFromVolumeStableRescueTest-482315762 tempest-ServerBootFromVolumeStableRescueTest-482315762-project-member] Using url versioning {{(pid=101996) process_request /opt/stack/glance/glance/api/middleware/version_negotiation.py:57}}
Jun 18 23:06:34.082521 np0000003200 devstack@g-api.service[101996]: DEBUG glance.api.middleware.version_negotiation [None req-b03292bc-daad-41c1-8f2f-9fbe44819399 tempest-ServerBootFromVolumeStableRescueTest-482315762 tempest-ServerBootFromVolumeStableRescueTest-482315762-project-member] Matched version: v2 {{(pid=101996) process_request /opt/stack/glance/glance/api/middleware/version_negotiation.py:69}}
Jun 18 23:06:34.082521 np0000003200 devstack@g-api.service[101996]: DEBUG glance.api.middleware.version_negotiation [None req-b03292bc-daad-41c1-8f2f-9fbe44819399 tempest-ServerBootFromVolumeStableRescueTest-482315762 tempest-ServerBootFromVolumeStableRescueTest-482315762-project-member] new path /v2/schemas/image {{(pid=101996) process_request /opt/stack/glance/glance/api/middleware/version_negotiation.py:70}}
Jun 18 23:06:34.087005 np0000003200 devstack@g-api.service[101996]: [pid: 101996|app: 0|req: 134/397] 127.0.0.1 () {44 vars in 1055 bytes} [Thu Jun 18 23:06:34 2026] GET /v2/schemas/image => generated 6083 bytes in 5 msecs (HTTP/1.1 200) 4 headers in 158 bytes (1 switches on core 0)
Jun 18 23:06:34.452703 np0000003200 devstack@g-api.service[101994]: DEBUG glance.api.middleware.version_negotiation [None req-b03292bc-daad-41c1-8f2f-9fbe44819399 tempest-ServerBootFromVolumeStableRescueTest-482315762 tempest-ServerBootFromVolumeStableRescueTest-482315762-project-member] Determining version of request: GET /versions Accept: */* {{(pid=101994) process_request /opt/stack/glance/glance/api/middleware/version_negotiation.py:44}}
Jun 18 23:06:34.453533 np0000003200 devstack@g-api.service[101994]: [pid: 101994|app: 0|req: 129/398] 127.0.0.1 () {44 vars in 1039 bytes} [Thu Jun 18 23:06:34 2026] GET /versions => generated 1407 bytes in 1 msecs (HTTP/1.1 200) 3 headers in 92 bytes (1 switches on core 0)
Jun 18 23:06:34.460685 np0000003200 devstack@g-api.service[101995]: DEBUG glance.api.middleware.version_negotiation [None req-b03292bc-daad-41c1-8f2f-9fbe44819399 tempest-ServerBootFromVolumeStableRescueTest-482315762 tempest-ServerBootFromVolumeStableRescueTest-482315762-project-member] Determining version of request: GET /v2/images/92434e2f-535e-4e84-9b57-f2303f1dc741/locations Accept: */* {{(pid=101995) process_request /opt/stack/glance/glance/api/middleware/version_negotiation.py:44}}
Jun 18 23:06:34.460875 np0000003200 devstack@g-api.service[101995]: DEBUG glance.api.middleware.version_negotiation [None req-b03292bc-daad-41c1-8f2f-9fbe44819399 tempest-ServerBootFromVolumeStableRescueTest-482315762 tempest-ServerBootFromVolumeStableRescueTest-482315762-project-member] Using url versioning {{(pid=101995) process_request /opt/stack/glance/glance/api/middleware/version_negotiation.py:57}}
Jun 18 23:06:34.460919 np0000003200 devstack@g-api.service[101995]: DEBUG glance.api.middleware.version_negotiation [None req-b03292bc-daad-41c1-8f2f-9fbe44819399 tempest-ServerBootFromVolumeStableRescueTest-482315762 tempest-ServerBootFromVolumeStableRescueTest-482315762-project-member] Matched version: v2 {{(pid=101995) process_request /opt/stack/glance/glance/api/middleware/version_negotiation.py:69}}
Jun 18 23:06:34.461018 np0000003200 devstack@g-api.service[101995]: DEBUG glance.api.middleware.version_negotiation [None req-b03292bc-daad-41c1-8f2f-9fbe44819399 tempest-ServerBootFromVolumeStableRescueTest-482315762 tempest-ServerBootFromVolumeStableRescueTest-482315762-project-member] new path /v2/images/92434e2f-535e-4e84-9b57-f2303f1dc741/locations {{(pid=101995) process_request /opt/stack/glance/glance/api/middleware/version_negotiation.py:70}}
Jun 18 23:06:34.576047 np0000003200 devstack@g-api.service[101995]: [pid: 101995|app: 0|req: 136/399] 127.0.0.1 () {44 vars in 1135 bytes} [Thu Jun 18 23:06:34 2026] GET /v2/images/92434e2f-535e-4e84-9b57-f2303f1dc741/locations => generated 92 bytes in 115 msecs (HTTP/1.1 200) 4 headers in 156 bytes (1 switches on core 0)
Jun 18 23:06:34.587118 np0000003200 devstack@g-api.service[101996]: DEBUG glance.api.middleware.version_negotiation [None req-b03292bc-daad-41c1-8f2f-9fbe44819399 tempest-ServerBootFromVolumeStableRescueTest-482315762 tempest-ServerBootFromVolumeStableRescueTest-482315762-project-member] Determining version of request: GET /v2/images/92434e2f-535e-4e84-9b57-f2303f1dc741 Accept: */* {{(pid=101996) process_request /opt/stack/glance/glance/api/middleware/version_negotiation.py:44}}
Jun 18 23:06:34.587372 np0000003200 devstack@g-api.service[101996]: DEBUG glance.api.middleware.version_negotiation [None req-b03292bc-daad-41c1-8f2f-9fbe44819399 tempest-ServerBootFromVolumeStableRescueTest-482315762 tempest-ServerBootFromVolumeStableRescueTest-482315762-project-member] Using url versioning {{(pid=101996) process_request /opt/stack/glance/glance/api/middleware/version_negotiation.py:57}}
Jun 18 23:06:34.587547 np0000003200 devstack@g-api.service[101996]: DEBUG glance.api.middleware.version_negotiation [None req-b03292bc-daad-41c1-8f2f-9fbe44819399 tempest-ServerBootFromVolumeStableRescueTest-482315762 tempest-ServerBootFromVolumeStableRescueTest-482315762-project-member] Matched version: v2 {{(pid=101996) process_request /opt/stack/glance/glance/api/middleware/version_negotiation.py:69}}
Jun 18 23:06:34.587692 np0000003200 devstack@g-api.service[101996]: DEBUG glance.api.middleware.version_negotiation [None req-b03292bc-daad-41c1-8f2f-9fbe44819399 tempest-ServerBootFromVolumeStableRescueTest-482315762 tempest-ServerBootFromVolumeStableRescueTest-482315762-project-member] new path /v2/images/92434e2f-535e-4e84-9b57-f2303f1dc741 {{(pid=101996) process_request /opt/stack/glance/glance/api/middleware/version_negotiation.py:70}}
Jun 18 23:06:34.606362 np0000003200 devstack@g-api.service[101996]: [pid: 101996|app: 0|req: 135/400] 127.0.0.1 () {44 vars in 1115 bytes} [Thu Jun 18 23:06:34 2026] GET /v2/images/92434e2f-535e-4e84-9b57-f2303f1dc741 => generated 1044 bytes in 19 msecs (HTTP/1.1 200) 4 headers in 158 bytes (1 switches on core 0)
Jun 18 23:06:34.611276 np0000003200 devstack@g-api.service[101994]: DEBUG glance.api.middleware.version_negotiation [None req-b03292bc-daad-41c1-8f2f-9fbe44819399 tempest-ServerBootFromVolumeStableRescueTest-482315762 tempest-ServerBootFromVolumeStableRescueTest-482315762-project-member] Determining version of request: GET /v2/schemas/image Accept: */* {{(pid=101994) process_request /opt/stack/glance/glance/api/middleware/version_negotiation.py:44}}
Jun 18 23:06:34.611276 np0000003200 devstack@g-api.service[101994]: DEBUG glance.api.middleware.version_negotiation [None req-b03292bc-daad-41c1-8f2f-9fbe44819399 tempest-ServerBootFromVolumeStableRescueTest-482315762 tempest-ServerBootFromVolumeStableRescueTest-482315762-project-member] Using url versioning {{(pid=101994) process_request /opt/stack/glance/glance/api/middleware/version_negotiation.py:57}}
Jun 18 23:06:34.611276 np0000003200 devstack@g-api.service[101994]: DEBUG glance.api.middleware.version_negotiation [None req-b03292bc-daad-41c1-8f2f-9fbe44819399 tempest-ServerBootFromVolumeStableRescueTest-482315762 tempest-ServerBootFromVolumeStableRescueTest-482315762-project-member] Matched version: v2 {{(pid=101994) process_request /opt/stack/glance/glance/api/middleware/version_negotiation.py:69}}
Jun 18 23:06:34.611429 np0000003200 devstack@g-api.service[101994]: DEBUG glance.api.middleware.version_negotiation [None req-b03292bc-daad-41c1-8f2f-9fbe44819399 tempest-ServerBootFromVolumeStableRescueTest-482315762 tempest-ServerBootFromVolumeStableRescueTest-482315762-project-member] new path /v2/schemas/image {{(pid=101994) process_request /opt/stack/glance/glance/api/middleware/version_negotiation.py:70}}
Jun 18 23:06:34.613742 np0000003200 devstack@g-api.service[101994]: [pid: 101994|app: 0|req: 130/401] 127.0.0.1 () {44 vars in 1055 bytes} [Thu Jun 18 23:06:34 2026] GET /v2/schemas/image => generated 6083 bytes in 3 msecs (HTTP/1.1 200) 4 headers in 158 bytes (1 switches on core 0)
