Jun 18 22:56:20.376750 np0000003200 nova-scheduler[95710]: DEBUG cotyledon.oslo_config_glue [-] oslo_limit.cafile = None {{(pid=95710) log_opt_values /opt/stack/data/venv/lib/python3.12/site-packages/oslo_config/cfg.py:3253}}
Jun 18 22:56:20.376815 np0000003200 nova-scheduler[95710]: DEBUG cotyledon.oslo_config_glue [-] oslo_limit.certfile = None {{(pid=95710) log_opt_values /opt/stack/data/venv/lib/python3.12/site-packages/oslo_config/cfg.py:3253}}
Jun 18 22:56:20.376861 np0000003200 nova-scheduler[95710]: DEBUG cotyledon.oslo_config_glue [-] oslo_limit.collect_timing = False {{(pid=95710) log_opt_values /opt/stack/data/venv/lib/python3.12/site-packages/oslo_config/cfg.py:3253}}
Jun 18 22:56:20.376906 np0000003200 nova-scheduler[95710]: DEBUG cotyledon.oslo_config_glue [-] oslo_limit.connect_retries = None {{(pid=95710) log_opt_values /opt/stack/data/venv/lib/python3.12/site-packages/oslo_config/cfg.py:3253}}
Jun 18 22:56:20.376956 np0000003200 nova-scheduler[95710]: DEBUG cotyledon.oslo_config_glue [-] oslo_limit.connect_retry_delay = None {{(pid=95710) log_opt_values /opt/stack/data/venv/lib/python3.12/site-packages/oslo_config/cfg.py:3253}}
Jun 18 22:56:20.377024 np0000003200 nova-scheduler[95710]: DEBUG cotyledon.oslo_config_glue [-] oslo_limit.endpoint_id = None {{(pid=95710) log_opt_values /opt/stack/data/venv/lib/python3.12/site-packages/oslo_config/cfg.py:3253}}
Jun 18 22:56:20.377079 np0000003200 nova-scheduler[95710]: DEBUG cotyledon.oslo_config_glue [-] oslo_limit.endpoint_interface = public {{(pid=95710) log_opt_values /opt/stack/data/venv/lib/python3.12/site-packages/oslo_config/cfg.py:3253}}
Jun 18 22:56:20.377155 np0000003200 nova-scheduler[95710]: DEBUG cotyledon.oslo_config_glue [-] oslo_limit.endpoint_override = None {{(pid=95710) log_opt_values /opt/stack/data/venv/lib/python3.12/site-packages/oslo_config/cfg.py:3253}}
Jun 18 22:56:20.377210 np0000003200 nova-scheduler[95710]: DEBUG cotyledon.oslo_config_glue [-] oslo_limit.endpoint_region_name = None {{(pid=95710) log_opt_values /opt/stack/data/venv/lib/python3.12/site-packages/oslo_config/cfg.py:3253}}
Jun 18 22:56:20.377258 np0000003200 nova-scheduler[95710]: DEBUG cotyledon.oslo_config_glue [-] oslo_limit.endpoint_service_name = None {{(pid=95710) log_opt_values /opt/stack/data/venv/lib/python3.12/site-packages/oslo_config/cfg.py:3253}}
Jun 18 22:56:20.377303 np0000003200 nova-scheduler[95710]: DEBUG cotyledon.oslo_config_glue [-] oslo_limit.endpoint_service_type = None {{(pid=95710) log_opt_values /opt/stack/data/venv/lib/python3.12/site-packages/oslo_config/cfg.py:3253}}
Jun 18 22:56:20.377372 np0000003200 nova-scheduler[95710]: DEBUG cotyledon.oslo_config_glue [-] oslo_limit.insecure = False {{(pid=95710) log_opt_values /opt/stack/data/venv/lib/python3.12/site-packages/oslo_config/cfg.py:3253}}
Jun 18 22:56:20.377419 np0000003200 nova-scheduler[95710]: DEBUG cotyledon.oslo_config_glue [-] oslo_limit.keyfile = None {{(pid=95710) log_opt_values /opt/stack/data/venv/lib/python3.12/site-packages/oslo_config/cfg.py:3253}}
Jun 18 22:56:20.377497 np0000003200 nova-scheduler[95710]: DEBUG cotyledon.oslo_config_glue [-] oslo_limit.max_version = None {{(pid=95710) log_opt_values /opt/stack/data/venv/lib/python3.12/site-packages/oslo_config/cfg.py:3253}}
Jun 18 22:56:20.377547 np0000003200 nova-scheduler[95710]: DEBUG cotyledon.oslo_config_glue [-] oslo_limit.min_version = None {{(pid=95710) log_opt_values /opt/stack/data/venv/lib/python3.12/site-packages/oslo_config/cfg.py:3253}}
Jun 18 22:56:20.377602 np0000003200 nova-scheduler[95710]: DEBUG cotyledon.oslo_config_glue [-] oslo_limit.region_name = None {{(pid=95710) log_opt_values /opt/stack/data/venv/lib/python3.12/site-packages/oslo_config/cfg.py:3253}}
Jun 18 22:56:20.377652 np0000003200 nova-scheduler[95710]: DEBUG cotyledon.oslo_config_glue [-] oslo_limit.retriable_status_codes = None {{(pid=95710) log_opt_values /opt/stack/data/venv/lib/python3.12/site-packages/oslo_config/cfg.py:3253}}
Jun 18 22:56:20.377748 np0000003200 nova-scheduler[95710]: DEBUG cotyledon.oslo_config_glue [-] oslo_limit.service_name = None {{(pid=95710) log_opt_values /opt/stack/data/venv/lib/python3.12/site-packages/oslo_config/cfg.py:3253}}
Jun 18 22:56:20.377794 np0000003200 nova-scheduler[95710]: DEBUG cotyledon.oslo_config_glue [-] oslo_limit.service_type = None {{(pid=95710) log_opt_values /opt/stack/data/venv/lib/python3.12/site-packages/oslo_config/cfg.py:3253}}
Jun 18 22:56:20.377852 np0000003200 nova-scheduler[95710]: DEBUG cotyledon.oslo_config_glue [-] oslo_limit.split_loggers = False {{(pid=95710) log_opt_values /opt/stack/data/venv/lib/python3.12/site-packages/oslo_config/cfg.py:3253}}
Jun 18 22:56:20.377894 np0000003200 nova-scheduler[95710]: DEBUG cotyledon.oslo_config_glue [-] oslo_limit.status_code_retries = None {{(pid=95710) log_opt_values /opt/stack/data/venv/lib/python3.12/site-packages/oslo_config/cfg.py:3253}}
Jun 18 22:56:20.377965 np0000003200 nova-scheduler[95710]: DEBUG cotyledon.oslo_config_glue [-] oslo_limit.status_code_retry_delay = None {{(pid=95710) log_opt_values /opt/stack/data/venv/lib/python3.12/site-packages/oslo_config/cfg.py:3253}}
Jun 18 22:56:20.378017 np0000003200 nova-scheduler[95710]: DEBUG cotyledon.oslo_config_glue [-] oslo_limit.timeout = None {{(pid=95710) log_opt_values /opt/stack/data/venv/lib/python3.12/site-packages/oslo_config/cfg.py:3253}}
Jun 18 22:56:20.378066 np0000003200 nova-scheduler[95710]: DEBUG cotyledon.oslo_config_glue [-] oslo_limit.valid_interfaces = None {{(pid=95710) log_opt_values /opt/stack/data/venv/lib/python3.12/site-packages/oslo_config/cfg.py:3253}}
Jun 18 22:56:20.378110 np0000003200 nova-scheduler[95710]: DEBUG cotyledon.oslo_config_glue [-] oslo_limit.version = None {{(pid=95710) log_opt_values /opt/stack/data/venv/lib/python3.12/site-packages/oslo_config/cfg.py:3253}}
Jun 18 22:56:20.378211 np0000003200 nova-scheduler[95710]: DEBUG cotyledon.oslo_config_glue [-] oslo_reports.file_event_handler = None {{(pid=95710) log_opt_values /opt/stack/data/venv/lib/python3.12/site-packages/oslo_config/cfg.py:3253}}
Jun 18 22:56:20.378279 np0000003200 nova-scheduler[95710]: DEBUG cotyledon.oslo_config_glue [-] oslo_reports.file_event_handler_interval = 1 {{(pid=95710) log_opt_values /opt/stack/data/venv/lib/python3.12/site-packages/oslo_config/cfg.py:3253}}
Jun 18 22:56:20.378329 np0000003200 nova-scheduler[95710]: DEBUG cotyledon.oslo_config_glue [-] oslo_reports.log_dir = None {{(pid=95710) log_opt_values /opt/stack/data/venv/lib/python3.12/site-packages/oslo_config/cfg.py:3253}}
Jun 18 22:56:20.378403 np0000003200 nova-scheduler[95710]: DEBUG cotyledon.oslo_config_glue [-] ******************************************************************************** {{(pid=95710) log_opt_values /opt/stack/data/venv/lib/python3.12/site-packages/oslo_config/cfg.py:3260}}
Jun 18 22:56:20.378598 np0000003200 nova-scheduler[95710]: DEBUG cotyledon._service_worker [-] Run service ServiceWrapper(2) [95710] {{(pid=95710) wait_forever /opt/stack/data/venv/lib/python3.12/site-packages/cotyledon/_service_worker.py:218}}
Jun 18 22:56:20.379910 np0000003200 nova-scheduler[95710]: INFO nova.service [-] Starting scheduler node (version 33.1.0)
Jun 18 22:56:20.385338 np0000003200 nova-scheduler[95710]: INFO dbcounter [None req-4aaeaa94-d153-43b7-b050-0c3a6e307ba8 None None] Registered counter for database nova_cell0
Jun 18 22:56:20.386920 np0000003200 nova-scheduler[95692]: DEBUG oslo_db.sqlalchemy.engines [None req-8c7d3e08-eb4f-4af1-a4aa-1ef9219eb8b9 None None] MySQL server mode set to STRICT_TRANS_TABLES,STRICT_ALL_TABLES,NO_ZERO_IN_DATE,NO_ZERO_DATE,ERROR_FOR_DIVISION_BY_ZERO,TRADITIONAL,NO_ENGINE_SUBSTITUTION {{(pid=95692) _check_effective_sql_mode /opt/stack/data/venv/lib/python3.12/site-packages/oslo_db/sqlalchemy/engines.py:325}}
Jun 18 22:56:20.398471 np0000003200 nova-scheduler[95692]: DEBUG dbcounter [-] [95692] Writer thread running {{(pid=95692) stat_writer /opt/stack/data/venv/lib/python3.12/site-packages/dbcounter.py:102}}
Jun 18 22:56:20.419634 np0000003200 nova-scheduler[95692]: DEBUG nova.service [None req-8c7d3e08-eb4f-4af1-a4aa-1ef9219eb8b9 None None] Creating RPC server for service: nova-scheduler on topic: scheduler {{(pid=95692) start /opt/stack/nova/nova/service.py:196}}
Jun 18 22:56:20.423200 np0000003200 nova-scheduler[95695]: DEBUG oslo_db.sqlalchemy.engines [None req-ac877e3e-0b62-460d-8788-9d3322ec4cd6 None None] MySQL server mode set to STRICT_TRANS_TABLES,STRICT_ALL_TABLES,NO_ZERO_IN_DATE,NO_ZERO_DATE,ERROR_FOR_DIVISION_BY_ZERO,TRADITIONAL,NO_ENGINE_SUBSTITUTION {{(pid=95695) _check_effective_sql_mode /opt/stack/data/venv/lib/python3.12/site-packages/oslo_db/sqlalchemy/engines.py:325}}
Jun 18 22:56:20.433238 np0000003200 nova-scheduler[95695]: DEBUG dbcounter [-] [95695] Writer thread running {{(pid=95695) stat_writer /opt/stack/data/venv/lib/python3.12/site-packages/dbcounter.py:102}}
Jun 18 22:56:20.436927 np0000003200 nova-scheduler[95695]: DEBUG nova.service [None req-ac877e3e-0b62-460d-8788-9d3322ec4cd6 None None] Creating RPC server for service: nova-scheduler on topic: scheduler {{(pid=95695) start /opt/stack/nova/nova/service.py:196}}
Jun 18 22:56:20.440727 np0000003200 nova-scheduler[95710]: DEBUG oslo_db.sqlalchemy.engines [None req-4aaeaa94-d153-43b7-b050-0c3a6e307ba8 None None] MySQL server mode set to STRICT_TRANS_TABLES,STRICT_ALL_TABLES,NO_ZERO_IN_DATE,NO_ZERO_DATE,ERROR_FOR_DIVISION_BY_ZERO,TRADITIONAL,NO_ENGINE_SUBSTITUTION {{(pid=95710) _check_effective_sql_mode /opt/stack/data/venv/lib/python3.12/site-packages/oslo_db/sqlalchemy/engines.py:325}}
Jun 18 22:56:20.451245 np0000003200 nova-scheduler[95710]: DEBUG dbcounter [-] [95710] Writer thread running {{(pid=95710) stat_writer /opt/stack/data/venv/lib/python3.12/site-packages/dbcounter.py:102}}
Jun 18 22:56:20.452087 np0000003200 nova-scheduler[95692]: DEBUG nova.service [None req-8c7d3e08-eb4f-4af1-a4aa-1ef9219eb8b9 None None] Join ServiceGroup membership for this service scheduler {{(pid=95692) start /opt/stack/nova/nova/service.py:222}}
Jun 18 22:56:20.452312 np0000003200 nova-scheduler[95692]: DEBUG nova.servicegroup.drivers.db [None req-8c7d3e08-eb4f-4af1-a4aa-1ef9219eb8b9 None None] DB_Driver: join new ServiceGroup member np0000003200 to the scheduler group, service = {{(pid=95692) join /opt/stack/nova/nova/servicegroup/drivers/db.py:44}}
Jun 18 22:56:20.455030 np0000003200 nova-scheduler[95710]: DEBUG nova.service [None req-4aaeaa94-d153-43b7-b050-0c3a6e307ba8 None None] Creating RPC server for service: nova-scheduler on topic: scheduler {{(pid=95710) start /opt/stack/nova/nova/service.py:196}}
Jun 18 22:56:20.456333 np0000003200 nova-scheduler[95695]: DEBUG nova.service [None req-ac877e3e-0b62-460d-8788-9d3322ec4cd6 None None] Join ServiceGroup membership for this service scheduler {{(pid=95695) start /opt/stack/nova/nova/service.py:222}}
Jun 18 22:56:20.456632 np0000003200 nova-scheduler[95695]: DEBUG nova.servicegroup.drivers.db [None req-ac877e3e-0b62-460d-8788-9d3322ec4cd6 None None] DB_Driver: join new ServiceGroup member np0000003200 to the scheduler group, service = {{(pid=95695) join /opt/stack/nova/nova/servicegroup/drivers/db.py:44}}
Jun 18 22:56:20.475190 np0000003200 nova-scheduler[95710]: DEBUG nova.service [None req-4aaeaa94-d153-43b7-b050-0c3a6e307ba8 None None] Join ServiceGroup membership for this service scheduler {{(pid=95710) start /opt/stack/nova/nova/service.py:222}}
Jun 18 22:56:20.475409 np0000003200 nova-scheduler[95710]: DEBUG nova.servicegroup.drivers.db [None req-4aaeaa94-d153-43b7-b050-0c3a6e307ba8 None None] DB_Driver: join new ServiceGroup member np0000003200 to the scheduler group, service = {{(pid=95710) join /opt/stack/nova/nova/servicegroup/drivers/db.py:44}}
Jun 18 22:56:25.464927 np0000003200 nova-scheduler[95692]: DEBUG oslo.service.backend._threading.loopingcall [-] Fixed interval looping call 'nova.servicegroup.drivers.db.DbDriver._report_state' sleeping for 119.99 seconds {{(pid=95692) _run_loop /opt/stack/data/venv/lib/python3.12/site-packages/oslo_service/backend/_threading/loopingcall.py:125}}
Jun 18 22:56:25.467647 np0000003200 nova-scheduler[95695]: DEBUG oslo.service.backend._threading.loopingcall [-] Fixed interval looping call 'nova.servicegroup.drivers.db.DbDriver._report_state' sleeping for 119.99 seconds {{(pid=95695) _run_loop /opt/stack/data/venv/lib/python3.12/site-packages/oslo_service/backend/_threading/loopingcall.py:125}}
Jun 18 22:56:25.488002 np0000003200 nova-scheduler[95710]: DEBUG oslo.service.backend._threading.loopingcall [-] Fixed interval looping call 'nova.servicegroup.drivers.db.DbDriver._report_state' sleeping for 119.99 seconds {{(pid=95710) _run_loop /opt/stack/data/venv/lib/python3.12/site-packages/oslo_service/backend/_threading/loopingcall.py:125}}
Jun 18 22:56:29.026505 np0000003200 nova-scheduler[94487]: DEBUG dbcounter [-] [94487] Writing DB stats nova_api:SELECT=3 {{(pid=94487) stat_writer /opt/stack/data/venv/lib/python3.12/site-packages/dbcounter.py:115}}
Jun 18 22:56:29.154789 np0000003200 nova-scheduler[94487]: DEBUG dbcounter [-] [94487] Writing DB stats nova_cell0:SELECT=1 {{(pid=94487) stat_writer /opt/stack/data/venv/lib/python3.12/site-packages/dbcounter.py:115}}
Jun 18 22:56:29.159203 np0000003200 nova-scheduler[94487]: DEBUG dbcounter [-] [94487] Writing DB stats nova_cell1:SELECT=1 {{(pid=94487) stat_writer /opt/stack/data/venv/lib/python3.12/site-packages/dbcounter.py:115}}
Jun 18 22:56:35.461230 np0000003200 nova-scheduler[95692]: DEBUG dbcounter [-] [95692] Writing DB stats nova_cell0:SELECT=4,nova_cell0:INSERT=1,nova_cell0:UPDATE=1 {{(pid=95692) stat_writer /opt/stack/data/venv/lib/python3.12/site-packages/dbcounter.py:115}}
Jun 18 22:56:35.467463 np0000003200 nova-scheduler[95695]: DEBUG dbcounter [-] [95695] Writing DB stats nova_cell0:SELECT=3 {{(pid=95695) stat_writer /opt/stack/data/venv/lib/python3.12/site-packages/dbcounter.py:115}}
Jun 18 22:56:35.484589 np0000003200 nova-scheduler[95710]: DEBUG dbcounter [-] [95710] Writing DB stats nova_cell0:SELECT=3 {{(pid=95710) stat_writer /opt/stack/data/venv/lib/python3.12/site-packages/dbcounter.py:115}}
Jun 18 22:56:42.454511 np0000003200 nova-scheduler[95692]: DEBUG oslo.service.backend._threading.loopingcall [None req-bbc7555b-78bb-4fe4-8369-63d75199ffa9 None None] Dynamic interval looping call 'nova.service.Service.periodic_tasks' sleeping for 60.00 seconds {{(pid=95692) _run_loop /opt/stack/data/venv/lib/python3.12/site-packages/oslo_service/backend/_threading/loopingcall.py:125}}
Jun 18 22:57:09.458854 np0000003200 nova-scheduler[95695]: DEBUG oslo.service.backend._threading.loopingcall [None req-0496a3a4-e16a-42b3-ab61-8e02e39e0176 None None] Dynamic interval looping call 'nova.service.Service.periodic_tasks' sleeping for 60.00 seconds {{(pid=95695) _run_loop /opt/stack/data/venv/lib/python3.12/site-packages/oslo_service/backend/_threading/loopingcall.py:125}}
Jun 18 22:57:10.477613 np0000003200 nova-scheduler[95710]: DEBUG oslo.service.backend._threading.loopingcall [None req-e9491a55-e14d-4758-9cab-794eb4ef9519 None None] Dynamic interval looping call 'nova.service.Service.periodic_tasks' sleeping for 60.00 seconds {{(pid=95710) _run_loop /opt/stack/data/venv/lib/python3.12/site-packages/oslo_service/backend/_threading/loopingcall.py:125}}
Jun 18 22:57:42.455010 np0000003200 nova-scheduler[95692]: DEBUG oslo.service.backend._threading.loopingcall [None req-bbc7555b-78bb-4fe4-8369-63d75199ffa9 None None] Dynamic interval looping call 'nova.service.Service.periodic_tasks' sleeping for 60.00 seconds {{(pid=95692) _run_loop /opt/stack/data/venv/lib/python3.12/site-packages/oslo_service/backend/_threading/loopingcall.py:125}}
Jun 18 22:58:09.459336 np0000003200 nova-scheduler[95695]: DEBUG oslo.service.backend._threading.loopingcall [None req-0496a3a4-e16a-42b3-ab61-8e02e39e0176 None None] Dynamic interval looping call 'nova.service.Service.periodic_tasks' sleeping for 60.00 seconds {{(pid=95695) _run_loop /opt/stack/data/venv/lib/python3.12/site-packages/oslo_service/backend/_threading/loopingcall.py:125}}
Jun 18 22:58:10.478210 np0000003200 nova-scheduler[95710]: DEBUG oslo.service.backend._threading.loopingcall [None req-e9491a55-e14d-4758-9cab-794eb4ef9519 None None] Dynamic interval looping call 'nova.service.Service.periodic_tasks' sleeping for 60.00 seconds {{(pid=95710) _run_loop /opt/stack/data/venv/lib/python3.12/site-packages/oslo_service/backend/_threading/loopingcall.py:125}}
Jun 18 22:58:25.463147 np0000003200 nova-scheduler[95692]: DEBUG oslo.service.backend._threading.loopingcall [-] Fixed interval looping call 'nova.servicegroup.drivers.db.DbDriver._report_state' sleeping for 119.99 seconds {{(pid=95692) _run_loop /opt/stack/data/venv/lib/python3.12/site-packages/oslo_service/backend/_threading/loopingcall.py:125}}
Jun 18 22:58:25.463703 np0000003200 nova-scheduler[95695]: DEBUG oslo.service.backend._threading.loopingcall [-] Fixed interval looping call 'nova.servicegroup.drivers.db.DbDriver._report_state' sleeping for 119.99 seconds {{(pid=95695) _run_loop /opt/stack/data/venv/lib/python3.12/site-packages/oslo_service/backend/_threading/loopingcall.py:125}}
Jun 18 22:58:25.481361 np0000003200 nova-scheduler[95710]: DEBUG oslo.service.backend._threading.loopingcall [-] Fixed interval looping call 'nova.servicegroup.drivers.db.DbDriver._report_state' sleeping for 120.00 seconds {{(pid=95710) _run_loop /opt/stack/data/venv/lib/python3.12/site-packages/oslo_service/backend/_threading/loopingcall.py:125}}
Jun 18 22:58:35.458620 np0000003200 nova-scheduler[95692]: DEBUG dbcounter [-] [95692] Writing DB stats nova_cell0:SELECT=1,nova_cell0:UPDATE=1 {{(pid=95692) stat_writer /opt/stack/data/venv/lib/python3.12/site-packages/dbcounter.py:115}}
Jun 18 22:58:35.462591 np0000003200 nova-scheduler[95695]: DEBUG dbcounter [-] [95695] Writing DB stats nova_cell0:SELECT=1,nova_cell0:UPDATE=1 {{(pid=95695) stat_writer /opt/stack/data/venv/lib/python3.12/site-packages/dbcounter.py:115}}
Jun 18 22:58:35.479857 np0000003200 nova-scheduler[95710]: DEBUG dbcounter [-] [95710] Writing DB stats nova_cell0:SELECT=1 {{(pid=95710) stat_writer /opt/stack/data/venv/lib/python3.12/site-packages/dbcounter.py:115}}
Jun 18 22:58:42.456336 np0000003200 nova-scheduler[95692]: DEBUG oslo.service.backend._threading.loopingcall [None req-bbc7555b-78bb-4fe4-8369-63d75199ffa9 None None] Dynamic interval looping call 'nova.service.Service.periodic_tasks' sleeping for 60.00 seconds {{(pid=95692) _run_loop /opt/stack/data/venv/lib/python3.12/site-packages/oslo_service/backend/_threading/loopingcall.py:125}}
Jun 18 22:59:06.037420 np0000003200 nova-scheduler[95692]: DEBUG nova.scheduler.manager [None req-8b08bb4d-804c-4da7-8b1a-968785e64120 tempest-AttachVolumeShelveTestJSON-2072515985 tempest-AttachVolumeShelveTestJSON-2072515985-project-member] Starting to schedule for instances: ['c10819a9-96e4-46ae-96e6-5696fb5f42a1'] {{(pid=95692) select_destinations /opt/stack/nova/nova/scheduler/manager.py:210}}
Jun 18 22:59:06.037420 np0000003200 nova-scheduler[95692]: DEBUG nova.scheduler.request_filter [None req-8b08bb4d-804c-4da7-8b1a-968785e64120 tempest-AttachVolumeShelveTestJSON-2072515985 tempest-AttachVolumeShelveTestJSON-2072515985-project-member] compute_status_filter request filter added forbidden trait COMPUTE_STATUS_DISABLED {{(pid=95692) compute_status_filter /opt/stack/nova/nova/scheduler/request_filter.py:253}}
Jun 18 22:59:06.037420 np0000003200 nova-scheduler[95692]: DEBUG nova.scheduler.request_filter [None req-8b08bb4d-804c-4da7-8b1a-968785e64120 tempest-AttachVolumeShelveTestJSON-2072515985 tempest-AttachVolumeShelveTestJSON-2072515985-project-member] Request filter 'compute_status_filter' took 0.0 seconds {{(pid=95692) wrapper /opt/stack/nova/nova/scheduler/request_filter.py:46}}
Jun 18 22:59:06.038016 np0000003200 nova-scheduler[95692]: DEBUG nova.scheduler.request_filter [None req-8b08bb4d-804c-4da7-8b1a-968785e64120 tempest-AttachVolumeShelveTestJSON-2072515985 tempest-AttachVolumeShelveTestJSON-2072515985-project-member] Request filter 'accelerators_filter' took 0.0 seconds {{(pid=95692) wrapper /opt/stack/nova/nova/scheduler/request_filter.py:46}}
Jun 18 22:59:06.038016 np0000003200 nova-scheduler[95692]: DEBUG nova.scheduler.request_filter [None req-8b08bb4d-804c-4da7-8b1a-968785e64120 tempest-AttachVolumeShelveTestJSON-2072515985 tempest-AttachVolumeShelveTestJSON-2072515985-project-member] Request filter 'packed_virtqueue_filter' took 0.0 seconds {{(pid=95692) wrapper /opt/stack/nova/nova/scheduler/request_filter.py:46}}
Jun 18 22:59:06.038016 np0000003200 nova-scheduler[95692]: DEBUG nova.scheduler.request_filter [None req-8b08bb4d-804c-4da7-8b1a-968785e64120 tempest-AttachVolumeShelveTestJSON-2072515985 tempest-AttachVolumeShelveTestJSON-2072515985-project-member] Request filter 'remote_managed_ports_filter' took 0.0 seconds {{(pid=95692) wrapper /opt/stack/nova/nova/scheduler/request_filter.py:46}}
Jun 18 22:59:06.038177 np0000003200 nova-scheduler[95692]: DEBUG nova.scheduler.request_filter [None req-8b08bb4d-804c-4da7-8b1a-968785e64120 tempest-AttachVolumeShelveTestJSON-2072515985 tempest-AttachVolumeShelveTestJSON-2072515985-project-member] ephemeral_encryption_filter skipped {{(pid=95692) ephemeral_encryption_filter /opt/stack/nova/nova/scheduler/request_filter.py:426}}
Jun 18 22:59:06.042068 np0000003200 nova-scheduler[95692]: DEBUG nova.scheduler.request_filter [None req-8b08bb4d-804c-4da7-8b1a-968785e64120 tempest-AttachVolumeShelveTestJSON-2072515985 tempest-AttachVolumeShelveTestJSON-2072515985-project-member] virtio_sound_filter skipped {{(pid=95692) virtio_sound_filter /opt/stack/nova/nova/scheduler/request_filter.py:460}}
Jun 18 22:59:06.042068 np0000003200 nova-scheduler[95692]: DEBUG nova.scheduler.request_filter [None req-8b08bb4d-804c-4da7-8b1a-968785e64120 tempest-AttachVolumeShelveTestJSON-2072515985 tempest-AttachVolumeShelveTestJSON-2072515985-project-member] tpm_secret_security_filter skipped {{(pid=95692) tpm_secret_security_filter /opt/stack/nova/nova/scheduler/request_filter.py:477}}
Jun 18 22:59:06.123491 np0000003200 nova-scheduler[95695]: DEBUG nova.scheduler.manager [None req-d4b6c86a-91d8-407a-98b9-6fde01582e48 tempest-ServerStableDeviceRescueTest-8695202 tempest-ServerStableDeviceRescueTest-8695202-project-member] Starting to schedule for instances: ['4281af0e-6547-4986-acce-6f6dc1205bd7'] {{(pid=95695) select_destinations /opt/stack/nova/nova/scheduler/manager.py:210}}
Jun 18 22:59:06.124607 np0000003200 nova-scheduler[95695]: DEBUG nova.scheduler.request_filter [None req-d4b6c86a-91d8-407a-98b9-6fde01582e48 tempest-ServerStableDeviceRescueTest-8695202 tempest-ServerStableDeviceRescueTest-8695202-project-member] compute_status_filter request filter added forbidden trait COMPUTE_STATUS_DISABLED {{(pid=95695) compute_status_filter /opt/stack/nova/nova/scheduler/request_filter.py:253}}
Jun 18 22:59:06.124607 np0000003200 nova-scheduler[95695]: DEBUG nova.scheduler.request_filter [None req-d4b6c86a-91d8-407a-98b9-6fde01582e48 tempest-ServerStableDeviceRescueTest-8695202 tempest-ServerStableDeviceRescueTest-8695202-project-member] Request filter 'compute_status_filter' took 0.0 seconds {{(pid=95695) wrapper /opt/stack/nova/nova/scheduler/request_filter.py:46}}
Jun 18 22:59:06.124607 np0000003200 nova-scheduler[95695]: DEBUG nova.scheduler.request_filter [None req-d4b6c86a-91d8-407a-98b9-6fde01582e48 tempest-ServerStableDeviceRescueTest-8695202 tempest-ServerStableDeviceRescueTest-8695202-project-member] Request filter 'accelerators_filter' took 0.0 seconds {{(pid=95695) wrapper /opt/stack/nova/nova/scheduler/request_filter.py:46}}
Jun 18 22:59:06.125315 np0000003200 nova-scheduler[95695]: DEBUG nova.scheduler.request_filter [None req-d4b6c86a-91d8-407a-98b9-6fde01582e48 tempest-ServerStableDeviceRescueTest-8695202 tempest-ServerStableDeviceRescueTest-8695202-project-member] Request filter 'packed_virtqueue_filter' took 0.0 seconds {{(pid=95695) wrapper /opt/stack/nova/nova/scheduler/request_filter.py:46}}
Jun 18 22:59:06.125315 np0000003200 nova-scheduler[95695]: DEBUG nova.scheduler.request_filter [None req-d4b6c86a-91d8-407a-98b9-6fde01582e48 tempest-ServerStableDeviceRescueTest-8695202 tempest-ServerStableDeviceRescueTest-8695202-project-member] Request filter 'remote_managed_ports_filter' took 0.0 seconds {{(pid=95695) wrapper /opt/stack/nova/nova/scheduler/request_filter.py:46}}
Jun 18 22:59:06.125315 np0000003200 nova-scheduler[95695]: DEBUG nova.scheduler.request_filter [None req-d4b6c86a-91d8-407a-98b9-6fde01582e48 tempest-ServerStableDeviceRescueTest-8695202 tempest-ServerStableDeviceRescueTest-8695202-project-member] ephemeral_encryption_filter skipped {{(pid=95695) ephemeral_encryption_filter /opt/stack/nova/nova/scheduler/request_filter.py:426}}
Jun 18 22:59:06.125315 np0000003200 nova-scheduler[95695]: DEBUG nova.scheduler.request_filter [None req-d4b6c86a-91d8-407a-98b9-6fde01582e48 tempest-ServerStableDeviceRescueTest-8695202 tempest-ServerStableDeviceRescueTest-8695202-project-member] virtio_sound_filter skipped {{(pid=95695) virtio_sound_filter /opt/stack/nova/nova/scheduler/request_filter.py:460}}
Jun 18 22:59:06.125418 np0000003200 nova-scheduler[95695]: DEBUG nova.scheduler.request_filter [None req-d4b6c86a-91d8-407a-98b9-6fde01582e48 tempest-ServerStableDeviceRescueTest-8695202 tempest-ServerStableDeviceRescueTest-8695202-project-member] tpm_secret_security_filter skipped {{(pid=95695) tpm_secret_security_filter /opt/stack/nova/nova/scheduler/request_filter.py:477}}
Jun 18 22:59:06.566881 np0000003200 nova-scheduler[95695]: INFO nova.utils [None req-d4b6c86a-91d8-407a-98b9-6fde01582e48 tempest-ServerStableDeviceRescueTest-8695202 tempest-ServerStableDeviceRescueTest-8695202-project-member] The cell worker thread pool ForkProcess-2.cell_worker is initialized
Jun 18 22:59:06.567191 np0000003200 nova-scheduler[95695]: DEBUG oslo_concurrency.lockutils [None req-d4b6c86a-91d8-407a-98b9-6fde01582e48 tempest-ServerStableDeviceRescueTest-8695202 tempest-ServerStableDeviceRescueTest-8695202-project-member] Acquiring lock "7d6c07b4-361b-4f24-8b3c-772af3025a9b" by "nova.context.set_target_cell..get_or_set_cached_cell_and_set_connections" {{(pid=95695) inner /opt/stack/data/venv/lib/python3.12/site-packages/oslo_concurrency/lockutils.py:511}}
Jun 18 22:59:06.567380 np0000003200 nova-scheduler[95695]: DEBUG oslo_concurrency.lockutils [None req-d4b6c86a-91d8-407a-98b9-6fde01582e48 tempest-ServerStableDeviceRescueTest-8695202 tempest-ServerStableDeviceRescueTest-8695202-project-member] Lock "7d6c07b4-361b-4f24-8b3c-772af3025a9b" acquired by "nova.context.set_target_cell..get_or_set_cached_cell_and_set_connections" :: waited 0.000s {{(pid=95695) inner /opt/stack/data/venv/lib/python3.12/site-packages/oslo_concurrency/lockutils.py:524}}
Jun 18 22:59:06.568670 np0000003200 nova-scheduler[95695]: DEBUG oslo_concurrency.lockutils [None req-d4b6c86a-91d8-407a-98b9-6fde01582e48 tempest-ServerStableDeviceRescueTest-8695202 tempest-ServerStableDeviceRescueTest-8695202-project-member] Lock "7d6c07b4-361b-4f24-8b3c-772af3025a9b" "released" by "nova.context.set_target_cell..get_or_set_cached_cell_and_set_connections" :: held 0.001s {{(pid=95695) inner /opt/stack/data/venv/lib/python3.12/site-packages/oslo_concurrency/lockutils.py:543}}
Jun 18 22:59:06.570819 np0000003200 nova-scheduler[95695]: INFO dbcounter [None req-d4b6c86a-91d8-407a-98b9-6fde01582e48 tempest-ServerStableDeviceRescueTest-8695202 tempest-ServerStableDeviceRescueTest-8695202-project-member] Registered counter for database nova_cell1
Jun 18 22:59:06.613271 np0000003200 nova-scheduler[95695]: DEBUG oslo_db.sqlalchemy.engines [None req-d4b6c86a-91d8-407a-98b9-6fde01582e48 tempest-ServerStableDeviceRescueTest-8695202 tempest-ServerStableDeviceRescueTest-8695202-project-member] MySQL server mode set to STRICT_TRANS_TABLES,STRICT_ALL_TABLES,NO_ZERO_IN_DATE,NO_ZERO_DATE,ERROR_FOR_DIVISION_BY_ZERO,TRADITIONAL,NO_ENGINE_SUBSTITUTION {{(pid=95695) _check_effective_sql_mode /opt/stack/data/venv/lib/python3.12/site-packages/oslo_db/sqlalchemy/engines.py:325}}
Jun 18 22:59:06.626596 np0000003200 nova-scheduler[95695]: DEBUG dbcounter [-] [95695] Writer thread running {{(pid=95695) stat_writer /opt/stack/data/venv/lib/python3.12/site-packages/dbcounter.py:102}}
Jun 18 22:59:06.639260 np0000003200 nova-scheduler[95695]: DEBUG oslo_db.sqlalchemy.engines [None req-d4b6c86a-91d8-407a-98b9-6fde01582e48 tempest-ServerStableDeviceRescueTest-8695202 tempest-ServerStableDeviceRescueTest-8695202-project-member] Parent process 94487 forked (95695) with an open database connection, which is being discarded and recreated. {{(pid=95695) checkout /opt/stack/data/venv/lib/python3.12/site-packages/oslo_db/sqlalchemy/engines.py:402}}
Jun 18 22:59:06.693373 np0000003200 nova-scheduler[95695]: DEBUG dbcounter [-] [95695] Writer thread running {{(pid=95695) stat_writer /opt/stack/data/venv/lib/python3.12/site-packages/dbcounter.py:102}}
Jun 18 22:59:06.696468 np0000003200 nova-scheduler[95695]: DEBUG oslo_concurrency.lockutils [None req-d4b6c86a-91d8-407a-98b9-6fde01582e48 tempest-ServerStableDeviceRescueTest-8695202 tempest-ServerStableDeviceRescueTest-8695202-project-member] Acquiring lock "7d6c07b4-361b-4f24-8b3c-772af3025a9b" by "nova.context.set_target_cell..get_or_set_cached_cell_and_set_connections" {{(pid=95695) inner /opt/stack/data/venv/lib/python3.12/site-packages/oslo_concurrency/lockutils.py:511}}
Jun 18 22:59:06.696468 np0000003200 nova-scheduler[95695]: DEBUG oslo_concurrency.lockutils [None req-d4b6c86a-91d8-407a-98b9-6fde01582e48 tempest-ServerStableDeviceRescueTest-8695202 tempest-ServerStableDeviceRescueTest-8695202-project-member] Lock "7d6c07b4-361b-4f24-8b3c-772af3025a9b" acquired by "nova.context.set_target_cell..get_or_set_cached_cell_and_set_connections" :: waited 0.000s {{(pid=95695) inner /opt/stack/data/venv/lib/python3.12/site-packages/oslo_concurrency/lockutils.py:524}}
Jun 18 22:59:06.696468 np0000003200 nova-scheduler[95695]: DEBUG oslo_concurrency.lockutils [None req-d4b6c86a-91d8-407a-98b9-6fde01582e48 tempest-ServerStableDeviceRescueTest-8695202 tempest-ServerStableDeviceRescueTest-8695202-project-member] Lock "7d6c07b4-361b-4f24-8b3c-772af3025a9b" "released" by "nova.context.set_target_cell..get_or_set_cached_cell_and_set_connections" :: held 0.000s {{(pid=95695) inner /opt/stack/data/venv/lib/python3.12/site-packages/oslo_concurrency/lockutils.py:543}}
Jun 18 22:59:06.699466 np0000003200 nova-scheduler[95695]: DEBUG oslo_concurrency.lockutils [None req-d4b6c86a-91d8-407a-98b9-6fde01582e48 tempest-ServerStableDeviceRescueTest-8695202 tempest-ServerStableDeviceRescueTest-8695202-project-member] Acquiring lock "('np0000003200', 'np0000003200')" by "nova.scheduler.host_manager.HostState.update.._locked_update" {{(pid=95695) inner /opt/stack/data/venv/lib/python3.12/site-packages/oslo_concurrency/lockutils.py:511}}
Jun 18 22:59:06.699681 np0000003200 nova-scheduler[95695]: DEBUG oslo_concurrency.lockutils [None req-d4b6c86a-91d8-407a-98b9-6fde01582e48 tempest-ServerStableDeviceRescueTest-8695202 tempest-ServerStableDeviceRescueTest-8695202-project-member] Lock "('np0000003200', 'np0000003200')" acquired by "nova.scheduler.host_manager.HostState.update.._locked_update" :: waited 0.000s {{(pid=95695) inner /opt/stack/data/venv/lib/python3.12/site-packages/oslo_concurrency/lockutils.py:524}}
Jun 18 22:59:06.700688 np0000003200 nova-scheduler[95695]: DEBUG nova.scheduler.host_manager [None req-d4b6c86a-91d8-407a-98b9-6fde01582e48 tempest-ServerStableDeviceRescueTest-8695202 tempest-ServerStableDeviceRescueTest-8695202-project-member] Update host state from compute node: ComputeNode(cpu_allocation_ratio=4.0,cpu_info='{"arch": "x86_64", "model": "EPYC-Milan", "vendor": "AMD", "topology": {"cells": 1, "sockets": 12, "cores": 1, "threads": 1}, "maxphysaddr": {"mode": "emulate", "bits": 40}, "features": ["mce", "movbe", "xsave", "abm", "vgif", "adx", "hypervisor", "pat", "npt", "sse4.2", "mca", "amd-ssbd", "vme", "pause-filter", "tsc_adjust", "vmcb-clean", "pae", "clzero", "tsc-deadline", "v-vmsave-vmload", "pku", "amd-stibp", "misalignsse", "apic", "tsc-scale", "fsgsbase", "osvw", "skip-l1dfl-vmentry", "msr", "xsaveopt", "pse36", "ibrs", "f16c", "rdseed", "pfthreshold", "xsavec", "mmxext", "cmp_legacy", "flushbyasid", "fsrm", "cmov", "aes", "gds-no", "pge", "nx", "de", "cx8", "clwb", "pse", "lfence-always-serializing", "rdtscp", "clflushopt", "fpu", "sse4.1", "svme-addr-chk", "bmi2", "sha-ni", "lbrv", "mmx", "stibp", "sse4a", "lahf_lm", "bmi1", "ssbd", "rdctl-no", "xgetbv1", "perfctr_core", "tsc", "sse", "pni", "pclmuldq", "sse2", "lm", "rdpid", "avx", "null-sel-clr-base", "svm", "stibp-always-on", "vaes", "3dnowprefetch", "mds-no", "virt-ssbd", "no-nested-data-bp", "syscall", "pschange-mc-no", "mtrr", "fxsr_opt", "xsaveerptr", "wbnoinvd", "invpcid", "umip", "spec-ctrl", "pdpe1gb", "cx16", "nrip-save", "vpclmulqdq", "ibpb", "arch-capabilities", "avx2", "erms", "popcnt", "pcid", "sep", "smap", "fma", "arat", "clflush", "xsaves", "rdrand", "ssse3", "cr8legacy", "smep", "amd-psfd", "fxsr", "x2apic", "topoext"]}',created_at=2026-06-18T22:56:45Z,current_workload=0,deleted=False,deleted_at=None,disk_allocation_ratio=1.0,disk_available_least=74,free_disk_gb=95,free_ram_mb=23518,host='np0000003200',host_ip=10.4.3.209,hypervisor_hostname='np0000003200',hypervisor_type='QEMU',hypervisor_version=8002002,id=1,local_gb=95,local_gb_used=0,mapped=1,memory_mb=24030,memory_mb_used=512,metrics='[]',numa_topology='{"nova_object.name": "NUMATopology", "nova_object.namespace": "nova", "nova_object.version": "1.2", "nova_object.data": {"cells": [{"nova_object.name": "NUMACell", "nova_object.namespace": "nova", "nova_object.version": "1.5", "nova_object.data": {"id": 0, "cpuset": [0, 1, 2, 3, 4, 5, 6, 7, 8, 9, 10, 11], "pcpuset": [0, 1, 2, 3, 4, 5, 6, 7, 8, 9, 10, 11], "memory": 24030, "cpu_usage": 0, "memory_usage": 0, "pinned_cpus": [], "siblings": [[6], [2], [5], [11], [8], [4], [1], [7], [10], [0], [3], [9]], "mempages": [{"nova_object.name": "NUMAPagesTopology", "nova_object.namespace": "nova", "nova_object.version": "1.1", "nova_object.data": {"size_kb": 4, "total": 6151797, "used": 0, "reserved": 0}, "nova_object.changes": ["used", "size_kb", "total", "reserved"]}, {"nova_object.name": "NUMAPagesTopology", "nova_object.namespace": "nova", "nova_object.version": "1.1", "nova_object.data": {"size_kb": 2048, "total": 0, "used": 0, "reserved": 0}, "nova_object.changes": ["used", "size_kb", "total", "reserved"]}, {"nova_object.name": "NUMAPagesTopology", "nova_object.namespace": "nova", "nova_object.version": "1.1", "nova_object.data": {"size_kb": 1048576, "total": 0, "used": 0, "reserved": 0}, "nova_object.changes": ["used", "size_kb", "total", "reserved"]}], "network_metadata": {"nova_object.name": "NetworkMetadata", "nova_object.namespace": "nova", "nova_object.version": "1.0", "nova_object.data": {"physnets": [], "tunneled": false}, "nova_object.changes": ["physnets", "tunneled"]}, "socket": null}, "nova_object.changes": ["id", "siblings", "mempages", "memory_usage", "cpuset", "pcpuset", "network_metadata", "socket", "pinned_cpus", "memory", "cpu_usage"]}]}, "nova_object.changes": ["cells"]}',pci_device_pools=PciDevicePoolList,ram_allocation_ratio=1.0,running_vms=0,service_id=3,stats={failed_builds='0',uptime=' 22:58:31 up 24 min, 2 users, load average: 1.34, 1.45, 0.84
Jun 18 22:59:06.700688 np0000003200 nova-scheduler[95695]: '},supported_hv_specs=[HVSpec,HVSpec,HVSpec,HVSpec,HVSpec,HVSpec,HVSpec,HVSpec,HVSpec,HVSpec,HVSpec,HVSpec,HVSpec,HVSpec,HVSpec,HVSpec,HVSpec,HVSpec,HVSpec,HVSpec,HVSpec,HVSpec,HVSpec,HVSpec,HVSpec],updated_at=2026-06-18T22:58:33Z,uuid=dcd00cf9-19a6-465e-810d-5cfe0df9d533,vcpus=12,vcpus_used=0) {{(pid=95695) _locked_update /opt/stack/nova/nova/scheduler/host_manager.py:168}}
Jun 18 22:59:06.701472 np0000003200 nova-scheduler[95695]: DEBUG nova.scheduler.host_manager [None req-d4b6c86a-91d8-407a-98b9-6fde01582e48 tempest-ServerStableDeviceRescueTest-8695202 tempest-ServerStableDeviceRescueTest-8695202-project-member] Update host state with aggregates: [] {{(pid=95695) _locked_update /opt/stack/nova/nova/scheduler/host_manager.py:171}}
Jun 18 22:59:06.701600 np0000003200 nova-scheduler[95695]: DEBUG nova.scheduler.host_manager [None req-d4b6c86a-91d8-407a-98b9-6fde01582e48 tempest-ServerStableDeviceRescueTest-8695202 tempest-ServerStableDeviceRescueTest-8695202-project-member] Update host state with service dict: {'id': 3, 'uuid': 'dd31335b-5de4-4237-903b-342529db2b8c', 'host': 'np0000003200', 'binary': 'nova-compute', 'topic': 'compute', 'report_count': 2, 'disabled': False, 'disabled_reason': None, 'last_seen_up': datetime.datetime(2026, 6, 18, 22, 58, 54, tzinfo=datetime.timezone.utc), 'forced_down': False, 'version': 72, 'created_at': datetime.datetime(2026, 6, 18, 22, 56, 44, tzinfo=datetime.timezone.utc), 'updated_at': datetime.datetime(2026, 6, 18, 22, 58, 54, tzinfo=datetime.timezone.utc), 'deleted_at': None, 'deleted': False} {{(pid=95695) _locked_update /opt/stack/nova/nova/scheduler/host_manager.py:174}}
Jun 18 22:59:06.701712 np0000003200 nova-scheduler[95695]: DEBUG nova.scheduler.host_manager [None req-d4b6c86a-91d8-407a-98b9-6fde01582e48 tempest-ServerStableDeviceRescueTest-8695202 tempest-ServerStableDeviceRescueTest-8695202-project-member] Update host state with instances: [] {{(pid=95695) _locked_update /opt/stack/nova/nova/scheduler/host_manager.py:177}}
Jun 18 22:59:06.701836 np0000003200 nova-scheduler[95695]: DEBUG oslo_concurrency.lockutils [None req-d4b6c86a-91d8-407a-98b9-6fde01582e48 tempest-ServerStableDeviceRescueTest-8695202 tempest-ServerStableDeviceRescueTest-8695202-project-member] Lock "('np0000003200', 'np0000003200')" "released" by "nova.scheduler.host_manager.HostState.update.._locked_update" :: held 0.002s {{(pid=95695) inner /opt/stack/data/venv/lib/python3.12/site-packages/oslo_concurrency/lockutils.py:543}}
Jun 18 22:59:06.702425 np0000003200 nova-scheduler[95695]: DEBUG nova.filters [None req-d4b6c86a-91d8-407a-98b9-6fde01582e48 tempest-ServerStableDeviceRescueTest-8695202 tempest-ServerStableDeviceRescueTest-8695202-project-member] Starting with 1 host(s) {{(pid=95695) get_filtered_objects /opt/stack/nova/nova/filters.py:70}}
Jun 18 22:59:06.702782 np0000003200 nova-scheduler[95695]: DEBUG nova.filters [None req-d4b6c86a-91d8-407a-98b9-6fde01582e48 tempest-ServerStableDeviceRescueTest-8695202 tempest-ServerStableDeviceRescueTest-8695202-project-member] Filter ComputeFilter returned 1 host(s) {{(pid=95695) get_filtered_objects /opt/stack/nova/nova/filters.py:102}}
Jun 18 22:59:06.702962 np0000003200 nova-scheduler[95695]: DEBUG nova.filters [None req-d4b6c86a-91d8-407a-98b9-6fde01582e48 tempest-ServerStableDeviceRescueTest-8695202 tempest-ServerStableDeviceRescueTest-8695202-project-member] Filter ComputeCapabilitiesFilter returned 1 host(s) {{(pid=95695) get_filtered_objects /opt/stack/nova/nova/filters.py:102}}
Jun 18 22:59:06.703179 np0000003200 nova-scheduler[95695]: DEBUG nova.filters [None req-d4b6c86a-91d8-407a-98b9-6fde01582e48 tempest-ServerStableDeviceRescueTest-8695202 tempest-ServerStableDeviceRescueTest-8695202-project-member] Filter ImagePropertiesFilter returned 1 host(s) {{(pid=95695) get_filtered_objects /opt/stack/nova/nova/filters.py:102}}
Jun 18 22:59:06.703320 np0000003200 nova-scheduler[95695]: DEBUG nova.filters [None req-d4b6c86a-91d8-407a-98b9-6fde01582e48 tempest-ServerStableDeviceRescueTest-8695202 tempest-ServerStableDeviceRescueTest-8695202-project-member] Filter ServerGroupAntiAffinityFilter returned 1 host(s) {{(pid=95695) get_filtered_objects /opt/stack/nova/nova/filters.py:102}}
Jun 18 22:59:06.703477 np0000003200 nova-scheduler[95695]: DEBUG nova.filters [None req-d4b6c86a-91d8-407a-98b9-6fde01582e48 tempest-ServerStableDeviceRescueTest-8695202 tempest-ServerStableDeviceRescueTest-8695202-project-member] Filter ServerGroupAffinityFilter returned 1 host(s) {{(pid=95695) get_filtered_objects /opt/stack/nova/nova/filters.py:102}}
Jun 18 22:59:06.703659 np0000003200 nova-scheduler[95695]: DEBUG nova.filters [None req-d4b6c86a-91d8-407a-98b9-6fde01582e48 tempest-ServerStableDeviceRescueTest-8695202 tempest-ServerStableDeviceRescueTest-8695202-project-member] Filter SameHostFilter returned 1 host(s) {{(pid=95695) get_filtered_objects /opt/stack/nova/nova/filters.py:102}}
Jun 18 22:59:06.704434 np0000003200 nova-scheduler[95695]: DEBUG nova.filters [None req-d4b6c86a-91d8-407a-98b9-6fde01582e48 tempest-ServerStableDeviceRescueTest-8695202 tempest-ServerStableDeviceRescueTest-8695202-project-member] Filter DifferentHostFilter returned 1 host(s) {{(pid=95695) get_filtered_objects /opt/stack/nova/nova/filters.py:102}}
Jun 18 22:59:06.704434 np0000003200 nova-scheduler[95695]: DEBUG nova.scheduler.manager [None req-d4b6c86a-91d8-407a-98b9-6fde01582e48 tempest-ServerStableDeviceRescueTest-8695202 tempest-ServerStableDeviceRescueTest-8695202-project-member] Filtered [(np0000003200, np0000003200) ram: 23518MB disk: 75776MB io_ops: 0 instances: 0, allocation_candidates: 1] {{(pid=95695) _get_sorted_hosts /opt/stack/nova/nova/scheduler/manager.py:743}}
Jun 18 22:59:06.704434 np0000003200 nova-scheduler[95695]: DEBUG nova.scheduler.manager [None req-d4b6c86a-91d8-407a-98b9-6fde01582e48 tempest-ServerStableDeviceRescueTest-8695202 tempest-ServerStableDeviceRescueTest-8695202-project-member] Weighed [WeighedHost [host: (np0000003200, np0000003200) ram: 23518MB disk: 75776MB io_ops: 0 instances: 0, allocation_candidates: 1, weight: 0.0]] {{(pid=95695) _get_sorted_hosts /opt/stack/nova/nova/scheduler/manager.py:765}}
Jun 18 22:59:06.704616 np0000003200 nova-scheduler[95695]: DEBUG nova.scheduler.utils [None req-d4b6c86a-91d8-407a-98b9-6fde01582e48 tempest-ServerStableDeviceRescueTest-8695202 tempest-ServerStableDeviceRescueTest-8695202-project-member] Attempting to claim resources in the placement API for instance 4281af0e-6547-4986-acce-6f6dc1205bd7 {{(pid=95695) claim_resources /opt/stack/nova/nova/scheduler/utils.py:1345}}
Jun 18 22:59:06.753457 np0000003200 nova-scheduler[95692]: INFO nova.utils [None req-8b08bb4d-804c-4da7-8b1a-968785e64120 tempest-AttachVolumeShelveTestJSON-2072515985 tempest-AttachVolumeShelveTestJSON-2072515985-project-member] The cell worker thread pool ForkProcess-1.cell_worker is initialized
Jun 18 22:59:06.753811 np0000003200 nova-scheduler[95692]: DEBUG oslo_concurrency.lockutils [None req-8b08bb4d-804c-4da7-8b1a-968785e64120 tempest-AttachVolumeShelveTestJSON-2072515985 tempest-AttachVolumeShelveTestJSON-2072515985-project-member] Acquiring lock "7d6c07b4-361b-4f24-8b3c-772af3025a9b" by "nova.context.set_target_cell..get_or_set_cached_cell_and_set_connections" {{(pid=95692) inner /opt/stack/data/venv/lib/python3.12/site-packages/oslo_concurrency/lockutils.py:511}}
Jun 18 22:59:06.754515 np0000003200 nova-scheduler[95692]: DEBUG oslo_concurrency.lockutils [None req-8b08bb4d-804c-4da7-8b1a-968785e64120 tempest-AttachVolumeShelveTestJSON-2072515985 tempest-AttachVolumeShelveTestJSON-2072515985-project-member] Lock "7d6c07b4-361b-4f24-8b3c-772af3025a9b" acquired by "nova.context.set_target_cell..get_or_set_cached_cell_and_set_connections" :: waited 0.000s {{(pid=95692) inner /opt/stack/data/venv/lib/python3.12/site-packages/oslo_concurrency/lockutils.py:524}}
Jun 18 22:59:06.755272 np0000003200 nova-scheduler[95692]: DEBUG oslo_concurrency.lockutils [None req-8b08bb4d-804c-4da7-8b1a-968785e64120 tempest-AttachVolumeShelveTestJSON-2072515985 tempest-AttachVolumeShelveTestJSON-2072515985-project-member] Lock "7d6c07b4-361b-4f24-8b3c-772af3025a9b" "released" by "nova.context.set_target_cell..get_or_set_cached_cell_and_set_connections" :: held 0.001s {{(pid=95692) inner /opt/stack/data/venv/lib/python3.12/site-packages/oslo_concurrency/lockutils.py:543}}
Jun 18 22:59:06.757044 np0000003200 nova-scheduler[95692]: INFO dbcounter [None req-8b08bb4d-804c-4da7-8b1a-968785e64120 tempest-AttachVolumeShelveTestJSON-2072515985 tempest-AttachVolumeShelveTestJSON-2072515985-project-member] Registered counter for database nova_cell1
Jun 18 22:59:06.806047 np0000003200 nova-scheduler[95692]: DEBUG oslo_db.sqlalchemy.engines [None req-8b08bb4d-804c-4da7-8b1a-968785e64120 tempest-AttachVolumeShelveTestJSON-2072515985 tempest-AttachVolumeShelveTestJSON-2072515985-project-member] MySQL server mode set to STRICT_TRANS_TABLES,STRICT_ALL_TABLES,NO_ZERO_IN_DATE,NO_ZERO_DATE,ERROR_FOR_DIVISION_BY_ZERO,TRADITIONAL,NO_ENGINE_SUBSTITUTION {{(pid=95692) _check_effective_sql_mode /opt/stack/data/venv/lib/python3.12/site-packages/oslo_db/sqlalchemy/engines.py:325}}
Jun 18 22:59:06.814706 np0000003200 nova-scheduler[95692]: DEBUG dbcounter [-] [95692] Writer thread running {{(pid=95692) stat_writer /opt/stack/data/venv/lib/python3.12/site-packages/dbcounter.py:102}}
Jun 18 22:59:06.875969 np0000003200 nova-scheduler[95695]: DEBUG nova.scheduler.manager [None req-d4b6c86a-91d8-407a-98b9-6fde01582e48 tempest-ServerStableDeviceRescueTest-8695202 tempest-ServerStableDeviceRescueTest-8695202-project-member] [instance: 4281af0e-6547-4986-acce-6f6dc1205bd7] Selected host: (np0000003200, np0000003200) ram: 23518MB disk: 75776MB io_ops: 0 instances: 0, allocation_candidates: 1 {{(pid=95695) _consume_selected_host /opt/stack/nova/nova/scheduler/manager.py:625}}
Jun 18 22:59:06.876307 np0000003200 nova-scheduler[95695]: DEBUG oslo_concurrency.lockutils [None req-d4b6c86a-91d8-407a-98b9-6fde01582e48 tempest-ServerStableDeviceRescueTest-8695202 tempest-ServerStableDeviceRescueTest-8695202-project-member] Acquiring lock "('np0000003200', 'np0000003200')" by "nova.scheduler.host_manager.HostState.consume_from_request.._locked" {{(pid=95695) inner /opt/stack/data/venv/lib/python3.12/site-packages/oslo_concurrency/lockutils.py:511}}
Jun 18 22:59:06.876499 np0000003200 nova-scheduler[95695]: DEBUG oslo_concurrency.lockutils [None req-d4b6c86a-91d8-407a-98b9-6fde01582e48 tempest-ServerStableDeviceRescueTest-8695202 tempest-ServerStableDeviceRescueTest-8695202-project-member] Lock "('np0000003200', 'np0000003200')" acquired by "nova.scheduler.host_manager.HostState.consume_from_request.._locked" :: waited 0.000s {{(pid=95695) inner /opt/stack/data/venv/lib/python3.12/site-packages/oslo_concurrency/lockutils.py:524}}
Jun 18 22:59:06.876714 np0000003200 nova-scheduler[95695]: DEBUG oslo_concurrency.lockutils [None req-d4b6c86a-91d8-407a-98b9-6fde01582e48 tempest-ServerStableDeviceRescueTest-8695202 tempest-ServerStableDeviceRescueTest-8695202-project-member] Lock "('np0000003200', 'np0000003200')" "released" by "nova.scheduler.host_manager.HostState.consume_from_request.._locked" :: held 0.000s {{(pid=95695) inner /opt/stack/data/venv/lib/python3.12/site-packages/oslo_concurrency/lockutils.py:543}}
Jun 18 22:59:06.877353 np0000003200 nova-scheduler[95692]: DEBUG dbcounter [-] [95692] Writer thread running {{(pid=95692) stat_writer /opt/stack/data/venv/lib/python3.12/site-packages/dbcounter.py:102}}
Jun 18 22:59:06.880170 np0000003200 nova-scheduler[95692]: DEBUG oslo_concurrency.lockutils [None req-8b08bb4d-804c-4da7-8b1a-968785e64120 tempest-AttachVolumeShelveTestJSON-2072515985 tempest-AttachVolumeShelveTestJSON-2072515985-project-member] Acquiring lock "7d6c07b4-361b-4f24-8b3c-772af3025a9b" by "nova.context.set_target_cell..get_or_set_cached_cell_and_set_connections" {{(pid=95692) inner /opt/stack/data/venv/lib/python3.12/site-packages/oslo_concurrency/lockutils.py:511}}
Jun 18 22:59:06.880308 np0000003200 nova-scheduler[95692]: DEBUG oslo_concurrency.lockutils [None req-8b08bb4d-804c-4da7-8b1a-968785e64120 tempest-AttachVolumeShelveTestJSON-2072515985 tempest-AttachVolumeShelveTestJSON-2072515985-project-member] Lock "7d6c07b4-361b-4f24-8b3c-772af3025a9b" acquired by "nova.context.set_target_cell..get_or_set_cached_cell_and_set_connections" :: waited 0.000s {{(pid=95692) inner /opt/stack/data/venv/lib/python3.12/site-packages/oslo_concurrency/lockutils.py:524}}
Jun 18 22:59:06.880411 np0000003200 nova-scheduler[95692]: DEBUG oslo_concurrency.lockutils [None req-8b08bb4d-804c-4da7-8b1a-968785e64120 tempest-AttachVolumeShelveTestJSON-2072515985 tempest-AttachVolumeShelveTestJSON-2072515985-project-member] Lock "7d6c07b4-361b-4f24-8b3c-772af3025a9b" "released" by "nova.context.set_target_cell..get_or_set_cached_cell_and_set_connections" :: held 0.000s {{(pid=95692) inner /opt/stack/data/venv/lib/python3.12/site-packages/oslo_concurrency/lockutils.py:543}}
Jun 18 22:59:06.884181 np0000003200 nova-scheduler[95692]: DEBUG oslo_concurrency.lockutils [None req-8b08bb4d-804c-4da7-8b1a-968785e64120 tempest-AttachVolumeShelveTestJSON-2072515985 tempest-AttachVolumeShelveTestJSON-2072515985-project-member] Acquiring lock "('np0000003200', 'np0000003200')" by "nova.scheduler.host_manager.HostState.update.._locked_update" {{(pid=95692) inner /opt/stack/data/venv/lib/python3.12/site-packages/oslo_concurrency/lockutils.py:511}}
Jun 18 22:59:06.884364 np0000003200 nova-scheduler[95692]: DEBUG oslo_concurrency.lockutils [None req-8b08bb4d-804c-4da7-8b1a-968785e64120 tempest-AttachVolumeShelveTestJSON-2072515985 tempest-AttachVolumeShelveTestJSON-2072515985-project-member] Lock "('np0000003200', 'np0000003200')" acquired by "nova.scheduler.host_manager.HostState.update.._locked_update" :: waited 0.000s {{(pid=95692) inner /opt/stack/data/venv/lib/python3.12/site-packages/oslo_concurrency/lockutils.py:524}}
