Jun 18 22:55:55.631819 np0000003200 devstack@neutron-api.service[89902]: DEBUG neutron_lib.callbacks.manager [None req-3ed3baea-e01e-4b7b-85ea-04e9a7d13a72 None None] Subscribe: > port precommit_delete 55550000, False {{(pid=89902) subscribe /opt/stack/data/venv/lib/python3.12/site-packages/neutron_lib/callbacks/manager.py:52}}
Jun 18 22:55:55.632050 np0000003200 devstack@neutron-api.service[89901]: INFO neutron.api.extensions [None req-e8681928-3206-4789-850c-a177d67d3cd9 None None] Loaded extension: network_availability_zone
Jun 18 22:55:55.632254 np0000003200 devstack@neutron-api.service[89902]: DEBUG neutron_lib.callbacks.manager [None req-3ed3baea-e01e-4b7b-85ea-04e9a7d13a72 None None] Subscribe: port before_update 55550000, False {{(pid=89902) subscribe /opt/stack/data/venv/lib/python3.12/site-packages/neutron_lib/callbacks/manager.py:52}}
Jun 18 22:55:55.632406 np0000003200 devstack@neutron-api.service[89901]: DEBUG neutron.api.extensions [None req-e8681928-3206-4789-850c-a177d67d3cd9 None None] Loading extension file: network_ha.py {{(pid=89901) _load_all_extensions_from_path /opt/stack/neutron/neutron/api/extensions.py:449}}
Jun 18 22:55:55.632642 np0000003200 devstack@neutron-api.service[89902]: DEBUG neutron_lib.callbacks.manager [None req-3ed3baea-e01e-4b7b-85ea-04e9a7d13a72 None None] Subscribe: port before_delete 55550000, False {{(pid=89902) subscribe /opt/stack/data/venv/lib/python3.12/site-packages/neutron_lib/callbacks/manager.py:52}}
Jun 18 22:55:55.632642 np0000003200 devstack@neutron-api.service[89902]: DEBUG neutron_lib.callbacks.manager [None req-3ed3baea-e01e-4b7b-85ea-04e9a7d13a72 None None] Subscribe: > router precommit_create 55550000, False {{(pid=89902) subscribe /opt/stack/data/venv/lib/python3.12/site-packages/neutron_lib/callbacks/manager.py:52}}
Jun 18 22:55:55.632642 np0000003200 devstack@neutron-api.service[89902]: DEBUG neutron_lib.callbacks.manager [None req-3ed3baea-e01e-4b7b-85ea-04e9a7d13a72 None None] Subscribe: > router precommit_create 55550000, False {{(pid=89902) subscribe /opt/stack/data/venv/lib/python3.12/site-packages/neutron_lib/callbacks/manager.py:52}}
Jun 18 22:55:55.632980 np0000003200 devstack@neutron-api.service[89901]: DEBUG neutron.api.extensions [None req-e8681928-3206-4789-850c-a177d67d3cd9 None None] Ext name="Network HA creation flag" alias="network_ha" description="Network high availability creation flag." updated="2023-04-27T10:00:00-00:00" {{(pid=89901) _check_extension /opt/stack/neutron/neutron/api/extensions.py:415}}
Jun 18 22:55:55.633190 np0000003200 devstack@neutron-api.service[89902]: DEBUG neutron_lib.callbacks.manager [None req-3ed3baea-e01e-4b7b-85ea-04e9a7d13a72 None None] Subscribe: > router precommit_update 55550000, False {{(pid=89902) subscribe /opt/stack/data/venv/lib/python3.12/site-packages/neutron_lib/callbacks/manager.py:52}}
Jun 18 22:55:55.633344 np0000003200 devstack@neutron-api.service[89901]: INFO neutron.api.extensions [None req-e8681928-3206-4789-850c-a177d67d3cd9 None None] Extension network_ha not supported by any of loaded plugins
Jun 18 22:55:55.633557 np0000003200 devstack@neutron-api.service[89902]: DEBUG neutron_lib.callbacks.manager [None req-3ed3baea-e01e-4b7b-85ea-04e9a7d13a72 None None] Subscribe: subnet after_update 55550000, False {{(pid=89902) subscribe /opt/stack/data/venv/lib/python3.12/site-packages/neutron_lib/callbacks/manager.py:52}}
Jun 18 22:55:55.633728 np0000003200 devstack@neutron-api.service[89901]: DEBUG neutron.api.extensions [None req-e8681928-3206-4789-850c-a177d67d3cd9 None None] Loading extension file: network_ip_availability.py {{(pid=89901) _load_all_extensions_from_path /opt/stack/neutron/neutron/api/extensions.py:449}}
Jun 18 22:55:55.633892 np0000003200 devstack@neutron-api.service[89902]: DEBUG neutron.quota.resource_registry [None req-3ed3baea-e01e-4b7b-85ea-04e9a7d13a72 None None] Tracking information for resource: router configured {{(pid=89902) set_tracked_resource /opt/stack/neutron/neutron/quota/resource_registry.py:203}}
Jun 18 22:55:55.633892 np0000003200 devstack@neutron-api.service[89902]: DEBUG neutron.quota.resource_registry [None req-3ed3baea-e01e-4b7b-85ea-04e9a7d13a72 None None] Tracking information for resource: floatingip configured {{(pid=89902) set_tracked_resource /opt/stack/neutron/neutron/quota/resource_registry.py:203}}
Jun 18 22:55:55.634110 np0000003200 devstack@neutron-api.service[89901]: DEBUG neutron.api.extensions [None req-e8681928-3206-4789-850c-a177d67d3cd9 None None] Ext name="Network IP Availability" alias="network-ip-availability" description="Provides IP availability data for each network and subnet." updated="2015-09-24T00:00:00-00:00" {{(pid=89901) _check_extension /opt/stack/neutron/neutron/api/extensions.py:415}}
Jun 18 22:55:55.634318 np0000003200 devstack@neutron-api.service[89902]: INFO neutron.services.ovn_l3.plugin [None req-3ed3baea-e01e-4b7b-85ea-04e9a7d13a72 None None] Starting OVNL3RouterPlugin
Jun 18 22:55:55.634484 np0000003200 devstack@neutron-api.service[89901]: INFO neutron.api.extensions [None req-e8681928-3206-4789-850c-a177d67d3cd9 None None] Loaded extension: network-ip-availability
Jun 18 22:55:55.634684 np0000003200 devstack@neutron-api.service[89902]: DEBUG neutron_lib.callbacks.manager [None req-3ed3baea-e01e-4b7b-85ea-04e9a7d13a72 None None] Subscribe: > port_forwarding_plugin after_init 55550000, False {{(pid=89902) subscribe /opt/stack/data/venv/lib/python3.12/site-packages/neutron_lib/callbacks/manager.py:52}}
Jun 18 22:55:55.634838 np0000003200 devstack@neutron-api.service[89901]: DEBUG neutron.api.extensions [None req-e8681928-3206-4789-850c-a177d67d3cd9 None None] Loading extension file: network_ip_availability_details.py {{(pid=89901) _load_all_extensions_from_path /opt/stack/neutron/neutron/api/extensions.py:449}}
Jun 18 22:55:55.635040 np0000003200 devstack@neutron-api.service[89902]: DEBUG neutron_lib.callbacks.manager [None req-3ed3baea-e01e-4b7b-85ea-04e9a7d13a72 None None] Subscribe: > router before_create 55550100, False {{(pid=89902) subscribe /opt/stack/data/venv/lib/python3.12/site-packages/neutron_lib/callbacks/manager.py:52}}
Jun 18 22:55:55.635200 np0000003200 devstack@neutron-api.service[89901]: DEBUG neutron.api.extensions [None req-e8681928-3206-4789-850c-a177d67d3cd9 None None] Ext name="Network IP Availability Details Extension" alias="network-ip-availability-details" description="Add ip_availability_details attribute to network-ip-availabilities resource." updated="2025-10-31T00:00:00-00:00" {{(pid=89901) _check_extension /opt/stack/neutron/neutron/api/extensions.py:415}}
Jun 18 22:55:55.635353 np0000003200 devstack@neutron-api.service[89902]: DEBUG neutron_lib.callbacks.manager [None req-3ed3baea-e01e-4b7b-85ea-04e9a7d13a72 None None] Subscribe: > router precommit_delete 55550100, False {{(pid=89902) subscribe /opt/stack/data/venv/lib/python3.12/site-packages/neutron_lib/callbacks/manager.py:52}}
Jun 18 22:55:55.635353 np0000003200 devstack@neutron-api.service[89902]: DEBUG neutron_lib.callbacks.manager [None req-3ed3baea-e01e-4b7b-85ea-04e9a7d13a72 None None] Subscribe: > router precommit_create 55550100, False {{(pid=89902) subscribe /opt/stack/data/venv/lib/python3.12/site-packages/neutron_lib/callbacks/manager.py:52}}
Jun 18 22:55:55.635582 np0000003200 devstack@neutron-api.service[89901]: INFO neutron.api.extensions [None req-e8681928-3206-4789-850c-a177d67d3cd9 None None] Loaded extension: network-ip-availability-details
Jun 18 22:55:55.635582 np0000003200 devstack@neutron-api.service[89901]: DEBUG neutron.api.extensions [None req-e8681928-3206-4789-850c-a177d67d3cd9 None None] Loading extension file: network_segment_range.py {{(pid=89901) _load_all_extensions_from_path /opt/stack/neutron/neutron/api/extensions.py:449}}
Jun 18 22:55:55.635818 np0000003200 devstack@neutron-api.service[89902]: DEBUG neutron_lib.callbacks.manager [None req-3ed3baea-e01e-4b7b-85ea-04e9a7d13a72 None None] Subscribe: > router precommit_update 55550100, False {{(pid=89902) subscribe /opt/stack/data/venv/lib/python3.12/site-packages/neutron_lib/callbacks/manager.py:52}}
Jun 18 22:55:55.635971 np0000003200 devstack@neutron-api.service[89901]: DEBUG neutron.api.extensions [None req-e8681928-3206-4789-850c-a177d67d3cd9 None None] Ext name="Neutron Network Segment Range" alias="network-segment-range" description="Provides support for the network segment range management" updated="2018-11-29T00:00:00-00:00" {{(pid=89901) _check_extension /opt/stack/neutron/neutron/api/extensions.py:415}}
Jun 18 22:55:55.635971 np0000003200 devstack@neutron-api.service[89901]: INFO neutron.api.extensions [None req-e8681928-3206-4789-850c-a177d67d3cd9 None None] Extension network-segment-range not supported by any of loaded plugins
Jun 18 22:55:55.635971 np0000003200 devstack@neutron-api.service[89901]: DEBUG neutron.api.extensions [None req-e8681928-3206-4789-850c-a177d67d3cd9 None None] Loading extension file: pagination.py {{(pid=89901) _load_all_extensions_from_path /opt/stack/neutron/neutron/api/extensions.py:449}}
Jun 18 22:55:55.635971 np0000003200 devstack@neutron-api.service[89901]: DEBUG neutron.api.extensions [None req-e8681928-3206-4789-850c-a177d67d3cd9 None None] Ext name="Pagination support" alias="pagination" description="Extension that indicates that pagination is enabled." updated="2016-06-12T00:00:00-00:00" {{(pid=89901) _check_extension /opt/stack/neutron/neutron/api/extensions.py:415}}
Jun 18 22:55:55.635971 np0000003200 devstack@neutron-api.service[89901]: INFO neutron.api.extensions [None req-e8681928-3206-4789-850c-a177d67d3cd9 None None] Loaded extension: pagination
Jun 18 22:55:55.635971 np0000003200 devstack@neutron-api.service[89901]: DEBUG neutron.api.extensions [None req-e8681928-3206-4789-850c-a177d67d3cd9 None None] Loading extension file: port_device_profile.py {{(pid=89901) _load_all_extensions_from_path /opt/stack/neutron/neutron/api/extensions.py:449}}
Jun 18 22:55:55.635971 np0000003200 devstack@neutron-api.service[89901]: DEBUG neutron.api.extensions [None req-e8681928-3206-4789-850c-a177d67d3cd9 None None] Ext name="Port device profile" alias="port-device-profile" description="Expose the port device profile (Cyborg)" updated="2020-12-17T10:00:00-00:00" {{(pid=89901) _check_extension /opt/stack/neutron/neutron/api/extensions.py:415}}
Jun 18 22:55:55.636356 np0000003200 devstack@neutron-api.service[89901]: INFO neutron.api.extensions [None req-e8681928-3206-4789-850c-a177d67d3cd9 None None] Loaded extension: port-device-profile
Jun 18 22:55:55.636356 np0000003200 devstack@neutron-api.service[89901]: DEBUG neutron.api.extensions [None req-e8681928-3206-4789-850c-a177d67d3cd9 None None] Loading extension file: port_hardware_offload_type.py {{(pid=89901) _load_all_extensions_from_path /opt/stack/neutron/neutron/api/extensions.py:449}}
Jun 18 22:55:55.636356 np0000003200 devstack@neutron-api.service[89901]: DEBUG neutron.api.extensions [None req-e8681928-3206-4789-850c-a177d67d3cd9 None None] Ext name="Port hardware offload" alias="port-hardware-offload-type" description="Expose port hardware offload extension" updated="2023-05-09T10:00:00-00:00" {{(pid=89901) _check_extension /opt/stack/neutron/neutron/api/extensions.py:415}}
Jun 18 22:55:55.636356 np0000003200 devstack@neutron-api.service[89901]: INFO neutron.api.extensions [None req-e8681928-3206-4789-850c-a177d67d3cd9 None None] Extension port-hardware-offload-type not supported by any of loaded plugins
Jun 18 22:55:55.636356 np0000003200 devstack@neutron-api.service[89901]: DEBUG neutron.api.extensions [None req-e8681928-3206-4789-850c-a177d67d3cd9 None None] Loading extension file: port_hint_ovs_tx_steering.py {{(pid=89901) _load_all_extensions_from_path /opt/stack/neutron/neutron/api/extensions.py:449}}
Jun 18 22:55:55.636356 np0000003200 devstack@neutron-api.service[89901]: DEBUG neutron.api.extensions [None req-e8681928-3206-4789-850c-a177d67d3cd9 None None] Ext name="Port hint: Open vSwitch Tx steering" alias="port-hint-ovs-tx-steering" description="Enable Port hint: Open vSwitch Tx steering" updated="2023-01-01T00:00:00-00:00" {{(pid=89901) _check_extension /opt/stack/neutron/neutron/api/extensions.py:415}}
Jun 18 22:55:55.636356 np0000003200 devstack@neutron-api.service[89901]: INFO neutron.api.extensions [None req-e8681928-3206-4789-850c-a177d67d3cd9 None None] Extension port-hint-ovs-tx-steering not supported by any of loaded plugins
Jun 18 22:55:55.636757 np0000003200 devstack@neutron-api.service[89901]: DEBUG neutron.api.extensions [None req-e8681928-3206-4789-850c-a177d67d3cd9 None None] Loading extension file: port_hints.py {{(pid=89901) _load_all_extensions_from_path /opt/stack/neutron/neutron/api/extensions.py:449}}
Jun 18 22:55:55.636757 np0000003200 devstack@neutron-api.service[89901]: DEBUG neutron.api.extensions [None req-e8681928-3206-4789-850c-a177d67d3cd9 None None] Ext name="Port hints" alias="port-hints" description="Backend specific port hints to allow backend specific tuning" updated="2023-01-01T00:00:00-00:00" {{(pid=89901) _check_extension /opt/stack/neutron/neutron/api/extensions.py:415}}
Jun 18 22:55:55.636960 np0000003200 devstack@neutron-api.service[89902]: DEBUG neutron.services.provider_configuration [None req-3ed3baea-e01e-4b7b-85ea-04e9a7d13a72 None None] Service providers = [] {{(pid=89902) parse_service_provider_opt /opt/stack/neutron/neutron/services/provider_configuration.py:170}}
Jun 18 22:55:55.637125 np0000003200 devstack@neutron-api.service[89901]: INFO neutron.api.extensions [None req-e8681928-3206-4789-850c-a177d67d3cd9 None None] Extension port-hints not supported by any of loaded plugins
Jun 18 22:55:55.637273 np0000003200 devstack@neutron-api.service[89902]: DEBUG neutron.db.servicetype_db [None req-3ed3baea-e01e-4b7b-85ea-04e9a7d13a72 None None] Adding provider configuration for service L3_ROUTER_NAT {{(pid=89902) add_provider_configuration /opt/stack/neutron/neutron/db/servicetype_db.py:45}}
Jun 18 22:55:55.637409 np0000003200 devstack@neutron-api.service[89901]: DEBUG neutron.api.extensions [None req-e8681928-3206-4789-850c-a177d67d3cd9 None None] Loading extension file: port_mac_address_override.py {{(pid=89901) _load_all_extensions_from_path /opt/stack/neutron/neutron/api/extensions.py:449}}
Jun 18 22:55:55.637409 np0000003200 devstack@neutron-api.service[89901]: DEBUG neutron.api.extensions [None req-e8681928-3206-4789-850c-a177d67d3cd9 None None] Ext name="Neutron Port MAC address override" alias="port-mac-override" description="Allow overriding the MAC address of a direct-physical Port via the active binding profile" updated="2022-03-18T10:00:00-00:00" {{(pid=89901) _check_extension /opt/stack/neutron/neutron/api/extensions.py:415}}
Jun 18 22:55:55.637409 np0000003200 devstack@neutron-api.service[89901]: INFO neutron.api.extensions [None req-e8681928-3206-4789-850c-a177d67d3cd9 None None] Extension port-mac-override not supported by any of loaded plugins
Jun 18 22:55:55.637409 np0000003200 devstack@neutron-api.service[89901]: DEBUG neutron.api.extensions [None req-e8681928-3206-4789-850c-a177d67d3cd9 None None] Loading extension file: port_mac_address_regenerate.py {{(pid=89901) _load_all_extensions_from_path /opt/stack/neutron/neutron/api/extensions.py:449}}
Jun 18 22:55:55.637409 np0000003200 devstack@neutron-api.service[89901]: DEBUG neutron.api.extensions [None req-e8681928-3206-4789-850c-a177d67d3cd9 None None] Ext name="Neutron Port MAC address regenerate" alias="port-mac-address-regenerate" description="Network port MAC address regenerate" updated="2018-05-03T10:00:00-00:00" {{(pid=89901) _check_extension /opt/stack/neutron/neutron/api/extensions.py:415}}
Jun 18 22:55:55.637409 np0000003200 devstack@neutron-api.service[89901]: INFO neutron.api.extensions [None req-e8681928-3206-4789-850c-a177d67d3cd9 None None] Loaded extension: port-mac-address-regenerate
Jun 18 22:55:55.637409 np0000003200 devstack@neutron-api.service[89901]: DEBUG neutron.api.extensions [None req-e8681928-3206-4789-850c-a177d67d3cd9 None None] Loading extension file: port_numa_affinity_policy.py {{(pid=89901) _load_all_extensions_from_path /opt/stack/neutron/neutron/api/extensions.py:449}}
Jun 18 22:55:55.637861 np0000003200 devstack@neutron-api.service[89902]: DEBUG neutron_lib.callbacks.manager [None req-3ed3baea-e01e-4b7b-85ea-04e9a7d13a72 None None] Subscribe: > router precommit_create 55549900, False {{(pid=89902) subscribe /opt/stack/data/venv/lib/python3.12/site-packages/neutron_lib/callbacks/manager.py:52}}
Jun 18 22:55:55.638030 np0000003200 devstack@neutron-api.service[89901]: DEBUG neutron.api.extensions [None req-e8681928-3206-4789-850c-a177d67d3cd9 None None] Ext name="Port NUMA affinity policy" alias="port-numa-affinity-policy" description="Expose the port NUMA affinity policy" updated="2020-07-08T10:00:00-00:00" {{(pid=89901) _check_extension /opt/stack/neutron/neutron/api/extensions.py:415}}
Jun 18 22:55:55.638182 np0000003200 devstack@neutron-api.service[89902]: DEBUG neutron_lib.callbacks.manager [None req-3ed3baea-e01e-4b7b-85ea-04e9a7d13a72 None None] Subscribe: > router_interface after_create 55550000, False {{(pid=89902) subscribe /opt/stack/data/venv/lib/python3.12/site-packages/neutron_lib/callbacks/manager.py:52}}
Jun 18 22:55:55.638182 np0000003200 devstack@neutron-api.service[89902]: DEBUG neutron_lib.callbacks.manager [None req-3ed3baea-e01e-4b7b-85ea-04e9a7d13a72 None None] Subscribe: > floatingip after_create 55550000, False {{(pid=89902) subscribe /opt/stack/data/venv/lib/python3.12/site-packages/neutron_lib/callbacks/manager.py:52}}
Jun 18 22:55:55.638378 np0000003200 devstack@neutron-api.service[89901]: INFO neutron.api.extensions [None req-e8681928-3206-4789-850c-a177d67d3cd9 None None] Loaded extension: port-numa-affinity-policy
Jun 18 22:55:55.638378 np0000003200 devstack@neutron-api.service[89901]: DEBUG neutron.api.extensions [None req-e8681928-3206-4789-850c-a177d67d3cd9 None None] Loading extension file: port_numa_affinity_policy_socket.py {{(pid=89901) _load_all_extensions_from_path /opt/stack/neutron/neutron/api/extensions.py:449}}
Jun 18 22:55:55.638628 np0000003200 devstack@neutron-api.service[89902]: DEBUG neutron_lib.callbacks.manager [None req-3ed3baea-e01e-4b7b-85ea-04e9a7d13a72 None None] Subscribe: > floatingip precommit_create 55550000, False {{(pid=89902) subscribe /opt/stack/data/venv/lib/python3.12/site-packages/neutron_lib/callbacks/manager.py:52}}
Jun 18 22:55:55.638628 np0000003200 devstack@neutron-api.service[89902]: DEBUG neutron_lib.callbacks.manager [None req-3ed3baea-e01e-4b7b-85ea-04e9a7d13a72 None None] Subscribe: > floatingip precommit_update 55550000, False {{(pid=89902) subscribe /opt/stack/data/venv/lib/python3.12/site-packages/neutron_lib/callbacks/manager.py:52}}
Jun 18 22:55:55.638628 np0000003200 devstack@neutron-api.service[89902]: DEBUG neutron_lib.callbacks.manager [None req-3ed3baea-e01e-4b7b-85ea-04e9a7d13a72 None None] Subscribe: > floatingip after_delete 55550000, False {{(pid=89902) subscribe /opt/stack/data/venv/lib/python3.12/site-packages/neutron_lib/callbacks/manager.py:52}}
Jun 18 22:55:55.638878 np0000003200 devstack@neutron-api.service[89901]: DEBUG neutron.api.extensions [None req-e8681928-3206-4789-850c-a177d67d3cd9 None None] Ext name="Port NUMA affinity policy "socket"" alias="port-numa-affinity-policy-socket" description="Adds "socket" to the supported port NUMA affinity policies" updated="2024-02-09T10:00:00-00:00" {{(pid=89901) _check_extension /opt/stack/neutron/neutron/api/extensions.py:415}}
Jun 18 22:55:55.639099 np0000003200 devstack@neutron-api.service[89902]: DEBUG neutron_lib.callbacks.manager [None req-3ed3baea-e01e-4b7b-85ea-04e9a7d13a72 None None] Subscribe: > floatingip after_status_update 55550000, False {{(pid=89902) subscribe /opt/stack/data/venv/lib/python3.12/site-packages/neutron_lib/callbacks/manager.py:52}}
Jun 18 22:55:55.639249 np0000003200 devstack@neutron-api.service[89901]: INFO neutron.api.extensions [None req-e8681928-3206-4789-850c-a177d67d3cd9 None None] Loaded extension: port-numa-affinity-policy-socket
Jun 18 22:55:55.639462 np0000003200 devstack@neutron-api.service[89902]: DEBUG neutron_lib.callbacks.manager [None req-3ed3baea-e01e-4b7b-85ea-04e9a7d13a72 None None] Subscribe: > floatingip after_update 55550000, False {{(pid=89902) subscribe /opt/stack/data/venv/lib/python3.12/site-packages/neutron_lib/callbacks/manager.py:52}}
Jun 18 22:55:55.639660 np0000003200 devstack@neutron-api.service[89901]: DEBUG neutron.api.extensions [None req-e8681928-3206-4789-850c-a177d67d3cd9 None None] Loading extension file: port_resource_request.py {{(pid=89901) _load_all_extensions_from_path /opt/stack/neutron/neutron/api/extensions.py:449}}
Jun 18 22:55:55.639824 np0000003200 devstack@neutron-api.service[89902]: DEBUG neutron_lib.callbacks.manager [None req-3ed3baea-e01e-4b7b-85ea-04e9a7d13a72 None None] Subscribe: > port_forwarding after_create 55550000, False {{(pid=89902) subscribe /opt/stack/data/venv/lib/python3.12/site-packages/neutron_lib/callbacks/manager.py:52}}
Jun 18 22:55:55.639824 np0000003200 devstack@neutron-api.service[89902]: DEBUG neutron_lib.callbacks.manager [None req-3ed3baea-e01e-4b7b-85ea-04e9a7d13a72 None None] Subscribe: > router_interface after_delete 55550000, False {{(pid=89902) subscribe /opt/stack/data/venv/lib/python3.12/site-packages/neutron_lib/callbacks/manager.py:52}}
Jun 18 22:55:55.639824 np0000003200 devstack@neutron-api.service[89902]: DEBUG neutron_lib.callbacks.manager [None req-3ed3baea-e01e-4b7b-85ea-04e9a7d13a72 None None] Subscribe: > router after_create 55550000, False {{(pid=89902) subscribe /opt/stack/data/venv/lib/python3.12/site-packages/neutron_lib/callbacks/manager.py:52}}
Jun 18 22:55:55.640076 np0000003200 devstack@neutron-api.service[89901]: DEBUG neutron.api.extensions [None req-e8681928-3206-4789-850c-a177d67d3cd9 None None] Ext name="Port Resource Request" alias="port-resource-request" description="Expose resource request to Port" updated="2018-05-08T10:00:00-00:00" {{(pid=89901) _check_extension /opt/stack/neutron/neutron/api/extensions.py:415}}
Jun 18 22:55:55.640350 np0000003200 devstack@neutron-api.service[89902]: DEBUG neutron_lib.callbacks.manager [None req-3ed3baea-e01e-4b7b-85ea-04e9a7d13a72 None None] Subscribe: > router precommit_create 55550000, False {{(pid=89902) subscribe /opt/stack/data/venv/lib/python3.12/site-packages/neutron_lib/callbacks/manager.py:52}}
Jun 18 22:55:55.640606 np0000003200 devstack@neutron-api.service[89901]: INFO neutron.api.extensions [None req-e8681928-3206-4789-850c-a177d67d3cd9 None None] Extension port-resource-request not supported by any of loaded plugins
Jun 18 22:55:55.640606 np0000003200 devstack@neutron-api.service[89901]: DEBUG neutron.api.extensions [None req-e8681928-3206-4789-850c-a177d67d3cd9 None None] Loading extension file: port_resource_request_groups.py {{(pid=89901) _load_all_extensions_from_path /opt/stack/neutron/neutron/api/extensions.py:449}}
Jun 18 22:55:55.640837 np0000003200 devstack@neutron-api.service[89902]: DEBUG neutron_lib.callbacks.manager [None req-3ed3baea-e01e-4b7b-85ea-04e9a7d13a72 None None] Subscribe: > router after_delete 55550000, False {{(pid=89902) subscribe /opt/stack/data/venv/lib/python3.12/site-packages/neutron_lib/callbacks/manager.py:52}}
Jun 18 22:55:55.640837 np0000003200 devstack@neutron-api.service[89902]: DEBUG neutron_lib.callbacks.manager [None req-3ed3baea-e01e-4b7b-85ea-04e9a7d13a72 None None] Subscribe: > router after_update 55550000, False {{(pid=89902) subscribe /opt/stack/data/venv/lib/python3.12/site-packages/neutron_lib/callbacks/manager.py:52}}
Jun 18 22:55:55.640837 np0000003200 devstack@neutron-api.service[89902]: DEBUG neutron.services.service_base [None req-3ed3baea-e01e-4b7b-85ea-04e9a7d13a72 None None] Loaded 'neutron.services.ovn_l3.service_providers.ovn.OvnDriver' provider for service L3_ROUTER_NAT {{(pid=89902) load_drivers /opt/stack/neutron/neutron/services/service_base.py:49}}
Jun 18 22:55:55.641068 np0000003200 devstack@neutron-api.service[89901]: DEBUG neutron.api.extensions [None req-e8681928-3206-4789-850c-a177d67d3cd9 None None] Ext name="Port Resource Request Groups" alias="port-resource-request-groups" description="Support requesting multiple groups of resources and traits from the same RP subtree in resource_request" updated="2021-08-02T10:00:00-00:00" {{(pid=89901) _check_extension /opt/stack/neutron/neutron/api/extensions.py:415}}
Jun 18 22:55:55.641264 np0000003200 devstack@neutron-api.service[89902]: DEBUG neutron_lib.callbacks.manager [None req-3ed3baea-e01e-4b7b-85ea-04e9a7d13a72 None None] Subscribe: > process after_init 55550001, True {{(pid=89902) subscribe /opt/stack/data/venv/lib/python3.12/site-packages/neutron_lib/callbacks/manager.py:52}}
Jun 18 22:55:55.641414 np0000003200 devstack@neutron-api.service[89901]: INFO neutron.api.extensions [None req-e8681928-3206-4789-850c-a177d67d3cd9 None None] Extension port-resource-request-groups not supported by any of loaded plugins
Jun 18 22:55:55.641744 np0000003200 devstack@neutron-api.service[89902]: DEBUG neutron.manager [None req-3ed3baea-e01e-4b7b-85ea-04e9a7d13a72 None None] Successfully loaded L3_ROUTER_NAT plugin. Description: L3 Router Service Plugin for basic L3 forwarding using OVN {{(pid=89902) _create_and_add_service_plugin /opt/stack/neutron/neutron/manager.py:239}}
Jun 18 22:55:55.641905 np0000003200 devstack@neutron-api.service[89901]: DEBUG neutron.api.extensions [None req-e8681928-3206-4789-850c-a177d67d3cd9 None None] Loading extension file: port_trusted_vif.py {{(pid=89901) _load_all_extensions_from_path /opt/stack/neutron/neutron/api/extensions.py:449}}
Jun 18 22:55:55.642091 np0000003200 devstack@neutron-api.service[89902]: INFO neutron.manager [None req-3ed3baea-e01e-4b7b-85ea-04e9a7d13a72 None None] Loading Plugin: auto_allocate
Jun 18 22:55:55.642254 np0000003200 devstack@neutron-api.service[89901]: DEBUG neutron.api.extensions [None req-e8681928-3206-4789-850c-a177d67d3cd9 None None] Ext name="Port trusted vif" alias="port-trusted-vif" description="Expose port 'trusted' attribute in the API" updated="2024-07-10T10:00:00-00:00" {{(pid=89901) _check_extension /opt/stack/neutron/neutron/api/extensions.py:415}}
Jun 18 22:55:55.642254 np0000003200 devstack@neutron-api.service[89901]: INFO neutron.api.extensions [None req-e8681928-3206-4789-850c-a177d67d3cd9 None None] Extension port-trusted-vif not supported by any of loaded plugins
Jun 18 22:55:55.642254 np0000003200 devstack@neutron-api.service[89901]: DEBUG neutron.api.extensions [None req-e8681928-3206-4789-850c-a177d67d3cd9 None None] Loading extension file: portbindings.py {{(pid=89901) _load_all_extensions_from_path /opt/stack/neutron/neutron/api/extensions.py:449}}
Jun 18 22:55:55.642254 np0000003200 devstack@neutron-api.service[89901]: DEBUG neutron.api.extensions [None req-e8681928-3206-4789-850c-a177d67d3cd9 None None] Ext name="Port Binding" alias="binding" description="Expose port bindings of a virtual port to external application" updated="2014-02-03T10:00:00-00:00" {{(pid=89901) _check_extension /opt/stack/neutron/neutron/api/extensions.py:415}}
Jun 18 22:55:55.642254 np0000003200 devstack@neutron-api.service[89901]: INFO neutron.api.extensions [None req-e8681928-3206-4789-850c-a177d67d3cd9 None None] Loaded extension: binding
Jun 18 22:55:55.642254 np0000003200 devstack@neutron-api.service[89901]: DEBUG neutron.api.extensions [None req-e8681928-3206-4789-850c-a177d67d3cd9 None None] Loading extension file: portbindings_extended.py {{(pid=89901) _load_all_extensions_from_path /opt/stack/neutron/neutron/api/extensions.py:449}}
Jun 18 22:55:55.642653 np0000003200 devstack@neutron-api.service[89902]: DEBUG neutron_lib.callbacks.manager [None req-3ed3baea-e01e-4b7b-85ea-04e9a7d13a72 None None] Subscribe: network precommit_update 55550000, False {{(pid=89902) subscribe /opt/stack/data/venv/lib/python3.12/site-packages/neutron_lib/callbacks/manager.py:52}}
Jun 18 22:55:55.642653 np0000003200 devstack@neutron-api.service[89902]: DEBUG neutron_lib.callbacks.manager [None req-3ed3baea-e01e-4b7b-85ea-04e9a7d13a72 None None] Subscribe: network precommit_create 55550000, False {{(pid=89902) subscribe /opt/stack/data/venv/lib/python3.12/site-packages/neutron_lib/callbacks/manager.py:52}}
Jun 18 22:55:55.642941 np0000003200 devstack@neutron-api.service[89901]: DEBUG neutron.api.extensions [None req-e8681928-3206-4789-850c-a177d67d3cd9 None None] Ext name="Port Bindings Extended" alias="binding-extended" description="Expose port bindings of a virtual port to external application" updated="2017-07-17T10:00:00-00:00" {{(pid=89901) _check_extension /opt/stack/neutron/neutron/api/extensions.py:415}}
Jun 18 22:55:55.643242 np0000003200 devstack@neutron-api.service[89902]: DEBUG neutron.manager [None req-3ed3baea-e01e-4b7b-85ea-04e9a7d13a72 None None] Successfully loaded auto-allocated-topology plugin. Description: Auto Allocated Topology - aka get me a network. {{(pid=89902) _create_and_add_service_plugin /opt/stack/neutron/neutron/manager.py:239}}
Jun 18 22:55:55.643404 np0000003200 devstack@neutron-api.service[89901]: INFO neutron.api.extensions [None req-e8681928-3206-4789-850c-a177d67d3cd9 None None] Loaded extension: binding-extended
Jun 18 22:55:55.643591 np0000003200 devstack@neutron-api.service[89902]: INFO neutron.manager [None req-3ed3baea-e01e-4b7b-85ea-04e9a7d13a72 None None] Loading Plugin: tag
Jun 18 22:55:55.643728 np0000003200 devstack@neutron-api.service[89901]: DEBUG neutron.api.extensions [None req-e8681928-3206-4789-850c-a177d67d3cd9 None None] Loading extension file: portsecurity.py {{(pid=89901) _load_all_extensions_from_path /opt/stack/neutron/neutron/api/extensions.py:449}}
Jun 18 22:55:55.643728 np0000003200 devstack@neutron-api.service[89901]: DEBUG neutron.api.extensions [None req-e8681928-3206-4789-850c-a177d67d3cd9 None None] Ext name="Port Security" alias="port-security" description="Provides port security" updated="2012-07-23T10:00:00-00:00" {{(pid=89901) _check_extension /opt/stack/neutron/neutron/api/extensions.py:415}}
Jun 18 22:55:55.643728 np0000003200 devstack@neutron-api.service[89901]: INFO neutron.api.extensions [None req-e8681928-3206-4789-850c-a177d67d3cd9 None None] Loaded extension: port-security
Jun 18 22:55:55.643728 np0000003200 devstack@neutron-api.service[89901]: DEBUG neutron.api.extensions [None req-e8681928-3206-4789-850c-a177d67d3cd9 None None] Loading extension file: project_id.py {{(pid=89901) _load_all_extensions_from_path /opt/stack/neutron/neutron/api/extensions.py:449}}
Jun 18 22:55:55.643728 np0000003200 devstack@neutron-api.service[89901]: DEBUG neutron.api.extensions [None req-e8681928-3206-4789-850c-a177d67d3cd9 None None] Ext name="project_id field enabled" alias="project-id" description="Extension that indicates that project_id field is enabled." updated="2016-09-09T09:09:09-09:09" {{(pid=89901) _check_extension /opt/stack/neutron/neutron/api/extensions.py:415}}
Jun 18 22:55:55.643728 np0000003200 devstack@neutron-api.service[89901]: INFO neutron.api.extensions [None req-e8681928-3206-4789-850c-a177d67d3cd9 None None] Loaded extension: project-id
Jun 18 22:55:55.643728 np0000003200 devstack@neutron-api.service[89901]: DEBUG neutron.api.extensions [None req-e8681928-3206-4789-850c-a177d67d3cd9 None None] Loading extension file: providernet.py {{(pid=89901) _load_all_extensions_from_path /opt/stack/neutron/neutron/api/extensions.py:449}}
Jun 18 22:55:55.644055 np0000003200 devstack@neutron-api.service[89901]: DEBUG neutron.api.extensions [None req-e8681928-3206-4789-850c-a177d67d3cd9 None None] Ext name="Provider Network" alias="provider" description="Expose mapping of virtual networks to physical networks" updated="2012-09-07T10:00:00-00:00" {{(pid=89901) _check_extension /opt/stack/neutron/neutron/api/extensions.py:415}}
Jun 18 22:55:55.644055 np0000003200 devstack@neutron-api.service[89901]: INFO neutron.api.extensions [None req-e8681928-3206-4789-850c-a177d67d3cd9 None None] Loaded extension: provider
Jun 18 22:55:55.644055 np0000003200 devstack@neutron-api.service[89901]: DEBUG neutron.api.extensions [None req-e8681928-3206-4789-850c-a177d67d3cd9 None None] Loading extension file: pvlan.py {{(pid=89901) _load_all_extensions_from_path /opt/stack/neutron/neutron/api/extensions.py:449}}
Jun 18 22:55:55.644055 np0000003200 devstack@neutron-api.service[89901]: DEBUG neutron.api.extensions [None req-e8681928-3206-4789-850c-a177d67d3cd9 None None] Ext name="Private VLAN" alias="pvlan" description="The Private VLAN semantics extension." updated="2026-02-03T10:00:00-00:00" {{(pid=89901) _check_extension /opt/stack/neutron/neutron/api/extensions.py:415}}
Jun 18 22:55:55.644055 np0000003200 devstack@neutron-api.service[89901]: INFO neutron.api.extensions [None req-e8681928-3206-4789-850c-a177d67d3cd9 None None] Extension pvlan not supported by any of loaded plugins
Jun 18 22:55:55.644055 np0000003200 devstack@neutron-api.service[89901]: DEBUG neutron.api.extensions [None req-e8681928-3206-4789-850c-a177d67d3cd9 None None] Loading extension file: qinq.py {{(pid=89901) _load_all_extensions_from_path /opt/stack/neutron/neutron/api/extensions.py:449}}
Jun 18 22:55:55.644055 np0000003200 devstack@neutron-api.service[89901]: DEBUG neutron.api.extensions [None req-e8681928-3206-4789-850c-a177d67d3cd9 None None] Ext name="QinQ networks" alias="qinq" description="Expose network 'qinq' attribute in the API. This allows to configure network to allow vlan in vlan configuration using 0x88a8 ethertype (QinQ)." updated="2024-12-02T10:00:00-00:00" {{(pid=89901) _check_extension /opt/stack/neutron/neutron/api/extensions.py:415}}
Jun 18 22:55:55.644377 np0000003200 devstack@neutron-api.service[89901]: INFO neutron.api.extensions [None req-e8681928-3206-4789-850c-a177d67d3cd9 None None] Loaded extension: qinq
Jun 18 22:55:55.644538 np0000003200 devstack@neutron-api.service[89902]: DEBUG neutron.manager [None req-3ed3baea-e01e-4b7b-85ea-04e9a7d13a72 None None] Successfully loaded TAG plugin. Description: Tag support {{(pid=89902) _create_and_add_service_plugin /opt/stack/neutron/neutron/manager.py:239}}
Jun 18 22:55:55.644671 np0000003200 devstack@neutron-api.service[89901]: DEBUG neutron.api.extensions [None req-e8681928-3206-4789-850c-a177d67d3cd9 None None] Loading extension file: qos.py {{(pid=89901) _load_all_extensions_from_path /opt/stack/neutron/neutron/api/extensions.py:449}}
Jun 18 22:55:55.644856 np0000003200 devstack@neutron-api.service[89902]: INFO neutron.manager [None req-3ed3baea-e01e-4b7b-85ea-04e9a7d13a72 None None] Loading Plugin: timestamp
Jun 18 22:55:55.644992 np0000003200 devstack@neutron-api.service[89901]: DEBUG neutron.api.extensions [None req-e8681928-3206-4789-850c-a177d67d3cd9 None None] Ext name="Quality of Service" alias="qos" description="The Quality of Service extension." updated="2015-06-08T10:00:00-00:00" {{(pid=89901) _check_extension /opt/stack/neutron/neutron/api/extensions.py:415}}
Jun 18 22:55:55.644992 np0000003200 devstack@neutron-api.service[89901]: INFO neutron.api.extensions [None req-e8681928-3206-4789-850c-a177d67d3cd9 None None] Extension qos not supported by any of loaded plugins
Jun 18 22:55:55.644992 np0000003200 devstack@neutron-api.service[89901]: DEBUG neutron.api.extensions [None req-e8681928-3206-4789-850c-a177d67d3cd9 None None] Loading extension file: qos_bw_limit_direction.py {{(pid=89901) _load_all_extensions_from_path /opt/stack/neutron/neutron/api/extensions.py:449}}
Jun 18 22:55:55.644992 np0000003200 devstack@neutron-api.service[89901]: DEBUG neutron.api.extensions [None req-e8681928-3206-4789-850c-a177d67d3cd9 None None] Ext name="Direction for QoS bandwidth limit rule" alias="qos-bw-limit-direction" description="Allow to configure QoS bandwidth limit rule with specific direction: ingress or egress" updated="2017-04-10T10:00:00-00:00" {{(pid=89901) _check_extension /opt/stack/neutron/neutron/api/extensions.py:415}}
Jun 18 22:55:55.645272 np0000003200 devstack@neutron-api.service[89902]: DEBUG neutron.manager [None req-3ed3baea-e01e-4b7b-85ea-04e9a7d13a72 None None] Successfully loaded timestamp plugin. Description: Adds timestamps to Neutron resources with standard attributes {{(pid=89902) _create_and_add_service_plugin /opt/stack/neutron/neutron/manager.py:239}}
Jun 18 22:55:55.645272 np0000003200 devstack@neutron-api.service[89902]: INFO neutron.manager [None req-3ed3baea-e01e-4b7b-85ea-04e9a7d13a72 None None] Loading Plugin: network_ip_availability
Jun 18 22:55:55.645470 np0000003200 devstack@neutron-api.service[89901]: INFO neutron.api.extensions [None req-e8681928-3206-4789-850c-a177d67d3cd9 None None] Extension qos-bw-limit-direction not supported by any of loaded plugins
Jun 18 22:55:55.645470 np0000003200 devstack@neutron-api.service[89901]: DEBUG neutron.api.extensions [None req-e8681928-3206-4789-850c-a177d67d3cd9 None None] Loading extension file: qos_bw_minimum_ingress.py {{(pid=89901) _load_all_extensions_from_path /opt/stack/neutron/neutron/api/extensions.py:449}}
Jun 18 22:55:55.645470 np0000003200 devstack@neutron-api.service[89901]: DEBUG neutron.api.extensions [None req-e8681928-3206-4789-850c-a177d67d3cd9 None None] Ext name="Ingress direction for QoS minimum bandwidth rule" alias="qos-bw-minimum-ingress" description="Allow to configure QoS minumum bandwidth rule with ingress direction." updated="2018-07-09T10:00:00-00:00" {{(pid=89901) _check_extension /opt/stack/neutron/neutron/api/extensions.py:415}}
Jun 18 22:55:55.645470 np0000003200 devstack@neutron-api.service[89901]: INFO neutron.api.extensions [None req-e8681928-3206-4789-850c-a177d67d3cd9 None None] Extension qos-bw-minimum-ingress not supported by any of loaded plugins
Jun 18 22:55:55.645470 np0000003200 devstack@neutron-api.service[89901]: DEBUG neutron.api.extensions [None req-e8681928-3206-4789-850c-a177d67d3cd9 None None] Loading extension file: qos_default.py {{(pid=89901) _load_all_extensions_from_path /opt/stack/neutron/neutron/api/extensions.py:449}}
Jun 18 22:55:55.645470 np0000003200 devstack@neutron-api.service[89901]: DEBUG neutron.api.extensions [None req-e8681928-3206-4789-850c-a177d67d3cd9 None None] Ext name="QoS default policy" alias="qos-default" description="Expose the QoS default policy per project" updated="2017-041-06T10:00:00-00:00" {{(pid=89901) _check_extension /opt/stack/neutron/neutron/api/extensions.py:415}}
Jun 18 22:55:55.645470 np0000003200 devstack@neutron-api.service[89901]: INFO neutron.api.extensions [None req-e8681928-3206-4789-850c-a177d67d3cd9 None None] Extension qos-default not supported by any of loaded plugins
Jun 18 22:55:55.645800 np0000003200 devstack@neutron-api.service[89901]: DEBUG neutron.api.extensions [None req-e8681928-3206-4789-850c-a177d67d3cd9 None None] Loading extension file: qos_fip.py {{(pid=89901) _load_all_extensions_from_path /opt/stack/neutron/neutron/api/extensions.py:449}}
Jun 18 22:55:55.645800 np0000003200 devstack@neutron-api.service[89901]: DEBUG neutron.api.extensions [None req-e8681928-3206-4789-850c-a177d67d3cd9 None None] Ext name="Floating IP QoS" alias="qos-fip" description="The floating IP Quality of Service extension" updated="2017-07-20T00:00:00-00:00" {{(pid=89901) _check_extension /opt/stack/neutron/neutron/api/extensions.py:415}}
Jun 18 22:55:55.645800 np0000003200 devstack@neutron-api.service[89901]: INFO neutron.api.extensions [None req-e8681928-3206-4789-850c-a177d67d3cd9 None None] Extension qos-fip not supported by any of loaded plugins
Jun 18 22:55:55.645977 np0000003200 devstack@neutron-api.service[89902]: DEBUG neutron.manager [None req-3ed3baea-e01e-4b7b-85ea-04e9a7d13a72 None None] Successfully loaded network-ip-availability plugin. Description: Provides IP availability data for each network and subnet. {{(pid=89902) _create_and_add_service_plugin /opt/stack/neutron/neutron/manager.py:239}}
Jun 18 22:55:55.646126 np0000003200 devstack@neutron-api.service[89901]: DEBUG neutron.api.extensions [None req-e8681928-3206-4789-850c-a177d67d3cd9 None None] Loading extension file: qos_fip_network_policy.py {{(pid=89901) _load_all_extensions_from_path /opt/stack/neutron/neutron/api/extensions.py:449}}
Jun 18 22:55:55.646244 np0000003200 devstack@neutron-api.service[89902]: INFO neutron.manager [None req-3ed3baea-e01e-4b7b-85ea-04e9a7d13a72 None None] Loading Plugin: flavors
Jun 18 22:55:55.646360 np0000003200 devstack@neutron-api.service[89901]: DEBUG neutron.api.extensions [None req-e8681928-3206-4789-850c-a177d67d3cd9 None None] Ext name="QoS floating IP network policy ID" alias="qos-fip-network-policy" description="Adds a the QoS network ID to the floating IP definition" updated="2021-11-15T10:00:00-00:00" {{(pid=89901) _check_extension /opt/stack/neutron/neutron/api/extensions.py:415}}
Jun 18 22:55:55.646360 np0000003200 devstack@neutron-api.service[89901]: INFO neutron.api.extensions [None req-e8681928-3206-4789-850c-a177d67d3cd9 None None] Extension qos-fip-network-policy not supported by any of loaded plugins
Jun 18 22:55:55.646360 np0000003200 devstack@neutron-api.service[89901]: DEBUG neutron.api.extensions [None req-e8681928-3206-4789-850c-a177d67d3cd9 None None] Loading extension file: qos_gateway_ip.py {{(pid=89901) _load_all_extensions_from_path /opt/stack/neutron/neutron/api/extensions.py:449}}
Jun 18 22:55:55.646360 np0000003200 devstack@neutron-api.service[89901]: DEBUG neutron.api.extensions [None req-e8681928-3206-4789-850c-a177d67d3cd9 None None] Ext name="Router gateway IP QoS" alias="qos-gateway-ip" description="The Router gateway IP Quality of Service extension" updated="2018-02-24T00:00:00-00:00" {{(pid=89901) _check_extension /opt/stack/neutron/neutron/api/extensions.py:415}}
Jun 18 22:55:55.646673 np0000003200 devstack@neutron-api.service[89901]: INFO neutron.api.extensions [None req-e8681928-3206-4789-850c-a177d67d3cd9 None None] Extension qos-gateway-ip not supported by any of loaded plugins
Jun 18 22:55:55.646881 np0000003200 devstack@neutron-api.service[89902]: DEBUG neutron.manager [None req-3ed3baea-e01e-4b7b-85ea-04e9a7d13a72 None None] Successfully loaded FLAVORS plugin. Description: Neutron Flavors and Service Profiles manager plugin {{(pid=89902) _create_and_add_service_plugin /opt/stack/neutron/neutron/manager.py:239}}
Jun 18 22:55:55.647022 np0000003200 devstack@neutron-api.service[89901]: DEBUG neutron.api.extensions [None req-e8681928-3206-4789-850c-a177d67d3cd9 None None] Loading extension file: qos_port_network_policy.py {{(pid=89901) _load_all_extensions_from_path /opt/stack/neutron/neutron/api/extensions.py:449}}
Jun 18 22:55:55.647156 np0000003200 devstack@neutron-api.service[89902]: INFO neutron.manager [None req-3ed3baea-e01e-4b7b-85ea-04e9a7d13a72 None None] Loading Plugin: revisions
Jun 18 22:55:55.647288 np0000003200 devstack@neutron-api.service[89901]: DEBUG neutron.api.extensions [None req-e8681928-3206-4789-850c-a177d67d3cd9 None None] Ext name="QoS port network policy ID" alias="qos-port-network-policy" description="Adds a the QoS network ID to the port definition" updated="2019-11-01T10:00:00-00:00" {{(pid=89901) _check_extension /opt/stack/neutron/neutron/api/extensions.py:415}}
Jun 18 22:55:55.647288 np0000003200 devstack@neutron-api.service[89901]: INFO neutron.api.extensions [None req-e8681928-3206-4789-850c-a177d67d3cd9 None None] Extension qos-port-network-policy not supported by any of loaded plugins
Jun 18 22:55:55.647288 np0000003200 devstack@neutron-api.service[89901]: DEBUG neutron.api.extensions [None req-e8681928-3206-4789-850c-a177d67d3cd9 None None] Loading extension file: qos_pps_minimum_rule.py {{(pid=89901) _load_all_extensions_from_path /opt/stack/neutron/neutron/api/extensions.py:449}}
Jun 18 22:55:55.647288 np0000003200 devstack@neutron-api.service[89901]: DEBUG neutron.api.extensions [None req-e8681928-3206-4789-850c-a177d67d3cd9 None None] Ext name="QoS minimum packet rate rule" alias="qos-pps-minimum" description="Allow to configure QoS minimum packet rate rule." updated="2021-07-14T10:00:00-00:00" {{(pid=89901) _check_extension /opt/stack/neutron/neutron/api/extensions.py:415}}
Jun 18 22:55:55.647588 np0000003200 devstack@neutron-api.service[89901]: INFO neutron.api.extensions [None req-e8681928-3206-4789-850c-a177d67d3cd9 None None] Extension qos-pps-minimum not supported by any of loaded plugins
Jun 18 22:55:55.647588 np0000003200 devstack@neutron-api.service[89901]: DEBUG neutron.api.extensions [None req-e8681928-3206-4789-850c-a177d67d3cd9 None None] Loading extension file: qos_pps_minimum_rule_alias.py {{(pid=89901) _load_all_extensions_from_path /opt/stack/neutron/neutron/api/extensions.py:449}}
Jun 18 22:55:55.647712 np0000003200 devstack@neutron-api.service[89902]: DEBUG neutron.manager [None req-3ed3baea-e01e-4b7b-85ea-04e9a7d13a72 None None] Successfully loaded revision_plugin plugin. Description: Adds revision numbers to resources. {{(pid=89902) _create_and_add_service_plugin /opt/stack/neutron/neutron/manager.py:239}}
Jun 18 22:55:55.647712 np0000003200 devstack@neutron-api.service[89902]: DEBUG oslo_concurrency.lockutils [None req-3ed3baea-e01e-4b7b-85ea-04e9a7d13a72 None None] Lock "manager" "released" by "neutron.manager.NeutronManager._create_instance" :: held 3.872s {{(pid=89902) inner /opt/stack/data/venv/lib/python3.12/site-packages/oslo_concurrency/lockutils.py:543}}
Jun 18 22:55:55.647852 np0000003200 devstack@neutron-api.service[89901]: DEBUG neutron.api.extensions [None req-e8681928-3206-4789-850c-a177d67d3cd9 None None] Ext name="QoS minimum packet rate rule alias" alias="qos-pps-minimum-rule-alias" description="API to enable GET, PUT and DELETE operations on QoS minimum packet rate rule without specifying policy ID" updated="2021-10-22T10:00:00-00:00" {{(pid=89901) _check_extension /opt/stack/neutron/neutron/api/extensions.py:415}}
Jun 18 22:55:55.647852 np0000003200 devstack@neutron-api.service[89901]: INFO neutron.api.extensions [None req-e8681928-3206-4789-850c-a177d67d3cd9 None None] Extension qos-pps-minimum-rule-alias not supported by any of loaded plugins
Jun 18 22:55:55.647957 np0000003200 devstack@neutron-api.service[89902]: DEBUG neutron.api.extensions [None req-3ed3baea-e01e-4b7b-85ea-04e9a7d13a72 None None] get_extension_paths = OrderedDict({'/opt/stack/neutron/neutron/extensions': 1}) {{(pid=89902) get_extensions_path /opt/stack/neutron/neutron/api/extensions.py:640}}
Jun 18 22:55:55.648056 np0000003200 devstack@neutron-api.service[89901]: DEBUG neutron.api.extensions [None req-e8681928-3206-4789-850c-a177d67d3cd9 None None] Loading extension file: qos_pps_rule.py {{(pid=89901) _load_all_extensions_from_path /opt/stack/neutron/neutron/api/extensions.py:449}}
Jun 18 22:55:55.648142 np0000003200 devstack@neutron-api.service[89902]: INFO neutron.api.extensions [None req-3ed3baea-e01e-4b7b-85ea-04e9a7d13a72 None None] Initializing extension manager.
Jun 18 22:55:55.648267 np0000003200 devstack@neutron-api.service[89901]: DEBUG neutron.api.extensions [None req-e8681928-3206-4789-850c-a177d67d3cd9 None None] Ext name="QoS Rule Type Packet per Second Extension" alias="qos-pps" description="Add QoS Rule Type Packet per Second" updated="2021-05-12T10:00:00-00:00" {{(pid=89901) _check_extension /opt/stack/neutron/neutron/api/extensions.py:415}}
Jun 18 22:55:55.648349 np0000003200 devstack@neutron-api.service[89902]: DEBUG neutron.api.extensions [None req-3ed3baea-e01e-4b7b-85ea-04e9a7d13a72 None None] Loading extension file: __init__.py {{(pid=89902) _load_all_extensions_from_path /opt/stack/neutron/neutron/api/extensions.py:449}}
Jun 18 22:55:55.648349 np0000003200 devstack@neutron-api.service[89902]: DEBUG neutron.api.extensions [None req-3ed3baea-e01e-4b7b-85ea-04e9a7d13a72 None None] Loading extension file: __pycache__ {{(pid=89902) _load_all_extensions_from_path /opt/stack/neutron/neutron/api/extensions.py:449}}
Jun 18 22:55:55.648523 np0000003200 devstack@neutron-api.service[89901]: INFO neutron.api.extensions [None req-e8681928-3206-4789-850c-a177d67d3cd9 None None] Extension qos-pps not supported by any of loaded plugins
Jun 18 22:55:55.648715 np0000003200 devstack@neutron-api.service[89902]: DEBUG neutron.api.extensions [None req-3ed3baea-e01e-4b7b-85ea-04e9a7d13a72 None None] Loading extension file: aap_reject_multicast.py {{(pid=89902) _load_all_extensions_from_path /opt/stack/neutron/neutron/api/extensions.py:449}}
Jun 18 22:55:55.648898 np0000003200 devstack@neutron-api.service[89901]: DEBUG neutron.api.extensions [None req-e8681928-3206-4789-850c-a177d67d3cd9 None None] Loading extension file: qos_rule_type_details.py {{(pid=89901) _load_all_extensions_from_path /opt/stack/neutron/neutron/api/extensions.py:449}}
Jun 18 22:55:55.649038 np0000003200 devstack@neutron-api.service[89902]: DEBUG neutron.api.extensions [None req-3ed3baea-e01e-4b7b-85ea-04e9a7d13a72 None None] Ext name="Allowed address pairs reject multicast extension" alias="aap-reject-multicast" description="Reject multicast addresses in Allowed Address Pairs" updated="2026-04-01T00:00:00-00:00" {{(pid=89902) _check_extension /opt/stack/neutron/neutron/api/extensions.py:415}}
Jun 18 22:55:55.649197 np0000003200 devstack@neutron-api.service[89901]: DEBUG neutron.api.extensions [None req-e8681928-3206-4789-850c-a177d67d3cd9 None None] Ext name="Details of QoS rule types" alias="qos-rule-type-details" description="Expose details about QoS rule types supported by loaded backend drivers" updated="2017-06-22T10:00:00-00:00" {{(pid=89901) _check_extension /opt/stack/neutron/neutron/api/extensions.py:415}}
Jun 18 22:55:55.649324 np0000003200 devstack@neutron-api.service[89902]: INFO neutron.api.extensions [None req-3ed3baea-e01e-4b7b-85ea-04e9a7d13a72 None None] Extension aap-reject-multicast not supported by any of loaded plugins
