Jul 09 23:17:23.803086 np0000004934 nova-scheduler[96445]: DEBUG cotyledon.oslo_config_glue [-] wsgi.api_paste_config = /etc/nova/api-paste.ini {{(pid=96445) log_opt_values /opt/stack/data/venv/lib/python3.12/site-packages/oslo_config/cfg.py:3253}}
Jul 09 23:17:23.803086 np0000004934 nova-scheduler[96445]: DEBUG cotyledon.oslo_config_glue [-] wsgi.secure_proxy_ssl_header = None {{(pid=96445) log_opt_values /opt/stack/data/venv/lib/python3.12/site-packages/oslo_config/cfg.py:3253}}
Jul 09 23:17:23.803086 np0000004934 nova-scheduler[96445]: DEBUG cotyledon.oslo_config_glue [-] zvm.ca_file = None {{(pid=96445) log_opt_values /opt/stack/data/venv/lib/python3.12/site-packages/oslo_config/cfg.py:3253}}
Jul 09 23:17:23.803489 np0000004934 nova-scheduler[96445]: DEBUG cotyledon.oslo_config_glue [-] zvm.cloud_connector_url = None {{(pid=96445) log_opt_values /opt/stack/data/venv/lib/python3.12/site-packages/oslo_config/cfg.py:3253}}
Jul 09 23:17:23.803489 np0000004934 nova-scheduler[96445]: DEBUG cotyledon.oslo_config_glue [-] zvm.image_tmp_path = /opt/stack/data/nova/images {{(pid=96445) log_opt_values /opt/stack/data/venv/lib/python3.12/site-packages/oslo_config/cfg.py:3253}}
Jul 09 23:17:23.803489 np0000004934 nova-scheduler[96445]: DEBUG cotyledon.oslo_config_glue [-] zvm.reachable_timeout = 300 {{(pid=96445) log_opt_values /opt/stack/data/venv/lib/python3.12/site-packages/oslo_config/cfg.py:3253}}
Jul 09 23:17:23.803489 np0000004934 nova-scheduler[96445]: DEBUG cotyledon.oslo_config_glue [-] oslo_versionedobjects.fatal_exception_format_errors = False {{(pid=96445) log_opt_values /opt/stack/data/venv/lib/python3.12/site-packages/oslo_config/cfg.py:3253}}
Jul 09 23:17:23.803489 np0000004934 nova-scheduler[96445]: DEBUG cotyledon.oslo_config_glue [-] oslo_middleware.http_basic_auth_user_file = /etc/htpasswd {{(pid=96445) log_opt_values /opt/stack/data/venv/lib/python3.12/site-packages/oslo_config/cfg.py:3253}}
Jul 09 23:17:23.803489 np0000004934 nova-scheduler[96445]: DEBUG cotyledon.oslo_config_glue [-] oslo_messaging_metrics.metrics_buffer_size = 1000 {{(pid=96445) log_opt_values /opt/stack/data/venv/lib/python3.12/site-packages/oslo_config/cfg.py:3253}}
Jul 09 23:17:23.803489 np0000004934 nova-scheduler[96445]: DEBUG cotyledon.oslo_config_glue [-] oslo_messaging_metrics.metrics_enabled = False {{(pid=96445) log_opt_values /opt/stack/data/venv/lib/python3.12/site-packages/oslo_config/cfg.py:3253}}
Jul 09 23:17:23.803489 np0000004934 nova-scheduler[96445]: DEBUG cotyledon.oslo_config_glue [-] oslo_messaging_metrics.metrics_process_name = {{(pid=96445) log_opt_values /opt/stack/data/venv/lib/python3.12/site-packages/oslo_config/cfg.py:3253}}
Jul 09 23:17:23.803786 np0000004934 nova-scheduler[96445]: DEBUG cotyledon.oslo_config_glue [-] oslo_messaging_metrics.metrics_socket_file = /var/tmp/metrics_collector.sock {{(pid=96445) log_opt_values /opt/stack/data/venv/lib/python3.12/site-packages/oslo_config/cfg.py:3253}}
Jul 09 23:17:23.803786 np0000004934 nova-scheduler[96445]: DEBUG cotyledon.oslo_config_glue [-] oslo_messaging_metrics.metrics_thread_stop_timeout = 10 {{(pid=96445) log_opt_values /opt/stack/data/venv/lib/python3.12/site-packages/oslo_config/cfg.py:3253}}
Jul 09 23:17:23.803786 np0000004934 nova-scheduler[96445]: DEBUG cotyledon.oslo_config_glue [-] profiler.connection_string = messaging:// {{(pid=96445) log_opt_values /opt/stack/data/venv/lib/python3.12/site-packages/oslo_config/cfg.py:3253}}
Jul 09 23:17:23.803786 np0000004934 nova-scheduler[96445]: DEBUG cotyledon.oslo_config_glue [-] profiler.enabled = False {{(pid=96445) log_opt_values /opt/stack/data/venv/lib/python3.12/site-packages/oslo_config/cfg.py:3253}}
Jul 09 23:17:23.803786 np0000004934 nova-scheduler[96445]: DEBUG cotyledon.oslo_config_glue [-] profiler.es_doc_type = notification {{(pid=96445) log_opt_values /opt/stack/data/venv/lib/python3.12/site-packages/oslo_config/cfg.py:3253}}
Jul 09 23:17:23.803786 np0000004934 nova-scheduler[96445]: DEBUG cotyledon.oslo_config_glue [-] profiler.es_scroll_size = 10000 {{(pid=96445) log_opt_values /opt/stack/data/venv/lib/python3.12/site-packages/oslo_config/cfg.py:3253}}
Jul 09 23:17:23.803786 np0000004934 nova-scheduler[96445]: DEBUG cotyledon.oslo_config_glue [-] profiler.es_scroll_time = 2m {{(pid=96445) log_opt_values /opt/stack/data/venv/lib/python3.12/site-packages/oslo_config/cfg.py:3253}}
Jul 09 23:17:23.803786 np0000004934 nova-scheduler[96445]: DEBUG cotyledon.oslo_config_glue [-] profiler.filter_error_trace = False {{(pid=96445) log_opt_values /opt/stack/data/venv/lib/python3.12/site-packages/oslo_config/cfg.py:3253}}
Jul 09 23:17:23.803786 np0000004934 nova-scheduler[96445]: DEBUG cotyledon.oslo_config_glue [-] profiler.hmac_keys = **** {{(pid=96445) log_opt_values /opt/stack/data/venv/lib/python3.12/site-packages/oslo_config/cfg.py:3253}}
Jul 09 23:17:23.804102 np0000004934 nova-scheduler[96445]: DEBUG cotyledon.oslo_config_glue [-] profiler.sentinel_service_name = mymaster {{(pid=96445) log_opt_values /opt/stack/data/venv/lib/python3.12/site-packages/oslo_config/cfg.py:3253}}
Jul 09 23:17:23.804102 np0000004934 nova-scheduler[96445]: DEBUG cotyledon.oslo_config_glue [-] profiler.socket_timeout = 0.1 {{(pid=96445) log_opt_values /opt/stack/data/venv/lib/python3.12/site-packages/oslo_config/cfg.py:3253}}
Jul 09 23:17:23.804102 np0000004934 nova-scheduler[96445]: DEBUG cotyledon.oslo_config_glue [-] profiler.trace_requests = False {{(pid=96445) log_opt_values /opt/stack/data/venv/lib/python3.12/site-packages/oslo_config/cfg.py:3253}}
Jul 09 23:17:23.804102 np0000004934 nova-scheduler[96445]: DEBUG cotyledon.oslo_config_glue [-] profiler.trace_sqlalchemy = False {{(pid=96445) log_opt_values /opt/stack/data/venv/lib/python3.12/site-packages/oslo_config/cfg.py:3253}}
Jul 09 23:17:23.804102 np0000004934 nova-scheduler[96445]: DEBUG cotyledon.oslo_config_glue [-] profiler_jaeger.process_tags = {} {{(pid=96445) log_opt_values /opt/stack/data/venv/lib/python3.12/site-packages/oslo_config/cfg.py:3253}}
Jul 09 23:17:23.804102 np0000004934 nova-scheduler[96445]: DEBUG cotyledon.oslo_config_glue [-] profiler_jaeger.service_name_prefix = None {{(pid=96445) log_opt_values /opt/stack/data/venv/lib/python3.12/site-packages/oslo_config/cfg.py:3253}}
Jul 09 23:17:23.804102 np0000004934 nova-scheduler[96445]: DEBUG cotyledon.oslo_config_glue [-] profiler_otlp.service_name_prefix = None {{(pid=96445) log_opt_values /opt/stack/data/venv/lib/python3.12/site-packages/oslo_config/cfg.py:3253}}
Jul 09 23:17:23.804102 np0000004934 nova-scheduler[96445]: DEBUG cotyledon.oslo_config_glue [-] oslo_messaging_rabbit.amqp_auto_delete = False {{(pid=96445) log_opt_values /opt/stack/data/venv/lib/python3.12/site-packages/oslo_config/cfg.py:3253}}
Jul 09 23:17:23.804102 np0000004934 nova-scheduler[96445]: DEBUG cotyledon.oslo_config_glue [-] oslo_messaging_rabbit.amqp_durable_queues = False {{(pid=96445) log_opt_values /opt/stack/data/venv/lib/python3.12/site-packages/oslo_config/cfg.py:3253}}
Jul 09 23:17:23.804517 np0000004934 nova-scheduler[96445]: DEBUG cotyledon.oslo_config_glue [-] oslo_messaging_rabbit.conn_pool_min_size = 2 {{(pid=96445) log_opt_values /opt/stack/data/venv/lib/python3.12/site-packages/oslo_config/cfg.py:3253}}
Jul 09 23:17:23.804568 np0000004934 nova-scheduler[96441]: DEBUG oslo_db.sqlalchemy.engines [None req-880db59e-1e08-47c3-afdf-5912765667f9 None None] MySQL server mode set to STRICT_TRANS_TABLES,STRICT_ALL_TABLES,NO_ZERO_IN_DATE,NO_ZERO_DATE,ERROR_FOR_DIVISION_BY_ZERO,TRADITIONAL,NO_ENGINE_SUBSTITUTION {{(pid=96441) _check_effective_sql_mode /opt/stack/data/venv/lib/python3.12/site-packages/oslo_db/sqlalchemy/engines.py:325}}
Jul 09 23:17:23.804617 np0000004934 nova-scheduler[96445]: DEBUG cotyledon.oslo_config_glue [-] oslo_messaging_rabbit.conn_pool_ttl = 1200 {{(pid=96445) log_opt_values /opt/stack/data/venv/lib/python3.12/site-packages/oslo_config/cfg.py:3253}}
Jul 09 23:17:23.804617 np0000004934 nova-scheduler[96445]: DEBUG cotyledon.oslo_config_glue [-] oslo_messaging_rabbit.direct_mandatory_flag = True {{(pid=96445) log_opt_values /opt/stack/data/venv/lib/python3.12/site-packages/oslo_config/cfg.py:3253}}
Jul 09 23:17:23.804617 np0000004934 nova-scheduler[96445]: DEBUG cotyledon.oslo_config_glue [-] oslo_messaging_rabbit.enable_cancel_on_failover = False {{(pid=96445) log_opt_values /opt/stack/data/venv/lib/python3.12/site-packages/oslo_config/cfg.py:3253}}
Jul 09 23:17:23.804617 np0000004934 nova-scheduler[96445]: DEBUG cotyledon.oslo_config_glue [-] oslo_messaging_rabbit.heartbeat_rate = 3 {{(pid=96445) log_opt_values /opt/stack/data/venv/lib/python3.12/site-packages/oslo_config/cfg.py:3253}}
Jul 09 23:17:23.804617 np0000004934 nova-scheduler[96445]: DEBUG cotyledon.oslo_config_glue [-] oslo_messaging_rabbit.heartbeat_timeout_threshold = 60 {{(pid=96445) log_opt_values /opt/stack/data/venv/lib/python3.12/site-packages/oslo_config/cfg.py:3253}}
Jul 09 23:17:23.804617 np0000004934 nova-scheduler[96445]: DEBUG cotyledon.oslo_config_glue [-] oslo_messaging_rabbit.hostname = np0000004934 {{(pid=96445) log_opt_values /opt/stack/data/venv/lib/python3.12/site-packages/oslo_config/cfg.py:3253}}
Jul 09 23:17:23.804617 np0000004934 nova-scheduler[96445]: DEBUG cotyledon.oslo_config_glue [-] oslo_messaging_rabbit.kombu_compression = None {{(pid=96445) log_opt_values /opt/stack/data/venv/lib/python3.12/site-packages/oslo_config/cfg.py:3253}}
Jul 09 23:17:23.804617 np0000004934 nova-scheduler[96445]: DEBUG cotyledon.oslo_config_glue [-] oslo_messaging_rabbit.kombu_failover_strategy = round-robin {{(pid=96445) log_opt_values /opt/stack/data/venv/lib/python3.12/site-packages/oslo_config/cfg.py:3253}}
Jul 09 23:17:23.804617 np0000004934 nova-scheduler[96445]: DEBUG cotyledon.oslo_config_glue [-] oslo_messaging_rabbit.kombu_missing_consumer_retry_timeout = 60 {{(pid=96445) log_opt_values /opt/stack/data/venv/lib/python3.12/site-packages/oslo_config/cfg.py:3253}}
Jul 09 23:17:23.804940 np0000004934 nova-scheduler[96445]: DEBUG cotyledon.oslo_config_glue [-] oslo_messaging_rabbit.kombu_reconnect_delay = 1.0 {{(pid=96445) log_opt_values /opt/stack/data/venv/lib/python3.12/site-packages/oslo_config/cfg.py:3253}}
Jul 09 23:17:23.804940 np0000004934 nova-scheduler[96445]: DEBUG cotyledon.oslo_config_glue [-] oslo_messaging_rabbit.kombu_reconnect_splay = 0.0 {{(pid=96445) log_opt_values /opt/stack/data/venv/lib/python3.12/site-packages/oslo_config/cfg.py:3253}}
Jul 09 23:17:23.804940 np0000004934 nova-scheduler[96445]: DEBUG cotyledon.oslo_config_glue [-] oslo_messaging_rabbit.processname = nova-scheduler {{(pid=96445) log_opt_values /opt/stack/data/venv/lib/python3.12/site-packages/oslo_config/cfg.py:3253}}
Jul 09 23:17:23.804940 np0000004934 nova-scheduler[96445]: DEBUG cotyledon.oslo_config_glue [-] oslo_messaging_rabbit.rabbit_ha_queues = False {{(pid=96445) log_opt_values /opt/stack/data/venv/lib/python3.12/site-packages/oslo_config/cfg.py:3253}}
Jul 09 23:17:23.804940 np0000004934 nova-scheduler[96445]: DEBUG cotyledon.oslo_config_glue [-] oslo_messaging_rabbit.rabbit_interval_max = 30 {{(pid=96445) log_opt_values /opt/stack/data/venv/lib/python3.12/site-packages/oslo_config/cfg.py:3253}}
Jul 09 23:17:23.804940 np0000004934 nova-scheduler[96445]: DEBUG cotyledon.oslo_config_glue [-] oslo_messaging_rabbit.rabbit_login_method = AMQPLAIN {{(pid=96445) log_opt_values /opt/stack/data/venv/lib/python3.12/site-packages/oslo_config/cfg.py:3253}}
Jul 09 23:17:23.805140 np0000004934 nova-scheduler[96439]: DEBUG dbcounter [-] [96439] Writer thread running {{(pid=96439) stat_writer /opt/stack/data/venv/lib/python3.12/site-packages/dbcounter.py:102}}
Jul 09 23:17:23.805183 np0000004934 nova-scheduler[96445]: DEBUG cotyledon.oslo_config_glue [-] oslo_messaging_rabbit.rabbit_qos_prefetch_count = 0 {{(pid=96445) log_opt_values /opt/stack/data/venv/lib/python3.12/site-packages/oslo_config/cfg.py:3253}}
Jul 09 23:17:23.805183 np0000004934 nova-scheduler[96445]: DEBUG cotyledon.oslo_config_glue [-] oslo_messaging_rabbit.rabbit_quorum_delivery_limit = 0 {{(pid=96445) log_opt_values /opt/stack/data/venv/lib/python3.12/site-packages/oslo_config/cfg.py:3253}}
Jul 09 23:17:23.805183 np0000004934 nova-scheduler[96445]: DEBUG cotyledon.oslo_config_glue [-] oslo_messaging_rabbit.rabbit_quorum_max_memory_bytes = 0 {{(pid=96445) log_opt_values /opt/stack/data/venv/lib/python3.12/site-packages/oslo_config/cfg.py:3253}}
Jul 09 23:17:23.805183 np0000004934 nova-scheduler[96445]: DEBUG cotyledon.oslo_config_glue [-] oslo_messaging_rabbit.rabbit_quorum_max_memory_length = 0 {{(pid=96445) log_opt_values /opt/stack/data/venv/lib/python3.12/site-packages/oslo_config/cfg.py:3253}}
Jul 09 23:17:23.805183 np0000004934 nova-scheduler[96445]: DEBUG cotyledon.oslo_config_glue [-] oslo_messaging_rabbit.rabbit_quorum_queue = False {{(pid=96445) log_opt_values /opt/stack/data/venv/lib/python3.12/site-packages/oslo_config/cfg.py:3253}}
Jul 09 23:17:23.805183 np0000004934 nova-scheduler[96445]: DEBUG cotyledon.oslo_config_glue [-] oslo_messaging_rabbit.rabbit_retry_backoff = 2 {{(pid=96445) log_opt_values /opt/stack/data/venv/lib/python3.12/site-packages/oslo_config/cfg.py:3253}}
Jul 09 23:17:23.805183 np0000004934 nova-scheduler[96445]: DEBUG cotyledon.oslo_config_glue [-] oslo_messaging_rabbit.rabbit_retry_interval = 1 {{(pid=96445) log_opt_values /opt/stack/data/venv/lib/python3.12/site-packages/oslo_config/cfg.py:3253}}
Jul 09 23:17:23.805183 np0000004934 nova-scheduler[96445]: DEBUG cotyledon.oslo_config_glue [-] oslo_messaging_rabbit.rabbit_stream_fanout = False {{(pid=96445) log_opt_values /opt/stack/data/venv/lib/python3.12/site-packages/oslo_config/cfg.py:3253}}
Jul 09 23:17:23.805470 np0000004934 nova-scheduler[96445]: DEBUG cotyledon.oslo_config_glue [-] oslo_messaging_rabbit.rabbit_transient_queues_ttl = 1800 {{(pid=96445) log_opt_values /opt/stack/data/venv/lib/python3.12/site-packages/oslo_config/cfg.py:3253}}
Jul 09 23:17:23.805470 np0000004934 nova-scheduler[96445]: DEBUG cotyledon.oslo_config_glue [-] oslo_messaging_rabbit.rabbit_transient_quorum_queue = False {{(pid=96445) log_opt_values /opt/stack/data/venv/lib/python3.12/site-packages/oslo_config/cfg.py:3253}}
Jul 09 23:17:23.805470 np0000004934 nova-scheduler[96445]: DEBUG cotyledon.oslo_config_glue [-] oslo_messaging_rabbit.rpc_conn_pool_size = 30 {{(pid=96445) log_opt_values /opt/stack/data/venv/lib/python3.12/site-packages/oslo_config/cfg.py:3253}}
Jul 09 23:17:23.805470 np0000004934 nova-scheduler[96445]: DEBUG cotyledon.oslo_config_glue [-] oslo_messaging_rabbit.ssl = False {{(pid=96445) log_opt_values /opt/stack/data/venv/lib/python3.12/site-packages/oslo_config/cfg.py:3253}}
Jul 09 23:17:23.805470 np0000004934 nova-scheduler[96445]: DEBUG cotyledon.oslo_config_glue [-] oslo_messaging_rabbit.ssl_ca_file = {{(pid=96445) log_opt_values /opt/stack/data/venv/lib/python3.12/site-packages/oslo_config/cfg.py:3253}}
Jul 09 23:17:23.805470 np0000004934 nova-scheduler[96445]: DEBUG cotyledon.oslo_config_glue [-] oslo_messaging_rabbit.ssl_cert_file = {{(pid=96445) log_opt_values /opt/stack/data/venv/lib/python3.12/site-packages/oslo_config/cfg.py:3253}}
Jul 09 23:17:23.805470 np0000004934 nova-scheduler[96445]: DEBUG cotyledon.oslo_config_glue [-] oslo_messaging_rabbit.ssl_enforce_fips_mode = False {{(pid=96445) log_opt_values /opt/stack/data/venv/lib/python3.12/site-packages/oslo_config/cfg.py:3253}}
Jul 09 23:17:23.805470 np0000004934 nova-scheduler[96445]: DEBUG cotyledon.oslo_config_glue [-] oslo_messaging_rabbit.ssl_enforce_hostname_verification = True {{(pid=96445) log_opt_values /opt/stack/data/venv/lib/python3.12/site-packages/oslo_config/cfg.py:3253}}
Jul 09 23:17:23.805470 np0000004934 nova-scheduler[96445]: DEBUG cotyledon.oslo_config_glue [-] oslo_messaging_rabbit.ssl_key_file = {{(pid=96445) log_opt_values /opt/stack/data/venv/lib/python3.12/site-packages/oslo_config/cfg.py:3253}}
Jul 09 23:17:23.805776 np0000004934 nova-scheduler[96445]: DEBUG cotyledon.oslo_config_glue [-] oslo_messaging_rabbit.ssl_version = {{(pid=96445) log_opt_values /opt/stack/data/venv/lib/python3.12/site-packages/oslo_config/cfg.py:3253}}
Jul 09 23:17:23.805776 np0000004934 nova-scheduler[96445]: DEBUG cotyledon.oslo_config_glue [-] oslo_messaging_rabbit.use_queue_manager = False {{(pid=96445) log_opt_values /opt/stack/data/venv/lib/python3.12/site-packages/oslo_config/cfg.py:3253}}
Jul 09 23:17:23.805776 np0000004934 nova-scheduler[96445]: DEBUG cotyledon.oslo_config_glue [-] oslo_messaging_notifications.driver = ['messagingv2'] {{(pid=96445) log_opt_values /opt/stack/data/venv/lib/python3.12/site-packages/oslo_config/cfg.py:3253}}
Jul 09 23:17:23.805776 np0000004934 nova-scheduler[96445]: DEBUG cotyledon.oslo_config_glue [-] oslo_messaging_notifications.retry = -1 {{(pid=96445) log_opt_values /opt/stack/data/venv/lib/python3.12/site-packages/oslo_config/cfg.py:3253}}
Jul 09 23:17:23.805776 np0000004934 nova-scheduler[96445]: DEBUG cotyledon.oslo_config_glue [-] oslo_messaging_notifications.topics = ['notifications'] {{(pid=96445) log_opt_values /opt/stack/data/venv/lib/python3.12/site-packages/oslo_config/cfg.py:3253}}
Jul 09 23:17:23.805776 np0000004934 nova-scheduler[96445]: DEBUG cotyledon.oslo_config_glue [-] oslo_messaging_notifications.transport_url = **** {{(pid=96445) log_opt_values /opt/stack/data/venv/lib/python3.12/site-packages/oslo_config/cfg.py:3253}}
Jul 09 23:17:23.805776 np0000004934 nova-scheduler[96445]: DEBUG cotyledon.oslo_config_glue [-] oslo_limit.auth_section = None {{(pid=96445) log_opt_values /opt/stack/data/venv/lib/python3.12/site-packages/oslo_config/cfg.py:3253}}
Jul 09 23:17:23.805776 np0000004934 nova-scheduler[96445]: DEBUG cotyledon.oslo_config_glue [-] oslo_limit.auth_type = None {{(pid=96445) log_opt_values /opt/stack/data/venv/lib/python3.12/site-packages/oslo_config/cfg.py:3253}}
Jul 09 23:17:23.805776 np0000004934 nova-scheduler[96445]: DEBUG cotyledon.oslo_config_glue [-] oslo_limit.cafile = None {{(pid=96445) log_opt_values /opt/stack/data/venv/lib/python3.12/site-packages/oslo_config/cfg.py:3253}}
Jul 09 23:17:23.806038 np0000004934 nova-scheduler[96445]: DEBUG cotyledon.oslo_config_glue [-] oslo_limit.certfile = None {{(pid=96445) log_opt_values /opt/stack/data/venv/lib/python3.12/site-packages/oslo_config/cfg.py:3253}}
Jul 09 23:17:23.806038 np0000004934 nova-scheduler[96445]: DEBUG cotyledon.oslo_config_glue [-] oslo_limit.collect_timing = False {{(pid=96445) log_opt_values /opt/stack/data/venv/lib/python3.12/site-packages/oslo_config/cfg.py:3253}}
Jul 09 23:17:23.806038 np0000004934 nova-scheduler[96445]: DEBUG cotyledon.oslo_config_glue [-] oslo_limit.connect_retries = None {{(pid=96445) log_opt_values /opt/stack/data/venv/lib/python3.12/site-packages/oslo_config/cfg.py:3253}}
Jul 09 23:17:23.806038 np0000004934 nova-scheduler[96445]: DEBUG cotyledon.oslo_config_glue [-] oslo_limit.connect_retry_delay = None {{(pid=96445) log_opt_values /opt/stack/data/venv/lib/python3.12/site-packages/oslo_config/cfg.py:3253}}
Jul 09 23:17:23.806038 np0000004934 nova-scheduler[96445]: DEBUG cotyledon.oslo_config_glue [-] oslo_limit.endpoint_id = None {{(pid=96445) log_opt_values /opt/stack/data/venv/lib/python3.12/site-packages/oslo_config/cfg.py:3253}}
Jul 09 23:17:23.806038 np0000004934 nova-scheduler[96445]: DEBUG cotyledon.oslo_config_glue [-] oslo_limit.endpoint_interface = public {{(pid=96445) log_opt_values /opt/stack/data/venv/lib/python3.12/site-packages/oslo_config/cfg.py:3253}}
Jul 09 23:17:23.806038 np0000004934 nova-scheduler[96445]: DEBUG cotyledon.oslo_config_glue [-] oslo_limit.endpoint_override = None {{(pid=96445) log_opt_values /opt/stack/data/venv/lib/python3.12/site-packages/oslo_config/cfg.py:3253}}
Jul 09 23:17:23.806038 np0000004934 nova-scheduler[96445]: DEBUG cotyledon.oslo_config_glue [-] oslo_limit.endpoint_region_name = None {{(pid=96445) log_opt_values /opt/stack/data/venv/lib/python3.12/site-packages/oslo_config/cfg.py:3253}}
Jul 09 23:17:23.806038 np0000004934 nova-scheduler[96445]: DEBUG cotyledon.oslo_config_glue [-] oslo_limit.endpoint_service_name = None {{(pid=96445) log_opt_values /opt/stack/data/venv/lib/python3.12/site-packages/oslo_config/cfg.py:3253}}
Jul 09 23:17:23.806400 np0000004934 nova-scheduler[96445]: DEBUG cotyledon.oslo_config_glue [-] oslo_limit.endpoint_service_type = None {{(pid=96445) log_opt_values /opt/stack/data/venv/lib/python3.12/site-packages/oslo_config/cfg.py:3253}}
Jul 09 23:17:23.806400 np0000004934 nova-scheduler[96445]: DEBUG cotyledon.oslo_config_glue [-] oslo_limit.insecure = False {{(pid=96445) log_opt_values /opt/stack/data/venv/lib/python3.12/site-packages/oslo_config/cfg.py:3253}}
Jul 09 23:17:23.806400 np0000004934 nova-scheduler[96445]: DEBUG cotyledon.oslo_config_glue [-] oslo_limit.keyfile = None {{(pid=96445) log_opt_values /opt/stack/data/venv/lib/python3.12/site-packages/oslo_config/cfg.py:3253}}
Jul 09 23:17:23.806400 np0000004934 nova-scheduler[96445]: DEBUG cotyledon.oslo_config_glue [-] oslo_limit.max_version = None {{(pid=96445) log_opt_values /opt/stack/data/venv/lib/python3.12/site-packages/oslo_config/cfg.py:3253}}
Jul 09 23:17:23.806400 np0000004934 nova-scheduler[96445]: DEBUG cotyledon.oslo_config_glue [-] oslo_limit.min_version = None {{(pid=96445) log_opt_values /opt/stack/data/venv/lib/python3.12/site-packages/oslo_config/cfg.py:3253}}
Jul 09 23:17:23.806400 np0000004934 nova-scheduler[96445]: DEBUG cotyledon.oslo_config_glue [-] oslo_limit.region_name = None {{(pid=96445) log_opt_values /opt/stack/data/venv/lib/python3.12/site-packages/oslo_config/cfg.py:3253}}
Jul 09 23:17:23.806400 np0000004934 nova-scheduler[96445]: DEBUG cotyledon.oslo_config_glue [-] oslo_limit.retriable_status_codes = None {{(pid=96445) log_opt_values /opt/stack/data/venv/lib/python3.12/site-packages/oslo_config/cfg.py:3253}}
Jul 09 23:17:23.806400 np0000004934 nova-scheduler[96445]: DEBUG cotyledon.oslo_config_glue [-] oslo_limit.service_name = None {{(pid=96445) log_opt_values /opt/stack/data/venv/lib/python3.12/site-packages/oslo_config/cfg.py:3253}}
Jul 09 23:17:23.806400 np0000004934 nova-scheduler[96445]: DEBUG cotyledon.oslo_config_glue [-] oslo_limit.service_type = None {{(pid=96445) log_opt_values /opt/stack/data/venv/lib/python3.12/site-packages/oslo_config/cfg.py:3253}}
Jul 09 23:17:23.806640 np0000004934 nova-scheduler[96445]: DEBUG cotyledon.oslo_config_glue [-] oslo_limit.split_loggers = False {{(pid=96445) log_opt_values /opt/stack/data/venv/lib/python3.12/site-packages/oslo_config/cfg.py:3253}}
Jul 09 23:17:23.806640 np0000004934 nova-scheduler[96445]: DEBUG cotyledon.oslo_config_glue [-] oslo_limit.status_code_retries = None {{(pid=96445) log_opt_values /opt/stack/data/venv/lib/python3.12/site-packages/oslo_config/cfg.py:3253}}
Jul 09 23:17:23.806640 np0000004934 nova-scheduler[96445]: DEBUG cotyledon.oslo_config_glue [-] oslo_limit.status_code_retry_delay = None {{(pid=96445) log_opt_values /opt/stack/data/venv/lib/python3.12/site-packages/oslo_config/cfg.py:3253}}
Jul 09 23:17:23.806640 np0000004934 nova-scheduler[96445]: DEBUG cotyledon.oslo_config_glue [-] oslo_limit.timeout = None {{(pid=96445) log_opt_values /opt/stack/data/venv/lib/python3.12/site-packages/oslo_config/cfg.py:3253}}
Jul 09 23:17:23.806640 np0000004934 nova-scheduler[96445]: DEBUG cotyledon.oslo_config_glue [-] oslo_limit.valid_interfaces = None {{(pid=96445) log_opt_values /opt/stack/data/venv/lib/python3.12/site-packages/oslo_config/cfg.py:3253}}
Jul 09 23:17:23.806640 np0000004934 nova-scheduler[96445]: DEBUG cotyledon.oslo_config_glue [-] oslo_limit.version = None {{(pid=96445) log_opt_values /opt/stack/data/venv/lib/python3.12/site-packages/oslo_config/cfg.py:3253}}
Jul 09 23:17:23.806640 np0000004934 nova-scheduler[96445]: DEBUG cotyledon.oslo_config_glue [-] oslo_reports.file_event_handler = None {{(pid=96445) log_opt_values /opt/stack/data/venv/lib/python3.12/site-packages/oslo_config/cfg.py:3253}}
Jul 09 23:17:23.806640 np0000004934 nova-scheduler[96445]: DEBUG cotyledon.oslo_config_glue [-] oslo_reports.file_event_handler_interval = 1 {{(pid=96445) log_opt_values /opt/stack/data/venv/lib/python3.12/site-packages/oslo_config/cfg.py:3253}}
Jul 09 23:17:23.806640 np0000004934 nova-scheduler[96445]: DEBUG cotyledon.oslo_config_glue [-] oslo_reports.log_dir = None {{(pid=96445) log_opt_values /opt/stack/data/venv/lib/python3.12/site-packages/oslo_config/cfg.py:3253}}
Jul 09 23:17:23.806944 np0000004934 nova-scheduler[96445]: DEBUG cotyledon.oslo_config_glue [-] ******************************************************************************** {{(pid=96445) log_opt_values /opt/stack/data/venv/lib/python3.12/site-packages/oslo_config/cfg.py:3260}}
Jul 09 23:17:23.806944 np0000004934 nova-scheduler[96445]: DEBUG cotyledon._service_worker [-] Run service ServiceWrapper(3) [96445] {{(pid=96445) wait_forever /opt/stack/data/venv/lib/python3.12/site-packages/cotyledon/_service_worker.py:218}}
Jul 09 23:17:23.806944 np0000004934 nova-scheduler[96445]: INFO nova.service [-] Starting scheduler node (version 33.1.0)
Jul 09 23:17:23.806944 np0000004934 nova-scheduler[96445]: INFO dbcounter [None req-6d0d33fd-a2b8-4e1f-ba42-eb1599614132 None None] Registered counter for database nova_cell0
Jul 09 23:17:23.807076 np0000004934 nova-scheduler[96441]: DEBUG dbcounter [-] [96441] Writer thread running {{(pid=96441) stat_writer /opt/stack/data/venv/lib/python3.12/site-packages/dbcounter.py:102}}
Jul 09 23:17:23.807128 np0000004934 nova-scheduler[96439]: DEBUG nova.service [None req-f398ed88-2830-4e67-bfb5-4c6544fafcb4 None None] Creating RPC server for service: nova-scheduler on topic: scheduler {{(pid=96439) start /opt/stack/nova/nova/service.py:196}}
Jul 09 23:17:23.811628 np0000004934 nova-scheduler[96441]: DEBUG nova.service [None req-880db59e-1e08-47c3-afdf-5912765667f9 None None] Creating RPC server for service: nova-scheduler on topic: scheduler {{(pid=96441) start /opt/stack/nova/nova/service.py:196}}
Jul 09 23:17:23.812633 np0000004934 nova-scheduler[96443]: DEBUG oslo_db.sqlalchemy.engines [None req-ec74dbc7-9b67-40d5-8380-3502adeb58cd None None] MySQL server mode set to STRICT_TRANS_TABLES,STRICT_ALL_TABLES,NO_ZERO_IN_DATE,NO_ZERO_DATE,ERROR_FOR_DIVISION_BY_ZERO,TRADITIONAL,NO_ENGINE_SUBSTITUTION {{(pid=96443) _check_effective_sql_mode /opt/stack/data/venv/lib/python3.12/site-packages/oslo_db/sqlalchemy/engines.py:325}}
Jul 09 23:17:23.823680 np0000004934 nova-scheduler[96443]: DEBUG dbcounter [-] [96443] Writer thread running {{(pid=96443) stat_writer /opt/stack/data/venv/lib/python3.12/site-packages/dbcounter.py:102}}
Jul 09 23:17:23.827347 np0000004934 nova-scheduler[96443]: DEBUG nova.service [None req-ec74dbc7-9b67-40d5-8380-3502adeb58cd None None] Creating RPC server for service: nova-scheduler on topic: scheduler {{(pid=96443) start /opt/stack/nova/nova/service.py:196}}
Jul 09 23:17:23.831581 np0000004934 nova-scheduler[96439]: DEBUG nova.service [None req-f398ed88-2830-4e67-bfb5-4c6544fafcb4 None None] Join ServiceGroup membership for this service scheduler {{(pid=96439) start /opt/stack/nova/nova/service.py:222}}
Jul 09 23:17:23.831834 np0000004934 nova-scheduler[96439]: DEBUG nova.servicegroup.drivers.db [None req-f398ed88-2830-4e67-bfb5-4c6544fafcb4 None None] DB_Driver: join new ServiceGroup member np0000004934 to the scheduler group, service = {{(pid=96439) join /opt/stack/nova/nova/servicegroup/drivers/db.py:44}}
Jul 09 23:17:23.836025 np0000004934 nova-scheduler[96441]: DEBUG nova.service [None req-880db59e-1e08-47c3-afdf-5912765667f9 None None] Join ServiceGroup membership for this service scheduler {{(pid=96441) start /opt/stack/nova/nova/service.py:222}}
Jul 09 23:17:23.836202 np0000004934 nova-scheduler[96441]: DEBUG nova.servicegroup.drivers.db [None req-880db59e-1e08-47c3-afdf-5912765667f9 None None] DB_Driver: join new ServiceGroup member np0000004934 to the scheduler group, service = {{(pid=96441) join /opt/stack/nova/nova/servicegroup/drivers/db.py:44}}
Jul 09 23:17:23.846791 np0000004934 nova-scheduler[96445]: DEBUG oslo_db.sqlalchemy.engines [None req-6d0d33fd-a2b8-4e1f-ba42-eb1599614132 None None] MySQL server mode set to STRICT_TRANS_TABLES,STRICT_ALL_TABLES,NO_ZERO_IN_DATE,NO_ZERO_DATE,ERROR_FOR_DIVISION_BY_ZERO,TRADITIONAL,NO_ENGINE_SUBSTITUTION {{(pid=96445) _check_effective_sql_mode /opt/stack/data/venv/lib/python3.12/site-packages/oslo_db/sqlalchemy/engines.py:325}}
Jul 09 23:17:23.853036 np0000004934 nova-scheduler[96443]: DEBUG nova.service [None req-ec74dbc7-9b67-40d5-8380-3502adeb58cd None None] Join ServiceGroup membership for this service scheduler {{(pid=96443) start /opt/stack/nova/nova/service.py:222}}
Jul 09 23:17:23.853235 np0000004934 nova-scheduler[96443]: DEBUG nova.servicegroup.drivers.db [None req-ec74dbc7-9b67-40d5-8380-3502adeb58cd None None] DB_Driver: join new ServiceGroup member np0000004934 to the scheduler group, service = {{(pid=96443) join /opt/stack/nova/nova/servicegroup/drivers/db.py:44}}
Jul 09 23:17:23.855864 np0000004934 nova-scheduler[96445]: DEBUG dbcounter [-] [96445] Writer thread running {{(pid=96445) stat_writer /opt/stack/data/venv/lib/python3.12/site-packages/dbcounter.py:102}}
Jul 09 23:17:23.859216 np0000004934 nova-scheduler[96445]: DEBUG nova.service [None req-6d0d33fd-a2b8-4e1f-ba42-eb1599614132 None None] Creating RPC server for service: nova-scheduler on topic: scheduler {{(pid=96445) start /opt/stack/nova/nova/service.py:196}}
Jul 09 23:17:23.879673 np0000004934 nova-scheduler[96445]: DEBUG nova.service [None req-6d0d33fd-a2b8-4e1f-ba42-eb1599614132 None None] Join ServiceGroup membership for this service scheduler {{(pid=96445) start /opt/stack/nova/nova/service.py:222}}
Jul 09 23:17:23.879898 np0000004934 nova-scheduler[96445]: DEBUG nova.servicegroup.drivers.db [None req-6d0d33fd-a2b8-4e1f-ba42-eb1599614132 None None] DB_Driver: join new ServiceGroup member np0000004934 to the scheduler group, service = {{(pid=96445) join /opt/stack/nova/nova/servicegroup/drivers/db.py:44}}
Jul 09 23:17:28.845588 np0000004934 nova-scheduler[96439]: DEBUG oslo.service.backend._threading.loopingcall [-] Fixed interval looping call 'nova.servicegroup.drivers.db.DbDriver._report_state' sleeping for 119.99 seconds {{(pid=96439) _run_loop /opt/stack/data/venv/lib/python3.12/site-packages/oslo_service/backend/_threading/loopingcall.py:125}}
Jul 09 23:17:28.849032 np0000004934 nova-scheduler[96441]: DEBUG oslo.service.backend._threading.loopingcall [-] Fixed interval looping call 'nova.servicegroup.drivers.db.DbDriver._report_state' sleeping for 119.99 seconds {{(pid=96441) _run_loop /opt/stack/data/venv/lib/python3.12/site-packages/oslo_service/backend/_threading/loopingcall.py:125}}
Jul 09 23:17:28.866178 np0000004934 nova-scheduler[96443]: DEBUG oslo.service.backend._threading.loopingcall [-] Fixed interval looping call 'nova.servicegroup.drivers.db.DbDriver._report_state' sleeping for 119.99 seconds {{(pid=96443) _run_loop /opt/stack/data/venv/lib/python3.12/site-packages/oslo_service/backend/_threading/loopingcall.py:125}}
Jul 09 23:17:28.892786 np0000004934 nova-scheduler[96445]: DEBUG oslo.service.backend._threading.loopingcall [-] Fixed interval looping call 'nova.servicegroup.drivers.db.DbDriver._report_state' sleeping for 119.99 seconds {{(pid=96445) _run_loop /opt/stack/data/venv/lib/python3.12/site-packages/oslo_service/backend/_threading/loopingcall.py:125}}
Jul 09 23:17:32.354021 np0000004934 nova-scheduler[95247]: DEBUG dbcounter [-] [95247] Writing DB stats nova_api:SELECT=3 {{(pid=95247) stat_writer /opt/stack/data/venv/lib/python3.12/site-packages/dbcounter.py:115}}
Jul 09 23:17:32.490054 np0000004934 nova-scheduler[95247]: DEBUG dbcounter [-] [95247] Writing DB stats nova_cell0:SELECT=1 {{(pid=95247) stat_writer /opt/stack/data/venv/lib/python3.12/site-packages/dbcounter.py:115}}
Jul 09 23:17:32.495250 np0000004934 nova-scheduler[95247]: DEBUG dbcounter [-] [95247] Writing DB stats nova_cell1:SELECT=1 {{(pid=95247) stat_writer /opt/stack/data/venv/lib/python3.12/site-packages/dbcounter.py:115}}
Jul 09 23:17:38.842372 np0000004934 nova-scheduler[96439]: DEBUG dbcounter [-] [96439] Writing DB stats nova_cell0:SELECT=4,nova_cell0:INSERT=1,nova_cell0:UPDATE=1 {{(pid=96439) stat_writer /opt/stack/data/venv/lib/python3.12/site-packages/dbcounter.py:115}}
Jul 09 23:17:38.849723 np0000004934 nova-scheduler[96441]: DEBUG dbcounter [-] [96441] Writing DB stats nova_cell0:SELECT=5,nova_cell0:INSERT=1,nova_cell0:UPDATE=1 {{(pid=96441) stat_writer /opt/stack/data/venv/lib/python3.12/site-packages/dbcounter.py:115}}
Jul 09 23:17:38.862916 np0000004934 nova-scheduler[96443]: DEBUG dbcounter [-] [96443] Writing DB stats nova_cell0:SELECT=3 {{(pid=96443) stat_writer /opt/stack/data/venv/lib/python3.12/site-packages/dbcounter.py:115}}
Jul 09 23:17:38.889032 np0000004934 nova-scheduler[96445]: DEBUG dbcounter [-] [96445] Writing DB stats nova_cell0:SELECT=3 {{(pid=96445) stat_writer /opt/stack/data/venv/lib/python3.12/site-packages/dbcounter.py:115}}
Jul 09 23:17:45.834352 np0000004934 nova-scheduler[96439]: DEBUG oslo.service.backend._threading.loopingcall [None req-4d8150f5-c660-47e3-b08e-6a688dfd2330 None None] Dynamic interval looping call 'nova.service.Service.periodic_tasks' sleeping for 60.00 seconds {{(pid=96439) _run_loop /opt/stack/data/venv/lib/python3.12/site-packages/oslo_service/backend/_threading/loopingcall.py:125}}
Jul 09 23:17:51.881842 np0000004934 nova-scheduler[96445]: DEBUG oslo.service.backend._threading.loopingcall [None req-45bb034f-99d6-4a1a-a846-5ca592915549 None None] Dynamic interval looping call 'nova.service.Service.periodic_tasks' sleeping for 60.00 seconds {{(pid=96445) _run_loop /opt/stack/data/venv/lib/python3.12/site-packages/oslo_service/backend/_threading/loopingcall.py:125}}
Jul 09 23:17:53.838059 np0000004934 nova-scheduler[96441]: DEBUG oslo.service.backend._threading.loopingcall [None req-1e64c1a9-cffa-4763-8ff8-a71de0bc6379 None None] Dynamic interval looping call 'nova.service.Service.periodic_tasks' sleeping for 60.00 seconds {{(pid=96441) _run_loop /opt/stack/data/venv/lib/python3.12/site-packages/oslo_service/backend/_threading/loopingcall.py:125}}
Jul 09 23:18:07.855985 np0000004934 nova-scheduler[96443]: DEBUG oslo.service.backend._threading.loopingcall [None req-65d8cc37-5405-4caa-b703-8af1f809b73c None None] Dynamic interval looping call 'nova.service.Service.periodic_tasks' sleeping for 60.00 seconds {{(pid=96443) _run_loop /opt/stack/data/venv/lib/python3.12/site-packages/oslo_service/backend/_threading/loopingcall.py:125}}
Jul 09 23:18:45.834911 np0000004934 nova-scheduler[96439]: DEBUG oslo.service.backend._threading.loopingcall [None req-4d8150f5-c660-47e3-b08e-6a688dfd2330 None None] Dynamic interval looping call 'nova.service.Service.periodic_tasks' sleeping for 60.00 seconds {{(pid=96439) _run_loop /opt/stack/data/venv/lib/python3.12/site-packages/oslo_service/backend/_threading/loopingcall.py:125}}
Jul 09 23:18:51.882463 np0000004934 nova-scheduler[96445]: DEBUG oslo.service.backend._threading.loopingcall [None req-45bb034f-99d6-4a1a-a846-5ca592915549 None None] Dynamic interval looping call 'nova.service.Service.periodic_tasks' sleeping for 60.00 seconds {{(pid=96445) _run_loop /opt/stack/data/venv/lib/python3.12/site-packages/oslo_service/backend/_threading/loopingcall.py:125}}
Jul 09 23:18:53.838672 np0000004934 nova-scheduler[96441]: DEBUG oslo.service.backend._threading.loopingcall [None req-1e64c1a9-cffa-4763-8ff8-a71de0bc6379 None None] Dynamic interval looping call 'nova.service.Service.periodic_tasks' sleeping for 60.00 seconds {{(pid=96441) _run_loop /opt/stack/data/venv/lib/python3.12/site-packages/oslo_service/backend/_threading/loopingcall.py:125}}
Jul 09 23:19:07.856435 np0000004934 nova-scheduler[96443]: DEBUG oslo.service.backend._threading.loopingcall [None req-65d8cc37-5405-4caa-b703-8af1f809b73c None None] Dynamic interval looping call 'nova.service.Service.periodic_tasks' sleeping for 60.00 seconds {{(pid=96443) _run_loop /opt/stack/data/venv/lib/python3.12/site-packages/oslo_service/backend/_threading/loopingcall.py:125}}
Jul 09 23:19:28.847256 np0000004934 nova-scheduler[96439]: DEBUG oslo.service.backend._threading.loopingcall [-] Fixed interval looping call 'nova.servicegroup.drivers.db.DbDriver._report_state' sleeping for 119.99 seconds {{(pid=96439) _run_loop /opt/stack/data/venv/lib/python3.12/site-packages/oslo_service/backend/_threading/loopingcall.py:125}}
Jul 09 23:19:28.848068 np0000004934 nova-scheduler[96441]: DEBUG oslo.service.backend._threading.loopingcall [-] Fixed interval looping call 'nova.servicegroup.drivers.db.DbDriver._report_state' sleeping for 119.99 seconds {{(pid=96441) _run_loop /opt/stack/data/venv/lib/python3.12/site-packages/oslo_service/backend/_threading/loopingcall.py:125}}
Jul 09 23:19:28.861498 np0000004934 nova-scheduler[96443]: DEBUG oslo.service.backend._threading.loopingcall [-] Fixed interval looping call 'nova.servicegroup.drivers.db.DbDriver._report_state' sleeping for 120.00 seconds {{(pid=96443) _run_loop /opt/stack/data/venv/lib/python3.12/site-packages/oslo_service/backend/_threading/loopingcall.py:125}}
Jul 09 23:19:28.887991 np0000004934 nova-scheduler[96445]: DEBUG oslo.service.backend._threading.loopingcall [-] Fixed interval looping call 'nova.servicegroup.drivers.db.DbDriver._report_state' sleeping for 120.00 seconds {{(pid=96445) _run_loop /opt/stack/data/venv/lib/python3.12/site-packages/oslo_service/backend/_threading/loopingcall.py:125}}
Jul 09 23:19:39.096642 np0000004934 nova-scheduler[96439]: DEBUG dbcounter [-] [96439] Writing DB stats nova_cell0:SELECT=1,nova_cell0:UPDATE=1 {{(pid=96439) stat_writer /opt/stack/data/venv/lib/python3.12/site-packages/dbcounter.py:115}}
Jul 09 23:19:39.097377 np0000004934 nova-scheduler[96441]: DEBUG dbcounter [-] [96441] Writing DB stats nova_cell0:SELECT=1,nova_cell0:UPDATE=1 {{(pid=96441) stat_writer /opt/stack/data/venv/lib/python3.12/site-packages/dbcounter.py:115}}
Jul 09 23:19:39.098242 np0000004934 nova-scheduler[96443]: DEBUG dbcounter [-] [96443] Writing DB stats nova_cell0:SELECT=1 {{(pid=96443) stat_writer /opt/stack/data/venv/lib/python3.12/site-packages/dbcounter.py:115}}
Jul 09 23:19:39.098782 np0000004934 nova-scheduler[96445]: DEBUG dbcounter [-] [96445] Writing DB stats nova_cell0:SELECT=1 {{(pid=96445) stat_writer /opt/stack/data/venv/lib/python3.12/site-packages/dbcounter.py:115}}
Jul 09 23:19:45.835394 np0000004934 nova-scheduler[96439]: DEBUG oslo.service.backend._threading.loopingcall [None req-4d8150f5-c660-47e3-b08e-6a688dfd2330 None None] Dynamic interval looping call 'nova.service.Service.periodic_tasks' sleeping for 60.00 seconds {{(pid=96439) _run_loop /opt/stack/data/venv/lib/python3.12/site-packages/oslo_service/backend/_threading/loopingcall.py:125}}
Jul 09 23:19:51.808379 np0000004934 nova-scheduler[96439]: DEBUG nova.scheduler.manager [None req-ca05d03f-d2f2-4d32-9862-6b604b6f7364 tempest-ServerActionsTestOtherA-1560820831 tempest-ServerActionsTestOtherA-1560820831-project-member] Starting to schedule for instances: ['e7739fb4-8f3e-4465-b28c-30abe1951637'] {{(pid=96439) select_destinations /opt/stack/nova/nova/scheduler/manager.py:209}}
Jul 09 23:19:51.808935 np0000004934 nova-scheduler[96439]: DEBUG nova.scheduler.request_filter [None req-ca05d03f-d2f2-4d32-9862-6b604b6f7364 tempest-ServerActionsTestOtherA-1560820831 tempest-ServerActionsTestOtherA-1560820831-project-member] compute_status_filter request filter added forbidden trait COMPUTE_STATUS_DISABLED {{(pid=96439) compute_status_filter /opt/stack/nova/nova/scheduler/request_filter.py:253}}
Jul 09 23:19:51.809014 np0000004934 nova-scheduler[96439]: DEBUG nova.scheduler.request_filter [None req-ca05d03f-d2f2-4d32-9862-6b604b6f7364 tempest-ServerActionsTestOtherA-1560820831 tempest-ServerActionsTestOtherA-1560820831-project-member] Request filter 'compute_status_filter' took 0.0 seconds {{(pid=96439) wrapper /opt/stack/nova/nova/scheduler/request_filter.py:46}}
Jul 09 23:19:51.809202 np0000004934 nova-scheduler[96439]: DEBUG nova.scheduler.request_filter [None req-ca05d03f-d2f2-4d32-9862-6b604b6f7364 tempest-ServerActionsTestOtherA-1560820831 tempest-ServerActionsTestOtherA-1560820831-project-member] Request filter 'accelerators_filter' took 0.0 seconds {{(pid=96439) wrapper /opt/stack/nova/nova/scheduler/request_filter.py:46}}
Jul 09 23:19:51.809453 np0000004934 nova-scheduler[96439]: DEBUG nova.scheduler.request_filter [None req-ca05d03f-d2f2-4d32-9862-6b604b6f7364 tempest-ServerActionsTestOtherA-1560820831 tempest-ServerActionsTestOtherA-1560820831-project-member] Request filter 'packed_virtqueue_filter' took 0.0 seconds {{(pid=96439) wrapper /opt/stack/nova/nova/scheduler/request_filter.py:46}}
Jul 09 23:19:51.809771 np0000004934 nova-scheduler[96439]: DEBUG nova.scheduler.request_filter [None req-ca05d03f-d2f2-4d32-9862-6b604b6f7364 tempest-ServerActionsTestOtherA-1560820831 tempest-ServerActionsTestOtherA-1560820831-project-member] Request filter 'remote_managed_ports_filter' took 0.0 seconds {{(pid=96439) wrapper /opt/stack/nova/nova/scheduler/request_filter.py:46}}
Jul 09 23:19:51.809994 np0000004934 nova-scheduler[96439]: DEBUG nova.scheduler.request_filter [None req-ca05d03f-d2f2-4d32-9862-6b604b6f7364 tempest-ServerActionsTestOtherA-1560820831 tempest-ServerActionsTestOtherA-1560820831-project-member] ephemeral_encryption_filter skipped {{(pid=96439) ephemeral_encryption_filter /opt/stack/nova/nova/scheduler/request_filter.py:426}}
Jul 09 23:19:51.810201 np0000004934 nova-scheduler[96439]: DEBUG nova.scheduler.request_filter [None req-ca05d03f-d2f2-4d32-9862-6b604b6f7364 tempest-ServerActionsTestOtherA-1560820831 tempest-ServerActionsTestOtherA-1560820831-project-member] virtio_sound_filter skipped {{(pid=96439) virtio_sound_filter /opt/stack/nova/nova/scheduler/request_filter.py:460}}
Jul 09 23:19:51.810380 np0000004934 nova-scheduler[96439]: DEBUG nova.scheduler.request_filter [None req-ca05d03f-d2f2-4d32-9862-6b604b6f7364 tempest-ServerActionsTestOtherA-1560820831 tempest-ServerActionsTestOtherA-1560820831-project-member] tpm_secret_security_filter skipped {{(pid=96439) tpm_secret_security_filter /opt/stack/nova/nova/scheduler/request_filter.py:477}}
Jul 09 23:19:51.883069 np0000004934 nova-scheduler[96445]: DEBUG oslo.service.backend._threading.loopingcall [None req-45bb034f-99d6-4a1a-a846-5ca592915549 None None] Dynamic interval looping call 'nova.service.Service.periodic_tasks' sleeping for 60.00 seconds {{(pid=96445) _run_loop /opt/stack/data/venv/lib/python3.12/site-packages/oslo_service/backend/_threading/loopingcall.py:125}}
Jul 09 23:19:52.189114 np0000004934 nova-scheduler[96441]: DEBUG nova.scheduler.manager [None req-dfb2625c-5203-493c-8bfc-c5bfd63f4aa1 tempest-AttachVolumeShelveTestJSON-1089166367 tempest-AttachVolumeShelveTestJSON-1089166367-project-member] Starting to schedule for instances: ['6fd74181-b495-4b6b-9a49-5d48a94e1a82'] {{(pid=96441) select_destinations /opt/stack/nova/nova/scheduler/manager.py:209}}
Jul 09 23:19:52.189778 np0000004934 nova-scheduler[96441]: DEBUG nova.scheduler.request_filter [None req-dfb2625c-5203-493c-8bfc-c5bfd63f4aa1 tempest-AttachVolumeShelveTestJSON-1089166367 tempest-AttachVolumeShelveTestJSON-1089166367-project-member] compute_status_filter request filter added forbidden trait COMPUTE_STATUS_DISABLED {{(pid=96441) compute_status_filter /opt/stack/nova/nova/scheduler/request_filter.py:253}}
Jul 09 23:19:52.189946 np0000004934 nova-scheduler[96441]: DEBUG nova.scheduler.request_filter [None req-dfb2625c-5203-493c-8bfc-c5bfd63f4aa1 tempest-AttachVolumeShelveTestJSON-1089166367 tempest-AttachVolumeShelveTestJSON-1089166367-project-member] Request filter 'compute_status_filter' took 0.0 seconds {{(pid=96441) wrapper /opt/stack/nova/nova/scheduler/request_filter.py:46}}
Jul 09 23:19:52.190155 np0000004934 nova-scheduler[96441]: DEBUG nova.scheduler.request_filter [None req-dfb2625c-5203-493c-8bfc-c5bfd63f4aa1 tempest-AttachVolumeShelveTestJSON-1089166367 tempest-AttachVolumeShelveTestJSON-1089166367-project-member] Request filter 'accelerators_filter' took 0.0 seconds {{(pid=96441) wrapper /opt/stack/nova/nova/scheduler/request_filter.py:46}}
Jul 09 23:19:52.190383 np0000004934 nova-scheduler[96441]: DEBUG nova.scheduler.request_filter [None req-dfb2625c-5203-493c-8bfc-c5bfd63f4aa1 tempest-AttachVolumeShelveTestJSON-1089166367 tempest-AttachVolumeShelveTestJSON-1089166367-project-member] Request filter 'packed_virtqueue_filter' took 0.0 seconds {{(pid=96441) wrapper /opt/stack/nova/nova/scheduler/request_filter.py:46}}
Jul 09 23:19:52.190695 np0000004934 nova-scheduler[96441]: DEBUG nova.scheduler.request_filter [None req-dfb2625c-5203-493c-8bfc-c5bfd63f4aa1 tempest-AttachVolumeShelveTestJSON-1089166367 tempest-AttachVolumeShelveTestJSON-1089166367-project-member] Request filter 'remote_managed_ports_filter' took 0.0 seconds {{(pid=96441) wrapper /opt/stack/nova/nova/scheduler/request_filter.py:46}}
Jul 09 23:19:52.191239 np0000004934 nova-scheduler[96441]: DEBUG nova.scheduler.request_filter [None req-dfb2625c-5203-493c-8bfc-c5bfd63f4aa1 tempest-AttachVolumeShelveTestJSON-1089166367 tempest-AttachVolumeShelveTestJSON-1089166367-project-member] ephemeral_encryption_filter skipped {{(pid=96441) ephemeral_encryption_filter /opt/stack/nova/nova/scheduler/request_filter.py:426}}
Jul 09 23:19:52.191372 np0000004934 nova-scheduler[96441]: DEBUG nova.scheduler.request_filter [None req-dfb2625c-5203-493c-8bfc-c5bfd63f4aa1 tempest-AttachVolumeShelveTestJSON-1089166367 tempest-AttachVolumeShelveTestJSON-1089166367-project-member] virtio_sound_filter skipped {{(pid=96441) virtio_sound_filter /opt/stack/nova/nova/scheduler/request_filter.py:460}}
Jul 09 23:19:52.191555 np0000004934 nova-scheduler[96441]: DEBUG nova.scheduler.request_filter [None req-dfb2625c-5203-493c-8bfc-c5bfd63f4aa1 tempest-AttachVolumeShelveTestJSON-1089166367 tempest-AttachVolumeShelveTestJSON-1089166367-project-member] tpm_secret_security_filter skipped {{(pid=96441) tpm_secret_security_filter /opt/stack/nova/nova/scheduler/request_filter.py:477}}
Jul 09 23:19:52.469965 np0000004934 nova-scheduler[96439]: INFO nova.utils [None req-ca05d03f-d2f2-4d32-9862-6b604b6f7364 tempest-ServerActionsTestOtherA-1560820831 tempest-ServerActionsTestOtherA-1560820831-project-member] The cell worker thread pool ForkProcess-1.cell_worker is initialized
Jul 09 23:19:52.470085 np0000004934 nova-scheduler[96439]: DEBUG oslo_concurrency.lockutils [None req-ca05d03f-d2f2-4d32-9862-6b604b6f7364 tempest-ServerActionsTestOtherA-1560820831 tempest-ServerActionsTestOtherA-1560820831-project-member] Acquiring lock "2ec97c38-b561-4171-9db3-b9536bf8b097" by "nova.context.set_target_cell..get_or_set_cached_cell_and_set_connections" {{(pid=96439) inner /opt/stack/data/venv/lib/python3.12/site-packages/oslo_concurrency/lockutils.py:511}}
Jul 09 23:19:52.470285 np0000004934 nova-scheduler[96439]: DEBUG oslo_concurrency.lockutils [None req-ca05d03f-d2f2-4d32-9862-6b604b6f7364 tempest-ServerActionsTestOtherA-1560820831 tempest-ServerActionsTestOtherA-1560820831-project-member] Lock "2ec97c38-b561-4171-9db3-b9536bf8b097" acquired by "nova.context.set_target_cell..get_or_set_cached_cell_and_set_connections" :: waited 0.000s {{(pid=96439) inner /opt/stack/data/venv/lib/python3.12/site-packages/oslo_concurrency/lockutils.py:524}}
Jul 09 23:19:52.471969 np0000004934 nova-scheduler[96439]: DEBUG oslo_concurrency.lockutils [None req-ca05d03f-d2f2-4d32-9862-6b604b6f7364 tempest-ServerActionsTestOtherA-1560820831 tempest-ServerActionsTestOtherA-1560820831-project-member] Lock "2ec97c38-b561-4171-9db3-b9536bf8b097" "released" by "nova.context.set_target_cell..get_or_set_cached_cell_and_set_connections" :: held 0.002s {{(pid=96439) inner /opt/stack/data/venv/lib/python3.12/site-packages/oslo_concurrency/lockutils.py:543}}
Jul 09 23:19:52.475729 np0000004934 nova-scheduler[96439]: INFO dbcounter [None req-ca05d03f-d2f2-4d32-9862-6b604b6f7364 tempest-ServerActionsTestOtherA-1560820831 tempest-ServerActionsTestOtherA-1560820831-project-member] Registered counter for database nova_cell1
Jul 09 23:19:52.528640 np0000004934 nova-scheduler[96439]: DEBUG oslo_db.sqlalchemy.engines [None req-ca05d03f-d2f2-4d32-9862-6b604b6f7364 tempest-ServerActionsTestOtherA-1560820831 tempest-ServerActionsTestOtherA-1560820831-project-member] MySQL server mode set to STRICT_TRANS_TABLES,STRICT_ALL_TABLES,NO_ZERO_IN_DATE,NO_ZERO_DATE,ERROR_FOR_DIVISION_BY_ZERO,TRADITIONAL,NO_ENGINE_SUBSTITUTION {{(pid=96439) _check_effective_sql_mode /opt/stack/data/venv/lib/python3.12/site-packages/oslo_db/sqlalchemy/engines.py:325}}
Jul 09 23:19:52.536967 np0000004934 nova-scheduler[96439]: DEBUG dbcounter [-] [96439] Writer thread running {{(pid=96439) stat_writer /opt/stack/data/venv/lib/python3.12/site-packages/dbcounter.py:102}}
Jul 09 23:19:52.552618 np0000004934 nova-scheduler[96439]: DEBUG oslo_db.sqlalchemy.engines [None req-ca05d03f-d2f2-4d32-9862-6b604b6f7364 tempest-ServerActionsTestOtherA-1560820831 tempest-ServerActionsTestOtherA-1560820831-project-member] Parent process 95247 forked (96439) with an open database connection, which is being discarded and recreated. {{(pid=96439) checkout /opt/stack/data/venv/lib/python3.12/site-packages/oslo_db/sqlalchemy/engines.py:402}}
Jul 09 23:19:52.621956 np0000004934 nova-scheduler[96439]: DEBUG dbcounter [-] [96439] Writer thread running {{(pid=96439) stat_writer /opt/stack/data/venv/lib/python3.12/site-packages/dbcounter.py:102}}
