Jul 09 23:17:29.610104 np0000004934 nova-conductor[98894]: DEBUG cotyledon.oslo_config_glue [-] workarounds.skip_cpu_compare_on_dest = False {{(pid=98894) log_opt_values /opt/stack/data/venv/lib/python3.12/site-packages/oslo_config/cfg.py:3253}}
Jul 09 23:17:29.610104 np0000004934 nova-conductor[98894]: DEBUG cotyledon.oslo_config_glue [-] workarounds.skip_hypervisor_version_check_on_lm = False {{(pid=98894) log_opt_values /opt/stack/data/venv/lib/python3.12/site-packages/oslo_config/cfg.py:3253}}
Jul 09 23:17:29.610104 np0000004934 nova-conductor[98894]: DEBUG cotyledon.oslo_config_glue [-] workarounds.skip_reserve_in_use_ironic_nodes = False {{(pid=98894) log_opt_values /opt/stack/data/venv/lib/python3.12/site-packages/oslo_config/cfg.py:3253}}
Jul 09 23:17:29.610277 np0000004934 nova-conductor[98894]: DEBUG cotyledon.oslo_config_glue [-] workarounds.unified_limits_count_pcpu_as_vcpu = False {{(pid=98894) log_opt_values /opt/stack/data/venv/lib/python3.12/site-packages/oslo_config/cfg.py:3253}}
Jul 09 23:17:29.610277 np0000004934 nova-conductor[98894]: DEBUG cotyledon.oslo_config_glue [-] workarounds.wait_for_vif_plugged_event_during_hard_reboot = [] {{(pid=98894) log_opt_values /opt/stack/data/venv/lib/python3.12/site-packages/oslo_config/cfg.py:3253}}
Jul 09 23:17:29.610277 np0000004934 nova-conductor[98894]: DEBUG cotyledon.oslo_config_glue [-] wsgi.api_paste_config = /etc/nova/api-paste.ini {{(pid=98894) log_opt_values /opt/stack/data/venv/lib/python3.12/site-packages/oslo_config/cfg.py:3253}}
Jul 09 23:17:29.610277 np0000004934 nova-conductor[98894]: DEBUG cotyledon.oslo_config_glue [-] wsgi.secure_proxy_ssl_header = None {{(pid=98894) log_opt_values /opt/stack/data/venv/lib/python3.12/site-packages/oslo_config/cfg.py:3253}}
Jul 09 23:17:29.610277 np0000004934 nova-conductor[98894]: DEBUG cotyledon.oslo_config_glue [-] zvm.ca_file = None {{(pid=98894) log_opt_values /opt/stack/data/venv/lib/python3.12/site-packages/oslo_config/cfg.py:3253}}
Jul 09 23:17:29.610277 np0000004934 nova-conductor[98894]: DEBUG cotyledon.oslo_config_glue [-] zvm.cloud_connector_url = None {{(pid=98894) log_opt_values /opt/stack/data/venv/lib/python3.12/site-packages/oslo_config/cfg.py:3253}}
Jul 09 23:17:29.610277 np0000004934 nova-conductor[98894]: DEBUG cotyledon.oslo_config_glue [-] zvm.image_tmp_path = /opt/stack/data/nova/images {{(pid=98894) log_opt_values /opt/stack/data/venv/lib/python3.12/site-packages/oslo_config/cfg.py:3253}}
Jul 09 23:17:29.610277 np0000004934 nova-conductor[98894]: DEBUG cotyledon.oslo_config_glue [-] zvm.reachable_timeout = 300 {{(pid=98894) log_opt_values /opt/stack/data/venv/lib/python3.12/site-packages/oslo_config/cfg.py:3253}}
Jul 09 23:17:29.610277 np0000004934 nova-conductor[98894]: DEBUG cotyledon.oslo_config_glue [-] oslo_versionedobjects.fatal_exception_format_errors = False {{(pid=98894) log_opt_values /opt/stack/data/venv/lib/python3.12/site-packages/oslo_config/cfg.py:3253}}
Jul 09 23:17:29.610447 np0000004934 nova-conductor[98894]: DEBUG cotyledon.oslo_config_glue [-] oslo_middleware.http_basic_auth_user_file = /etc/htpasswd {{(pid=98894) log_opt_values /opt/stack/data/venv/lib/python3.12/site-packages/oslo_config/cfg.py:3253}}
Jul 09 23:17:29.610447 np0000004934 nova-conductor[98894]: DEBUG cotyledon.oslo_config_glue [-] profiler.connection_string = messaging:// {{(pid=98894) log_opt_values /opt/stack/data/venv/lib/python3.12/site-packages/oslo_config/cfg.py:3253}}
Jul 09 23:17:29.610447 np0000004934 nova-conductor[98894]: DEBUG cotyledon.oslo_config_glue [-] profiler.enabled = False {{(pid=98894) log_opt_values /opt/stack/data/venv/lib/python3.12/site-packages/oslo_config/cfg.py:3253}}
Jul 09 23:17:29.610447 np0000004934 nova-conductor[98894]: DEBUG cotyledon.oslo_config_glue [-] profiler.es_doc_type = notification {{(pid=98894) log_opt_values /opt/stack/data/venv/lib/python3.12/site-packages/oslo_config/cfg.py:3253}}
Jul 09 23:17:29.610447 np0000004934 nova-conductor[98894]: DEBUG cotyledon.oslo_config_glue [-] profiler.es_scroll_size = 10000 {{(pid=98894) log_opt_values /opt/stack/data/venv/lib/python3.12/site-packages/oslo_config/cfg.py:3253}}
Jul 09 23:17:29.610447 np0000004934 nova-conductor[98894]: DEBUG cotyledon.oslo_config_glue [-] profiler.es_scroll_time = 2m {{(pid=98894) log_opt_values /opt/stack/data/venv/lib/python3.12/site-packages/oslo_config/cfg.py:3253}}
Jul 09 23:17:29.610447 np0000004934 nova-conductor[98894]: DEBUG cotyledon.oslo_config_glue [-] profiler.filter_error_trace = False {{(pid=98894) log_opt_values /opt/stack/data/venv/lib/python3.12/site-packages/oslo_config/cfg.py:3253}}
Jul 09 23:17:29.610447 np0000004934 nova-conductor[98894]: DEBUG cotyledon.oslo_config_glue [-] profiler.hmac_keys = **** {{(pid=98894) log_opt_values /opt/stack/data/venv/lib/python3.12/site-packages/oslo_config/cfg.py:3253}}
Jul 09 23:17:29.610447 np0000004934 nova-conductor[98894]: DEBUG cotyledon.oslo_config_glue [-] profiler.sentinel_service_name = mymaster {{(pid=98894) log_opt_values /opt/stack/data/venv/lib/python3.12/site-packages/oslo_config/cfg.py:3253}}
Jul 09 23:17:29.610611 np0000004934 nova-conductor[98894]: DEBUG cotyledon.oslo_config_glue [-] profiler.socket_timeout = 0.1 {{(pid=98894) log_opt_values /opt/stack/data/venv/lib/python3.12/site-packages/oslo_config/cfg.py:3253}}
Jul 09 23:17:29.610611 np0000004934 nova-conductor[98894]: DEBUG cotyledon.oslo_config_glue [-] profiler.trace_requests = False {{(pid=98894) log_opt_values /opt/stack/data/venv/lib/python3.12/site-packages/oslo_config/cfg.py:3253}}
Jul 09 23:17:29.610611 np0000004934 nova-conductor[98894]: DEBUG cotyledon.oslo_config_glue [-] profiler.trace_sqlalchemy = False {{(pid=98894) log_opt_values /opt/stack/data/venv/lib/python3.12/site-packages/oslo_config/cfg.py:3253}}
Jul 09 23:17:29.610611 np0000004934 nova-conductor[98894]: DEBUG cotyledon.oslo_config_glue [-] profiler_jaeger.process_tags = {} {{(pid=98894) log_opt_values /opt/stack/data/venv/lib/python3.12/site-packages/oslo_config/cfg.py:3253}}
Jul 09 23:17:29.610611 np0000004934 nova-conductor[98894]: DEBUG cotyledon.oslo_config_glue [-] profiler_jaeger.service_name_prefix = None {{(pid=98894) log_opt_values /opt/stack/data/venv/lib/python3.12/site-packages/oslo_config/cfg.py:3253}}
Jul 09 23:17:29.610611 np0000004934 nova-conductor[98894]: DEBUG cotyledon.oslo_config_glue [-] profiler_otlp.service_name_prefix = None {{(pid=98894) log_opt_values /opt/stack/data/venv/lib/python3.12/site-packages/oslo_config/cfg.py:3253}}
Jul 09 23:17:29.610611 np0000004934 nova-conductor[98894]: DEBUG cotyledon.oslo_config_glue [-] oslo_messaging_rabbit.amqp_auto_delete = False {{(pid=98894) log_opt_values /opt/stack/data/venv/lib/python3.12/site-packages/oslo_config/cfg.py:3253}}
Jul 09 23:17:29.610611 np0000004934 nova-conductor[98894]: DEBUG cotyledon.oslo_config_glue [-] oslo_messaging_rabbit.amqp_durable_queues = False {{(pid=98894) log_opt_values /opt/stack/data/venv/lib/python3.12/site-packages/oslo_config/cfg.py:3253}}
Jul 09 23:17:29.610611 np0000004934 nova-conductor[98894]: DEBUG cotyledon.oslo_config_glue [-] oslo_messaging_rabbit.conn_pool_min_size = 2 {{(pid=98894) log_opt_values /opt/stack/data/venv/lib/python3.12/site-packages/oslo_config/cfg.py:3253}}
Jul 09 23:17:29.610806 np0000004934 nova-conductor[98894]: DEBUG cotyledon.oslo_config_glue [-] oslo_messaging_rabbit.conn_pool_ttl = 1200 {{(pid=98894) log_opt_values /opt/stack/data/venv/lib/python3.12/site-packages/oslo_config/cfg.py:3253}}
Jul 09 23:17:29.610806 np0000004934 nova-conductor[98894]: DEBUG cotyledon.oslo_config_glue [-] oslo_messaging_rabbit.direct_mandatory_flag = True {{(pid=98894) log_opt_values /opt/stack/data/venv/lib/python3.12/site-packages/oslo_config/cfg.py:3253}}
Jul 09 23:17:29.610806 np0000004934 nova-conductor[98894]: DEBUG cotyledon.oslo_config_glue [-] oslo_messaging_rabbit.enable_cancel_on_failover = False {{(pid=98894) log_opt_values /opt/stack/data/venv/lib/python3.12/site-packages/oslo_config/cfg.py:3253}}
Jul 09 23:17:29.610806 np0000004934 nova-conductor[98894]: DEBUG cotyledon.oslo_config_glue [-] oslo_messaging_rabbit.heartbeat_rate = 3 {{(pid=98894) log_opt_values /opt/stack/data/venv/lib/python3.12/site-packages/oslo_config/cfg.py:3253}}
Jul 09 23:17:29.610806 np0000004934 nova-conductor[98894]: DEBUG cotyledon.oslo_config_glue [-] oslo_messaging_rabbit.heartbeat_timeout_threshold = 60 {{(pid=98894) log_opt_values /opt/stack/data/venv/lib/python3.12/site-packages/oslo_config/cfg.py:3253}}
Jul 09 23:17:29.610806 np0000004934 nova-conductor[98894]: DEBUG cotyledon.oslo_config_glue [-] oslo_messaging_rabbit.hostname = np0000004934 {{(pid=98894) log_opt_values /opt/stack/data/venv/lib/python3.12/site-packages/oslo_config/cfg.py:3253}}
Jul 09 23:17:29.610806 np0000004934 nova-conductor[98894]: DEBUG cotyledon.oslo_config_glue [-] oslo_messaging_rabbit.kombu_compression = None {{(pid=98894) log_opt_values /opt/stack/data/venv/lib/python3.12/site-packages/oslo_config/cfg.py:3253}}
Jul 09 23:17:29.610806 np0000004934 nova-conductor[98894]: DEBUG cotyledon.oslo_config_glue [-] oslo_messaging_rabbit.kombu_failover_strategy = round-robin {{(pid=98894) log_opt_values /opt/stack/data/venv/lib/python3.12/site-packages/oslo_config/cfg.py:3253}}
Jul 09 23:17:29.610806 np0000004934 nova-conductor[98894]: DEBUG cotyledon.oslo_config_glue [-] oslo_messaging_rabbit.kombu_missing_consumer_retry_timeout = 60 {{(pid=98894) log_opt_values /opt/stack/data/venv/lib/python3.12/site-packages/oslo_config/cfg.py:3253}}
Jul 09 23:17:29.610977 np0000004934 nova-conductor[98894]: DEBUG cotyledon.oslo_config_glue [-] oslo_messaging_rabbit.kombu_reconnect_delay = 1.0 {{(pid=98894) log_opt_values /opt/stack/data/venv/lib/python3.12/site-packages/oslo_config/cfg.py:3253}}
Jul 09 23:17:29.610977 np0000004934 nova-conductor[98894]: DEBUG cotyledon.oslo_config_glue [-] oslo_messaging_rabbit.kombu_reconnect_splay = 0.0 {{(pid=98894) log_opt_values /opt/stack/data/venv/lib/python3.12/site-packages/oslo_config/cfg.py:3253}}
Jul 09 23:17:29.610977 np0000004934 nova-conductor[98894]: DEBUG cotyledon.oslo_config_glue [-] oslo_messaging_rabbit.processname = nova-conductor {{(pid=98894) log_opt_values /opt/stack/data/venv/lib/python3.12/site-packages/oslo_config/cfg.py:3253}}
Jul 09 23:17:29.610977 np0000004934 nova-conductor[98894]: DEBUG cotyledon.oslo_config_glue [-] oslo_messaging_rabbit.rabbit_ha_queues = False {{(pid=98894) log_opt_values /opt/stack/data/venv/lib/python3.12/site-packages/oslo_config/cfg.py:3253}}
Jul 09 23:17:29.610977 np0000004934 nova-conductor[98894]: DEBUG cotyledon.oslo_config_glue [-] oslo_messaging_rabbit.rabbit_interval_max = 30 {{(pid=98894) log_opt_values /opt/stack/data/venv/lib/python3.12/site-packages/oslo_config/cfg.py:3253}}
Jul 09 23:17:29.610977 np0000004934 nova-conductor[98894]: DEBUG cotyledon.oslo_config_glue [-] oslo_messaging_rabbit.rabbit_login_method = AMQPLAIN {{(pid=98894) log_opt_values /opt/stack/data/venv/lib/python3.12/site-packages/oslo_config/cfg.py:3253}}
Jul 09 23:17:29.610977 np0000004934 nova-conductor[98894]: DEBUG cotyledon.oslo_config_glue [-] oslo_messaging_rabbit.rabbit_qos_prefetch_count = 0 {{(pid=98894) log_opt_values /opt/stack/data/venv/lib/python3.12/site-packages/oslo_config/cfg.py:3253}}
Jul 09 23:17:29.610977 np0000004934 nova-conductor[98894]: DEBUG cotyledon.oslo_config_glue [-] oslo_messaging_rabbit.rabbit_quorum_delivery_limit = 0 {{(pid=98894) log_opt_values /opt/stack/data/venv/lib/python3.12/site-packages/oslo_config/cfg.py:3253}}
Jul 09 23:17:29.610977 np0000004934 nova-conductor[98894]: DEBUG cotyledon.oslo_config_glue [-] oslo_messaging_rabbit.rabbit_quorum_max_memory_bytes = 0 {{(pid=98894) log_opt_values /opt/stack/data/venv/lib/python3.12/site-packages/oslo_config/cfg.py:3253}}
Jul 09 23:17:29.611131 np0000004934 nova-conductor[98894]: DEBUG cotyledon.oslo_config_glue [-] oslo_messaging_rabbit.rabbit_quorum_max_memory_length = 0 {{(pid=98894) log_opt_values /opt/stack/data/venv/lib/python3.12/site-packages/oslo_config/cfg.py:3253}}
Jul 09 23:17:29.611131 np0000004934 nova-conductor[98894]: DEBUG cotyledon.oslo_config_glue [-] oslo_messaging_rabbit.rabbit_quorum_queue = False {{(pid=98894) log_opt_values /opt/stack/data/venv/lib/python3.12/site-packages/oslo_config/cfg.py:3253}}
Jul 09 23:17:29.611131 np0000004934 nova-conductor[98894]: DEBUG cotyledon.oslo_config_glue [-] oslo_messaging_rabbit.rabbit_retry_backoff = 2 {{(pid=98894) log_opt_values /opt/stack/data/venv/lib/python3.12/site-packages/oslo_config/cfg.py:3253}}
Jul 09 23:17:29.611131 np0000004934 nova-conductor[98894]: DEBUG cotyledon.oslo_config_glue [-] oslo_messaging_rabbit.rabbit_retry_interval = 1 {{(pid=98894) log_opt_values /opt/stack/data/venv/lib/python3.12/site-packages/oslo_config/cfg.py:3253}}
Jul 09 23:17:29.611131 np0000004934 nova-conductor[98894]: DEBUG cotyledon.oslo_config_glue [-] oslo_messaging_rabbit.rabbit_stream_fanout = False {{(pid=98894) log_opt_values /opt/stack/data/venv/lib/python3.12/site-packages/oslo_config/cfg.py:3253}}
Jul 09 23:17:29.611131 np0000004934 nova-conductor[98894]: DEBUG cotyledon.oslo_config_glue [-] oslo_messaging_rabbit.rabbit_transient_queues_ttl = 1800 {{(pid=98894) log_opt_values /opt/stack/data/venv/lib/python3.12/site-packages/oslo_config/cfg.py:3253}}
Jul 09 23:17:29.611131 np0000004934 nova-conductor[98894]: DEBUG cotyledon.oslo_config_glue [-] oslo_messaging_rabbit.rabbit_transient_quorum_queue = False {{(pid=98894) log_opt_values /opt/stack/data/venv/lib/python3.12/site-packages/oslo_config/cfg.py:3253}}
Jul 09 23:17:29.611131 np0000004934 nova-conductor[98894]: DEBUG cotyledon.oslo_config_glue [-] oslo_messaging_rabbit.rpc_conn_pool_size = 30 {{(pid=98894) log_opt_values /opt/stack/data/venv/lib/python3.12/site-packages/oslo_config/cfg.py:3253}}
Jul 09 23:17:29.611131 np0000004934 nova-conductor[98894]: DEBUG cotyledon.oslo_config_glue [-] oslo_messaging_rabbit.ssl = False {{(pid=98894) log_opt_values /opt/stack/data/venv/lib/python3.12/site-packages/oslo_config/cfg.py:3253}}
Jul 09 23:17:29.611298 np0000004934 nova-conductor[98894]: DEBUG cotyledon.oslo_config_glue [-] oslo_messaging_rabbit.ssl_ca_file = {{(pid=98894) log_opt_values /opt/stack/data/venv/lib/python3.12/site-packages/oslo_config/cfg.py:3253}}
Jul 09 23:17:29.611298 np0000004934 nova-conductor[98894]: DEBUG cotyledon.oslo_config_glue [-] oslo_messaging_rabbit.ssl_cert_file = {{(pid=98894) log_opt_values /opt/stack/data/venv/lib/python3.12/site-packages/oslo_config/cfg.py:3253}}
Jul 09 23:17:29.611298 np0000004934 nova-conductor[98894]: DEBUG cotyledon.oslo_config_glue [-] oslo_messaging_rabbit.ssl_enforce_fips_mode = False {{(pid=98894) log_opt_values /opt/stack/data/venv/lib/python3.12/site-packages/oslo_config/cfg.py:3253}}
Jul 09 23:17:29.611298 np0000004934 nova-conductor[98894]: DEBUG cotyledon.oslo_config_glue [-] oslo_messaging_rabbit.ssl_enforce_hostname_verification = True {{(pid=98894) log_opt_values /opt/stack/data/venv/lib/python3.12/site-packages/oslo_config/cfg.py:3253}}
Jul 09 23:17:29.611298 np0000004934 nova-conductor[98894]: DEBUG cotyledon.oslo_config_glue [-] oslo_messaging_rabbit.ssl_key_file = {{(pid=98894) log_opt_values /opt/stack/data/venv/lib/python3.12/site-packages/oslo_config/cfg.py:3253}}
Jul 09 23:17:29.611298 np0000004934 nova-conductor[98894]: DEBUG cotyledon.oslo_config_glue [-] oslo_messaging_rabbit.ssl_version = {{(pid=98894) log_opt_values /opt/stack/data/venv/lib/python3.12/site-packages/oslo_config/cfg.py:3253}}
Jul 09 23:17:29.611298 np0000004934 nova-conductor[98894]: DEBUG cotyledon.oslo_config_glue [-] oslo_messaging_rabbit.use_queue_manager = False {{(pid=98894) log_opt_values /opt/stack/data/venv/lib/python3.12/site-packages/oslo_config/cfg.py:3253}}
Jul 09 23:17:29.611298 np0000004934 nova-conductor[98894]: DEBUG cotyledon.oslo_config_glue [-] oslo_messaging_notifications.driver = ['messagingv2'] {{(pid=98894) log_opt_values /opt/stack/data/venv/lib/python3.12/site-packages/oslo_config/cfg.py:3253}}
Jul 09 23:17:29.611298 np0000004934 nova-conductor[98894]: DEBUG cotyledon.oslo_config_glue [-] oslo_messaging_notifications.retry = -1 {{(pid=98894) log_opt_values /opt/stack/data/venv/lib/python3.12/site-packages/oslo_config/cfg.py:3253}}
Jul 09 23:17:29.611457 np0000004934 nova-conductor[98894]: DEBUG cotyledon.oslo_config_glue [-] oslo_messaging_notifications.topics = ['notifications'] {{(pid=98894) log_opt_values /opt/stack/data/venv/lib/python3.12/site-packages/oslo_config/cfg.py:3253}}
Jul 09 23:17:29.611457 np0000004934 nova-conductor[98894]: DEBUG cotyledon.oslo_config_glue [-] oslo_messaging_notifications.transport_url = **** {{(pid=98894) log_opt_values /opt/stack/data/venv/lib/python3.12/site-packages/oslo_config/cfg.py:3253}}
Jul 09 23:17:29.611457 np0000004934 nova-conductor[98894]: DEBUG cotyledon.oslo_config_glue [-] oslo_limit.auth_section = None {{(pid=98894) log_opt_values /opt/stack/data/venv/lib/python3.12/site-packages/oslo_config/cfg.py:3253}}
Jul 09 23:17:29.611457 np0000004934 nova-conductor[98894]: DEBUG cotyledon.oslo_config_glue [-] oslo_limit.auth_type = None {{(pid=98894) log_opt_values /opt/stack/data/venv/lib/python3.12/site-packages/oslo_config/cfg.py:3253}}
Jul 09 23:17:29.611457 np0000004934 nova-conductor[98894]: DEBUG cotyledon.oslo_config_glue [-] oslo_limit.cafile = None {{(pid=98894) log_opt_values /opt/stack/data/venv/lib/python3.12/site-packages/oslo_config/cfg.py:3253}}
Jul 09 23:17:29.611457 np0000004934 nova-conductor[98894]: DEBUG cotyledon.oslo_config_glue [-] oslo_limit.certfile = None {{(pid=98894) log_opt_values /opt/stack/data/venv/lib/python3.12/site-packages/oslo_config/cfg.py:3253}}
Jul 09 23:17:29.611457 np0000004934 nova-conductor[98894]: DEBUG cotyledon.oslo_config_glue [-] oslo_limit.collect_timing = False {{(pid=98894) log_opt_values /opt/stack/data/venv/lib/python3.12/site-packages/oslo_config/cfg.py:3253}}
Jul 09 23:17:29.611457 np0000004934 nova-conductor[98894]: DEBUG cotyledon.oslo_config_glue [-] oslo_limit.connect_retries = None {{(pid=98894) log_opt_values /opt/stack/data/venv/lib/python3.12/site-packages/oslo_config/cfg.py:3253}}
Jul 09 23:17:29.611457 np0000004934 nova-conductor[98894]: DEBUG cotyledon.oslo_config_glue [-] oslo_limit.connect_retry_delay = None {{(pid=98894) log_opt_values /opt/stack/data/venv/lib/python3.12/site-packages/oslo_config/cfg.py:3253}}
Jul 09 23:17:29.611612 np0000004934 nova-conductor[98894]: DEBUG cotyledon.oslo_config_glue [-] oslo_limit.endpoint_id = None {{(pid=98894) log_opt_values /opt/stack/data/venv/lib/python3.12/site-packages/oslo_config/cfg.py:3253}}
Jul 09 23:17:29.611612 np0000004934 nova-conductor[98894]: DEBUG cotyledon.oslo_config_glue [-] oslo_limit.endpoint_interface = public {{(pid=98894) log_opt_values /opt/stack/data/venv/lib/python3.12/site-packages/oslo_config/cfg.py:3253}}
Jul 09 23:17:29.611612 np0000004934 nova-conductor[98894]: DEBUG cotyledon.oslo_config_glue [-] oslo_limit.endpoint_override = None {{(pid=98894) log_opt_values /opt/stack/data/venv/lib/python3.12/site-packages/oslo_config/cfg.py:3253}}
Jul 09 23:17:29.611612 np0000004934 nova-conductor[98894]: DEBUG cotyledon.oslo_config_glue [-] oslo_limit.endpoint_region_name = None {{(pid=98894) log_opt_values /opt/stack/data/venv/lib/python3.12/site-packages/oslo_config/cfg.py:3253}}
Jul 09 23:17:29.611612 np0000004934 nova-conductor[98894]: DEBUG cotyledon.oslo_config_glue [-] oslo_limit.endpoint_service_name = None {{(pid=98894) log_opt_values /opt/stack/data/venv/lib/python3.12/site-packages/oslo_config/cfg.py:3253}}
Jul 09 23:17:29.611612 np0000004934 nova-conductor[98894]: DEBUG cotyledon.oslo_config_glue [-] oslo_limit.endpoint_service_type = None {{(pid=98894) log_opt_values /opt/stack/data/venv/lib/python3.12/site-packages/oslo_config/cfg.py:3253}}
Jul 09 23:17:29.611612 np0000004934 nova-conductor[98894]: DEBUG cotyledon.oslo_config_glue [-] oslo_limit.insecure = False {{(pid=98894) log_opt_values /opt/stack/data/venv/lib/python3.12/site-packages/oslo_config/cfg.py:3253}}
Jul 09 23:17:29.611612 np0000004934 nova-conductor[98894]: DEBUG cotyledon.oslo_config_glue [-] oslo_limit.keyfile = None {{(pid=98894) log_opt_values /opt/stack/data/venv/lib/python3.12/site-packages/oslo_config/cfg.py:3253}}
Jul 09 23:17:29.611612 np0000004934 nova-conductor[98894]: DEBUG cotyledon.oslo_config_glue [-] oslo_limit.max_version = None {{(pid=98894) log_opt_values /opt/stack/data/venv/lib/python3.12/site-packages/oslo_config/cfg.py:3253}}
Jul 09 23:17:29.611804 np0000004934 nova-conductor[98894]: DEBUG cotyledon.oslo_config_glue [-] oslo_limit.min_version = None {{(pid=98894) log_opt_values /opt/stack/data/venv/lib/python3.12/site-packages/oslo_config/cfg.py:3253}}
Jul 09 23:17:29.611804 np0000004934 nova-conductor[98894]: DEBUG cotyledon.oslo_config_glue [-] oslo_limit.region_name = None {{(pid=98894) log_opt_values /opt/stack/data/venv/lib/python3.12/site-packages/oslo_config/cfg.py:3253}}
Jul 09 23:17:29.611804 np0000004934 nova-conductor[98894]: DEBUG cotyledon.oslo_config_glue [-] oslo_limit.retriable_status_codes = None {{(pid=98894) log_opt_values /opt/stack/data/venv/lib/python3.12/site-packages/oslo_config/cfg.py:3253}}
Jul 09 23:17:29.611804 np0000004934 nova-conductor[98894]: DEBUG cotyledon.oslo_config_glue [-] oslo_limit.service_name = None {{(pid=98894) log_opt_values /opt/stack/data/venv/lib/python3.12/site-packages/oslo_config/cfg.py:3253}}
Jul 09 23:17:29.611804 np0000004934 nova-conductor[98894]: DEBUG cotyledon.oslo_config_glue [-] oslo_limit.service_type = None {{(pid=98894) log_opt_values /opt/stack/data/venv/lib/python3.12/site-packages/oslo_config/cfg.py:3253}}
Jul 09 23:17:29.611804 np0000004934 nova-conductor[98894]: DEBUG cotyledon.oslo_config_glue [-] oslo_limit.split_loggers = False {{(pid=98894) log_opt_values /opt/stack/data/venv/lib/python3.12/site-packages/oslo_config/cfg.py:3253}}
Jul 09 23:17:29.611804 np0000004934 nova-conductor[98894]: DEBUG cotyledon.oslo_config_glue [-] oslo_limit.status_code_retries = None {{(pid=98894) log_opt_values /opt/stack/data/venv/lib/python3.12/site-packages/oslo_config/cfg.py:3253}}
Jul 09 23:17:29.611804 np0000004934 nova-conductor[98894]: DEBUG cotyledon.oslo_config_glue [-] oslo_limit.status_code_retry_delay = None {{(pid=98894) log_opt_values /opt/stack/data/venv/lib/python3.12/site-packages/oslo_config/cfg.py:3253}}
Jul 09 23:17:29.611804 np0000004934 nova-conductor[98894]: DEBUG cotyledon.oslo_config_glue [-] oslo_limit.timeout = None {{(pid=98894) log_opt_values /opt/stack/data/venv/lib/python3.12/site-packages/oslo_config/cfg.py:3253}}
Jul 09 23:17:29.611969 np0000004934 nova-conductor[98894]: DEBUG cotyledon.oslo_config_glue [-] oslo_limit.valid_interfaces = None {{(pid=98894) log_opt_values /opt/stack/data/venv/lib/python3.12/site-packages/oslo_config/cfg.py:3253}}
Jul 09 23:17:29.611969 np0000004934 nova-conductor[98894]: DEBUG cotyledon.oslo_config_glue [-] oslo_limit.version = None {{(pid=98894) log_opt_values /opt/stack/data/venv/lib/python3.12/site-packages/oslo_config/cfg.py:3253}}
Jul 09 23:17:29.611969 np0000004934 nova-conductor[98894]: DEBUG cotyledon.oslo_config_glue [-] oslo_reports.file_event_handler = None {{(pid=98894) log_opt_values /opt/stack/data/venv/lib/python3.12/site-packages/oslo_config/cfg.py:3253}}
Jul 09 23:17:29.611969 np0000004934 nova-conductor[98894]: DEBUG cotyledon.oslo_config_glue [-] oslo_reports.file_event_handler_interval = 1 {{(pid=98894) log_opt_values /opt/stack/data/venv/lib/python3.12/site-packages/oslo_config/cfg.py:3253}}
Jul 09 23:17:29.611969 np0000004934 nova-conductor[98894]: DEBUG cotyledon.oslo_config_glue [-] oslo_reports.log_dir = None {{(pid=98894) log_opt_values /opt/stack/data/venv/lib/python3.12/site-packages/oslo_config/cfg.py:3253}}
Jul 09 23:17:29.611969 np0000004934 nova-conductor[98894]: DEBUG cotyledon.oslo_config_glue [-] ******************************************************************************** {{(pid=98894) log_opt_values /opt/stack/data/venv/lib/python3.12/site-packages/oslo_config/cfg.py:3260}}
Jul 09 23:17:29.611969 np0000004934 nova-conductor[98894]: DEBUG cotyledon._service_worker [-] Run service ServiceWrapper(3) [98894] {{(pid=98894) wait_forever /opt/stack/data/venv/lib/python3.12/site-packages/cotyledon/_service_worker.py:218}}
Jul 09 23:17:29.611969 np0000004934 nova-conductor[98894]: INFO nova.service [-] Starting conductor node (version 33.1.0)
Jul 09 23:17:29.611969 np0000004934 nova-conductor[98894]: INFO dbcounter [None req-9ea5a680-6205-49fb-9683-243a5e693558 None None] Registered counter for database nova_cell0
Jul 09 23:17:29.612126 np0000004934 nova-conductor[98869]: DEBUG oslo_db.sqlalchemy.engines [None req-9155b90a-c98f-4f78-ae31-d9e13e8b7a4a None None] MySQL server mode set to STRICT_TRANS_TABLES,STRICT_ALL_TABLES,NO_ZERO_IN_DATE,NO_ZERO_DATE,ERROR_FOR_DIVISION_BY_ZERO,TRADITIONAL,NO_ENGINE_SUBSTITUTION {{(pid=98869) _check_effective_sql_mode /opt/stack/data/venv/lib/python3.12/site-packages/oslo_db/sqlalchemy/engines.py:325}}
Jul 09 23:17:29.616296 np0000004934 nova-conductor[98869]: DEBUG dbcounter [-] [98869] Writer thread running {{(pid=98869) stat_writer /opt/stack/data/venv/lib/python3.12/site-packages/dbcounter.py:102}}
Jul 09 23:17:29.628583 np0000004934 nova-conductor[98880]: DEBUG oslo_db.sqlalchemy.engines [None req-98b27b79-4c25-4675-9eb9-044b24dbcc6b None None] MySQL server mode set to STRICT_TRANS_TABLES,STRICT_ALL_TABLES,NO_ZERO_IN_DATE,NO_ZERO_DATE,ERROR_FOR_DIVISION_BY_ZERO,TRADITIONAL,NO_ENGINE_SUBSTITUTION {{(pid=98880) _check_effective_sql_mode /opt/stack/data/venv/lib/python3.12/site-packages/oslo_db/sqlalchemy/engines.py:325}}
Jul 09 23:17:29.630842 np0000004934 nova-conductor[98869]: DEBUG nova.service [None req-9155b90a-c98f-4f78-ae31-d9e13e8b7a4a None None] Creating RPC server for service: nova-conductor on topic: conductor {{(pid=98869) start /opt/stack/nova/nova/service.py:196}}
Jul 09 23:17:29.631946 np0000004934 nova-conductor[98876]: DEBUG oslo_db.sqlalchemy.engines [None req-2f9e0486-dacc-4872-b621-4c8b2273aad3 None None] MySQL server mode set to STRICT_TRANS_TABLES,STRICT_ALL_TABLES,NO_ZERO_IN_DATE,NO_ZERO_DATE,ERROR_FOR_DIVISION_BY_ZERO,TRADITIONAL,NO_ENGINE_SUBSTITUTION {{(pid=98876) _check_effective_sql_mode /opt/stack/data/venv/lib/python3.12/site-packages/oslo_db/sqlalchemy/engines.py:325}}
Jul 09 23:17:29.639388 np0000004934 nova-conductor[98880]: DEBUG dbcounter [-] [98880] Writer thread running {{(pid=98880) stat_writer /opt/stack/data/venv/lib/python3.12/site-packages/dbcounter.py:102}}
Jul 09 23:17:29.643054 np0000004934 nova-conductor[98880]: DEBUG nova.service [None req-98b27b79-4c25-4675-9eb9-044b24dbcc6b None None] Creating RPC server for service: nova-conductor on topic: conductor {{(pid=98880) start /opt/stack/nova/nova/service.py:196}}
Jul 09 23:17:29.644474 np0000004934 nova-conductor[98876]: DEBUG dbcounter [-] [98876] Writer thread running {{(pid=98876) stat_writer /opt/stack/data/venv/lib/python3.12/site-packages/dbcounter.py:102}}
Jul 09 23:17:29.647738 np0000004934 nova-conductor[98894]: DEBUG oslo_db.sqlalchemy.engines [None req-9ea5a680-6205-49fb-9683-243a5e693558 None None] MySQL server mode set to STRICT_TRANS_TABLES,STRICT_ALL_TABLES,NO_ZERO_IN_DATE,NO_ZERO_DATE,ERROR_FOR_DIVISION_BY_ZERO,TRADITIONAL,NO_ENGINE_SUBSTITUTION {{(pid=98894) _check_effective_sql_mode /opt/stack/data/venv/lib/python3.12/site-packages/oslo_db/sqlalchemy/engines.py:325}}
Jul 09 23:17:29.649051 np0000004934 nova-conductor[98876]: DEBUG nova.service [None req-2f9e0486-dacc-4872-b621-4c8b2273aad3 None None] Creating RPC server for service: nova-conductor on topic: conductor {{(pid=98876) start /opt/stack/nova/nova/service.py:196}}
Jul 09 23:17:29.658578 np0000004934 nova-conductor[98894]: DEBUG dbcounter [-] [98894] Writer thread running {{(pid=98894) stat_writer /opt/stack/data/venv/lib/python3.12/site-packages/dbcounter.py:102}}
Jul 09 23:17:29.661501 np0000004934 nova-conductor[98894]: DEBUG nova.service [None req-9ea5a680-6205-49fb-9683-243a5e693558 None None] Creating RPC server for service: nova-conductor on topic: conductor {{(pid=98894) start /opt/stack/nova/nova/service.py:196}}
Jul 09 23:17:29.664661 np0000004934 nova-conductor[98869]: DEBUG nova.service [None req-9155b90a-c98f-4f78-ae31-d9e13e8b7a4a None None] Join ServiceGroup membership for this service conductor {{(pid=98869) start /opt/stack/nova/nova/service.py:222}}
Jul 09 23:17:29.664953 np0000004934 nova-conductor[98869]: DEBUG nova.servicegroup.drivers.db [None req-9155b90a-c98f-4f78-ae31-d9e13e8b7a4a None None] DB_Driver: join new ServiceGroup member np0000004934 to the conductor group, service = {{(pid=98869) join /opt/stack/nova/nova/servicegroup/drivers/db.py:44}}
Jul 09 23:17:29.669864 np0000004934 nova-conductor[98880]: DEBUG nova.service [None req-98b27b79-4c25-4675-9eb9-044b24dbcc6b None None] Join ServiceGroup membership for this service conductor {{(pid=98880) start /opt/stack/nova/nova/service.py:222}}
Jul 09 23:17:29.670165 np0000004934 nova-conductor[98880]: DEBUG nova.servicegroup.drivers.db [None req-98b27b79-4c25-4675-9eb9-044b24dbcc6b None None] DB_Driver: join new ServiceGroup member np0000004934 to the conductor group, service = {{(pid=98880) join /opt/stack/nova/nova/servicegroup/drivers/db.py:44}}
Jul 09 23:17:29.674215 np0000004934 nova-conductor[98876]: DEBUG nova.service [None req-2f9e0486-dacc-4872-b621-4c8b2273aad3 None None] Join ServiceGroup membership for this service conductor {{(pid=98876) start /opt/stack/nova/nova/service.py:222}}
Jul 09 23:17:29.674809 np0000004934 nova-conductor[98876]: DEBUG nova.servicegroup.drivers.db [None req-2f9e0486-dacc-4872-b621-4c8b2273aad3 None None] DB_Driver: join new ServiceGroup member np0000004934 to the conductor group, service = {{(pid=98876) join /opt/stack/nova/nova/servicegroup/drivers/db.py:44}}
Jul 09 23:17:29.681809 np0000004934 nova-conductor[98894]: DEBUG nova.service [None req-9ea5a680-6205-49fb-9683-243a5e693558 None None] Join ServiceGroup membership for this service conductor {{(pid=98894) start /opt/stack/nova/nova/service.py:222}}
Jul 09 23:17:29.681975 np0000004934 nova-conductor[98894]: DEBUG nova.servicegroup.drivers.db [None req-9ea5a680-6205-49fb-9683-243a5e693558 None None] DB_Driver: join new ServiceGroup member np0000004934 to the conductor group, service = {{(pid=98894) join /opt/stack/nova/nova/servicegroup/drivers/db.py:44}}
Jul 09 23:17:30.676353 np0000004934 nova-conductor[98876]: DEBUG oslo.service.backend._threading.loopingcall [None req-41a6f012-7e7b-49b3-8d83-326811c166eb None None] Dynamic interval looping call 'nova.service.Service.periodic_tasks' sleeping for 60.00 seconds {{(pid=98876) _run_loop /opt/stack/data/venv/lib/python3.12/site-packages/oslo_service/backend/_threading/loopingcall.py:125}}
Jul 09 23:17:34.692125 np0000004934 nova-conductor[98869]: DEBUG oslo.service.backend._threading.loopingcall [-] Fixed interval looping call 'nova.servicegroup.drivers.db.DbDriver._report_state' sleeping for 119.98 seconds {{(pid=98869) _run_loop /opt/stack/data/venv/lib/python3.12/site-packages/oslo_service/backend/_threading/loopingcall.py:125}}
Jul 09 23:17:34.692963 np0000004934 nova-conductor[98876]: DEBUG oslo.service.backend._threading.loopingcall [-] Fixed interval looping call 'nova.servicegroup.drivers.db.DbDriver._report_state' sleeping for 119.98 seconds {{(pid=98876) _run_loop /opt/stack/data/venv/lib/python3.12/site-packages/oslo_service/backend/_threading/loopingcall.py:125}}
Jul 09 23:17:34.694178 np0000004934 nova-conductor[98880]: DEBUG oslo.service.backend._threading.loopingcall [-] Fixed interval looping call 'nova.servicegroup.drivers.db.DbDriver._report_state' sleeping for 119.98 seconds {{(pid=98880) _run_loop /opt/stack/data/venv/lib/python3.12/site-packages/oslo_service/backend/_threading/loopingcall.py:125}}
Jul 09 23:17:34.696458 np0000004934 nova-conductor[98894]: DEBUG oslo.service.backend._threading.loopingcall [-] Fixed interval looping call 'nova.servicegroup.drivers.db.DbDriver._report_state' sleeping for 119.99 seconds {{(pid=98894) _run_loop /opt/stack/data/venv/lib/python3.12/site-packages/oslo_service/backend/_threading/loopingcall.py:125}}
Jul 09 23:17:38.251137 np0000004934 nova-conductor[97386]: DEBUG dbcounter [-] [97386] Writing DB stats nova_api:SELECT=1 {{(pid=97386) stat_writer /opt/stack/data/venv/lib/python3.12/site-packages/dbcounter.py:115}}
Jul 09 23:17:38.381617 np0000004934 nova-conductor[97386]: DEBUG dbcounter [-] [97386] Writing DB stats nova_cell0:SELECT=1 {{(pid=97386) stat_writer /opt/stack/data/venv/lib/python3.12/site-packages/dbcounter.py:115}}
Jul 09 23:17:38.388730 np0000004934 nova-conductor[97386]: DEBUG dbcounter [-] [97386] Writing DB stats nova_cell1:SELECT=1 {{(pid=97386) stat_writer /opt/stack/data/venv/lib/python3.12/site-packages/dbcounter.py:115}}
Jul 09 23:17:44.681175 np0000004934 nova-conductor[98869]: DEBUG dbcounter [-] [98869] Writing DB stats nova_cell0:SELECT=4,nova_cell0:INSERT=1,nova_cell0:UPDATE=1 {{(pid=98869) stat_writer /opt/stack/data/venv/lib/python3.12/site-packages/dbcounter.py:115}}
Jul 09 23:17:44.687681 np0000004934 nova-conductor[98876]: DEBUG dbcounter [-] [98876] Writing DB stats nova_cell0:SELECT=3,nova_cell0:UPDATE=1 {{(pid=98876) stat_writer /opt/stack/data/venv/lib/python3.12/site-packages/dbcounter.py:115}}
Jul 09 23:17:44.689333 np0000004934 nova-conductor[98880]: DEBUG dbcounter [-] [98880] Writing DB stats nova_cell0:SELECT=3,nova_cell0:UPDATE=1 {{(pid=98880) stat_writer /opt/stack/data/venv/lib/python3.12/site-packages/dbcounter.py:115}}
Jul 09 23:17:44.693157 np0000004934 nova-conductor[98894]: DEBUG dbcounter [-] [98894] Writing DB stats nova_cell0:SELECT=3 {{(pid=98894) stat_writer /opt/stack/data/venv/lib/python3.12/site-packages/dbcounter.py:115}}
Jul 09 23:18:05.683632 np0000004934 nova-conductor[98894]: DEBUG oslo.service.backend._threading.loopingcall [None req-2ccd83d8-c291-4f44-8922-507db7240fdf None None] Dynamic interval looping call 'nova.service.Service.periodic_tasks' sleeping for 60.00 seconds {{(pid=98894) _run_loop /opt/stack/data/venv/lib/python3.12/site-packages/oslo_service/backend/_threading/loopingcall.py:125}}
Jul 09 23:18:06.667105 np0000004934 nova-conductor[98869]: DEBUG oslo.service.backend._threading.loopingcall [None req-6935bf41-45d2-4010-a78f-f7f94d8a6c9b None None] Dynamic interval looping call 'nova.service.Service.periodic_tasks' sleeping for 60.00 seconds {{(pid=98869) _run_loop /opt/stack/data/venv/lib/python3.12/site-packages/oslo_service/backend/_threading/loopingcall.py:125}}
Jul 09 23:18:16.672833 np0000004934 nova-conductor[98880]: DEBUG oslo.service.backend._threading.loopingcall [None req-aed5e6f3-3269-4605-8106-2eaada1d5e42 None None] Dynamic interval looping call 'nova.service.Service.periodic_tasks' sleeping for 60.00 seconds {{(pid=98880) _run_loop /opt/stack/data/venv/lib/python3.12/site-packages/oslo_service/backend/_threading/loopingcall.py:125}}
Jul 09 23:18:30.677116 np0000004934 nova-conductor[98876]: DEBUG oslo.service.backend._threading.loopingcall [None req-41a6f012-7e7b-49b3-8d83-326811c166eb None None] Dynamic interval looping call 'nova.service.Service.periodic_tasks' sleeping for 60.00 seconds {{(pid=98876) _run_loop /opt/stack/data/venv/lib/python3.12/site-packages/oslo_service/backend/_threading/loopingcall.py:125}}
Jul 09 23:19:05.684050 np0000004934 nova-conductor[98894]: DEBUG oslo.service.backend._threading.loopingcall [None req-2ccd83d8-c291-4f44-8922-507db7240fdf None None] Dynamic interval looping call 'nova.service.Service.periodic_tasks' sleeping for 60.00 seconds {{(pid=98894) _run_loop /opt/stack/data/venv/lib/python3.12/site-packages/oslo_service/backend/_threading/loopingcall.py:125}}
Jul 09 23:19:06.667629 np0000004934 nova-conductor[98869]: DEBUG oslo.service.backend._threading.loopingcall [None req-6935bf41-45d2-4010-a78f-f7f94d8a6c9b None None] Dynamic interval looping call 'nova.service.Service.periodic_tasks' sleeping for 60.00 seconds {{(pid=98869) _run_loop /opt/stack/data/venv/lib/python3.12/site-packages/oslo_service/backend/_threading/loopingcall.py:125}}
Jul 09 23:19:16.674211 np0000004934 nova-conductor[98880]: DEBUG oslo.service.backend._threading.loopingcall [None req-aed5e6f3-3269-4605-8106-2eaada1d5e42 None None] Dynamic interval looping call 'nova.service.Service.periodic_tasks' sleeping for 60.00 seconds {{(pid=98880) _run_loop /opt/stack/data/venv/lib/python3.12/site-packages/oslo_service/backend/_threading/loopingcall.py:125}}
Jul 09 23:19:30.677634 np0000004934 nova-conductor[98876]: DEBUG oslo.service.backend._threading.loopingcall [None req-41a6f012-7e7b-49b3-8d83-326811c166eb None None] Dynamic interval looping call 'nova.service.Service.periodic_tasks' sleeping for 60.00 seconds {{(pid=98876) _run_loop /opt/stack/data/venv/lib/python3.12/site-packages/oslo_service/backend/_threading/loopingcall.py:125}}
Jul 09 23:19:34.680806 np0000004934 nova-conductor[98869]: DEBUG oslo.service.backend._threading.loopingcall [-] Fixed interval looping call 'nova.servicegroup.drivers.db.DbDriver._report_state' sleeping for 119.99 seconds {{(pid=98869) _run_loop /opt/stack/data/venv/lib/python3.12/site-packages/oslo_service/backend/_threading/loopingcall.py:125}}
Jul 09 23:19:34.681228 np0000004934 nova-conductor[98880]: DEBUG oslo.service.backend._threading.loopingcall [-] Fixed interval looping call 'nova.servicegroup.drivers.db.DbDriver._report_state' sleeping for 119.99 seconds {{(pid=98880) _run_loop /opt/stack/data/venv/lib/python3.12/site-packages/oslo_service/backend/_threading/loopingcall.py:125}}
Jul 09 23:19:34.682380 np0000004934 nova-conductor[98876]: DEBUG oslo.service.backend._threading.loopingcall [-] Fixed interval looping call 'nova.servicegroup.drivers.db.DbDriver._report_state' sleeping for 119.99 seconds {{(pid=98876) _run_loop /opt/stack/data/venv/lib/python3.12/site-packages/oslo_service/backend/_threading/loopingcall.py:125}}
Jul 09 23:19:34.691322 np0000004934 nova-conductor[98894]: DEBUG oslo.service.backend._threading.loopingcall [-] Fixed interval looping call 'nova.servicegroup.drivers.db.DbDriver._report_state' sleeping for 120.00 seconds {{(pid=98894) _run_loop /opt/stack/data/venv/lib/python3.12/site-packages/oslo_service/backend/_threading/loopingcall.py:125}}
Jul 09 23:19:44.675723 np0000004934 nova-conductor[98869]: DEBUG dbcounter [-] [98869] Writing DB stats nova_cell0:SELECT=1,nova_cell0:UPDATE=1 {{(pid=98869) stat_writer /opt/stack/data/venv/lib/python3.12/site-packages/dbcounter.py:115}}
Jul 09 23:19:44.677778 np0000004934 nova-conductor[98880]: DEBUG dbcounter [-] [98880] Writing DB stats nova_cell0:SELECT=1,nova_cell0:UPDATE=1 {{(pid=98880) stat_writer /opt/stack/data/venv/lib/python3.12/site-packages/dbcounter.py:115}}
Jul 09 23:19:44.678082 np0000004934 nova-conductor[98876]: DEBUG dbcounter [-] [98876] Writing DB stats nova_cell0:SELECT=1,nova_cell0:UPDATE=1 {{(pid=98876) stat_writer /opt/stack/data/venv/lib/python3.12/site-packages/dbcounter.py:115}}
Jul 09 23:19:44.688968 np0000004934 nova-conductor[98894]: DEBUG dbcounter [-] [98894] Writing DB stats nova_cell0:SELECT=1 {{(pid=98894) stat_writer /opt/stack/data/venv/lib/python3.12/site-packages/dbcounter.py:115}}
Jul 09 23:19:51.700289 np0000004934 nova-conductor[98869]: DEBUG oslo_db.sqlalchemy.engines [None req-ca05d03f-d2f2-4d32-9862-6b604b6f7364 tempest-ServerActionsTestOtherA-1560820831 tempest-ServerActionsTestOtherA-1560820831-project-member] Parent process 97386 forked (98869) with an open database connection, which is being discarded and recreated. {{(pid=98869) checkout /opt/stack/data/venv/lib/python3.12/site-packages/oslo_db/sqlalchemy/engines.py:402}}
Jul 09 23:19:51.765143 np0000004934 nova-conductor[98869]: DEBUG dbcounter [-] [98869] Writer thread running {{(pid=98869) stat_writer /opt/stack/data/venv/lib/python3.12/site-packages/dbcounter.py:102}}
Jul 09 23:19:52.152263 np0000004934 nova-conductor[98880]: DEBUG dbcounter [-] [98880] Writer thread running {{(pid=98880) stat_writer /opt/stack/data/venv/lib/python3.12/site-packages/dbcounter.py:102}}
Jul 09 23:19:53.185013 np0000004934 nova-conductor[98880]: DEBUG nova.conductor.manager [None req-dfb2625c-5203-493c-8bfc-c5bfd63f4aa1 tempest-AttachVolumeShelveTestJSON-1089166367 tempest-AttachVolumeShelveTestJSON-1089166367-project-member] Took 1.03 seconds to select destinations for 1 instance(s). {{(pid=98880) _schedule_instances /opt/stack/nova/nova/conductor/manager.py:968}}
Jul 09 23:19:53.219439 np0000004934 nova-conductor[98880]: DEBUG oslo_concurrency.lockutils [None req-dfb2625c-5203-493c-8bfc-c5bfd63f4aa1 tempest-AttachVolumeShelveTestJSON-1089166367 tempest-AttachVolumeShelveTestJSON-1089166367-project-member] Acquiring lock "2ec97c38-b561-4171-9db3-b9536bf8b097" by "nova.context.set_target_cell..get_or_set_cached_cell_and_set_connections" {{(pid=98880) inner /opt/stack/data/venv/lib/python3.12/site-packages/oslo_concurrency/lockutils.py:511}}
Jul 09 23:19:53.219439 np0000004934 nova-conductor[98880]: DEBUG oslo_concurrency.lockutils [None req-dfb2625c-5203-493c-8bfc-c5bfd63f4aa1 tempest-AttachVolumeShelveTestJSON-1089166367 tempest-AttachVolumeShelveTestJSON-1089166367-project-member] Lock "2ec97c38-b561-4171-9db3-b9536bf8b097" acquired by "nova.context.set_target_cell..get_or_set_cached_cell_and_set_connections" :: waited 0.000s {{(pid=98880) inner /opt/stack/data/venv/lib/python3.12/site-packages/oslo_concurrency/lockutils.py:524}}
Jul 09 23:19:53.220712 np0000004934 nova-conductor[98880]: DEBUG oslo_concurrency.lockutils [None req-dfb2625c-5203-493c-8bfc-c5bfd63f4aa1 tempest-AttachVolumeShelveTestJSON-1089166367 tempest-AttachVolumeShelveTestJSON-1089166367-project-member] Lock "2ec97c38-b561-4171-9db3-b9536bf8b097" "released" by "nova.context.set_target_cell..get_or_set_cached_cell_and_set_connections" :: held 0.001s {{(pid=98880) inner /opt/stack/data/venv/lib/python3.12/site-packages/oslo_concurrency/lockutils.py:543}}
Jul 09 23:19:53.222787 np0000004934 nova-conductor[98880]: INFO dbcounter [None req-dfb2625c-5203-493c-8bfc-c5bfd63f4aa1 tempest-AttachVolumeShelveTestJSON-1089166367 tempest-AttachVolumeShelveTestJSON-1089166367-project-member] Registered counter for database nova_cell1
Jul 09 23:19:53.283325 np0000004934 nova-conductor[98880]: DEBUG oslo_db.sqlalchemy.engines [None req-dfb2625c-5203-493c-8bfc-c5bfd63f4aa1 tempest-AttachVolumeShelveTestJSON-1089166367 tempest-AttachVolumeShelveTestJSON-1089166367-project-member] MySQL server mode set to STRICT_TRANS_TABLES,STRICT_ALL_TABLES,NO_ZERO_IN_DATE,NO_ZERO_DATE,ERROR_FOR_DIVISION_BY_ZERO,TRADITIONAL,NO_ENGINE_SUBSTITUTION {{(pid=98880) _check_effective_sql_mode /opt/stack/data/venv/lib/python3.12/site-packages/oslo_db/sqlalchemy/engines.py:325}}
Jul 09 23:19:53.297745 np0000004934 nova-conductor[98880]: DEBUG dbcounter [-] [98880] Writer thread running {{(pid=98880) stat_writer /opt/stack/data/venv/lib/python3.12/site-packages/dbcounter.py:102}}
Jul 09 23:19:53.306183 np0000004934 nova-conductor[98869]: DEBUG nova.conductor.manager [None req-ca05d03f-d2f2-4d32-9862-6b604b6f7364 tempest-ServerActionsTestOtherA-1560820831 tempest-ServerActionsTestOtherA-1560820831-project-member] Took 1.54 seconds to select destinations for 1 instance(s). {{(pid=98869) _schedule_instances /opt/stack/nova/nova/conductor/manager.py:968}}
Jul 09 23:19:53.344952 np0000004934 nova-conductor[98869]: DEBUG oslo_concurrency.lockutils [None req-ca05d03f-d2f2-4d32-9862-6b604b6f7364 tempest-ServerActionsTestOtherA-1560820831 tempest-ServerActionsTestOtherA-1560820831-project-member] Acquiring lock "2ec97c38-b561-4171-9db3-b9536bf8b097" by "nova.context.set_target_cell..get_or_set_cached_cell_and_set_connections" {{(pid=98869) inner /opt/stack/data/venv/lib/python3.12/site-packages/oslo_concurrency/lockutils.py:511}}
Jul 09 23:19:53.344952 np0000004934 nova-conductor[98869]: DEBUG oslo_concurrency.lockutils [None req-ca05d03f-d2f2-4d32-9862-6b604b6f7364 tempest-ServerActionsTestOtherA-1560820831 tempest-ServerActionsTestOtherA-1560820831-project-member] Lock "2ec97c38-b561-4171-9db3-b9536bf8b097" acquired by "nova.context.set_target_cell..get_or_set_cached_cell_and_set_connections" :: waited 0.000s {{(pid=98869) inner /opt/stack/data/venv/lib/python3.12/site-packages/oslo_concurrency/lockutils.py:524}}
Jul 09 23:19:53.346164 np0000004934 nova-conductor[98869]: DEBUG oslo_concurrency.lockutils [None req-ca05d03f-d2f2-4d32-9862-6b604b6f7364 tempest-ServerActionsTestOtherA-1560820831 tempest-ServerActionsTestOtherA-1560820831-project-member] Lock "2ec97c38-b561-4171-9db3-b9536bf8b097" "released" by "nova.context.set_target_cell..get_or_set_cached_cell_and_set_connections" :: held 0.001s {{(pid=98869) inner /opt/stack/data/venv/lib/python3.12/site-packages/oslo_concurrency/lockutils.py:543}}
Jul 09 23:19:53.348763 np0000004934 nova-conductor[98869]: INFO dbcounter [None req-ca05d03f-d2f2-4d32-9862-6b604b6f7364 tempest-ServerActionsTestOtherA-1560820831 tempest-ServerActionsTestOtherA-1560820831-project-member] Registered counter for database nova_cell1
Jul 09 23:19:53.399001 np0000004934 nova-conductor[98869]: DEBUG oslo_db.sqlalchemy.engines [None req-ca05d03f-d2f2-4d32-9862-6b604b6f7364 tempest-ServerActionsTestOtherA-1560820831 tempest-ServerActionsTestOtherA-1560820831-project-member] MySQL server mode set to STRICT_TRANS_TABLES,STRICT_ALL_TABLES,NO_ZERO_IN_DATE,NO_ZERO_DATE,ERROR_FOR_DIVISION_BY_ZERO,TRADITIONAL,NO_ENGINE_SUBSTITUTION {{(pid=98869) _check_effective_sql_mode /opt/stack/data/venv/lib/python3.12/site-packages/oslo_db/sqlalchemy/engines.py:325}}
Jul 09 23:19:53.403247 np0000004934 nova-conductor[98880]: INFO nova.utils [None req-dfb2625c-5203-493c-8bfc-c5bfd63f4aa1 tempest-AttachVolumeShelveTestJSON-1089166367 tempest-AttachVolumeShelveTestJSON-1089166367-project-member] The cell worker thread pool ForkProcess-3.cell_worker is initialized
Jul 09 23:19:53.403555 np0000004934 nova-conductor[98880]: DEBUG oslo_concurrency.lockutils [None req-dfb2625c-5203-493c-8bfc-c5bfd63f4aa1 tempest-AttachVolumeShelveTestJSON-1089166367 tempest-AttachVolumeShelveTestJSON-1089166367-project-member] Acquiring lock "00000000-0000-0000-0000-000000000000" by "nova.context.set_target_cell..get_or_set_cached_cell_and_set_connections" {{(pid=98880) inner /opt/stack/data/venv/lib/python3.12/site-packages/oslo_concurrency/lockutils.py:511}}
Jul 09 23:19:53.403774 np0000004934 nova-conductor[98880]: DEBUG oslo_concurrency.lockutils [None req-dfb2625c-5203-493c-8bfc-c5bfd63f4aa1 tempest-AttachVolumeShelveTestJSON-1089166367 tempest-AttachVolumeShelveTestJSON-1089166367-project-member] Lock "00000000-0000-0000-0000-000000000000" acquired by "nova.context.set_target_cell..get_or_set_cached_cell_and_set_connections" :: waited 0.000s {{(pid=98880) inner /opt/stack/data/venv/lib/python3.12/site-packages/oslo_concurrency/lockutils.py:524}}
Jul 09 23:19:53.404355 np0000004934 nova-conductor[98880]: DEBUG oslo_concurrency.lockutils [None req-dfb2625c-5203-493c-8bfc-c5bfd63f4aa1 tempest-AttachVolumeShelveTestJSON-1089166367 tempest-AttachVolumeShelveTestJSON-1089166367-project-member] Lock "00000000-0000-0000-0000-000000000000" "released" by "nova.context.set_target_cell..get_or_set_cached_cell_and_set_connections" :: held 0.000s {{(pid=98880) inner /opt/stack/data/venv/lib/python3.12/site-packages/oslo_concurrency/lockutils.py:543}}
Jul 09 23:19:53.405248 np0000004934 nova-conductor[98880]: DEBUG oslo_concurrency.lockutils [None req-dfb2625c-5203-493c-8bfc-c5bfd63f4aa1 tempest-AttachVolumeShelveTestJSON-1089166367 tempest-AttachVolumeShelveTestJSON-1089166367-project-member] Acquiring lock "2ec97c38-b561-4171-9db3-b9536bf8b097" by "nova.context.set_target_cell..get_or_set_cached_cell_and_set_connections" {{(pid=98880) inner /opt/stack/data/venv/lib/python3.12/site-packages/oslo_concurrency/lockutils.py:511}}
Jul 09 23:19:53.405477 np0000004934 nova-conductor[98880]: DEBUG oslo_concurrency.lockutils [None req-dfb2625c-5203-493c-8bfc-c5bfd63f4aa1 tempest-AttachVolumeShelveTestJSON-1089166367 tempest-AttachVolumeShelveTestJSON-1089166367-project-member] Lock "2ec97c38-b561-4171-9db3-b9536bf8b097" acquired by "nova.context.set_target_cell..get_or_set_cached_cell_and_set_connections" :: waited 0.000s {{(pid=98880) inner /opt/stack/data/venv/lib/python3.12/site-packages/oslo_concurrency/lockutils.py:524}}
Jul 09 23:19:53.405596 np0000004934 nova-conductor[98880]: DEBUG oslo_concurrency.lockutils [None req-dfb2625c-5203-493c-8bfc-c5bfd63f4aa1 tempest-AttachVolumeShelveTestJSON-1089166367 tempest-AttachVolumeShelveTestJSON-1089166367-project-member] Lock "2ec97c38-b561-4171-9db3-b9536bf8b097" "released" by "nova.context.set_target_cell..get_or_set_cached_cell_and_set_connections" :: held 0.000s {{(pid=98880) inner /opt/stack/data/venv/lib/python3.12/site-packages/oslo_concurrency/lockutils.py:543}}
Jul 09 23:19:53.407355 np0000004934 nova-conductor[98869]: DEBUG dbcounter [-] [98869] Writer thread running {{(pid=98869) stat_writer /opt/stack/data/venv/lib/python3.12/site-packages/dbcounter.py:102}}
Jul 09 23:19:53.407578 np0000004934 nova-conductor[98880]: INFO dbcounter [None req-dfb2625c-5203-493c-8bfc-c5bfd63f4aa1 tempest-AttachVolumeShelveTestJSON-1089166367 tempest-AttachVolumeShelveTestJSON-1089166367-project-member] Registered counter for database nova_cell0
Jul 09 23:19:53.463423 np0000004934 nova-conductor[98880]: DEBUG oslo_db.sqlalchemy.engines [None req-dfb2625c-5203-493c-8bfc-c5bfd63f4aa1 tempest-AttachVolumeShelveTestJSON-1089166367 tempest-AttachVolumeShelveTestJSON-1089166367-project-member] MySQL server mode set to STRICT_TRANS_TABLES,STRICT_ALL_TABLES,NO_ZERO_IN_DATE,NO_ZERO_DATE,ERROR_FOR_DIVISION_BY_ZERO,TRADITIONAL,NO_ENGINE_SUBSTITUTION {{(pid=98880) _check_effective_sql_mode /opt/stack/data/venv/lib/python3.12/site-packages/oslo_db/sqlalchemy/engines.py:325}}
