Jul 16 06:01:29.048314 np0000005231 nova-scheduler[96483]: DEBUG cotyledon.oslo_config_glue [-] workarounds.disable_libvirt_livesnapshot = False {{(pid=96483) log_opt_values /opt/stack/data/venv/lib/python3.12/site-packages/oslo_config/cfg.py:3253}}
Jul 16 06:01:29.048550 np0000005231 nova-scheduler[96483]: DEBUG cotyledon.oslo_config_glue [-] workarounds.disable_rootwrap = False {{(pid=96483) log_opt_values /opt/stack/data/venv/lib/python3.12/site-packages/oslo_config/cfg.py:3253}}
Jul 16 06:01:29.048550 np0000005231 nova-scheduler[96483]: DEBUG cotyledon.oslo_config_glue [-] workarounds.enable_numa_live_migration = False {{(pid=96483) log_opt_values /opt/stack/data/venv/lib/python3.12/site-packages/oslo_config/cfg.py:3253}}
Jul 16 06:01:29.048550 np0000005231 nova-scheduler[96483]: DEBUG cotyledon.oslo_config_glue [-] workarounds.enable_qemu_monitor_announce_self = False {{(pid=96483) log_opt_values /opt/stack/data/venv/lib/python3.12/site-packages/oslo_config/cfg.py:3253}}
Jul 16 06:01:29.048550 np0000005231 nova-scheduler[96483]: DEBUG cotyledon.oslo_config_glue [-] workarounds.ensure_libvirt_rbd_instance_dir_cleanup = False {{(pid=96483) log_opt_values /opt/stack/data/venv/lib/python3.12/site-packages/oslo_config/cfg.py:3253}}
Jul 16 06:01:29.048550 np0000005231 nova-scheduler[96483]: DEBUG cotyledon.oslo_config_glue [-] workarounds.handle_virt_lifecycle_events = True {{(pid=96483) log_opt_values /opt/stack/data/venv/lib/python3.12/site-packages/oslo_config/cfg.py:3253}}
Jul 16 06:01:29.048550 np0000005231 nova-scheduler[96483]: DEBUG cotyledon.oslo_config_glue [-] workarounds.libvirt_disable_apic = False {{(pid=96483) log_opt_values /opt/stack/data/venv/lib/python3.12/site-packages/oslo_config/cfg.py:3253}}
Jul 16 06:01:29.048550 np0000005231 nova-scheduler[96483]: DEBUG cotyledon.oslo_config_glue [-] workarounds.never_download_image_if_on_rbd = False {{(pid=96483) log_opt_values /opt/stack/data/venv/lib/python3.12/site-packages/oslo_config/cfg.py:3253}}
Jul 16 06:01:29.048550 np0000005231 nova-scheduler[96483]: DEBUG cotyledon.oslo_config_glue [-] workarounds.qemu_monitor_announce_self_count = 3 {{(pid=96483) log_opt_values /opt/stack/data/venv/lib/python3.12/site-packages/oslo_config/cfg.py:3253}}
Jul 16 06:01:29.048550 np0000005231 nova-scheduler[96483]: DEBUG cotyledon.oslo_config_glue [-] workarounds.qemu_monitor_announce_self_interval = 1 {{(pid=96483) log_opt_values /opt/stack/data/venv/lib/python3.12/site-packages/oslo_config/cfg.py:3253}}
Jul 16 06:01:29.048769 np0000005231 nova-scheduler[96483]: DEBUG cotyledon.oslo_config_glue [-] workarounds.reserve_disk_resource_for_image_cache = False {{(pid=96483) log_opt_values /opt/stack/data/venv/lib/python3.12/site-packages/oslo_config/cfg.py:3253}}
Jul 16 06:01:29.048769 np0000005231 nova-scheduler[96483]: DEBUG cotyledon.oslo_config_glue [-] workarounds.skip_cpu_compare_at_startup = False {{(pid=96483) log_opt_values /opt/stack/data/venv/lib/python3.12/site-packages/oslo_config/cfg.py:3253}}
Jul 16 06:01:29.048769 np0000005231 nova-scheduler[96483]: DEBUG cotyledon.oslo_config_glue [-] workarounds.skip_cpu_compare_on_dest = False {{(pid=96483) log_opt_values /opt/stack/data/venv/lib/python3.12/site-packages/oslo_config/cfg.py:3253}}
Jul 16 06:01:29.048769 np0000005231 nova-scheduler[96483]: DEBUG cotyledon.oslo_config_glue [-] workarounds.skip_hypervisor_version_check_on_lm = False {{(pid=96483) log_opt_values /opt/stack/data/venv/lib/python3.12/site-packages/oslo_config/cfg.py:3253}}
Jul 16 06:01:29.048769 np0000005231 nova-scheduler[96483]: DEBUG cotyledon.oslo_config_glue [-] workarounds.skip_reserve_in_use_ironic_nodes = False {{(pid=96483) log_opt_values /opt/stack/data/venv/lib/python3.12/site-packages/oslo_config/cfg.py:3253}}
Jul 16 06:01:29.048769 np0000005231 nova-scheduler[96483]: DEBUG cotyledon.oslo_config_glue [-] workarounds.unified_limits_count_pcpu_as_vcpu = False {{(pid=96483) log_opt_values /opt/stack/data/venv/lib/python3.12/site-packages/oslo_config/cfg.py:3253}}
Jul 16 06:01:29.048769 np0000005231 nova-scheduler[96483]: DEBUG cotyledon.oslo_config_glue [-] workarounds.wait_for_vif_plugged_event_during_hard_reboot = [] {{(pid=96483) log_opt_values /opt/stack/data/venv/lib/python3.12/site-packages/oslo_config/cfg.py:3253}}
Jul 16 06:01:29.048769 np0000005231 nova-scheduler[96483]: DEBUG cotyledon.oslo_config_glue [-] wsgi.api_paste_config = /etc/nova/api-paste.ini {{(pid=96483) log_opt_values /opt/stack/data/venv/lib/python3.12/site-packages/oslo_config/cfg.py:3253}}
Jul 16 06:01:29.048978 np0000005231 nova-scheduler[96483]: DEBUG cotyledon.oslo_config_glue [-] wsgi.secure_proxy_ssl_header = None {{(pid=96483) log_opt_values /opt/stack/data/venv/lib/python3.12/site-packages/oslo_config/cfg.py:3253}}
Jul 16 06:01:29.048978 np0000005231 nova-scheduler[96483]: DEBUG cotyledon.oslo_config_glue [-] zvm.ca_file = None {{(pid=96483) log_opt_values /opt/stack/data/venv/lib/python3.12/site-packages/oslo_config/cfg.py:3253}}
Jul 16 06:01:29.048978 np0000005231 nova-scheduler[96483]: DEBUG cotyledon.oslo_config_glue [-] zvm.cloud_connector_url = None {{(pid=96483) log_opt_values /opt/stack/data/venv/lib/python3.12/site-packages/oslo_config/cfg.py:3253}}
Jul 16 06:01:29.048978 np0000005231 nova-scheduler[96483]: DEBUG cotyledon.oslo_config_glue [-] zvm.image_tmp_path = /opt/stack/data/nova/images {{(pid=96483) log_opt_values /opt/stack/data/venv/lib/python3.12/site-packages/oslo_config/cfg.py:3253}}
Jul 16 06:01:29.048978 np0000005231 nova-scheduler[96483]: DEBUG cotyledon.oslo_config_glue [-] zvm.reachable_timeout = 300 {{(pid=96483) log_opt_values /opt/stack/data/venv/lib/python3.12/site-packages/oslo_config/cfg.py:3253}}
Jul 16 06:01:29.048978 np0000005231 nova-scheduler[96483]: DEBUG cotyledon.oslo_config_glue [-] oslo_versionedobjects.fatal_exception_format_errors = False {{(pid=96483) log_opt_values /opt/stack/data/venv/lib/python3.12/site-packages/oslo_config/cfg.py:3253}}
Jul 16 06:01:29.048978 np0000005231 nova-scheduler[96483]: DEBUG cotyledon.oslo_config_glue [-] oslo_middleware.http_basic_auth_user_file = /etc/htpasswd {{(pid=96483) log_opt_values /opt/stack/data/venv/lib/python3.12/site-packages/oslo_config/cfg.py:3253}}
Jul 16 06:01:29.048978 np0000005231 nova-scheduler[96483]: DEBUG cotyledon.oslo_config_glue [-] oslo_messaging_metrics.metrics_buffer_size = 1000 {{(pid=96483) log_opt_values /opt/stack/data/venv/lib/python3.12/site-packages/oslo_config/cfg.py:3253}}
Jul 16 06:01:29.048978 np0000005231 nova-scheduler[96483]: DEBUG cotyledon.oslo_config_glue [-] oslo_messaging_metrics.metrics_enabled = False {{(pid=96483) log_opt_values /opt/stack/data/venv/lib/python3.12/site-packages/oslo_config/cfg.py:3253}}
Jul 16 06:01:29.049167 np0000005231 nova-scheduler[96483]: DEBUG cotyledon.oslo_config_glue [-] oslo_messaging_metrics.metrics_process_name = {{(pid=96483) log_opt_values /opt/stack/data/venv/lib/python3.12/site-packages/oslo_config/cfg.py:3253}}
Jul 16 06:01:29.049167 np0000005231 nova-scheduler[96483]: DEBUG cotyledon.oslo_config_glue [-] oslo_messaging_metrics.metrics_socket_file = /var/tmp/metrics_collector.sock {{(pid=96483) log_opt_values /opt/stack/data/venv/lib/python3.12/site-packages/oslo_config/cfg.py:3253}}
Jul 16 06:01:29.049167 np0000005231 nova-scheduler[96483]: DEBUG cotyledon.oslo_config_glue [-] oslo_messaging_metrics.metrics_thread_stop_timeout = 10 {{(pid=96483) log_opt_values /opt/stack/data/venv/lib/python3.12/site-packages/oslo_config/cfg.py:3253}}
Jul 16 06:01:29.049167 np0000005231 nova-scheduler[96483]: DEBUG cotyledon.oslo_config_glue [-] profiler.connection_string = messaging:// {{(pid=96483) log_opt_values /opt/stack/data/venv/lib/python3.12/site-packages/oslo_config/cfg.py:3253}}
Jul 16 06:01:29.049167 np0000005231 nova-scheduler[96483]: DEBUG cotyledon.oslo_config_glue [-] profiler.enabled = False {{(pid=96483) log_opt_values /opt/stack/data/venv/lib/python3.12/site-packages/oslo_config/cfg.py:3253}}
Jul 16 06:01:29.049167 np0000005231 nova-scheduler[96483]: DEBUG cotyledon.oslo_config_glue [-] profiler.es_doc_type = notification {{(pid=96483) log_opt_values /opt/stack/data/venv/lib/python3.12/site-packages/oslo_config/cfg.py:3253}}
Jul 16 06:01:29.049167 np0000005231 nova-scheduler[96483]: DEBUG cotyledon.oslo_config_glue [-] profiler.es_scroll_size = 10000 {{(pid=96483) log_opt_values /opt/stack/data/venv/lib/python3.12/site-packages/oslo_config/cfg.py:3253}}
Jul 16 06:01:29.049167 np0000005231 nova-scheduler[96483]: DEBUG cotyledon.oslo_config_glue [-] profiler.es_scroll_time = 2m {{(pid=96483) log_opt_values /opt/stack/data/venv/lib/python3.12/site-packages/oslo_config/cfg.py:3253}}
Jul 16 06:01:29.049167 np0000005231 nova-scheduler[96483]: DEBUG cotyledon.oslo_config_glue [-] profiler.filter_error_trace = False {{(pid=96483) log_opt_values /opt/stack/data/venv/lib/python3.12/site-packages/oslo_config/cfg.py:3253}}
Jul 16 06:01:29.049330 np0000005231 nova-scheduler[96483]: DEBUG cotyledon.oslo_config_glue [-] profiler.hmac_keys = **** {{(pid=96483) log_opt_values /opt/stack/data/venv/lib/python3.12/site-packages/oslo_config/cfg.py:3253}}
Jul 16 06:01:29.049330 np0000005231 nova-scheduler[96483]: DEBUG cotyledon.oslo_config_glue [-] profiler.sentinel_service_name = mymaster {{(pid=96483) log_opt_values /opt/stack/data/venv/lib/python3.12/site-packages/oslo_config/cfg.py:3253}}
Jul 16 06:01:29.049330 np0000005231 nova-scheduler[96483]: DEBUG cotyledon.oslo_config_glue [-] profiler.socket_timeout = 0.1 {{(pid=96483) log_opt_values /opt/stack/data/venv/lib/python3.12/site-packages/oslo_config/cfg.py:3253}}
Jul 16 06:01:29.049330 np0000005231 nova-scheduler[96483]: DEBUG cotyledon.oslo_config_glue [-] profiler.trace_requests = False {{(pid=96483) log_opt_values /opt/stack/data/venv/lib/python3.12/site-packages/oslo_config/cfg.py:3253}}
Jul 16 06:01:29.049330 np0000005231 nova-scheduler[96483]: DEBUG cotyledon.oslo_config_glue [-] profiler.trace_sqlalchemy = False {{(pid=96483) log_opt_values /opt/stack/data/venv/lib/python3.12/site-packages/oslo_config/cfg.py:3253}}
Jul 16 06:01:29.049330 np0000005231 nova-scheduler[96483]: DEBUG cotyledon.oslo_config_glue [-] profiler_jaeger.process_tags = {} {{(pid=96483) log_opt_values /opt/stack/data/venv/lib/python3.12/site-packages/oslo_config/cfg.py:3253}}
Jul 16 06:01:29.049330 np0000005231 nova-scheduler[96483]: DEBUG cotyledon.oslo_config_glue [-] profiler_jaeger.service_name_prefix = None {{(pid=96483) log_opt_values /opt/stack/data/venv/lib/python3.12/site-packages/oslo_config/cfg.py:3253}}
Jul 16 06:01:29.049330 np0000005231 nova-scheduler[96483]: DEBUG cotyledon.oslo_config_glue [-] profiler_otlp.service_name_prefix = None {{(pid=96483) log_opt_values /opt/stack/data/venv/lib/python3.12/site-packages/oslo_config/cfg.py:3253}}
Jul 16 06:01:29.049330 np0000005231 nova-scheduler[96483]: DEBUG cotyledon.oslo_config_glue [-] oslo_messaging_rabbit.amqp_auto_delete = False {{(pid=96483) log_opt_values /opt/stack/data/venv/lib/python3.12/site-packages/oslo_config/cfg.py:3253}}
Jul 16 06:01:29.049532 np0000005231 nova-scheduler[96483]: DEBUG cotyledon.oslo_config_glue [-] oslo_messaging_rabbit.amqp_durable_queues = False {{(pid=96483) log_opt_values /opt/stack/data/venv/lib/python3.12/site-packages/oslo_config/cfg.py:3253}}
Jul 16 06:01:29.049532 np0000005231 nova-scheduler[96483]: DEBUG cotyledon.oslo_config_glue [-] oslo_messaging_rabbit.conn_pool_min_size = 2 {{(pid=96483) log_opt_values /opt/stack/data/venv/lib/python3.12/site-packages/oslo_config/cfg.py:3253}}
Jul 16 06:01:29.049532 np0000005231 nova-scheduler[96483]: DEBUG cotyledon.oslo_config_glue [-] oslo_messaging_rabbit.conn_pool_ttl = 1200 {{(pid=96483) log_opt_values /opt/stack/data/venv/lib/python3.12/site-packages/oslo_config/cfg.py:3253}}
Jul 16 06:01:29.049532 np0000005231 nova-scheduler[96483]: DEBUG cotyledon.oslo_config_glue [-] oslo_messaging_rabbit.direct_mandatory_flag = True {{(pid=96483) log_opt_values /opt/stack/data/venv/lib/python3.12/site-packages/oslo_config/cfg.py:3253}}
Jul 16 06:01:29.049532 np0000005231 nova-scheduler[96483]: DEBUG cotyledon.oslo_config_glue [-] oslo_messaging_rabbit.enable_cancel_on_failover = False {{(pid=96483) log_opt_values /opt/stack/data/venv/lib/python3.12/site-packages/oslo_config/cfg.py:3253}}
Jul 16 06:01:29.049532 np0000005231 nova-scheduler[96483]: DEBUG cotyledon.oslo_config_glue [-] oslo_messaging_rabbit.heartbeat_rate = 3 {{(pid=96483) log_opt_values /opt/stack/data/venv/lib/python3.12/site-packages/oslo_config/cfg.py:3253}}
Jul 16 06:01:29.049532 np0000005231 nova-scheduler[96483]: DEBUG cotyledon.oslo_config_glue [-] oslo_messaging_rabbit.heartbeat_timeout_threshold = 60 {{(pid=96483) log_opt_values /opt/stack/data/venv/lib/python3.12/site-packages/oslo_config/cfg.py:3253}}
Jul 16 06:01:29.049532 np0000005231 nova-scheduler[96483]: DEBUG cotyledon.oslo_config_glue [-] oslo_messaging_rabbit.hostname = np0000005231 {{(pid=96483) log_opt_values /opt/stack/data/venv/lib/python3.12/site-packages/oslo_config/cfg.py:3253}}
Jul 16 06:01:29.049532 np0000005231 nova-scheduler[96483]: DEBUG cotyledon.oslo_config_glue [-] oslo_messaging_rabbit.kombu_compression = None {{(pid=96483) log_opt_values /opt/stack/data/venv/lib/python3.12/site-packages/oslo_config/cfg.py:3253}}
Jul 16 06:01:29.049778 np0000005231 nova-scheduler[96483]: DEBUG cotyledon.oslo_config_glue [-] oslo_messaging_rabbit.kombu_failover_strategy = round-robin {{(pid=96483) log_opt_values /opt/stack/data/venv/lib/python3.12/site-packages/oslo_config/cfg.py:3253}}
Jul 16 06:01:29.049778 np0000005231 nova-scheduler[96483]: DEBUG cotyledon.oslo_config_glue [-] oslo_messaging_rabbit.kombu_missing_consumer_retry_timeout = 60 {{(pid=96483) log_opt_values /opt/stack/data/venv/lib/python3.12/site-packages/oslo_config/cfg.py:3253}}
Jul 16 06:01:29.049778 np0000005231 nova-scheduler[96483]: DEBUG cotyledon.oslo_config_glue [-] oslo_messaging_rabbit.kombu_reconnect_delay = 1.0 {{(pid=96483) log_opt_values /opt/stack/data/venv/lib/python3.12/site-packages/oslo_config/cfg.py:3253}}
Jul 16 06:01:29.049778 np0000005231 nova-scheduler[96483]: DEBUG cotyledon.oslo_config_glue [-] oslo_messaging_rabbit.kombu_reconnect_splay = 0.0 {{(pid=96483) log_opt_values /opt/stack/data/venv/lib/python3.12/site-packages/oslo_config/cfg.py:3253}}
Jul 16 06:01:29.049778 np0000005231 nova-scheduler[96483]: DEBUG cotyledon.oslo_config_glue [-] oslo_messaging_rabbit.processname = nova-scheduler {{(pid=96483) log_opt_values /opt/stack/data/venv/lib/python3.12/site-packages/oslo_config/cfg.py:3253}}
Jul 16 06:01:29.049778 np0000005231 nova-scheduler[96483]: DEBUG cotyledon.oslo_config_glue [-] oslo_messaging_rabbit.rabbit_ha_queues = False {{(pid=96483) log_opt_values /opt/stack/data/venv/lib/python3.12/site-packages/oslo_config/cfg.py:3253}}
Jul 16 06:01:29.049778 np0000005231 nova-scheduler[96483]: DEBUG cotyledon.oslo_config_glue [-] oslo_messaging_rabbit.rabbit_interval_max = 30 {{(pid=96483) log_opt_values /opt/stack/data/venv/lib/python3.12/site-packages/oslo_config/cfg.py:3253}}
Jul 16 06:01:29.049778 np0000005231 nova-scheduler[96483]: DEBUG cotyledon.oslo_config_glue [-] oslo_messaging_rabbit.rabbit_login_method = AMQPLAIN {{(pid=96483) log_opt_values /opt/stack/data/venv/lib/python3.12/site-packages/oslo_config/cfg.py:3253}}
Jul 16 06:01:29.050020 np0000005231 nova-scheduler[96483]: DEBUG cotyledon.oslo_config_glue [-] oslo_messaging_rabbit.rabbit_qos_prefetch_count = 0 {{(pid=96483) log_opt_values /opt/stack/data/venv/lib/python3.12/site-packages/oslo_config/cfg.py:3253}}
Jul 16 06:01:29.050020 np0000005231 nova-scheduler[96483]: DEBUG cotyledon.oslo_config_glue [-] oslo_messaging_rabbit.rabbit_quorum_delivery_limit = 0 {{(pid=96483) log_opt_values /opt/stack/data/venv/lib/python3.12/site-packages/oslo_config/cfg.py:3253}}
Jul 16 06:01:29.050020 np0000005231 nova-scheduler[96483]: DEBUG cotyledon.oslo_config_glue [-] oslo_messaging_rabbit.rabbit_quorum_max_memory_bytes = 0 {{(pid=96483) log_opt_values /opt/stack/data/venv/lib/python3.12/site-packages/oslo_config/cfg.py:3253}}
Jul 16 06:01:29.050020 np0000005231 nova-scheduler[96483]: DEBUG cotyledon.oslo_config_glue [-] oslo_messaging_rabbit.rabbit_quorum_max_memory_length = 0 {{(pid=96483) log_opt_values /opt/stack/data/venv/lib/python3.12/site-packages/oslo_config/cfg.py:3253}}
Jul 16 06:01:29.050020 np0000005231 nova-scheduler[96483]: DEBUG cotyledon.oslo_config_glue [-] oslo_messaging_rabbit.rabbit_quorum_queue = False {{(pid=96483) log_opt_values /opt/stack/data/venv/lib/python3.12/site-packages/oslo_config/cfg.py:3253}}
Jul 16 06:01:29.050020 np0000005231 nova-scheduler[96483]: DEBUG cotyledon.oslo_config_glue [-] oslo_messaging_rabbit.rabbit_retry_backoff = 2 {{(pid=96483) log_opt_values /opt/stack/data/venv/lib/python3.12/site-packages/oslo_config/cfg.py:3253}}
Jul 16 06:01:29.050137 np0000005231 nova-scheduler[96481]: INFO dbcounter [None req-08f0865c-b089-4091-b597-97da34a3045d None None] Registered counter for database nova_cell0
Jul 16 06:01:29.050169 np0000005231 nova-scheduler[96483]: DEBUG cotyledon.oslo_config_glue [-] oslo_messaging_rabbit.rabbit_retry_interval = 1 {{(pid=96483) log_opt_values /opt/stack/data/venv/lib/python3.12/site-packages/oslo_config/cfg.py:3253}}
Jul 16 06:01:29.050169 np0000005231 nova-scheduler[96483]: DEBUG cotyledon.oslo_config_glue [-] oslo_messaging_rabbit.rabbit_stream_fanout = False {{(pid=96483) log_opt_values /opt/stack/data/venv/lib/python3.12/site-packages/oslo_config/cfg.py:3253}}
Jul 16 06:01:29.050169 np0000005231 nova-scheduler[96483]: DEBUG cotyledon.oslo_config_glue [-] oslo_messaging_rabbit.rabbit_transient_queues_ttl = 1800 {{(pid=96483) log_opt_values /opt/stack/data/venv/lib/python3.12/site-packages/oslo_config/cfg.py:3253}}
Jul 16 06:01:29.050169 np0000005231 nova-scheduler[96483]: DEBUG cotyledon.oslo_config_glue [-] oslo_messaging_rabbit.rabbit_transient_quorum_queue = False {{(pid=96483) log_opt_values /opt/stack/data/venv/lib/python3.12/site-packages/oslo_config/cfg.py:3253}}
Jul 16 06:01:29.050169 np0000005231 nova-scheduler[96483]: DEBUG cotyledon.oslo_config_glue [-] oslo_messaging_rabbit.rpc_conn_pool_size = 30 {{(pid=96483) log_opt_values /opt/stack/data/venv/lib/python3.12/site-packages/oslo_config/cfg.py:3253}}
Jul 16 06:01:29.050169 np0000005231 nova-scheduler[96483]: DEBUG cotyledon.oslo_config_glue [-] oslo_messaging_rabbit.ssl = False {{(pid=96483) log_opt_values /opt/stack/data/venv/lib/python3.12/site-packages/oslo_config/cfg.py:3253}}
Jul 16 06:01:29.050169 np0000005231 nova-scheduler[96483]: DEBUG cotyledon.oslo_config_glue [-] oslo_messaging_rabbit.ssl_ca_file = {{(pid=96483) log_opt_values /opt/stack/data/venv/lib/python3.12/site-packages/oslo_config/cfg.py:3253}}
Jul 16 06:01:29.050169 np0000005231 nova-scheduler[96483]: DEBUG cotyledon.oslo_config_glue [-] oslo_messaging_rabbit.ssl_cert_file = {{(pid=96483) log_opt_values /opt/stack/data/venv/lib/python3.12/site-packages/oslo_config/cfg.py:3253}}
Jul 16 06:01:29.050169 np0000005231 nova-scheduler[96483]: DEBUG cotyledon.oslo_config_glue [-] oslo_messaging_rabbit.ssl_enforce_fips_mode = False {{(pid=96483) log_opt_values /opt/stack/data/venv/lib/python3.12/site-packages/oslo_config/cfg.py:3253}}
Jul 16 06:01:29.050445 np0000005231 nova-scheduler[96483]: DEBUG cotyledon.oslo_config_glue [-] oslo_messaging_rabbit.ssl_enforce_hostname_verification = True {{(pid=96483) log_opt_values /opt/stack/data/venv/lib/python3.12/site-packages/oslo_config/cfg.py:3253}}
Jul 16 06:01:29.050445 np0000005231 nova-scheduler[96483]: DEBUG cotyledon.oslo_config_glue [-] oslo_messaging_rabbit.ssl_key_file = {{(pid=96483) log_opt_values /opt/stack/data/venv/lib/python3.12/site-packages/oslo_config/cfg.py:3253}}
Jul 16 06:01:29.050445 np0000005231 nova-scheduler[96483]: DEBUG cotyledon.oslo_config_glue [-] oslo_messaging_rabbit.ssl_version = {{(pid=96483) log_opt_values /opt/stack/data/venv/lib/python3.12/site-packages/oslo_config/cfg.py:3253}}
Jul 16 06:01:29.050445 np0000005231 nova-scheduler[96483]: DEBUG cotyledon.oslo_config_glue [-] oslo_messaging_rabbit.use_queue_manager = False {{(pid=96483) log_opt_values /opt/stack/data/venv/lib/python3.12/site-packages/oslo_config/cfg.py:3253}}
Jul 16 06:01:29.050445 np0000005231 nova-scheduler[96483]: DEBUG cotyledon.oslo_config_glue [-] oslo_messaging_notifications.driver = ['messagingv2'] {{(pid=96483) log_opt_values /opt/stack/data/venv/lib/python3.12/site-packages/oslo_config/cfg.py:3253}}
Jul 16 06:01:29.050445 np0000005231 nova-scheduler[96483]: DEBUG cotyledon.oslo_config_glue [-] oslo_messaging_notifications.retry = -1 {{(pid=96483) log_opt_values /opt/stack/data/venv/lib/python3.12/site-packages/oslo_config/cfg.py:3253}}
Jul 16 06:01:29.050445 np0000005231 nova-scheduler[96483]: DEBUG cotyledon.oslo_config_glue [-] oslo_messaging_notifications.topics = ['notifications'] {{(pid=96483) log_opt_values /opt/stack/data/venv/lib/python3.12/site-packages/oslo_config/cfg.py:3253}}
Jul 16 06:01:29.050445 np0000005231 nova-scheduler[96483]: DEBUG cotyledon.oslo_config_glue [-] oslo_messaging_notifications.transport_url = **** {{(pid=96483) log_opt_values /opt/stack/data/venv/lib/python3.12/site-packages/oslo_config/cfg.py:3253}}
Jul 16 06:01:29.050445 np0000005231 nova-scheduler[96483]: DEBUG cotyledon.oslo_config_glue [-] oslo_limit.auth_section = None {{(pid=96483) log_opt_values /opt/stack/data/venv/lib/python3.12/site-packages/oslo_config/cfg.py:3253}}
Jul 16 06:01:29.050707 np0000005231 nova-scheduler[96483]: DEBUG cotyledon.oslo_config_glue [-] oslo_limit.auth_type = None {{(pid=96483) log_opt_values /opt/stack/data/venv/lib/python3.12/site-packages/oslo_config/cfg.py:3253}}
Jul 16 06:01:29.050707 np0000005231 nova-scheduler[96483]: DEBUG cotyledon.oslo_config_glue [-] oslo_limit.cafile = None {{(pid=96483) log_opt_values /opt/stack/data/venv/lib/python3.12/site-packages/oslo_config/cfg.py:3253}}
Jul 16 06:01:29.050707 np0000005231 nova-scheduler[96483]: DEBUG cotyledon.oslo_config_glue [-] oslo_limit.certfile = None {{(pid=96483) log_opt_values /opt/stack/data/venv/lib/python3.12/site-packages/oslo_config/cfg.py:3253}}
Jul 16 06:01:29.050707 np0000005231 nova-scheduler[96483]: DEBUG cotyledon.oslo_config_glue [-] oslo_limit.collect_timing = False {{(pid=96483) log_opt_values /opt/stack/data/venv/lib/python3.12/site-packages/oslo_config/cfg.py:3253}}
Jul 16 06:01:29.050707 np0000005231 nova-scheduler[96483]: DEBUG cotyledon.oslo_config_glue [-] oslo_limit.connect_retries = None {{(pid=96483) log_opt_values /opt/stack/data/venv/lib/python3.12/site-packages/oslo_config/cfg.py:3253}}
Jul 16 06:01:29.050707 np0000005231 nova-scheduler[96483]: DEBUG cotyledon.oslo_config_glue [-] oslo_limit.connect_retry_delay = None {{(pid=96483) log_opt_values /opt/stack/data/venv/lib/python3.12/site-packages/oslo_config/cfg.py:3253}}
Jul 16 06:01:29.050707 np0000005231 nova-scheduler[96483]: DEBUG cotyledon.oslo_config_glue [-] oslo_limit.endpoint_id = None {{(pid=96483) log_opt_values /opt/stack/data/venv/lib/python3.12/site-packages/oslo_config/cfg.py:3253}}
Jul 16 06:01:29.050707 np0000005231 nova-scheduler[96483]: DEBUG cotyledon.oslo_config_glue [-] oslo_limit.endpoint_interface = public {{(pid=96483) log_opt_values /opt/stack/data/venv/lib/python3.12/site-packages/oslo_config/cfg.py:3253}}
Jul 16 06:01:29.050707 np0000005231 nova-scheduler[96483]: DEBUG cotyledon.oslo_config_glue [-] oslo_limit.endpoint_override = None {{(pid=96483) log_opt_values /opt/stack/data/venv/lib/python3.12/site-packages/oslo_config/cfg.py:3253}}
Jul 16 06:01:29.050955 np0000005231 nova-scheduler[96483]: DEBUG cotyledon.oslo_config_glue [-] oslo_limit.endpoint_region_name = None {{(pid=96483) log_opt_values /opt/stack/data/venv/lib/python3.12/site-packages/oslo_config/cfg.py:3253}}
Jul 16 06:01:29.050955 np0000005231 nova-scheduler[96483]: DEBUG cotyledon.oslo_config_glue [-] oslo_limit.endpoint_service_name = None {{(pid=96483) log_opt_values /opt/stack/data/venv/lib/python3.12/site-packages/oslo_config/cfg.py:3253}}
Jul 16 06:01:29.050955 np0000005231 nova-scheduler[96483]: DEBUG cotyledon.oslo_config_glue [-] oslo_limit.endpoint_service_type = None {{(pid=96483) log_opt_values /opt/stack/data/venv/lib/python3.12/site-packages/oslo_config/cfg.py:3253}}
Jul 16 06:01:29.050955 np0000005231 nova-scheduler[96483]: DEBUG cotyledon.oslo_config_glue [-] oslo_limit.insecure = False {{(pid=96483) log_opt_values /opt/stack/data/venv/lib/python3.12/site-packages/oslo_config/cfg.py:3253}}
Jul 16 06:01:29.050955 np0000005231 nova-scheduler[96483]: DEBUG cotyledon.oslo_config_glue [-] oslo_limit.keyfile = None {{(pid=96483) log_opt_values /opt/stack/data/venv/lib/python3.12/site-packages/oslo_config/cfg.py:3253}}
Jul 16 06:01:29.050955 np0000005231 nova-scheduler[96483]: DEBUG cotyledon.oslo_config_glue [-] oslo_limit.max_version = None {{(pid=96483) log_opt_values /opt/stack/data/venv/lib/python3.12/site-packages/oslo_config/cfg.py:3253}}
Jul 16 06:01:29.050955 np0000005231 nova-scheduler[96483]: DEBUG cotyledon.oslo_config_glue [-] oslo_limit.min_version = None {{(pid=96483) log_opt_values /opt/stack/data/venv/lib/python3.12/site-packages/oslo_config/cfg.py:3253}}
Jul 16 06:01:29.050955 np0000005231 nova-scheduler[96483]: DEBUG cotyledon.oslo_config_glue [-] oslo_limit.region_name = None {{(pid=96483) log_opt_values /opt/stack/data/venv/lib/python3.12/site-packages/oslo_config/cfg.py:3253}}
Jul 16 06:01:29.050955 np0000005231 nova-scheduler[96483]: DEBUG cotyledon.oslo_config_glue [-] oslo_limit.retriable_status_codes = None {{(pid=96483) log_opt_values /opt/stack/data/venv/lib/python3.12/site-packages/oslo_config/cfg.py:3253}}
Jul 16 06:01:29.051190 np0000005231 nova-scheduler[96483]: DEBUG cotyledon.oslo_config_glue [-] oslo_limit.service_name = None {{(pid=96483) log_opt_values /opt/stack/data/venv/lib/python3.12/site-packages/oslo_config/cfg.py:3253}}
Jul 16 06:01:29.051190 np0000005231 nova-scheduler[96483]: DEBUG cotyledon.oslo_config_glue [-] oslo_limit.service_type = None {{(pid=96483) log_opt_values /opt/stack/data/venv/lib/python3.12/site-packages/oslo_config/cfg.py:3253}}
Jul 16 06:01:29.051190 np0000005231 nova-scheduler[96483]: DEBUG cotyledon.oslo_config_glue [-] oslo_limit.split_loggers = False {{(pid=96483) log_opt_values /opt/stack/data/venv/lib/python3.12/site-packages/oslo_config/cfg.py:3253}}
Jul 16 06:01:29.051190 np0000005231 nova-scheduler[96483]: DEBUG cotyledon.oslo_config_glue [-] oslo_limit.status_code_retries = None {{(pid=96483) log_opt_values /opt/stack/data/venv/lib/python3.12/site-packages/oslo_config/cfg.py:3253}}
Jul 16 06:01:29.051190 np0000005231 nova-scheduler[96483]: DEBUG cotyledon.oslo_config_glue [-] oslo_limit.status_code_retry_delay = None {{(pid=96483) log_opt_values /opt/stack/data/venv/lib/python3.12/site-packages/oslo_config/cfg.py:3253}}
Jul 16 06:01:29.051190 np0000005231 nova-scheduler[96483]: DEBUG cotyledon.oslo_config_glue [-] oslo_limit.timeout = None {{(pid=96483) log_opt_values /opt/stack/data/venv/lib/python3.12/site-packages/oslo_config/cfg.py:3253}}
Jul 16 06:01:29.051190 np0000005231 nova-scheduler[96483]: DEBUG cotyledon.oslo_config_glue [-] oslo_limit.valid_interfaces = None {{(pid=96483) log_opt_values /opt/stack/data/venv/lib/python3.12/site-packages/oslo_config/cfg.py:3253}}
Jul 16 06:01:29.051190 np0000005231 nova-scheduler[96483]: DEBUG cotyledon.oslo_config_glue [-] oslo_limit.version = None {{(pid=96483) log_opt_values /opt/stack/data/venv/lib/python3.12/site-packages/oslo_config/cfg.py:3253}}
Jul 16 06:01:29.051190 np0000005231 nova-scheduler[96483]: DEBUG cotyledon.oslo_config_glue [-] oslo_reports.file_event_handler = None {{(pid=96483) log_opt_values /opt/stack/data/venv/lib/python3.12/site-packages/oslo_config/cfg.py:3253}}
Jul 16 06:01:29.051417 np0000005231 nova-scheduler[96483]: DEBUG cotyledon.oslo_config_glue [-] oslo_reports.file_event_handler_interval = 1 {{(pid=96483) log_opt_values /opt/stack/data/venv/lib/python3.12/site-packages/oslo_config/cfg.py:3253}}
Jul 16 06:01:29.051417 np0000005231 nova-scheduler[96483]: DEBUG cotyledon.oslo_config_glue [-] oslo_reports.log_dir = None {{(pid=96483) log_opt_values /opt/stack/data/venv/lib/python3.12/site-packages/oslo_config/cfg.py:3253}}
Jul 16 06:01:29.051417 np0000005231 nova-scheduler[96483]: DEBUG cotyledon.oslo_config_glue [-] ******************************************************************************** {{(pid=96483) log_opt_values /opt/stack/data/venv/lib/python3.12/site-packages/oslo_config/cfg.py:3260}}
Jul 16 06:01:29.051417 np0000005231 nova-scheduler[96483]: DEBUG cotyledon._service_worker [-] Run service ServiceWrapper(3) [96483] {{(pid=96483) wait_forever /opt/stack/data/venv/lib/python3.12/site-packages/cotyledon/_service_worker.py:218}}
Jul 16 06:01:29.051417 np0000005231 nova-scheduler[96483]: INFO nova.service [-] Starting scheduler node (version 33.1.0)
Jul 16 06:01:29.051417 np0000005231 nova-scheduler[96483]: INFO dbcounter [None req-b1d32f1f-5d5e-448e-a245-82d66f31cab4 None None] Registered counter for database nova_cell0
Jul 16 06:01:29.051560 np0000005231 nova-scheduler[96477]: DEBUG oslo_db.sqlalchemy.engines [None req-4f00b128-7a1e-4510-bb0d-e985f8222b30 None None] MySQL server mode set to STRICT_TRANS_TABLES,STRICT_ALL_TABLES,NO_ZERO_IN_DATE,NO_ZERO_DATE,ERROR_FOR_DIVISION_BY_ZERO,TRADITIONAL,NO_ENGINE_SUBSTITUTION {{(pid=96477) _check_effective_sql_mode /opt/stack/data/venv/lib/python3.12/site-packages/oslo_db/sqlalchemy/engines.py:325}}
Jul 16 06:01:29.051560 np0000005231 nova-scheduler[96477]: DEBUG dbcounter [-] [96477] Writer thread running {{(pid=96477) stat_writer /opt/stack/data/venv/lib/python3.12/site-packages/dbcounter.py:102}}
Jul 16 06:01:29.070757 np0000005231 nova-scheduler[96477]: DEBUG nova.service [None req-4f00b128-7a1e-4510-bb0d-e985f8222b30 None None] Creating RPC server for service: nova-scheduler on topic: scheduler {{(pid=96477) start /opt/stack/nova/nova/service.py:196}}
Jul 16 06:01:29.074072 np0000005231 nova-scheduler[96479]: DEBUG oslo_db.sqlalchemy.engines [None req-b8f01ece-621a-4534-80b5-f241c34aa23a None None] MySQL server mode set to STRICT_TRANS_TABLES,STRICT_ALL_TABLES,NO_ZERO_IN_DATE,NO_ZERO_DATE,ERROR_FOR_DIVISION_BY_ZERO,TRADITIONAL,NO_ENGINE_SUBSTITUTION {{(pid=96479) _check_effective_sql_mode /opt/stack/data/venv/lib/python3.12/site-packages/oslo_db/sqlalchemy/engines.py:325}}
Jul 16 06:01:29.085094 np0000005231 nova-scheduler[96481]: DEBUG oslo_db.sqlalchemy.engines [None req-08f0865c-b089-4091-b597-97da34a3045d None None] MySQL server mode set to STRICT_TRANS_TABLES,STRICT_ALL_TABLES,NO_ZERO_IN_DATE,NO_ZERO_DATE,ERROR_FOR_DIVISION_BY_ZERO,TRADITIONAL,NO_ENGINE_SUBSTITUTION {{(pid=96481) _check_effective_sql_mode /opt/stack/data/venv/lib/python3.12/site-packages/oslo_db/sqlalchemy/engines.py:325}}
Jul 16 06:01:29.087958 np0000005231 nova-scheduler[96479]: DEBUG dbcounter [-] [96479] Writer thread running {{(pid=96479) stat_writer /opt/stack/data/venv/lib/python3.12/site-packages/dbcounter.py:102}}
Jul 16 06:01:29.088802 np0000005231 nova-scheduler[96483]: DEBUG oslo_db.sqlalchemy.engines [None req-b1d32f1f-5d5e-448e-a245-82d66f31cab4 None None] MySQL server mode set to STRICT_TRANS_TABLES,STRICT_ALL_TABLES,NO_ZERO_IN_DATE,NO_ZERO_DATE,ERROR_FOR_DIVISION_BY_ZERO,TRADITIONAL,NO_ENGINE_SUBSTITUTION {{(pid=96483) _check_effective_sql_mode /opt/stack/data/venv/lib/python3.12/site-packages/oslo_db/sqlalchemy/engines.py:325}}
Jul 16 06:01:29.091940 np0000005231 nova-scheduler[96479]: DEBUG nova.service [None req-b8f01ece-621a-4534-80b5-f241c34aa23a None None] Creating RPC server for service: nova-scheduler on topic: scheduler {{(pid=96479) start /opt/stack/nova/nova/service.py:196}}
Jul 16 06:01:29.096794 np0000005231 nova-scheduler[96481]: DEBUG dbcounter [-] [96481] Writer thread running {{(pid=96481) stat_writer /opt/stack/data/venv/lib/python3.12/site-packages/dbcounter.py:102}}
Jul 16 06:01:29.100470 np0000005231 nova-scheduler[96481]: DEBUG nova.service [None req-08f0865c-b089-4091-b597-97da34a3045d None None] Creating RPC server for service: nova-scheduler on topic: scheduler {{(pid=96481) start /opt/stack/nova/nova/service.py:196}}
Jul 16 06:01:29.100811 np0000005231 nova-scheduler[96483]: DEBUG dbcounter [-] [96483] Writer thread running {{(pid=96483) stat_writer /opt/stack/data/venv/lib/python3.12/site-packages/dbcounter.py:102}}
Jul 16 06:01:29.104370 np0000005231 nova-scheduler[96483]: DEBUG nova.service [None req-b1d32f1f-5d5e-448e-a245-82d66f31cab4 None None] Creating RPC server for service: nova-scheduler on topic: scheduler {{(pid=96483) start /opt/stack/nova/nova/service.py:196}}
Jul 16 06:01:29.107503 np0000005231 nova-scheduler[96477]: DEBUG nova.service [None req-4f00b128-7a1e-4510-bb0d-e985f8222b30 None None] Join ServiceGroup membership for this service scheduler {{(pid=96477) start /opt/stack/nova/nova/service.py:222}}
Jul 16 06:01:29.107865 np0000005231 nova-scheduler[96477]: DEBUG nova.servicegroup.drivers.db [None req-4f00b128-7a1e-4510-bb0d-e985f8222b30 None None] DB_Driver: join new ServiceGroup member np0000005231 to the scheduler group, service = {{(pid=96477) join /opt/stack/nova/nova/servicegroup/drivers/db.py:44}}
Jul 16 06:01:29.122457 np0000005231 nova-scheduler[96479]: DEBUG nova.service [None req-b8f01ece-621a-4534-80b5-f241c34aa23a None None] Join ServiceGroup membership for this service scheduler {{(pid=96479) start /opt/stack/nova/nova/service.py:222}}
Jul 16 06:01:29.122457 np0000005231 nova-scheduler[96479]: DEBUG nova.servicegroup.drivers.db [None req-b8f01ece-621a-4534-80b5-f241c34aa23a None None] DB_Driver: join new ServiceGroup member np0000005231 to the scheduler group, service = {{(pid=96479) join /opt/stack/nova/nova/servicegroup/drivers/db.py:44}}
Jul 16 06:01:29.123658 np0000005231 nova-scheduler[96481]: DEBUG nova.service [None req-08f0865c-b089-4091-b597-97da34a3045d None None] Join ServiceGroup membership for this service scheduler {{(pid=96481) start /opt/stack/nova/nova/service.py:222}}
Jul 16 06:01:29.124192 np0000005231 nova-scheduler[96481]: DEBUG nova.servicegroup.drivers.db [None req-08f0865c-b089-4091-b597-97da34a3045d None None] DB_Driver: join new ServiceGroup member np0000005231 to the scheduler group, service = {{(pid=96481) join /opt/stack/nova/nova/servicegroup/drivers/db.py:44}}
Jul 16 06:01:29.128753 np0000005231 nova-scheduler[96483]: DEBUG nova.service [None req-b1d32f1f-5d5e-448e-a245-82d66f31cab4 None None] Join ServiceGroup membership for this service scheduler {{(pid=96483) start /opt/stack/nova/nova/service.py:222}}
Jul 16 06:01:29.129195 np0000005231 nova-scheduler[96483]: DEBUG nova.servicegroup.drivers.db [None req-b1d32f1f-5d5e-448e-a245-82d66f31cab4 None None] DB_Driver: join new ServiceGroup member np0000005231 to the scheduler group, service = {{(pid=96483) join /opt/stack/nova/nova/servicegroup/drivers/db.py:44}}
Jul 16 06:01:34.124077 np0000005231 nova-scheduler[96477]: DEBUG oslo.service.backend._threading.loopingcall [-] Fixed interval looping call 'nova.servicegroup.drivers.db.DbDriver._report_state' sleeping for 119.99 seconds {{(pid=96477) _run_loop /opt/stack/data/venv/lib/python3.12/site-packages/oslo_service/backend/_threading/loopingcall.py:125}}
Jul 16 06:01:34.137704 np0000005231 nova-scheduler[96481]: DEBUG oslo.service.backend._threading.loopingcall [-] Fixed interval looping call 'nova.servicegroup.drivers.db.DbDriver._report_state' sleeping for 119.99 seconds {{(pid=96481) _run_loop /opt/stack/data/venv/lib/python3.12/site-packages/oslo_service/backend/_threading/loopingcall.py:125}}
Jul 16 06:01:34.138097 np0000005231 nova-scheduler[96479]: DEBUG oslo.service.backend._threading.loopingcall [-] Fixed interval looping call 'nova.servicegroup.drivers.db.DbDriver._report_state' sleeping for 119.99 seconds {{(pid=96479) _run_loop /opt/stack/data/venv/lib/python3.12/site-packages/oslo_service/backend/_threading/loopingcall.py:125}}
Jul 16 06:01:34.142336 np0000005231 nova-scheduler[96483]: DEBUG oslo.service.backend._threading.loopingcall [-] Fixed interval looping call 'nova.servicegroup.drivers.db.DbDriver._report_state' sleeping for 119.99 seconds {{(pid=96483) _run_loop /opt/stack/data/venv/lib/python3.12/site-packages/oslo_service/backend/_threading/loopingcall.py:125}}
Jul 16 06:01:37.562283 np0000005231 nova-scheduler[95281]: DEBUG dbcounter [-] [95281] Writing DB stats nova_api:SELECT=3 {{(pid=95281) stat_writer /opt/stack/data/venv/lib/python3.12/site-packages/dbcounter.py:115}}
Jul 16 06:01:37.735608 np0000005231 nova-scheduler[95281]: DEBUG dbcounter [-] [95281] Writing DB stats nova_cell1:SELECT=1 {{(pid=95281) stat_writer /opt/stack/data/venv/lib/python3.12/site-packages/dbcounter.py:115}}
Jul 16 06:01:37.741145 np0000005231 nova-scheduler[95281]: DEBUG dbcounter [-] [95281] Writing DB stats nova_cell0:SELECT=1 {{(pid=95281) stat_writer /opt/stack/data/venv/lib/python3.12/site-packages/dbcounter.py:115}}
Jul 16 06:01:38.127391 np0000005231 nova-scheduler[96481]: DEBUG oslo.service.backend._threading.loopingcall [None req-99ab0cd6-f8b9-4074-b1f1-7863bcc4b22c None None] Dynamic interval looping call 'nova.service.Service.periodic_tasks' sleeping for 60.00 seconds {{(pid=96481) _run_loop /opt/stack/data/venv/lib/python3.12/site-packages/oslo_service/backend/_threading/loopingcall.py:125}}
Jul 16 06:01:44.119756 np0000005231 nova-scheduler[96477]: DEBUG dbcounter [-] [96477] Writing DB stats nova_cell0:SELECT=4,nova_cell0:INSERT=1,nova_cell0:UPDATE=1 {{(pid=96477) stat_writer /opt/stack/data/venv/lib/python3.12/site-packages/dbcounter.py:115}}
Jul 16 06:01:44.134024 np0000005231 nova-scheduler[96479]: DEBUG dbcounter [-] [96479] Writing DB stats nova_cell0:SELECT=3 {{(pid=96479) stat_writer /opt/stack/data/venv/lib/python3.12/site-packages/dbcounter.py:115}}
Jul 16 06:01:44.134941 np0000005231 nova-scheduler[96481]: DEBUG dbcounter [-] [96481] Writing DB stats nova_cell0:SELECT=3 {{(pid=96481) stat_writer /opt/stack/data/venv/lib/python3.12/site-packages/dbcounter.py:115}}
Jul 16 06:01:44.140959 np0000005231 nova-scheduler[96483]: DEBUG dbcounter [-] [96483] Writing DB stats nova_cell0:SELECT=3 {{(pid=96483) stat_writer /opt/stack/data/venv/lib/python3.12/site-packages/dbcounter.py:115}}
Jul 16 06:01:52.125189 np0000005231 nova-scheduler[96479]: DEBUG oslo.service.backend._threading.loopingcall [None req-eb817f2e-eb46-459c-8b66-29ebc6a55bd9 None None] Dynamic interval looping call 'nova.service.Service.periodic_tasks' sleeping for 60.00 seconds {{(pid=96479) _run_loop /opt/stack/data/venv/lib/python3.12/site-packages/oslo_service/backend/_threading/loopingcall.py:125}}
Jul 16 06:02:12.131720 np0000005231 nova-scheduler[96483]: DEBUG oslo.service.backend._threading.loopingcall [None req-bae54440-6998-43f7-8b96-9c6df1dd7b43 None None] Dynamic interval looping call 'nova.service.Service.periodic_tasks' sleeping for 60.00 seconds {{(pid=96483) _run_loop /opt/stack/data/venv/lib/python3.12/site-packages/oslo_service/backend/_threading/loopingcall.py:125}}
Jul 16 06:02:21.110989 np0000005231 nova-scheduler[96477]: DEBUG oslo.service.backend._threading.loopingcall [None req-205f515e-690d-4244-a7ad-d6ad4cf77417 None None] Dynamic interval looping call 'nova.service.Service.periodic_tasks' sleeping for 60.00 seconds {{(pid=96477) _run_loop /opt/stack/data/venv/lib/python3.12/site-packages/oslo_service/backend/_threading/loopingcall.py:125}}
Jul 16 06:02:38.127931 np0000005231 nova-scheduler[96481]: DEBUG oslo.service.backend._threading.loopingcall [None req-99ab0cd6-f8b9-4074-b1f1-7863bcc4b22c None None] Dynamic interval looping call 'nova.service.Service.periodic_tasks' sleeping for 60.00 seconds {{(pid=96481) _run_loop /opt/stack/data/venv/lib/python3.12/site-packages/oslo_service/backend/_threading/loopingcall.py:125}}
Jul 16 06:02:52.125633 np0000005231 nova-scheduler[96479]: DEBUG oslo.service.backend._threading.loopingcall [None req-eb817f2e-eb46-459c-8b66-29ebc6a55bd9 None None] Dynamic interval looping call 'nova.service.Service.periodic_tasks' sleeping for 60.00 seconds {{(pid=96479) _run_loop /opt/stack/data/venv/lib/python3.12/site-packages/oslo_service/backend/_threading/loopingcall.py:125}}
Jul 16 06:03:12.132238 np0000005231 nova-scheduler[96483]: DEBUG oslo.service.backend._threading.loopingcall [None req-bae54440-6998-43f7-8b96-9c6df1dd7b43 None None] Dynamic interval looping call 'nova.service.Service.periodic_tasks' sleeping for 60.00 seconds {{(pid=96483) _run_loop /opt/stack/data/venv/lib/python3.12/site-packages/oslo_service/backend/_threading/loopingcall.py:125}}
Jul 16 06:03:21.111544 np0000005231 nova-scheduler[96477]: DEBUG oslo.service.backend._threading.loopingcall [None req-205f515e-690d-4244-a7ad-d6ad4cf77417 None None] Dynamic interval looping call 'nova.service.Service.periodic_tasks' sleeping for 60.00 seconds {{(pid=96477) _run_loop /opt/stack/data/venv/lib/python3.12/site-packages/oslo_service/backend/_threading/loopingcall.py:125}}
Jul 16 06:03:34.121556 np0000005231 nova-scheduler[96477]: DEBUG oslo.service.backend._threading.loopingcall [-] Fixed interval looping call 'nova.servicegroup.drivers.db.DbDriver._report_state' sleeping for 119.99 seconds {{(pid=96477) _run_loop /opt/stack/data/venv/lib/python3.12/site-packages/oslo_service/backend/_threading/loopingcall.py:125}}
Jul 16 06:03:34.131984 np0000005231 nova-scheduler[96481]: DEBUG oslo.service.backend._threading.loopingcall [-] Fixed interval looping call 'nova.servicegroup.drivers.db.DbDriver._report_state' sleeping for 120.00 seconds {{(pid=96481) _run_loop /opt/stack/data/venv/lib/python3.12/site-packages/oslo_service/backend/_threading/loopingcall.py:125}}
Jul 16 06:03:34.132534 np0000005231 nova-scheduler[96479]: DEBUG oslo.service.backend._threading.loopingcall [-] Fixed interval looping call 'nova.servicegroup.drivers.db.DbDriver._report_state' sleeping for 120.00 seconds {{(pid=96479) _run_loop /opt/stack/data/venv/lib/python3.12/site-packages/oslo_service/backend/_threading/loopingcall.py:125}}
Jul 16 06:03:34.136118 np0000005231 nova-scheduler[96483]: DEBUG oslo.service.backend._threading.loopingcall [-] Fixed interval looping call 'nova.servicegroup.drivers.db.DbDriver._report_state' sleeping for 120.00 seconds {{(pid=96483) _run_loop /opt/stack/data/venv/lib/python3.12/site-packages/oslo_service/backend/_threading/loopingcall.py:125}}
Jul 16 06:03:38.128496 np0000005231 nova-scheduler[96481]: DEBUG oslo.service.backend._threading.loopingcall [None req-99ab0cd6-f8b9-4074-b1f1-7863bcc4b22c None None] Dynamic interval looping call 'nova.service.Service.periodic_tasks' sleeping for 60.00 seconds {{(pid=96481) _run_loop /opt/stack/data/venv/lib/python3.12/site-packages/oslo_service/backend/_threading/loopingcall.py:125}}
Jul 16 06:03:44.118036 np0000005231 nova-scheduler[96477]: DEBUG dbcounter [-] [96477] Writing DB stats nova_cell0:SELECT=1,nova_cell0:UPDATE=1 {{(pid=96477) stat_writer /opt/stack/data/venv/lib/python3.12/site-packages/dbcounter.py:115}}
Jul 16 06:03:44.129846 np0000005231 nova-scheduler[96481]: DEBUG dbcounter [-] [96481] Writing DB stats nova_cell0:SELECT=1 {{(pid=96481) stat_writer /opt/stack/data/venv/lib/python3.12/site-packages/dbcounter.py:115}}
Jul 16 06:03:44.130628 np0000005231 nova-scheduler[96479]: DEBUG dbcounter [-] [96479] Writing DB stats nova_cell0:SELECT=1 {{(pid=96479) stat_writer /opt/stack/data/venv/lib/python3.12/site-packages/dbcounter.py:115}}
Jul 16 06:03:44.134127 np0000005231 nova-scheduler[96483]: DEBUG dbcounter [-] [96483] Writing DB stats nova_cell0:SELECT=1 {{(pid=96483) stat_writer /opt/stack/data/venv/lib/python3.12/site-packages/dbcounter.py:115}}
Jul 16 06:03:52.126186 np0000005231 nova-scheduler[96479]: DEBUG oslo.service.backend._threading.loopingcall [None req-eb817f2e-eb46-459c-8b66-29ebc6a55bd9 None None] Dynamic interval looping call 'nova.service.Service.periodic_tasks' sleeping for 60.00 seconds {{(pid=96479) _run_loop /opt/stack/data/venv/lib/python3.12/site-packages/oslo_service/backend/_threading/loopingcall.py:125}}
Jul 16 06:03:57.760722 np0000005231 nova-scheduler[96477]: DEBUG nova.scheduler.manager [None req-4a9c0d7d-f441-41e2-888e-59502d374d5b tempest-DeleteServersTestJSON-1927234803 tempest-DeleteServersTestJSON-1927234803-project-member] Starting to schedule for instances: ['2d8b8ecc-16a2-468a-801c-6d6ca759a7ba'] {{(pid=96477) select_destinations /opt/stack/nova/nova/scheduler/manager.py:209}}
Jul 16 06:03:57.761358 np0000005231 nova-scheduler[96477]: DEBUG nova.scheduler.request_filter [None req-4a9c0d7d-f441-41e2-888e-59502d374d5b tempest-DeleteServersTestJSON-1927234803 tempest-DeleteServersTestJSON-1927234803-project-member] compute_status_filter request filter added forbidden trait COMPUTE_STATUS_DISABLED {{(pid=96477) compute_status_filter /opt/stack/nova/nova/scheduler/request_filter.py:253}}
Jul 16 06:03:57.761570 np0000005231 nova-scheduler[96477]: DEBUG nova.scheduler.request_filter [None req-4a9c0d7d-f441-41e2-888e-59502d374d5b tempest-DeleteServersTestJSON-1927234803 tempest-DeleteServersTestJSON-1927234803-project-member] Request filter 'compute_status_filter' took 0.0 seconds {{(pid=96477) wrapper /opt/stack/nova/nova/scheduler/request_filter.py:46}}
Jul 16 06:03:57.762054 np0000005231 nova-scheduler[96477]: DEBUG nova.scheduler.request_filter [None req-4a9c0d7d-f441-41e2-888e-59502d374d5b tempest-DeleteServersTestJSON-1927234803 tempest-DeleteServersTestJSON-1927234803-project-member] Request filter 'accelerators_filter' took 0.0 seconds {{(pid=96477) wrapper /opt/stack/nova/nova/scheduler/request_filter.py:46}}
Jul 16 06:03:57.762763 np0000005231 nova-scheduler[96477]: DEBUG nova.scheduler.request_filter [None req-4a9c0d7d-f441-41e2-888e-59502d374d5b tempest-DeleteServersTestJSON-1927234803 tempest-DeleteServersTestJSON-1927234803-project-member] Request filter 'packed_virtqueue_filter' took 0.0 seconds {{(pid=96477) wrapper /opt/stack/nova/nova/scheduler/request_filter.py:46}}
Jul 16 06:03:57.763129 np0000005231 nova-scheduler[96477]: DEBUG nova.scheduler.request_filter [None req-4a9c0d7d-f441-41e2-888e-59502d374d5b tempest-DeleteServersTestJSON-1927234803 tempest-DeleteServersTestJSON-1927234803-project-member] Request filter 'remote_managed_ports_filter' took 0.0 seconds {{(pid=96477) wrapper /opt/stack/nova/nova/scheduler/request_filter.py:46}}
Jul 16 06:03:57.763344 np0000005231 nova-scheduler[96477]: DEBUG nova.scheduler.request_filter [None req-4a9c0d7d-f441-41e2-888e-59502d374d5b tempest-DeleteServersTestJSON-1927234803 tempest-DeleteServersTestJSON-1927234803-project-member] ephemeral_encryption_filter skipped {{(pid=96477) ephemeral_encryption_filter /opt/stack/nova/nova/scheduler/request_filter.py:426}}
Jul 16 06:03:57.763589 np0000005231 nova-scheduler[96477]: DEBUG nova.scheduler.request_filter [None req-4a9c0d7d-f441-41e2-888e-59502d374d5b tempest-DeleteServersTestJSON-1927234803 tempest-DeleteServersTestJSON-1927234803-project-member] virtio_sound_filter skipped {{(pid=96477) virtio_sound_filter /opt/stack/nova/nova/scheduler/request_filter.py:460}}
Jul 16 06:03:57.763790 np0000005231 nova-scheduler[96477]: DEBUG nova.scheduler.request_filter [None req-4a9c0d7d-f441-41e2-888e-59502d374d5b tempest-DeleteServersTestJSON-1927234803 tempest-DeleteServersTestJSON-1927234803-project-member] tpm_secret_security_filter skipped {{(pid=96477) tpm_secret_security_filter /opt/stack/nova/nova/scheduler/request_filter.py:477}}
Jul 16 06:03:58.379557 np0000005231 nova-scheduler[96477]: INFO nova.utils [None req-4a9c0d7d-f441-41e2-888e-59502d374d5b tempest-DeleteServersTestJSON-1927234803 tempest-DeleteServersTestJSON-1927234803-project-member] The cell worker thread pool ForkProcess-1.cell_worker is initialized
Jul 16 06:03:58.380000 np0000005231 nova-scheduler[96477]: DEBUG oslo_concurrency.lockutils [None req-4a9c0d7d-f441-41e2-888e-59502d374d5b tempest-DeleteServersTestJSON-1927234803 tempest-DeleteServersTestJSON-1927234803-project-member] Acquiring lock "14618ddb-f84e-4560-a724-d73b898c2b28" by "nova.context.set_target_cell..get_or_set_cached_cell_and_set_connections" {{(pid=96477) inner /opt/stack/data/venv/lib/python3.12/site-packages/oslo_concurrency/lockutils.py:511}}
Jul 16 06:03:58.380243 np0000005231 nova-scheduler[96477]: DEBUG oslo_concurrency.lockutils [None req-4a9c0d7d-f441-41e2-888e-59502d374d5b tempest-DeleteServersTestJSON-1927234803 tempest-DeleteServersTestJSON-1927234803-project-member] Lock "14618ddb-f84e-4560-a724-d73b898c2b28" acquired by "nova.context.set_target_cell..get_or_set_cached_cell_and_set_connections" :: waited 0.000s {{(pid=96477) inner /opt/stack/data/venv/lib/python3.12/site-packages/oslo_concurrency/lockutils.py:524}}
Jul 16 06:03:58.381942 np0000005231 nova-scheduler[96477]: DEBUG oslo_concurrency.lockutils [None req-4a9c0d7d-f441-41e2-888e-59502d374d5b tempest-DeleteServersTestJSON-1927234803 tempest-DeleteServersTestJSON-1927234803-project-member] Lock "14618ddb-f84e-4560-a724-d73b898c2b28" "released" by "nova.context.set_target_cell..get_or_set_cached_cell_and_set_connections" :: held 0.002s {{(pid=96477) inner /opt/stack/data/venv/lib/python3.12/site-packages/oslo_concurrency/lockutils.py:543}}
Jul 16 06:03:58.383995 np0000005231 nova-scheduler[96477]: INFO dbcounter [None req-4a9c0d7d-f441-41e2-888e-59502d374d5b tempest-DeleteServersTestJSON-1927234803 tempest-DeleteServersTestJSON-1927234803-project-member] Registered counter for database nova_cell1
