Aug 13 03:26:01.532876 np0000007142 nova-conductor[95882]: DEBUG cotyledon.oslo_config_glue [-] oslo_messaging_rabbit.rabbit_login_method = AMQPLAIN {{(pid=95882) log_opt_values /opt/stack/data/venv/lib/python3.12/site-packages/oslo_config/cfg.py:3545}}
Aug 13 03:26:01.532876 np0000007142 nova-conductor[95882]: DEBUG cotyledon.oslo_config_glue [-] oslo_messaging_rabbit.rabbit_qos_prefetch_count = 0 {{(pid=95882) log_opt_values /opt/stack/data/venv/lib/python3.12/site-packages/oslo_config/cfg.py:3545}}
Aug 13 03:26:01.532876 np0000007142 nova-conductor[95882]: DEBUG cotyledon.oslo_config_glue [-] oslo_messaging_rabbit.rabbit_quorum_delivery_limit = 0 {{(pid=95882) log_opt_values /opt/stack/data/venv/lib/python3.12/site-packages/oslo_config/cfg.py:3545}}
Aug 13 03:26:01.532876 np0000007142 nova-conductor[95882]: DEBUG cotyledon.oslo_config_glue [-] oslo_messaging_rabbit.rabbit_quorum_max_memory_bytes = 0 {{(pid=95882) log_opt_values /opt/stack/data/venv/lib/python3.12/site-packages/oslo_config/cfg.py:3545}}
Aug 13 03:26:01.532876 np0000007142 nova-conductor[95882]: DEBUG cotyledon.oslo_config_glue [-] oslo_messaging_rabbit.rabbit_quorum_max_memory_length = 0 {{(pid=95882) log_opt_values /opt/stack/data/venv/lib/python3.12/site-packages/oslo_config/cfg.py:3545}}
Aug 13 03:26:01.532876 np0000007142 nova-conductor[95882]: DEBUG cotyledon.oslo_config_glue [-] oslo_messaging_rabbit.rabbit_quorum_queue = False {{(pid=95882) log_opt_values /opt/stack/data/venv/lib/python3.12/site-packages/oslo_config/cfg.py:3545}}
Aug 13 03:26:01.532876 np0000007142 nova-conductor[95882]: DEBUG cotyledon.oslo_config_glue [-] oslo_messaging_rabbit.rabbit_retry_backoff = 2 {{(pid=95882) log_opt_values /opt/stack/data/venv/lib/python3.12/site-packages/oslo_config/cfg.py:3545}}
Aug 13 03:26:01.532876 np0000007142 nova-conductor[95882]: DEBUG cotyledon.oslo_config_glue [-] oslo_messaging_rabbit.rabbit_retry_interval = 1 {{(pid=95882) log_opt_values /opt/stack/data/venv/lib/python3.12/site-packages/oslo_config/cfg.py:3545}}
Aug 13 03:26:01.532876 np0000007142 nova-conductor[95882]: DEBUG cotyledon.oslo_config_glue [-] oslo_messaging_rabbit.rabbit_stream_fanout = False {{(pid=95882) log_opt_values /opt/stack/data/venv/lib/python3.12/site-packages/oslo_config/cfg.py:3545}}
Aug 13 03:26:01.533121 np0000007142 nova-conductor[95882]: DEBUG cotyledon.oslo_config_glue [-] oslo_messaging_rabbit.rabbit_transient_queues_ttl = 1800 {{(pid=95882) log_opt_values /opt/stack/data/venv/lib/python3.12/site-packages/oslo_config/cfg.py:3545}}
Aug 13 03:26:01.533121 np0000007142 nova-conductor[95882]: DEBUG cotyledon.oslo_config_glue [-] oslo_messaging_rabbit.rabbit_transient_quorum_queue = False {{(pid=95882) log_opt_values /opt/stack/data/venv/lib/python3.12/site-packages/oslo_config/cfg.py:3545}}
Aug 13 03:26:01.533121 np0000007142 nova-conductor[95882]: DEBUG cotyledon.oslo_config_glue [-] oslo_messaging_rabbit.rpc_conn_pool_size = 30 {{(pid=95882) log_opt_values /opt/stack/data/venv/lib/python3.12/site-packages/oslo_config/cfg.py:3545}}
Aug 13 03:26:01.533121 np0000007142 nova-conductor[95882]: DEBUG cotyledon.oslo_config_glue [-] oslo_messaging_rabbit.ssl = False {{(pid=95882) log_opt_values /opt/stack/data/venv/lib/python3.12/site-packages/oslo_config/cfg.py:3545}}
Aug 13 03:26:01.533121 np0000007142 nova-conductor[95882]: DEBUG cotyledon.oslo_config_glue [-] oslo_messaging_rabbit.ssl_ca_file = {{(pid=95882) log_opt_values /opt/stack/data/venv/lib/python3.12/site-packages/oslo_config/cfg.py:3545}}
Aug 13 03:26:01.533121 np0000007142 nova-conductor[95882]: DEBUG cotyledon.oslo_config_glue [-] oslo_messaging_rabbit.ssl_cert_file = {{(pid=95882) log_opt_values /opt/stack/data/venv/lib/python3.12/site-packages/oslo_config/cfg.py:3545}}
Aug 13 03:26:01.533121 np0000007142 nova-conductor[95882]: DEBUG cotyledon.oslo_config_glue [-] oslo_messaging_rabbit.ssl_enforce_fips_mode = False {{(pid=95882) log_opt_values /opt/stack/data/venv/lib/python3.12/site-packages/oslo_config/cfg.py:3545}}
Aug 13 03:26:01.533121 np0000007142 nova-conductor[95882]: DEBUG cotyledon.oslo_config_glue [-] oslo_messaging_rabbit.ssl_enforce_hostname_verification = True {{(pid=95882) log_opt_values /opt/stack/data/venv/lib/python3.12/site-packages/oslo_config/cfg.py:3545}}
Aug 13 03:26:01.533121 np0000007142 nova-conductor[95882]: DEBUG cotyledon.oslo_config_glue [-] oslo_messaging_rabbit.ssl_key_file = {{(pid=95882) log_opt_values /opt/stack/data/venv/lib/python3.12/site-packages/oslo_config/cfg.py:3545}}
Aug 13 03:26:01.533307 np0000007142 nova-conductor[95882]: DEBUG cotyledon.oslo_config_glue [-] oslo_messaging_rabbit.ssl_version = {{(pid=95882) log_opt_values /opt/stack/data/venv/lib/python3.12/site-packages/oslo_config/cfg.py:3545}}
Aug 13 03:26:01.533307 np0000007142 nova-conductor[95882]: DEBUG cotyledon.oslo_config_glue [-] oslo_messaging_rabbit.use_queue_manager = False {{(pid=95882) log_opt_values /opt/stack/data/venv/lib/python3.12/site-packages/oslo_config/cfg.py:3545}}
Aug 13 03:26:01.533307 np0000007142 nova-conductor[95882]: DEBUG cotyledon.oslo_config_glue [-] oslo_messaging_notifications.driver = ['messagingv2'] {{(pid=95882) log_opt_values /opt/stack/data/venv/lib/python3.12/site-packages/oslo_config/cfg.py:3545}}
Aug 13 03:26:01.533307 np0000007142 nova-conductor[95882]: DEBUG cotyledon.oslo_config_glue [-] oslo_messaging_notifications.retry = -1 {{(pid=95882) log_opt_values /opt/stack/data/venv/lib/python3.12/site-packages/oslo_config/cfg.py:3545}}
Aug 13 03:26:01.533307 np0000007142 nova-conductor[95882]: DEBUG cotyledon.oslo_config_glue [-] oslo_messaging_notifications.topics = ['notifications'] {{(pid=95882) log_opt_values /opt/stack/data/venv/lib/python3.12/site-packages/oslo_config/cfg.py:3545}}
Aug 13 03:26:01.533307 np0000007142 nova-conductor[95882]: DEBUG cotyledon.oslo_config_glue [-] oslo_messaging_notifications.transport_url = **** {{(pid=95882) log_opt_values /opt/stack/data/venv/lib/python3.12/site-packages/oslo_config/cfg.py:3545}}
Aug 13 03:26:01.533307 np0000007142 nova-conductor[95882]: DEBUG cotyledon.oslo_config_glue [-] oslo_limit.auth_section = None {{(pid=95882) log_opt_values /opt/stack/data/venv/lib/python3.12/site-packages/oslo_config/cfg.py:3545}}
Aug 13 03:26:01.533307 np0000007142 nova-conductor[95882]: DEBUG cotyledon.oslo_config_glue [-] oslo_limit.auth_type = None {{(pid=95882) log_opt_values /opt/stack/data/venv/lib/python3.12/site-packages/oslo_config/cfg.py:3545}}
Aug 13 03:26:01.533307 np0000007142 nova-conductor[95882]: DEBUG cotyledon.oslo_config_glue [-] oslo_limit.cafile = None {{(pid=95882) log_opt_values /opt/stack/data/venv/lib/python3.12/site-packages/oslo_config/cfg.py:3545}}
Aug 13 03:26:01.533482 np0000007142 nova-conductor[95882]: DEBUG cotyledon.oslo_config_glue [-] oslo_limit.certfile = None {{(pid=95882) log_opt_values /opt/stack/data/venv/lib/python3.12/site-packages/oslo_config/cfg.py:3545}}
Aug 13 03:26:01.533482 np0000007142 nova-conductor[95882]: DEBUG cotyledon.oslo_config_glue [-] oslo_limit.collect_timing = False {{(pid=95882) log_opt_values /opt/stack/data/venv/lib/python3.12/site-packages/oslo_config/cfg.py:3545}}
Aug 13 03:26:01.533482 np0000007142 nova-conductor[95882]: DEBUG cotyledon.oslo_config_glue [-] oslo_limit.connect_retries = None {{(pid=95882) log_opt_values /opt/stack/data/venv/lib/python3.12/site-packages/oslo_config/cfg.py:3545}}
Aug 13 03:26:01.533482 np0000007142 nova-conductor[95882]: DEBUG cotyledon.oslo_config_glue [-] oslo_limit.connect_retry_delay = None {{(pid=95882) log_opt_values /opt/stack/data/venv/lib/python3.12/site-packages/oslo_config/cfg.py:3545}}
Aug 13 03:26:01.533482 np0000007142 nova-conductor[95882]: DEBUG cotyledon.oslo_config_glue [-] oslo_limit.endpoint_id = None {{(pid=95882) log_opt_values /opt/stack/data/venv/lib/python3.12/site-packages/oslo_config/cfg.py:3545}}
Aug 13 03:26:01.533482 np0000007142 nova-conductor[95882]: DEBUG cotyledon.oslo_config_glue [-] oslo_limit.endpoint_interface = public {{(pid=95882) log_opt_values /opt/stack/data/venv/lib/python3.12/site-packages/oslo_config/cfg.py:3545}}
Aug 13 03:26:01.533482 np0000007142 nova-conductor[95882]: DEBUG cotyledon.oslo_config_glue [-] oslo_limit.endpoint_override = None {{(pid=95882) log_opt_values /opt/stack/data/venv/lib/python3.12/site-packages/oslo_config/cfg.py:3545}}
Aug 13 03:26:01.533482 np0000007142 nova-conductor[95882]: DEBUG cotyledon.oslo_config_glue [-] oslo_limit.endpoint_region_name = None {{(pid=95882) log_opt_values /opt/stack/data/venv/lib/python3.12/site-packages/oslo_config/cfg.py:3545}}
Aug 13 03:26:01.533482 np0000007142 nova-conductor[95882]: DEBUG cotyledon.oslo_config_glue [-] oslo_limit.endpoint_service_name = None {{(pid=95882) log_opt_values /opt/stack/data/venv/lib/python3.12/site-packages/oslo_config/cfg.py:3545}}
Aug 13 03:26:01.533654 np0000007142 nova-conductor[95882]: DEBUG cotyledon.oslo_config_glue [-] oslo_limit.endpoint_service_type = None {{(pid=95882) log_opt_values /opt/stack/data/venv/lib/python3.12/site-packages/oslo_config/cfg.py:3545}}
Aug 13 03:26:01.533654 np0000007142 nova-conductor[95882]: DEBUG cotyledon.oslo_config_glue [-] oslo_limit.insecure = False {{(pid=95882) log_opt_values /opt/stack/data/venv/lib/python3.12/site-packages/oslo_config/cfg.py:3545}}
Aug 13 03:26:01.533654 np0000007142 nova-conductor[95882]: DEBUG cotyledon.oslo_config_glue [-] oslo_limit.keyfile = None {{(pid=95882) log_opt_values /opt/stack/data/venv/lib/python3.12/site-packages/oslo_config/cfg.py:3545}}
Aug 13 03:26:01.533654 np0000007142 nova-conductor[95882]: DEBUG cotyledon.oslo_config_glue [-] oslo_limit.max_version = None {{(pid=95882) log_opt_values /opt/stack/data/venv/lib/python3.12/site-packages/oslo_config/cfg.py:3545}}
Aug 13 03:26:01.533654 np0000007142 nova-conductor[95882]: DEBUG cotyledon.oslo_config_glue [-] oslo_limit.min_version = None {{(pid=95882) log_opt_values /opt/stack/data/venv/lib/python3.12/site-packages/oslo_config/cfg.py:3545}}
Aug 13 03:26:01.533654 np0000007142 nova-conductor[95882]: DEBUG cotyledon.oslo_config_glue [-] oslo_limit.region_name = None {{(pid=95882) log_opt_values /opt/stack/data/venv/lib/python3.12/site-packages/oslo_config/cfg.py:3545}}
Aug 13 03:26:01.533654 np0000007142 nova-conductor[95882]: DEBUG cotyledon.oslo_config_glue [-] oslo_limit.retriable_status_codes = None {{(pid=95882) log_opt_values /opt/stack/data/venv/lib/python3.12/site-packages/oslo_config/cfg.py:3545}}
Aug 13 03:26:01.533654 np0000007142 nova-conductor[95882]: DEBUG cotyledon.oslo_config_glue [-] oslo_limit.service_name = None {{(pid=95882) log_opt_values /opt/stack/data/venv/lib/python3.12/site-packages/oslo_config/cfg.py:3545}}
Aug 13 03:26:01.533654 np0000007142 nova-conductor[95882]: DEBUG cotyledon.oslo_config_glue [-] oslo_limit.service_type = None {{(pid=95882) log_opt_values /opt/stack/data/venv/lib/python3.12/site-packages/oslo_config/cfg.py:3545}}
Aug 13 03:26:01.533865 np0000007142 nova-conductor[95882]: DEBUG cotyledon.oslo_config_glue [-] oslo_limit.split_loggers = False {{(pid=95882) log_opt_values /opt/stack/data/venv/lib/python3.12/site-packages/oslo_config/cfg.py:3545}}
Aug 13 03:26:01.533865 np0000007142 nova-conductor[95882]: DEBUG cotyledon.oslo_config_glue [-] oslo_limit.status_code_retries = None {{(pid=95882) log_opt_values /opt/stack/data/venv/lib/python3.12/site-packages/oslo_config/cfg.py:3545}}
Aug 13 03:26:01.533865 np0000007142 nova-conductor[95882]: DEBUG cotyledon.oslo_config_glue [-] oslo_limit.status_code_retry_delay = None {{(pid=95882) log_opt_values /opt/stack/data/venv/lib/python3.12/site-packages/oslo_config/cfg.py:3545}}
Aug 13 03:26:01.533865 np0000007142 nova-conductor[95882]: DEBUG cotyledon.oslo_config_glue [-] oslo_limit.timeout = None {{(pid=95882) log_opt_values /opt/stack/data/venv/lib/python3.12/site-packages/oslo_config/cfg.py:3545}}
Aug 13 03:26:01.533865 np0000007142 nova-conductor[95882]: DEBUG cotyledon.oslo_config_glue [-] oslo_limit.valid_interfaces = None {{(pid=95882) log_opt_values /opt/stack/data/venv/lib/python3.12/site-packages/oslo_config/cfg.py:3545}}
Aug 13 03:26:01.533865 np0000007142 nova-conductor[95882]: DEBUG cotyledon.oslo_config_glue [-] oslo_limit.version = None {{(pid=95882) log_opt_values /opt/stack/data/venv/lib/python3.12/site-packages/oslo_config/cfg.py:3545}}
Aug 13 03:26:01.533865 np0000007142 nova-conductor[95882]: DEBUG cotyledon.oslo_config_glue [-] oslo_reports.file_event_handler = None {{(pid=95882) log_opt_values /opt/stack/data/venv/lib/python3.12/site-packages/oslo_config/cfg.py:3545}}
Aug 13 03:26:01.533865 np0000007142 nova-conductor[95882]: DEBUG cotyledon.oslo_config_glue [-] oslo_reports.file_event_handler_interval = 1 {{(pid=95882) log_opt_values /opt/stack/data/venv/lib/python3.12/site-packages/oslo_config/cfg.py:3545}}
Aug 13 03:26:01.533865 np0000007142 nova-conductor[95882]: DEBUG cotyledon.oslo_config_glue [-] oslo_reports.log_dir = None {{(pid=95882) log_opt_values /opt/stack/data/venv/lib/python3.12/site-packages/oslo_config/cfg.py:3545}}
Aug 13 03:26:01.534062 np0000007142 nova-conductor[95882]: DEBUG cotyledon.oslo_config_glue [-] ******************************************************************************** {{(pid=95882) log_opt_values /opt/stack/data/venv/lib/python3.12/site-packages/oslo_config/cfg.py:3552}}
Aug 13 03:26:01.534062 np0000007142 nova-conductor[95882]: DEBUG cotyledon._service_worker [-] Run service ServiceWrapper(2) [95882] {{(pid=95882) wait_forever /opt/stack/data/venv/lib/python3.12/site-packages/cotyledon/_service_worker.py:218}}
Aug 13 03:26:01.534062 np0000007142 nova-conductor[95882]: INFO nova.service [-] Starting conductor node (version 33.1.0)
Aug 13 03:26:01.534062 np0000007142 nova-conductor[95882]: INFO dbcounter [None req-341afa27-597c-4bf7-81b3-1bc0a1c5fa77 None None] Registered counter for database nova_cell0
Aug 13 03:26:01.534439 np0000007142 nova-conductor[95859]: DEBUG oslo_db.sqlalchemy.engines [None req-3afa252e-90d6-4979-a3d3-208d603f6180 None None] MySQL server mode set to STRICT_TRANS_TABLES,STRICT_ALL_TABLES,NO_ZERO_IN_DATE,NO_ZERO_DATE,ERROR_FOR_DIVISION_BY_ZERO,TRADITIONAL,NO_ENGINE_SUBSTITUTION {{(pid=95859) _check_effective_sql_mode /opt/stack/data/venv/lib/python3.12/site-packages/oslo_db/sqlalchemy/engines.py:325}}
Aug 13 03:26:01.545672 np0000007142 nova-conductor[95859]: DEBUG dbcounter [-] [95859] Writer thread running {{(pid=95859) stat_writer /opt/stack/data/venv/lib/python3.12/site-packages/dbcounter.py:102}}
Aug 13 03:26:01.546725 np0000007142 nova-conductor[95872]: DEBUG oslo_db.sqlalchemy.engines [None req-9eca480c-6023-40a5-850f-8adee1e8fbad None None] MySQL server mode set to STRICT_TRANS_TABLES,STRICT_ALL_TABLES,NO_ZERO_IN_DATE,NO_ZERO_DATE,ERROR_FOR_DIVISION_BY_ZERO,TRADITIONAL,NO_ENGINE_SUBSTITUTION {{(pid=95872) _check_effective_sql_mode /opt/stack/data/venv/lib/python3.12/site-packages/oslo_db/sqlalchemy/engines.py:325}}
Aug 13 03:26:01.556293 np0000007142 nova-conductor[95872]: DEBUG dbcounter [-] [95872] Writer thread running {{(pid=95872) stat_writer /opt/stack/data/venv/lib/python3.12/site-packages/dbcounter.py:102}}
Aug 13 03:26:01.564819 np0000007142 nova-conductor[95859]: DEBUG nova.service [None req-3afa252e-90d6-4979-a3d3-208d603f6180 None None] Creating RPC server for service: nova-conductor on topic: conductor {{(pid=95859) start /opt/stack/nova/nova/service.py:196}}
Aug 13 03:26:01.570095 np0000007142 nova-conductor[95882]: DEBUG oslo_db.sqlalchemy.engines [None req-341afa27-597c-4bf7-81b3-1bc0a1c5fa77 None None] MySQL server mode set to STRICT_TRANS_TABLES,STRICT_ALL_TABLES,NO_ZERO_IN_DATE,NO_ZERO_DATE,ERROR_FOR_DIVISION_BY_ZERO,TRADITIONAL,NO_ENGINE_SUBSTITUTION {{(pid=95882) _check_effective_sql_mode /opt/stack/data/venv/lib/python3.12/site-packages/oslo_db/sqlalchemy/engines.py:325}}
Aug 13 03:26:01.571821 np0000007142 nova-conductor[95872]: DEBUG nova.service [None req-9eca480c-6023-40a5-850f-8adee1e8fbad None None] Creating RPC server for service: nova-conductor on topic: conductor {{(pid=95872) start /opt/stack/nova/nova/service.py:196}}
Aug 13 03:26:01.581333 np0000007142 nova-conductor[95882]: DEBUG dbcounter [-] [95882] Writer thread running {{(pid=95882) stat_writer /opt/stack/data/venv/lib/python3.12/site-packages/dbcounter.py:102}}
Aug 13 03:26:01.586092 np0000007142 nova-conductor[95882]: DEBUG nova.service [None req-341afa27-597c-4bf7-81b3-1bc0a1c5fa77 None None] Creating RPC server for service: nova-conductor on topic: conductor {{(pid=95882) start /opt/stack/nova/nova/service.py:196}}
Aug 13 03:26:01.590673 np0000007142 nova-conductor[95872]: DEBUG nova.service [None req-9eca480c-6023-40a5-850f-8adee1e8fbad None None] Join ServiceGroup membership for this service conductor {{(pid=95872) start /opt/stack/nova/nova/service.py:222}}
Aug 13 03:26:01.590947 np0000007142 nova-conductor[95872]: DEBUG nova.servicegroup.drivers.db [None req-9eca480c-6023-40a5-850f-8adee1e8fbad None None] DB_Driver: join new ServiceGroup member np0000007142 to the conductor group, service = {{(pid=95872) join /opt/stack/nova/nova/servicegroup/drivers/db.py:44}}
Aug 13 03:26:01.592125 np0000007142 nova-conductor[95859]: DEBUG nova.service [None req-3afa252e-90d6-4979-a3d3-208d603f6180 None None] Join ServiceGroup membership for this service conductor {{(pid=95859) start /opt/stack/nova/nova/service.py:222}}
Aug 13 03:26:01.592316 np0000007142 nova-conductor[95859]: DEBUG nova.servicegroup.drivers.db [None req-3afa252e-90d6-4979-a3d3-208d603f6180 None None] DB_Driver: join new ServiceGroup member np0000007142 to the conductor group, service = {{(pid=95859) join /opt/stack/nova/nova/servicegroup/drivers/db.py:44}}
Aug 13 03:26:01.604480 np0000007142 nova-conductor[95882]: DEBUG nova.service [None req-341afa27-597c-4bf7-81b3-1bc0a1c5fa77 None None] Join ServiceGroup membership for this service conductor {{(pid=95882) start /opt/stack/nova/nova/service.py:222}}
Aug 13 03:26:01.604630 np0000007142 nova-conductor[95882]: DEBUG nova.servicegroup.drivers.db [None req-341afa27-597c-4bf7-81b3-1bc0a1c5fa77 None None] DB_Driver: join new ServiceGroup member np0000007142 to the conductor group, service = {{(pid=95882) join /opt/stack/nova/nova/servicegroup/drivers/db.py:44}}
Aug 13 03:26:06.608047 np0000007142 nova-conductor[95859]: DEBUG oslo.service.backend._threading.loopingcall [-] Fixed interval looping call 'nova.servicegroup.drivers.db.DbDriver._report_state' sleeping for 119.99 seconds {{(pid=95859) _run_loop /opt/stack/data/venv/lib/python3.12/site-packages/oslo_service/backend/_threading/loopingcall.py:125}}
Aug 13 03:26:06.609658 np0000007142 nova-conductor[95872]: DEBUG oslo.service.backend._threading.loopingcall [-] Fixed interval looping call 'nova.servicegroup.drivers.db.DbDriver._report_state' sleeping for 119.98 seconds {{(pid=95872) _run_loop /opt/stack/data/venv/lib/python3.12/site-packages/oslo_service/backend/_threading/loopingcall.py:125}}
Aug 13 03:26:06.617101 np0000007142 nova-conductor[95882]: DEBUG oslo.service.backend._threading.loopingcall [-] Fixed interval looping call 'nova.servicegroup.drivers.db.DbDriver._report_state' sleeping for 119.99 seconds {{(pid=95882) _run_loop /opt/stack/data/venv/lib/python3.12/site-packages/oslo_service/backend/_threading/loopingcall.py:125}}
Aug 13 03:26:10.191226 np0000007142 nova-conductor[94382]: DEBUG dbcounter [-] [94382] Writing DB stats nova_api:SELECT=1 {{(pid=94382) stat_writer /opt/stack/data/venv/lib/python3.12/site-packages/dbcounter.py:115}}
Aug 13 03:26:10.319291 np0000007142 nova-conductor[94382]: DEBUG dbcounter [-] [94382] Writing DB stats nova_cell1:SELECT=1 {{(pid=94382) stat_writer /opt/stack/data/venv/lib/python3.12/site-packages/dbcounter.py:115}}
Aug 13 03:26:10.322941 np0000007142 nova-conductor[94382]: DEBUG dbcounter [-] [94382] Writing DB stats nova_cell0:SELECT=1 {{(pid=94382) stat_writer /opt/stack/data/venv/lib/python3.12/site-packages/dbcounter.py:115}}
Aug 13 03:26:16.604976 np0000007142 nova-conductor[95859]: DEBUG dbcounter [-] [95859] Writing DB stats nova_cell0:SELECT=4,nova_cell0:INSERT=1,nova_cell0:UPDATE=1 {{(pid=95859) stat_writer /opt/stack/data/venv/lib/python3.12/site-packages/dbcounter.py:115}}
Aug 13 03:26:16.605395 np0000007142 nova-conductor[95872]: DEBUG dbcounter [-] [95872] Writing DB stats nova_cell0:SELECT=5,nova_cell0:INSERT=1,nova_cell0:UPDATE=1 {{(pid=95872) stat_writer /opt/stack/data/venv/lib/python3.12/site-packages/dbcounter.py:115}}
Aug 13 03:26:16.614947 np0000007142 nova-conductor[95882]: DEBUG dbcounter [-] [95882] Writing DB stats nova_cell0:SELECT=3 {{(pid=95882) stat_writer /opt/stack/data/venv/lib/python3.12/site-packages/dbcounter.py:115}}
Aug 13 03:26:30.594560 np0000007142 nova-conductor[95859]: DEBUG oslo.service.backend._threading.loopingcall [None req-bc026f72-b30e-4b5b-8c67-1497d452f7d9 None None] Dynamic interval looping call 'nova.service.Service.periodic_tasks' sleeping for 60.00 seconds {{(pid=95859) _run_loop /opt/stack/data/venv/lib/python3.12/site-packages/oslo_service/backend/_threading/loopingcall.py:125}}
Aug 13 03:26:59.593051 np0000007142 nova-conductor[95872]: DEBUG oslo.service.backend._threading.loopingcall [None req-0b639df1-4af0-4382-b57e-206a0452d5bc None None] Dynamic interval looping call 'nova.service.Service.periodic_tasks' sleeping for 60.00 seconds {{(pid=95872) _run_loop /opt/stack/data/venv/lib/python3.12/site-packages/oslo_service/backend/_threading/loopingcall.py:125}}
Aug 13 03:26:59.607602 np0000007142 nova-conductor[95882]: DEBUG oslo.service.backend._threading.loopingcall [None req-15bf4b3f-3fc2-402b-aa15-703980b6c768 None None] Dynamic interval looping call 'nova.service.Service.periodic_tasks' sleeping for 60.00 seconds {{(pid=95882) _run_loop /opt/stack/data/venv/lib/python3.12/site-packages/oslo_service/backend/_threading/loopingcall.py:125}}
Aug 13 03:27:30.595138 np0000007142 nova-conductor[95859]: DEBUG oslo.service.backend._threading.loopingcall [None req-bc026f72-b30e-4b5b-8c67-1497d452f7d9 None None] Dynamic interval looping call 'nova.service.Service.periodic_tasks' sleeping for 60.00 seconds {{(pid=95859) _run_loop /opt/stack/data/venv/lib/python3.12/site-packages/oslo_service/backend/_threading/loopingcall.py:125}}
Aug 13 03:27:59.593534 np0000007142 nova-conductor[95872]: DEBUG oslo.service.backend._threading.loopingcall [None req-0b639df1-4af0-4382-b57e-206a0452d5bc None None] Dynamic interval looping call 'nova.service.Service.periodic_tasks' sleeping for 60.00 seconds {{(pid=95872) _run_loop /opt/stack/data/venv/lib/python3.12/site-packages/oslo_service/backend/_threading/loopingcall.py:125}}
Aug 13 03:27:59.608464 np0000007142 nova-conductor[95882]: DEBUG oslo.service.backend._threading.loopingcall [None req-15bf4b3f-3fc2-402b-aa15-703980b6c768 None None] Dynamic interval looping call 'nova.service.Service.periodic_tasks' sleeping for 60.00 seconds {{(pid=95882) _run_loop /opt/stack/data/venv/lib/python3.12/site-packages/oslo_service/backend/_threading/loopingcall.py:125}}
Aug 13 03:28:06.596544 np0000007142 nova-conductor[95872]: DEBUG oslo.service.backend._threading.loopingcall [-] Fixed interval looping call 'nova.servicegroup.drivers.db.DbDriver._report_state' sleeping for 119.99 seconds {{(pid=95872) _run_loop /opt/stack/data/venv/lib/python3.12/site-packages/oslo_service/backend/_threading/loopingcall.py:125}}
Aug 13 03:28:06.602309 np0000007142 nova-conductor[95859]: DEBUG oslo.service.backend._threading.loopingcall [-] Fixed interval looping call 'nova.servicegroup.drivers.db.DbDriver._report_state' sleeping for 120.00 seconds {{(pid=95859) _run_loop /opt/stack/data/venv/lib/python3.12/site-packages/oslo_service/backend/_threading/loopingcall.py:125}}
Aug 13 03:28:06.610590 np0000007142 nova-conductor[95882]: DEBUG oslo.service.backend._threading.loopingcall [-] Fixed interval looping call 'nova.servicegroup.drivers.db.DbDriver._report_state' sleeping for 120.00 seconds {{(pid=95882) _run_loop /opt/stack/data/venv/lib/python3.12/site-packages/oslo_service/backend/_threading/loopingcall.py:125}}
Aug 13 03:28:16.593053 np0000007142 nova-conductor[95872]: DEBUG dbcounter [-] [95872] Writing DB stats nova_cell0:SELECT=1,nova_cell0:UPDATE=1 {{(pid=95872) stat_writer /opt/stack/data/venv/lib/python3.12/site-packages/dbcounter.py:115}}
Aug 13 03:28:16.600466 np0000007142 nova-conductor[95859]: DEBUG dbcounter [-] [95859] Writing DB stats nova_cell0:SELECT=1 {{(pid=95859) stat_writer /opt/stack/data/venv/lib/python3.12/site-packages/dbcounter.py:115}}
Aug 13 03:28:16.609348 np0000007142 nova-conductor[95882]: DEBUG dbcounter [-] [95882] Writing DB stats nova_cell0:SELECT=1 {{(pid=95882) stat_writer /opt/stack/data/venv/lib/python3.12/site-packages/dbcounter.py:115}}
Aug 13 03:28:30.595681 np0000007142 nova-conductor[95859]: DEBUG oslo.service.backend._threading.loopingcall [None req-bc026f72-b30e-4b5b-8c67-1497d452f7d9 None None] Dynamic interval looping call 'nova.service.Service.periodic_tasks' sleeping for 60.00 seconds {{(pid=95859) _run_loop /opt/stack/data/venv/lib/python3.12/site-packages/oslo_service/backend/_threading/loopingcall.py:125}}
Aug 13 03:28:38.402131 np0000007142 nova-conductor[95872]: DEBUG oslo_db.sqlalchemy.engines [None req-ed907ae3-e239-4092-88f7-e5115ca4f356 tempest-ServerActionsTestOtherA-574430438 tempest-ServerActionsTestOtherA-574430438-project-member] Parent process 94382 forked (95872) with an open database connection, which is being discarded and recreated. {{(pid=95872) checkout /opt/stack/data/venv/lib/python3.12/site-packages/oslo_db/sqlalchemy/engines.py:402}}
Aug 13 03:28:38.444080 np0000007142 nova-conductor[95872]: DEBUG dbcounter [-] [95872] Writer thread running {{(pid=95872) stat_writer /opt/stack/data/venv/lib/python3.12/site-packages/dbcounter.py:102}}
Aug 13 03:28:39.742679 np0000007142 nova-conductor[95872]: DEBUG nova.conductor.manager [None req-ed907ae3-e239-4092-88f7-e5115ca4f356 tempest-ServerActionsTestOtherA-574430438 tempest-ServerActionsTestOtherA-574430438-project-member] Took 1.30 seconds to select destinations for 1 instance(s). {{(pid=95872) _schedule_instances /opt/stack/nova/nova/conductor/manager.py:968}}
Aug 13 03:28:39.805765 np0000007142 nova-conductor[95872]: DEBUG oslo_concurrency.lockutils [None req-ed907ae3-e239-4092-88f7-e5115ca4f356 tempest-ServerActionsTestOtherA-574430438 tempest-ServerActionsTestOtherA-574430438-project-member] Acquiring lock "0fd05884-78f2-41d3-a57e-15a66ac6a583" by "nova.context.set_target_cell..get_or_set_cached_cell_and_set_connections" {{(pid=95872) inner /opt/stack/data/venv/lib/python3.12/site-packages/oslo_concurrency/lockutils.py:512}}
Aug 13 03:28:39.805765 np0000007142 nova-conductor[95872]: DEBUG oslo_concurrency.lockutils [None req-ed907ae3-e239-4092-88f7-e5115ca4f356 tempest-ServerActionsTestOtherA-574430438 tempest-ServerActionsTestOtherA-574430438-project-member] Lock "0fd05884-78f2-41d3-a57e-15a66ac6a583" acquired by "nova.context.set_target_cell..get_or_set_cached_cell_and_set_connections" :: waited 0.001s {{(pid=95872) inner /opt/stack/data/venv/lib/python3.12/site-packages/oslo_concurrency/lockutils.py:525}}
Aug 13 03:28:39.807758 np0000007142 nova-conductor[95872]: DEBUG oslo_concurrency.lockutils [None req-ed907ae3-e239-4092-88f7-e5115ca4f356 tempest-ServerActionsTestOtherA-574430438 tempest-ServerActionsTestOtherA-574430438-project-member] Lock "0fd05884-78f2-41d3-a57e-15a66ac6a583" "released" by "nova.context.set_target_cell..get_or_set_cached_cell_and_set_connections" :: held 0.002s {{(pid=95872) inner /opt/stack/data/venv/lib/python3.12/site-packages/oslo_concurrency/lockutils.py:544}}
Aug 13 03:28:39.812022 np0000007142 nova-conductor[95872]: INFO dbcounter [None req-ed907ae3-e239-4092-88f7-e5115ca4f356 tempest-ServerActionsTestOtherA-574430438 tempest-ServerActionsTestOtherA-574430438-project-member] Registered counter for database nova_cell1
Aug 13 03:28:39.858771 np0000007142 nova-conductor[95872]: DEBUG oslo_db.sqlalchemy.engines [None req-ed907ae3-e239-4092-88f7-e5115ca4f356 tempest-ServerActionsTestOtherA-574430438 tempest-ServerActionsTestOtherA-574430438-project-member] MySQL server mode set to STRICT_TRANS_TABLES,STRICT_ALL_TABLES,NO_ZERO_IN_DATE,NO_ZERO_DATE,ERROR_FOR_DIVISION_BY_ZERO,TRADITIONAL,NO_ENGINE_SUBSTITUTION {{(pid=95872) _check_effective_sql_mode /opt/stack/data/venv/lib/python3.12/site-packages/oslo_db/sqlalchemy/engines.py:325}}
Aug 13 03:28:39.866434 np0000007142 nova-conductor[95872]: DEBUG dbcounter [-] [95872] Writer thread running {{(pid=95872) stat_writer /opt/stack/data/venv/lib/python3.12/site-packages/dbcounter.py:102}}
Aug 13 03:28:39.948367 np0000007142 nova-conductor[95872]: INFO nova.utils [None req-ed907ae3-e239-4092-88f7-e5115ca4f356 tempest-ServerActionsTestOtherA-574430438 tempest-ServerActionsTestOtherA-574430438-project-member] The cell worker thread pool ForkProcess-2.cell_worker is initialized
Aug 13 03:28:39.948714 np0000007142 nova-conductor[95872]: DEBUG oslo_concurrency.lockutils [None req-ed907ae3-e239-4092-88f7-e5115ca4f356 tempest-ServerActionsTestOtherA-574430438 tempest-ServerActionsTestOtherA-574430438-project-member] Acquiring lock "00000000-0000-0000-0000-000000000000" by "nova.context.set_target_cell..get_or_set_cached_cell_and_set_connections" {{(pid=95872) inner /opt/stack/data/venv/lib/python3.12/site-packages/oslo_concurrency/lockutils.py:512}}
Aug 13 03:28:39.948922 np0000007142 nova-conductor[95872]: DEBUG oslo_concurrency.lockutils [None req-ed907ae3-e239-4092-88f7-e5115ca4f356 tempest-ServerActionsTestOtherA-574430438 tempest-ServerActionsTestOtherA-574430438-project-member] Lock "00000000-0000-0000-0000-000000000000" acquired by "nova.context.set_target_cell..get_or_set_cached_cell_and_set_connections" :: waited 0.000s {{(pid=95872) inner /opt/stack/data/venv/lib/python3.12/site-packages/oslo_concurrency/lockutils.py:525}}
Aug 13 03:28:39.949327 np0000007142 nova-conductor[95872]: DEBUG oslo_concurrency.lockutils [None req-ed907ae3-e239-4092-88f7-e5115ca4f356 tempest-ServerActionsTestOtherA-574430438 tempest-ServerActionsTestOtherA-574430438-project-member] Lock "00000000-0000-0000-0000-000000000000" "released" by "nova.context.set_target_cell..get_or_set_cached_cell_and_set_connections" :: held 0.000s {{(pid=95872) inner /opt/stack/data/venv/lib/python3.12/site-packages/oslo_concurrency/lockutils.py:544}}
Aug 13 03:28:39.950193 np0000007142 nova-conductor[95872]: DEBUG oslo_concurrency.lockutils [None req-ed907ae3-e239-4092-88f7-e5115ca4f356 tempest-ServerActionsTestOtherA-574430438 tempest-ServerActionsTestOtherA-574430438-project-member] Acquiring lock "0fd05884-78f2-41d3-a57e-15a66ac6a583" by "nova.context.set_target_cell..get_or_set_cached_cell_and_set_connections" {{(pid=95872) inner /opt/stack/data/venv/lib/python3.12/site-packages/oslo_concurrency/lockutils.py:512}}
Aug 13 03:28:39.950388 np0000007142 nova-conductor[95872]: DEBUG oslo_concurrency.lockutils [None req-ed907ae3-e239-4092-88f7-e5115ca4f356 tempest-ServerActionsTestOtherA-574430438 tempest-ServerActionsTestOtherA-574430438-project-member] Lock "0fd05884-78f2-41d3-a57e-15a66ac6a583" acquired by "nova.context.set_target_cell..get_or_set_cached_cell_and_set_connections" :: waited 0.000s {{(pid=95872) inner /opt/stack/data/venv/lib/python3.12/site-packages/oslo_concurrency/lockutils.py:525}}
Aug 13 03:28:39.952577 np0000007142 nova-conductor[95872]: INFO dbcounter [None req-ed907ae3-e239-4092-88f7-e5115ca4f356 tempest-ServerActionsTestOtherA-574430438 tempest-ServerActionsTestOtherA-574430438-project-member] Registered counter for database nova_cell0
Aug 13 03:28:39.954705 np0000007142 nova-conductor[95872]: DEBUG oslo_concurrency.lockutils [None req-ed907ae3-e239-4092-88f7-e5115ca4f356 tempest-ServerActionsTestOtherA-574430438 tempest-ServerActionsTestOtherA-574430438-project-member] Lock "0fd05884-78f2-41d3-a57e-15a66ac6a583" "released" by "nova.context.set_target_cell..get_or_set_cached_cell_and_set_connections" :: held 0.002s {{(pid=95872) inner /opt/stack/data/venv/lib/python3.12/site-packages/oslo_concurrency/lockutils.py:544}}
Aug 13 03:28:39.999029 np0000007142 nova-conductor[95872]: DEBUG oslo_db.sqlalchemy.engines [None req-ed907ae3-e239-4092-88f7-e5115ca4f356 tempest-ServerActionsTestOtherA-574430438 tempest-ServerActionsTestOtherA-574430438-project-member] MySQL server mode set to STRICT_TRANS_TABLES,STRICT_ALL_TABLES,NO_ZERO_IN_DATE,NO_ZERO_DATE,ERROR_FOR_DIVISION_BY_ZERO,TRADITIONAL,NO_ENGINE_SUBSTITUTION {{(pid=95872) _check_effective_sql_mode /opt/stack/data/venv/lib/python3.12/site-packages/oslo_db/sqlalchemy/engines.py:325}}
Aug 13 03:28:40.008102 np0000007142 nova-conductor[95872]: DEBUG dbcounter [-] [95872] Writer thread running {{(pid=95872) stat_writer /opt/stack/data/venv/lib/python3.12/site-packages/dbcounter.py:102}}
Aug 13 03:28:40.023308 np0000007142 nova-conductor[95872]: DEBUG nova.quota [None req-ed907ae3-e239-4092-88f7-e5115ca4f356 tempest-ServerActionsTestOtherA-574430438 tempest-ServerActionsTestOtherA-574430438-project-member] Getting quotas for project 1ede531a8ae3476fa126d9e52f1b27f7. Resources: {'ram', 'cores', 'instances'} {{(pid=95872) _get_quotas /opt/stack/nova/nova/quota.py:389}}
Aug 13 03:28:40.027621 np0000007142 nova-conductor[95872]: DEBUG nova.quota [None req-ed907ae3-e239-4092-88f7-e5115ca4f356 tempest-ServerActionsTestOtherA-574430438 tempest-ServerActionsTestOtherA-574430438-project-member] Getting quotas for user 72f0d281e30a4c14b1d69c7b47510dcb and project 1ede531a8ae3476fa126d9e52f1b27f7. Resources: {'ram', 'cores', 'instances'} {{(pid=95872) _get_quotas /opt/stack/nova/nova/quota.py:379}}
Aug 13 03:28:40.033142 np0000007142 nova-conductor[95872]: DEBUG nova.conductor.manager [None req-ed907ae3-e239-4092-88f7-e5115ca4f356 tempest-ServerActionsTestOtherA-574430438 tempest-ServerActionsTestOtherA-574430438-project-member] [instance: b4dac7e8-9124-4ae1-a723-26c641ad0787] Selected host: np0000007142; Selected node: np0000007142; Alternates: [] {{(pid=95872) schedule_and_build_instances /opt/stack/nova/nova/conductor/manager.py:1784}}
Aug 13 03:28:40.033538 np0000007142 nova-conductor[95872]: DEBUG oslo_concurrency.lockutils [None req-ed907ae3-e239-4092-88f7-e5115ca4f356 tempest-ServerActionsTestOtherA-574430438 tempest-ServerActionsTestOtherA-574430438-project-member] Acquiring lock "0fd05884-78f2-41d3-a57e-15a66ac6a583" by "nova.context.set_target_cell..get_or_set_cached_cell_and_set_connections" {{(pid=95872) inner /opt/stack/data/venv/lib/python3.12/site-packages/oslo_concurrency/lockutils.py:512}}
Aug 13 03:28:40.035441 np0000007142 nova-conductor[95872]: DEBUG oslo_concurrency.lockutils [None req-ed907ae3-e239-4092-88f7-e5115ca4f356 tempest-ServerActionsTestOtherA-574430438 tempest-ServerActionsTestOtherA-574430438-project-member] Lock "0fd05884-78f2-41d3-a57e-15a66ac6a583" acquired by "nova.context.set_target_cell..get_or_set_cached_cell_and_set_connections" :: waited 0.000s {{(pid=95872) inner /opt/stack/data/venv/lib/python3.12/site-packages/oslo_concurrency/lockutils.py:525}}
Aug 13 03:28:40.035441 np0000007142 nova-conductor[95872]: DEBUG oslo_concurrency.lockutils [None req-ed907ae3-e239-4092-88f7-e5115ca4f356 tempest-ServerActionsTestOtherA-574430438 tempest-ServerActionsTestOtherA-574430438-project-member] Lock "0fd05884-78f2-41d3-a57e-15a66ac6a583" "released" by "nova.context.set_target_cell..get_or_set_cached_cell_and_set_connections" :: held 0.000s {{(pid=95872) inner /opt/stack/data/venv/lib/python3.12/site-packages/oslo_concurrency/lockutils.py:544}}
Aug 13 03:28:40.046748 np0000007142 nova-conductor[95872]: DEBUG nova.conductor.manager [None req-ed907ae3-e239-4092-88f7-e5115ca4f356 tempest-ServerActionsTestOtherA-574430438 tempest-ServerActionsTestOtherA-574430438-project-member] [instance: b4dac7e8-9124-4ae1-a723-26c641ad0787] block_device_mapping [BlockDeviceMapping(attachment_id=,boot_index=0,connection_info=None,created_at=,delete_on_termination=True,deleted=,deleted_at=,destination_type='local',device_name=None,device_type='disk',disk_bus=None,encrypted=False,encryption_format=None,encryption_options=None,encryption_secret_uuid=None,guest_format=None,id=,image_id='65e68313-7524-4bf8-b498-4fe4284591b7',instance=,instance_uuid=,no_device=False,snapshot_id=None,source_type='image',tag=None,updated_at=,uuid=,volume_id=None,volume_size=None,volume_type=None)] {{(pid=95872) _create_block_device_mapping /opt/stack/nova/nova/conductor/manager.py:1529}}
Aug 13 03:28:40.047881 np0000007142 nova-conductor[95872]: DEBUG oslo_concurrency.lockutils [None req-ed907ae3-e239-4092-88f7-e5115ca4f356 tempest-ServerActionsTestOtherA-574430438 tempest-ServerActionsTestOtherA-574430438-project-member] Acquiring lock "0fd05884-78f2-41d3-a57e-15a66ac6a583" by "nova.context.set_target_cell..get_or_set_cached_cell_and_set_connections" {{(pid=95872) inner /opt/stack/data/venv/lib/python3.12/site-packages/oslo_concurrency/lockutils.py:512}}
Aug 13 03:28:40.048098 np0000007142 nova-conductor[95872]: DEBUG oslo_concurrency.lockutils [None req-ed907ae3-e239-4092-88f7-e5115ca4f356 tempest-ServerActionsTestOtherA-574430438 tempest-ServerActionsTestOtherA-574430438-project-member] Lock "0fd05884-78f2-41d3-a57e-15a66ac6a583" acquired by "nova.context.set_target_cell..get_or_set_cached_cell_and_set_connections" :: waited 0.000s {{(pid=95872) inner /opt/stack/data/venv/lib/python3.12/site-packages/oslo_concurrency/lockutils.py:525}}
Aug 13 03:28:40.048266 np0000007142 nova-conductor[95872]: DEBUG oslo_concurrency.lockutils [None req-ed907ae3-e239-4092-88f7-e5115ca4f356 tempest-ServerActionsTestOtherA-574430438 tempest-ServerActionsTestOtherA-574430438-project-member] Lock "0fd05884-78f2-41d3-a57e-15a66ac6a583" "released" by "nova.context.set_target_cell..get_or_set_cached_cell_and_set_connections" :: held 0.000s {{(pid=95872) inner /opt/stack/data/venv/lib/python3.12/site-packages/oslo_concurrency/lockutils.py:544}}
Aug 13 03:28:40.099575 np0000007142 nova-conductor[95872]: DEBUG oslo_concurrency.lockutils [None req-ed907ae3-e239-4092-88f7-e5115ca4f356 tempest-ServerActionsTestOtherA-574430438 tempest-ServerActionsTestOtherA-574430438-project-member] Acquiring lock "0fd05884-78f2-41d3-a57e-15a66ac6a583" by "nova.context.set_target_cell..get_or_set_cached_cell_and_set_connections" {{(pid=95872) inner /opt/stack/data/venv/lib/python3.12/site-packages/oslo_concurrency/lockutils.py:512}}
Aug 13 03:28:40.099727 np0000007142 nova-conductor[95872]: DEBUG oslo_concurrency.lockutils [None req-ed907ae3-e239-4092-88f7-e5115ca4f356 tempest-ServerActionsTestOtherA-574430438 tempest-ServerActionsTestOtherA-574430438-project-member] Lock "0fd05884-78f2-41d3-a57e-15a66ac6a583" acquired by "nova.context.set_target_cell..get_or_set_cached_cell_and_set_connections" :: waited 0.000s {{(pid=95872) inner /opt/stack/data/venv/lib/python3.12/site-packages/oslo_concurrency/lockutils.py:525}}
Aug 13 03:28:40.099881 np0000007142 nova-conductor[95872]: DEBUG oslo_concurrency.lockutils [None req-ed907ae3-e239-4092-88f7-e5115ca4f356 tempest-ServerActionsTestOtherA-574430438 tempest-ServerActionsTestOtherA-574430438-project-member] Lock "0fd05884-78f2-41d3-a57e-15a66ac6a583" "released" by "nova.context.set_target_cell..get_or_set_cached_cell_and_set_connections" :: held 0.000s {{(pid=95872) inner /opt/stack/data/venv/lib/python3.12/site-packages/oslo_concurrency/lockutils.py:544}}
Aug 13 03:28:40.100101 np0000007142 nova-conductor[95872]: DEBUG oslo_concurrency.lockutils [None req-ed907ae3-e239-4092-88f7-e5115ca4f356 tempest-ServerActionsTestOtherA-574430438 tempest-ServerActionsTestOtherA-574430438-project-member] Acquiring lock "compute-rpcapi-router" {{(pid=95872) lock /opt/stack/data/venv/lib/python3.12/site-packages/oslo_concurrency/lockutils.py:396}}
Aug 13 03:28:40.100195 np0000007142 nova-conductor[95872]: DEBUG oslo_concurrency.lockutils [None req-ed907ae3-e239-4092-88f7-e5115ca4f356 tempest-ServerActionsTestOtherA-574430438 tempest-ServerActionsTestOtherA-574430438-project-member] Acquired lock "compute-rpcapi-router" {{(pid=95872) lock /opt/stack/data/venv/lib/python3.12/site-packages/oslo_concurrency/lockutils.py:399}}
Aug 13 03:28:40.100558 np0000007142 nova-conductor[95872]: DEBUG oslo_concurrency.lockutils [None req-fbbcce9b-56b5-4781-84df-2962042ee6cc None None] Acquiring lock "00000000-0000-0000-0000-000000000000" by "nova.context.set_target_cell..get_or_set_cached_cell_and_set_connections" {{(pid=95872) inner /opt/stack/data/venv/lib/python3.12/site-packages/oslo_concurrency/lockutils.py:512}}
Aug 13 03:28:40.100800 np0000007142 nova-conductor[95872]: DEBUG oslo_concurrency.lockutils [None req-fbbcce9b-56b5-4781-84df-2962042ee6cc None None] Lock "00000000-0000-0000-0000-000000000000" acquired by "nova.context.set_target_cell..get_or_set_cached_cell_and_set_connections" :: waited 0.000s {{(pid=95872) inner /opt/stack/data/venv/lib/python3.12/site-packages/oslo_concurrency/lockutils.py:525}}
Aug 13 03:28:40.100956 np0000007142 nova-conductor[95872]: DEBUG oslo_concurrency.lockutils [None req-fbbcce9b-56b5-4781-84df-2962042ee6cc None None] Lock "00000000-0000-0000-0000-000000000000" "released" by "nova.context.set_target_cell..get_or_set_cached_cell_and_set_connections" :: held 0.000s {{(pid=95872) inner /opt/stack/data/venv/lib/python3.12/site-packages/oslo_concurrency/lockutils.py:544}}
Aug 13 03:28:40.101471 np0000007142 nova-conductor[95872]: DEBUG oslo_concurrency.lockutils [None req-fbbcce9b-56b5-4781-84df-2962042ee6cc None None] Acquiring lock "0fd05884-78f2-41d3-a57e-15a66ac6a583" by "nova.context.set_target_cell..get_or_set_cached_cell_and_set_connections" {{(pid=95872) inner /opt/stack/data/venv/lib/python3.12/site-packages/oslo_concurrency/lockutils.py:512}}
Aug 13 03:28:40.101574 np0000007142 nova-conductor[95872]: DEBUG oslo_concurrency.lockutils [None req-fbbcce9b-56b5-4781-84df-2962042ee6cc None None] Lock "0fd05884-78f2-41d3-a57e-15a66ac6a583" acquired by "nova.context.set_target_cell..get_or_set_cached_cell_and_set_connections" :: waited 0.000s {{(pid=95872) inner /opt/stack/data/venv/lib/python3.12/site-packages/oslo_concurrency/lockutils.py:525}}
Aug 13 03:28:40.101712 np0000007142 nova-conductor[95872]: DEBUG oslo_concurrency.lockutils [None req-fbbcce9b-56b5-4781-84df-2962042ee6cc None None] Lock "0fd05884-78f2-41d3-a57e-15a66ac6a583" "released" by "nova.context.set_target_cell..get_or_set_cached_cell_and_set_connections" :: held 0.000s {{(pid=95872) inner /opt/stack/data/venv/lib/python3.12/site-packages/oslo_concurrency/lockutils.py:544}}
Aug 13 03:28:40.113274 np0000007142 nova-conductor[95872]: INFO nova.compute.rpcapi [None req-fbbcce9b-56b5-4781-84df-2962042ee6cc None None] Automatically selected compute RPC version 6.5 from minimum service version 72
Aug 13 03:28:40.113685 np0000007142 nova-conductor[95872]: DEBUG oslo_concurrency.lockutils [None req-fbbcce9b-56b5-4781-84df-2962042ee6cc None None] Releasing lock "compute-rpcapi-router" {{(pid=95872) lock /opt/stack/data/venv/lib/python3.12/site-packages/oslo_concurrency/lockutils.py:419}}
Aug 13 03:28:40.552020 np0000007142 nova-conductor[95859]: DEBUG dbcounter [-] [95859] Writer thread running {{(pid=95859) stat_writer /opt/stack/data/venv/lib/python3.12/site-packages/dbcounter.py:102}}
Aug 13 03:28:41.096456 np0000007142 nova-conductor[95859]: DEBUG nova.conductor.manager [None req-766eeda0-ea5a-486c-acb2-d0b12dffffbb tempest-ServerActionsTestOtherB-600454746 tempest-ServerActionsTestOtherB-600454746-project-member] Took 0.54 seconds to select destinations for 1 instance(s). {{(pid=95859) _schedule_instances /opt/stack/nova/nova/conductor/manager.py:968}}
Aug 13 03:28:41.131207 np0000007142 nova-conductor[95859]: DEBUG oslo_concurrency.lockutils [None req-766eeda0-ea5a-486c-acb2-d0b12dffffbb tempest-ServerActionsTestOtherB-600454746 tempest-ServerActionsTestOtherB-600454746-project-member] Acquiring lock "0fd05884-78f2-41d3-a57e-15a66ac6a583" by "nova.context.set_target_cell..get_or_set_cached_cell_and_set_connections" {{(pid=95859) inner /opt/stack/data/venv/lib/python3.12/site-packages/oslo_concurrency/lockutils.py:512}}
Aug 13 03:28:41.131430 np0000007142 nova-conductor[95859]: DEBUG oslo_concurrency.lockutils [None req-766eeda0-ea5a-486c-acb2-d0b12dffffbb tempest-ServerActionsTestOtherB-600454746 tempest-ServerActionsTestOtherB-600454746-project-member] Lock "0fd05884-78f2-41d3-a57e-15a66ac6a583" acquired by "nova.context.set_target_cell..get_or_set_cached_cell_and_set_connections" :: waited 0.000s {{(pid=95859) inner /opt/stack/data/venv/lib/python3.12/site-packages/oslo_concurrency/lockutils.py:525}}
Aug 13 03:28:41.133893 np0000007142 nova-conductor[95859]: DEBUG oslo_concurrency.lockutils [None req-766eeda0-ea5a-486c-acb2-d0b12dffffbb tempest-ServerActionsTestOtherB-600454746 tempest-ServerActionsTestOtherB-600454746-project-member] Lock "0fd05884-78f2-41d3-a57e-15a66ac6a583" "released" by "nova.context.set_target_cell..get_or_set_cached_cell_and_set_connections" :: held 0.002s {{(pid=95859) inner /opt/stack/data/venv/lib/python3.12/site-packages/oslo_concurrency/lockutils.py:544}}
Aug 13 03:28:41.135950 np0000007142 nova-conductor[95859]: INFO dbcounter [None req-766eeda0-ea5a-486c-acb2-d0b12dffffbb tempest-ServerActionsTestOtherB-600454746 tempest-ServerActionsTestOtherB-600454746-project-member] Registered counter for database nova_cell1
Aug 13 03:28:41.171973 np0000007142 nova-conductor[95859]: DEBUG oslo_db.sqlalchemy.engines [None req-766eeda0-ea5a-486c-acb2-d0b12dffffbb tempest-ServerActionsTestOtherB-600454746 tempest-ServerActionsTestOtherB-600454746-project-member] MySQL server mode set to STRICT_TRANS_TABLES,STRICT_ALL_TABLES,NO_ZERO_IN_DATE,NO_ZERO_DATE,ERROR_FOR_DIVISION_BY_ZERO,TRADITIONAL,NO_ENGINE_SUBSTITUTION {{(pid=95859) _check_effective_sql_mode /opt/stack/data/venv/lib/python3.12/site-packages/oslo_db/sqlalchemy/engines.py:325}}
Aug 13 03:28:41.180965 np0000007142 nova-conductor[95859]: DEBUG dbcounter [-] [95859] Writer thread running {{(pid=95859) stat_writer /opt/stack/data/venv/lib/python3.12/site-packages/dbcounter.py:102}}
Aug 13 03:28:41.259477 np0000007142 nova-conductor[95859]: INFO nova.utils [None req-766eeda0-ea5a-486c-acb2-d0b12dffffbb tempest-ServerActionsTestOtherB-600454746 tempest-ServerActionsTestOtherB-600454746-project-member] The cell worker thread pool ForkProcess-1.cell_worker is initialized
Aug 13 03:28:41.259703 np0000007142 nova-conductor[95859]: DEBUG oslo_concurrency.lockutils [None req-766eeda0-ea5a-486c-acb2-d0b12dffffbb tempest-ServerActionsTestOtherB-600454746 tempest-ServerActionsTestOtherB-600454746-project-member] Acquiring lock "00000000-0000-0000-0000-000000000000" by "nova.context.set_target_cell..get_or_set_cached_cell_and_set_connections" {{(pid=95859) inner /opt/stack/data/venv/lib/python3.12/site-packages/oslo_concurrency/lockutils.py:512}}
Aug 13 03:28:41.259893 np0000007142 nova-conductor[95859]: DEBUG oslo_concurrency.lockutils [None req-766eeda0-ea5a-486c-acb2-d0b12dffffbb tempest-ServerActionsTestOtherB-600454746 tempest-ServerActionsTestOtherB-600454746-project-member] Lock "00000000-0000-0000-0000-000000000000" acquired by "nova.context.set_target_cell..get_or_set_cached_cell_and_set_connections" :: waited 0.000s {{(pid=95859) inner /opt/stack/data/venv/lib/python3.12/site-packages/oslo_concurrency/lockutils.py:525}}
Aug 13 03:28:41.260612 np0000007142 nova-conductor[95859]: DEBUG oslo_concurrency.lockutils [None req-766eeda0-ea5a-486c-acb2-d0b12dffffbb tempest-ServerActionsTestOtherB-600454746 tempest-ServerActionsTestOtherB-600454746-project-member] Lock "00000000-0000-0000-0000-000000000000" "released" by "nova.context.set_target_cell..get_or_set_cached_cell_and_set_connections" :: held 0.000s {{(pid=95859) inner /opt/stack/data/venv/lib/python3.12/site-packages/oslo_concurrency/lockutils.py:544}}
Aug 13 03:28:41.261578 np0000007142 nova-conductor[95859]: DEBUG oslo_concurrency.lockutils [None req-766eeda0-ea5a-486c-acb2-d0b12dffffbb tempest-ServerActionsTestOtherB-600454746 tempest-ServerActionsTestOtherB-600454746-project-member] Acquiring lock "0fd05884-78f2-41d3-a57e-15a66ac6a583" by "nova.context.set_target_cell..get_or_set_cached_cell_and_set_connections" {{(pid=95859) inner /opt/stack/data/venv/lib/python3.12/site-packages/oslo_concurrency/lockutils.py:512}}
Aug 13 03:28:41.261578 np0000007142 nova-conductor[95859]: DEBUG oslo_concurrency.lockutils [None req-766eeda0-ea5a-486c-acb2-d0b12dffffbb tempest-ServerActionsTestOtherB-600454746 tempest-ServerActionsTestOtherB-600454746-project-member] Lock "0fd05884-78f2-41d3-a57e-15a66ac6a583" acquired by "nova.context.set_target_cell..get_or_set_cached_cell_and_set_connections" :: waited 0.000s {{(pid=95859) inner /opt/stack/data/venv/lib/python3.12/site-packages/oslo_concurrency/lockutils.py:525}}
Aug 13 03:28:41.261733 np0000007142 nova-conductor[95859]: DEBUG oslo_concurrency.lockutils [None req-766eeda0-ea5a-486c-acb2-d0b12dffffbb tempest-ServerActionsTestOtherB-600454746 tempest-ServerActionsTestOtherB-600454746-project-member] Lock "0fd05884-78f2-41d3-a57e-15a66ac6a583" "released" by "nova.context.set_target_cell..get_or_set_cached_cell_and_set_connections" :: held 0.000s {{(pid=95859) inner /opt/stack/data/venv/lib/python3.12/site-packages/oslo_concurrency/lockutils.py:544}}
Aug 13 03:28:41.263332 np0000007142 nova-conductor[95859]: INFO dbcounter [None req-766eeda0-ea5a-486c-acb2-d0b12dffffbb tempest-ServerActionsTestOtherB-600454746 tempest-ServerActionsTestOtherB-600454746-project-member] Registered counter for database nova_cell0
