Aug 13 03:25:30.331144 np0000007142 devstack@neutron-api.service[87618]: DEBUG ovsdbapp.backend.ovs_idl [None req-123deb5f-ec1e-4f99-9c98-4198bd8ff6de None None] Created schema index Chassis_Private.name {{(pid=87618) autocreate_indices /opt/stack/data/venv/lib/python3.12/site-packages/ovsdbapp/backend/ovs_idl/__init__.py:106}}
Aug 13 03:25:30.331289 np0000007142 devstack@neutron-api.service[87618]: DEBUG ovsdbapp.backend.ovs_idl [None req-123deb5f-ec1e-4f99-9c98-4198bd8ff6de None None] Created schema index Datapath_Binding.tunnel_key {{(pid=87618) autocreate_indices /opt/stack/data/venv/lib/python3.12/site-packages/ovsdbapp/backend/ovs_idl/__init__.py:106}}
Aug 13 03:25:30.331524 np0000007142 devstack@neutron-api.service[87617]: INFO ovsdbapp.backend.ovs_idl.vlog [None req-108d66db-42ac-404e-afa3-ff00ba7a1052 None None] ssl:10.4.3.117:6642: connected
Aug 13 03:25:30.334276 np0000007142 devstack@neutron-api.service[87618]: INFO ovsdbapp.backend.ovs_idl.vlog [None req-123deb5f-ec1e-4f99-9c98-4198bd8ff6de None None] ssl:10.4.3.117:6642: connecting...
Aug 13 03:25:30.339366 np0000007142 devstack@neutron-api.service[87618]: INFO ovsdbapp.backend.ovs_idl.vlog [None req-123deb5f-ec1e-4f99-9c98-4198bd8ff6de None None] ssl:10.4.3.117:6642: connected
Aug 13 03:25:30.358011 np0000007142 devstack@neutron-api.service[87617]: DEBUG neutron.common.ovn.hash_ring_manager [None req-108d66db-42ac-404e-afa3-ff00ba7a1052 None None] Allow caching, nodes 3>=3 {{(pid=87617) _wait_startup_before_caching /opt/stack/neutron/neutron/common/ovn/hash_ring_manager.py:71}}
Aug 13 03:25:30.363023 np0000007142 devstack@neutron-api.service[87617]: DEBUG neutron.common.ovn.hash_ring_manager [None req-108d66db-42ac-404e-afa3-ff00ba7a1052 None None] Hash Ring loaded. 3 active nodes. 0 offline nodes {{(pid=87617) _load_hash_ring /opt/stack/neutron/neutron/common/ovn/hash_ring_manager.py:110}}
Aug 13 03:25:30.363416 np0000007142 devstack@neutron-api.service[87618]: DEBUG neutron.common.ovn.hash_ring_manager [None req-123deb5f-ec1e-4f99-9c98-4198bd8ff6de None None] Allow caching, nodes 3>=3 {{(pid=87618) _wait_startup_before_caching /opt/stack/neutron/neutron/common/ovn/hash_ring_manager.py:71}}
Aug 13 03:25:30.363660 np0000007142 devstack@neutron-api.service[87617]: DEBUG ovsdbapp.backend.ovs_idl.event [None req-108d66db-42ac-404e-afa3-ff00ba7a1052 None None] Matched CREATE: ChassisOVNAgentWriteEvent(events=('create', 'update'), table='Chassis_Private', conditions=None, old_conditions=None), priority=20 to row=Chassis_Private(uuid=81a57325-7151-47c8-9a23-186c28f28872, chassis=32b49b6c-09df-49ff-9c6c-2877f76cbb24, external_ids={'neutron:ovn-bridge': 'br-int', 'neutron:ovn-neutron-agent-id': 'c56f94ca-cdc0-55f0-9cd0-0f3f3c6b5b89', 'neutron:ovn-neutron-agent-sb-cfg': '0'}, name='a43a2ffa-20c2-441d-8abb-7fe6b0cd3343', nb_cfg=0, nb_cfg_timestamp=0) old= {{(pid=87617) matches /opt/stack/data/venv/lib/python3.12/site-packages/ovsdbapp/backend/ovs_idl/event.py:55}}
Aug 13 03:25:30.364165 np0000007142 devstack@neutron-api.service[87617]: DEBUG ovsdbapp.backend.ovs_idl.event [None req-108d66db-42ac-404e-afa3-ff00ba7a1052 None None] Matched CREATE: ChassisAgentWriteEvent(events=('create', 'update'), table='Chassis_Private', conditions=None, old_conditions=None), priority=20 to row=Chassis_Private(uuid=81a57325-7151-47c8-9a23-186c28f28872, chassis=32b49b6c-09df-49ff-9c6c-2877f76cbb24, external_ids={'neutron:ovn-bridge': 'br-int', 'neutron:ovn-neutron-agent-id': 'c56f94ca-cdc0-55f0-9cd0-0f3f3c6b5b89', 'neutron:ovn-neutron-agent-sb-cfg': '0'}, name='a43a2ffa-20c2-441d-8abb-7fe6b0cd3343', nb_cfg=0, nb_cfg_timestamp=0) old= {{(pid=87617) matches /opt/stack/data/venv/lib/python3.12/site-packages/ovsdbapp/backend/ovs_idl/event.py:55}}
Aug 13 03:25:30.365967 np0000007142 devstack@neutron-api.service[87617]: INFO neutron.plugins.ml2.drivers.ovn.mech_driver.mech_driver [None req-108d66db-42ac-404e-afa3-ff00ba7a1052 None None] WorkerService process has finished the post initialization
Aug 13 03:25:30.366283 np0000007142 devstack@neutron-api.service[87617]: DEBUG oslo_concurrency.processutils [None req-108d66db-42ac-404e-afa3-ff00ba7a1052 None None] Running cmd (subprocess): ovsdb-client transact ssl:10.4.3.117:6641 --timeout 180 -p /opt/stack/data/CA/int-ca/private/devstack-cert.key -c /opt/stack/data/CA/int-ca/devstack-cert.crt -C /opt/stack/data/CA/int-ca/ca-chain.pem ["OVN_Northbound", {"op": "wait", "timeout": 0, "table": "Port_Group", "where": [["name", "==", "pvlan_pg_drop"]], "until": "==", "rows": []}, {"op": "insert", "table": "ACL", "row": {"action": "drop", "direction": "to-lport", "match": "outport == @pvlan_pg_drop && ip", "priority": 1010}, "uuid-name": "pvlandroptoport"}, {"op": "insert", "table": "ACL", "row": {"action": "drop", "direction": "from-lport", "match": "inport == @pvlan_pg_drop && ip", "priority": 1010}, "uuid-name": "pvlandropfromport"}, {"op": "insert", "table": "Port_Group", "row": {"name": "pvlan_pg_drop", "acls": ["set", [["named-uuid", "pvlandroptoport"], ["named-uuid", "pvlandropfromport"]]]}}] {{(pid=87617) execute /opt/stack/data/venv/lib/python3.12/site-packages/oslo_concurrency/processutils.py:440}}
Aug 13 03:25:30.368586 np0000007142 devstack@neutron-api.service[87618]: DEBUG neutron.common.ovn.hash_ring_manager [None req-123deb5f-ec1e-4f99-9c98-4198bd8ff6de None None] Hash Ring loaded. 3 active nodes. 0 offline nodes {{(pid=87618) _load_hash_ring /opt/stack/neutron/neutron/common/ovn/hash_ring_manager.py:110}}
Aug 13 03:25:30.369157 np0000007142 devstack@neutron-api.service[87618]: DEBUG ovsdbapp.backend.ovs_idl.event [None req-123deb5f-ec1e-4f99-9c98-4198bd8ff6de None None] Matched CREATE: ChassisAgentWriteEvent(events=('create', 'update'), table='Chassis_Private', conditions=None, old_conditions=None), priority=20 to row=Chassis_Private(uuid=81a57325-7151-47c8-9a23-186c28f28872, chassis=32b49b6c-09df-49ff-9c6c-2877f76cbb24, external_ids={'neutron:ovn-bridge': 'br-int', 'neutron:ovn-neutron-agent-id': 'c56f94ca-cdc0-55f0-9cd0-0f3f3c6b5b89', 'neutron:ovn-neutron-agent-sb-cfg': '0'}, name='a43a2ffa-20c2-441d-8abb-7fe6b0cd3343', nb_cfg=0, nb_cfg_timestamp=0) old= {{(pid=87618) matches /opt/stack/data/venv/lib/python3.12/site-packages/ovsdbapp/backend/ovs_idl/event.py:55}}
Aug 13 03:25:30.369480 np0000007142 devstack@neutron-api.service[87618]: DEBUG ovsdbapp.backend.ovs_idl.event [None req-123deb5f-ec1e-4f99-9c98-4198bd8ff6de None None] Matched CREATE: ChassisOVNAgentWriteEvent(events=('create', 'update'), table='Chassis_Private', conditions=None, old_conditions=None), priority=20 to row=Chassis_Private(uuid=81a57325-7151-47c8-9a23-186c28f28872, chassis=32b49b6c-09df-49ff-9c6c-2877f76cbb24, external_ids={'neutron:ovn-bridge': 'br-int', 'neutron:ovn-neutron-agent-id': 'c56f94ca-cdc0-55f0-9cd0-0f3f3c6b5b89', 'neutron:ovn-neutron-agent-sb-cfg': '0'}, name='a43a2ffa-20c2-441d-8abb-7fe6b0cd3343', nb_cfg=0, nb_cfg_timestamp=0) old= {{(pid=87618) matches /opt/stack/data/venv/lib/python3.12/site-packages/ovsdbapp/backend/ovs_idl/event.py:55}}
Aug 13 03:25:30.369761 np0000007142 devstack@neutron-api.service[87618]: DEBUG neutron.plugins.ml2.drivers.ovn.mech_driver.ovsdb.ovsdb_monitor [None req-123deb5f-ec1e-4f99-9c98-4198bd8ff6de None None] Hash Ring: Node 9148e952e65f5a9fa7e82d2d96fefcb2 (host: np0000007142) handling event "create" for row d3ca0e38-64ca-4642-aacd-e410203eeb0c (table: Encap) {{(pid=87618) notify /opt/stack/neutron/neutron/plugins/ml2/drivers/ovn/mech_driver/ovsdb/ovsdb_monitor.py:1099}}
Aug 13 03:25:30.371365 np0000007142 devstack@neutron-api.service[87618]: INFO neutron.plugins.ml2.drivers.ovn.mech_driver.mech_driver [None req-123deb5f-ec1e-4f99-9c98-4198bd8ff6de None None] WorkerService process has finished the post initialization
Aug 13 03:25:30.371759 np0000007142 devstack@neutron-api.service[87618]: DEBUG oslo_concurrency.processutils [None req-123deb5f-ec1e-4f99-9c98-4198bd8ff6de None None] Running cmd (subprocess): ovsdb-client transact ssl:10.4.3.117:6641 --timeout 180 -p /opt/stack/data/CA/int-ca/private/devstack-cert.key -c /opt/stack/data/CA/int-ca/devstack-cert.crt -C /opt/stack/data/CA/int-ca/ca-chain.pem ["OVN_Northbound", {"op": "wait", "timeout": 0, "table": "Port_Group", "where": [["name", "==", "pvlan_pg_drop"]], "until": "==", "rows": []}, {"op": "insert", "table": "ACL", "row": {"action": "drop", "direction": "to-lport", "match": "outport == @pvlan_pg_drop && ip", "priority": 1010}, "uuid-name": "pvlandroptoport"}, {"op": "insert", "table": "ACL", "row": {"action": "drop", "direction": "from-lport", "match": "inport == @pvlan_pg_drop && ip", "priority": 1010}, "uuid-name": "pvlandropfromport"}, {"op": "insert", "table": "Port_Group", "row": {"name": "pvlan_pg_drop", "acls": ["set", [["named-uuid", "pvlandroptoport"], ["named-uuid", "pvlandropfromport"]]]}}] {{(pid=87618) execute /opt/stack/data/venv/lib/python3.12/site-packages/oslo_concurrency/processutils.py:440}}
Aug 13 03:25:30.396604 np0000007142 devstack@neutron-api.service[87617]: DEBUG oslo_concurrency.processutils [None req-108d66db-42ac-404e-afa3-ff00ba7a1052 None None] CMD "ovsdb-client transact ssl:10.4.3.117:6641 --timeout 180 -p /opt/stack/data/CA/int-ca/private/devstack-cert.key -c /opt/stack/data/CA/int-ca/devstack-cert.crt -C /opt/stack/data/CA/int-ca/ca-chain.pem ["OVN_Northbound", {"op": "wait", "timeout": 0, "table": "Port_Group", "where": [["name", "==", "pvlan_pg_drop"]], "until": "==", "rows": []}, {"op": "insert", "table": "ACL", "row": {"action": "drop", "direction": "to-lport", "match": "outport == @pvlan_pg_drop && ip", "priority": 1010}, "uuid-name": "pvlandroptoport"}, {"op": "insert", "table": "ACL", "row": {"action": "drop", "direction": "from-lport", "match": "inport == @pvlan_pg_drop && ip", "priority": 1010}, "uuid-name": "pvlandropfromport"}, {"op": "insert", "table": "Port_Group", "row": {"name": "pvlan_pg_drop", "acls": ["set", [["named-uuid", "pvlandroptoport"], ["named-uuid", "pvlandropfromport"]]]}}]" returned: 0 in 0.029s {{(pid=87617) execute /opt/stack/data/venv/lib/python3.12/site-packages/oslo_concurrency/processutils.py:468}}
Aug 13 03:25:30.397635 np0000007142 devstack@neutron-api.service[87618]: DEBUG oslo_concurrency.processutils [None req-123deb5f-ec1e-4f99-9c98-4198bd8ff6de None None] CMD "ovsdb-client transact ssl:10.4.3.117:6641 --timeout 180 -p /opt/stack/data/CA/int-ca/private/devstack-cert.key -c /opt/stack/data/CA/int-ca/devstack-cert.crt -C /opt/stack/data/CA/int-ca/ca-chain.pem ["OVN_Northbound", {"op": "wait", "timeout": 0, "table": "Port_Group", "where": [["name", "==", "pvlan_pg_drop"]], "until": "==", "rows": []}, {"op": "insert", "table": "ACL", "row": {"action": "drop", "direction": "to-lport", "match": "outport == @pvlan_pg_drop && ip", "priority": 1010}, "uuid-name": "pvlandroptoport"}, {"op": "insert", "table": "ACL", "row": {"action": "drop", "direction": "from-lport", "match": "inport == @pvlan_pg_drop && ip", "priority": 1010}, "uuid-name": "pvlandropfromport"}, {"op": "insert", "table": "Port_Group", "row": {"name": "pvlan_pg_drop", "acls": ["set", [["named-uuid", "pvlandroptoport"], ["named-uuid", "pvlandropfromport"]]]}}]" returned: 0 in 0.026s {{(pid=87618) execute /opt/stack/data/venv/lib/python3.12/site-packages/oslo_concurrency/processutils.py:468}}
Aug 13 03:25:30.397740 np0000007142 devstack@neutron-api.service[87617]: WSGI app 0 (mountpoint='') ready in 6 seconds on interpreter 0x736a39ea4668 pid: 87617 (default app)
Aug 13 03:25:30.399442 np0000007142 devstack@neutron-api.service[87618]: WSGI app 0 (mountpoint='') ready in 6 seconds on interpreter 0x736a39ea4668 pid: 87618 (default app)
Aug 13 03:25:31.250934 np0000007142 devstack@neutron-api.service[87618]: DEBUG neutron.plugins.ml2.drivers.ovn.mech_driver.ovsdb.ovsdb_monitor [-] Hash Ring: Node 9148e952e65f5a9fa7e82d2d96fefcb2 (host: np0000007142) handling event "update" for row 7f10a007-1abd-467a-ba44-d46494b2d332 (table: Connection) {{(pid=87618) notify /opt/stack/neutron/neutron/plugins/ml2/drivers/ovn/mech_driver/ovsdb/ovsdb_monitor.py:1099}}
Aug 13 03:25:31.254724 np0000007142 devstack@neutron-api.service[87616]: DEBUG neutron.common.ovn.hash_ring_manager [-] Allow caching, nodes 3>=3 {{(pid=87616) _wait_startup_before_caching /opt/stack/neutron/neutron/common/ovn/hash_ring_manager.py:71}}
Aug 13 03:25:31.255275 np0000007142 devstack@neutron-api.service[87616]: DEBUG neutron.plugins.ml2.drivers.ovn.mech_driver.ovsdb.ovsdb_monitor [-] Hash Ring: Node bfb2952491d55c48946c28736fba49f8 (host: np0000007142) handling event "update" for row 7f10a007-1abd-467a-ba44-d46494b2d332 (table: Connection) {{(pid=87616) notify /opt/stack/neutron/neutron/plugins/ml2/drivers/ovn/mech_driver/ovsdb/ovsdb_monitor.py:1099}}
Aug 13 03:25:33.750382 np0000007142 devstack@neutron-api.service[87616]: DEBUG neutron.plugins.ml2.drivers.ovn.mech_driver.ovsdb.ovsdb_monitor [-] Hash Ring: Node bfb2952491d55c48946c28736fba49f8 (host: np0000007142) handling event "update" for row 7f10a007-1abd-467a-ba44-d46494b2d332 (table: Connection) {{(pid=87616) notify /opt/stack/neutron/neutron/plugins/ml2/drivers/ovn/mech_driver/ovsdb/ovsdb_monitor.py:1099}}
Aug 13 03:25:33.752808 np0000007142 devstack@neutron-api.service[87618]: DEBUG neutron.plugins.ml2.drivers.ovn.mech_driver.ovsdb.ovsdb_monitor [-] Hash Ring: Node 9148e952e65f5a9fa7e82d2d96fefcb2 (host: np0000007142) handling event "update" for row 7f10a007-1abd-467a-ba44-d46494b2d332 (table: Connection) {{(pid=87618) notify /opt/stack/neutron/neutron/plugins/ml2/drivers/ovn/mech_driver/ovsdb/ovsdb_monitor.py:1099}}
Aug 13 03:25:34.321074 np0000007142 devstack@neutron-api.service[87616]: DEBUG neutron.api.wsgi [None req-4d6814a7-31bc-4e87-b3a1-09a4b139b9c3 admin admin] Missing Content-Type {{(pid=87616) get_content_type /opt/stack/neutron/neutron/api/wsgi.py:80}}
Aug 13 03:25:34.321074 np0000007142 devstack@neutron-api.service[87616]: DEBUG neutron.api.wsgi [None req-4d6814a7-31bc-4e87-b3a1-09a4b139b9c3 admin admin] https://10.4.3.117/networking/v2.0/extensions returned with HTTP 200 {{(pid=87616) __call__ /opt/stack/neutron/neutron/api/wsgi.py:540}}
Aug 13 03:25:34.321386 np0000007142 devstack@neutron-api.service[87616]: [pid: 87616|app: 0|req: 2/2] 10.4.3.117 () {64 vars in 1292 bytes} [Thu Aug 13 03:25:33 2026] GET /networking/v2.0/extensions => generated 16171 bytes in 599 msecs (HTTP/1.1 200) 4 headers in 159 bytes (2 switches on core 0)
Aug 13 03:25:34.713732 np0000007142 devstack@neutron-api.service[87617]: DEBUG neutron.api.v2.base [None req-c9466044-d41a-447b-aacb-caafb3efbbdd admin admin] Request body: {'subnetpool': {'is_default': True, 'name': 'shared-default-subnetpool-v4', 'default_prefixlen': 26, 'prefixes': ['10.1.0.0/20'], 'shared': True}} {{(pid=87617) prepare_request_body /opt/stack/neutron/neutron/api/v2/base.py:727}}
Aug 13 03:25:34.902034 np0000007142 devstack@neutron-api.service[87617]: DEBUG neutron.policy [None req-c9466044-d41a-447b-aacb-caafb3efbbdd admin admin] Loaded default policies from ['neutron'] under neutron.policies entry points {{(pid=87617) register_rules /opt/stack/neutron/neutron/policy.py:65}}
Aug 13 03:25:35.042303 np0000007142 devstack@neutron-api.service[87617]: DEBUG neutron_lib.callbacks.manager [None req-c9466044-d41a-447b-aacb-caafb3efbbdd admin admin] Publish callbacks ['neutron.objects.securitygroup.RbacNeutronDbObjectMixin.validate_rbac_policy_change-2617762229597', 'neutron.objects.address_group.RbacNeutronDbObjectMixin.validate_rbac_policy_change-2617762235117', 'neutron.objects.network.RbacNeutronDbObjectMixin.validate_rbac_policy_change-2617762292283', 'neutron.objects.qos.policy.RbacNeutronDbObjectMixin.validate_rbac_policy_change-2617762289314', 'neutron.objects.subnetpool.RbacNeutronDbObjectMixin.validate_rbac_policy_change-2617762255745', 'neutron.objects.address_scope.RbacNeutronDbObjectMixin.validate_rbac_policy_change-2617762265723', 'neutron.plugins.ml2.plugin.External_net_db_mixin._process_ext_policy_create-133529', 'neutron.plugins.ml2.plugin.NeutronDbPluginV2.validate_network_rbac_policy_change-115573'] for rbac-policy (None), before_create {{(pid=87617) _notify_loop /opt/stack/data/venv/lib/python3.12/site-packages/neutron_lib/callbacks/manager.py:184}}
Aug 13 03:25:35.086143 np0000007142 devstack@neutron-api.service[87617]: DEBUG neutron_lib.callbacks.manager [None req-c9466044-d41a-447b-aacb-caafb3efbbdd admin admin] Publish callbacks [] for subnetpool (None), before_response {{(pid=87617) _notify_loop /opt/stack/data/venv/lib/python3.12/site-packages/neutron_lib/callbacks/manager.py:184}}
Aug 13 03:25:35.086620 np0000007142 devstack@neutron-api.service[87617]: [pid: 87617|app: 0|req: 1/3] 10.4.3.117 () {68 vars in 1336 bytes} [Thu Aug 13 03:25:34 2026] POST /networking/v2.0/subnetpools => generated 533 bytes in 467 msecs (HTTP/1.1 201) 4 headers in 162 bytes (1 switches on core 0)
Aug 13 03:25:35.409994 np0000007142 devstack@neutron-api.service[87618]: DEBUG neutron.api.v2.base [None req-a46f29a1-f6dd-496d-9585-428e6dc9e827 admin admin] Request body: {'subnetpool': {'is_default': True, 'name': 'shared-default-subnetpool-v6', 'default_prefixlen': 64, 'prefixes': ['fd1b:5fce:f3c5::/56'], 'shared': True}} {{(pid=87618) prepare_request_body /opt/stack/neutron/neutron/api/v2/base.py:727}}
Aug 13 03:25:35.572291 np0000007142 devstack@neutron-api.service[87618]: DEBUG neutron.policy [None req-a46f29a1-f6dd-496d-9585-428e6dc9e827 admin admin] Loaded default policies from ['neutron'] under neutron.policies entry points {{(pid=87618) register_rules /opt/stack/neutron/neutron/policy.py:65}}
Aug 13 03:25:35.709925 np0000007142 devstack@neutron-api.service[87618]: DEBUG neutron_lib.callbacks.manager [None req-a46f29a1-f6dd-496d-9585-428e6dc9e827 admin admin] Publish callbacks ['neutron.objects.securitygroup.RbacNeutronDbObjectMixin.validate_rbac_policy_change-2617762198076', 'neutron.objects.address_group.RbacNeutronDbObjectMixin.validate_rbac_policy_change-2617762077940', 'neutron.objects.network.RbacNeutronDbObjectMixin.validate_rbac_policy_change-2617762204107', 'neutron.objects.qos.policy.RbacNeutronDbObjectMixin.validate_rbac_policy_change-2617762294009', 'neutron.objects.subnetpool.RbacNeutronDbObjectMixin.validate_rbac_policy_change-2617762286438', 'neutron.objects.address_scope.RbacNeutronDbObjectMixin.validate_rbac_policy_change-2617762301582', 'neutron.plugins.ml2.plugin.External_net_db_mixin._process_ext_policy_create-31778', 'neutron.plugins.ml2.plugin.NeutronDbPluginV2.validate_network_rbac_policy_change-26058'] for rbac-policy (None), before_create {{(pid=87618) _notify_loop /opt/stack/data/venv/lib/python3.12/site-packages/neutron_lib/callbacks/manager.py:184}}
Aug 13 03:25:35.752520 np0000007142 devstack@neutron-api.service[87618]: DEBUG neutron_lib.callbacks.manager [None req-a46f29a1-f6dd-496d-9585-428e6dc9e827 admin admin] Publish callbacks [] for subnetpool (None), before_response {{(pid=87618) _notify_loop /opt/stack/data/venv/lib/python3.12/site-packages/neutron_lib/callbacks/manager.py:184}}
Aug 13 03:25:35.753241 np0000007142 devstack@neutron-api.service[87618]: [pid: 87618|app: 0|req: 1/4] 10.4.3.117 () {68 vars in 1336 bytes} [Thu Aug 13 03:25:35 2026] POST /networking/v2.0/subnetpools => generated 543 bytes in 436 msecs (HTTP/1.1 201) 4 headers in 162 bytes (1 switches on core 0)
Aug 13 03:25:35.989388 np0000007142 devstack@neutron-api.service[87616]: DEBUG neutron.api.v2.base [None req-51f7abdb-7a51-4748-98c4-45bf998c90ec admin admin] Request body: {'network': {'name': 'private', 'admin_state_up': True}} {{(pid=87616) prepare_request_body /opt/stack/neutron/neutron/api/v2/base.py:727}}
Aug 13 03:25:36.016713 np0000007142 devstack@neutron-api.service[87616]: DEBUG neutron.pecan_wsgi.hooks.quota_enforcement [None req-51f7abdb-7a51-4748-98c4-45bf998c90ec admin admin] Made reservation on behalf of cf63fa9d9371493d8a38558236227b17 for: {'network': 1} {{(pid=87616) before /opt/stack/neutron/neutron/pecan_wsgi/hooks/quota_enforcement.py:66}}
Aug 13 03:25:36.172727 np0000007142 devstack@neutron-api.service[87616]: DEBUG neutron.policy [None req-51f7abdb-7a51-4748-98c4-45bf998c90ec admin admin] Loaded default policies from ['neutron'] under neutron.policies entry points {{(pid=87616) register_rules /opt/stack/neutron/neutron/policy.py:65}}
Aug 13 03:25:36.266688 np0000007142 devstack@neutron-api.service[87616]: DEBUG neutron_lib.callbacks.manager [None req-51f7abdb-7a51-4748-98c4-45bf998c90ec admin admin] Publish callbacks ['neutron.plugins.ml2.plugin.SecurityGroupDbMixin._ensure_default_security_group_handler-1926086'] for network (None), before_create {{(pid=87616) _notify_loop /opt/stack/data/venv/lib/python3.12/site-packages/neutron_lib/callbacks/manager.py:184}}
Aug 13 03:25:36.287978 np0000007142 devstack@neutron-api.service[87616]: DEBUG neutron_lib.callbacks.manager [None req-51f7abdb-7a51-4748-98c4-45bf998c90ec admin admin] Publish callbacks [] for security_group (None), before_create {{(pid=87616) _notify_loop /opt/stack/data/venv/lib/python3.12/site-packages/neutron_lib/callbacks/manager.py:184}}
Aug 13 03:25:36.383734 np0000007142 devstack@neutron-api.service[87616]: DEBUG neutron_lib.callbacks.manager [None req-51f7abdb-7a51-4748-98c4-45bf998c90ec admin admin] Publish callbacks ['neutron.plugins.ml2.drivers.ovn.mech_driver.mech_driver.OVNMechanismDriver._create_security_group_precommit-386358'] for security_group (f76fed0e-884d-46fd-ac3e-b67b257372a9), precommit_create {{(pid=87616) _notify_loop /opt/stack/data/venv/lib/python3.12/site-packages/neutron_lib/callbacks/manager.py:184}}
Aug 13 03:25:36.383931 np0000007142 devstack@neutron-api.service[87616]: DEBUG neutron.db.ovn_revision_numbers_db [None req-51f7abdb-7a51-4748-98c4-45bf998c90ec admin admin] create_initial_revision uuid=f76fed0e-884d-46fd-ac3e-b67b257372a9, type=security_groups, rev=-1 {{(pid=87616) create_initial_revision /opt/stack/neutron/neutron/db/ovn_revision_numbers_db.py:98}}
Aug 13 03:25:36.386349 np0000007142 devstack@neutron-api.service[87616]: DEBUG neutron.db.ovn_revision_numbers_db [None req-51f7abdb-7a51-4748-98c4-45bf998c90ec admin admin] create_initial_revision uuid=23a93bec-14ab-4836-8113-0b9e56f53998, type=security_group_rules, rev=-1 {{(pid=87616) create_initial_revision /opt/stack/neutron/neutron/db/ovn_revision_numbers_db.py:98}}
Aug 13 03:25:36.387385 np0000007142 devstack@neutron-api.service[87616]: DEBUG neutron.db.ovn_revision_numbers_db [None req-51f7abdb-7a51-4748-98c4-45bf998c90ec admin admin] create_initial_revision uuid=5d699936-ab48-4ef7-87ea-ade57e6eb446, type=security_group_rules, rev=-1 {{(pid=87616) create_initial_revision /opt/stack/neutron/neutron/db/ovn_revision_numbers_db.py:98}}
Aug 13 03:25:36.388282 np0000007142 devstack@neutron-api.service[87616]: DEBUG neutron.db.ovn_revision_numbers_db [None req-51f7abdb-7a51-4748-98c4-45bf998c90ec admin admin] create_initial_revision uuid=6f3eeb9d-537f-4f0e-964e-834f66337c77, type=security_group_rules, rev=-1 {{(pid=87616) create_initial_revision /opt/stack/neutron/neutron/db/ovn_revision_numbers_db.py:98}}
Aug 13 03:25:36.389179 np0000007142 devstack@neutron-api.service[87616]: DEBUG neutron.db.ovn_revision_numbers_db [None req-51f7abdb-7a51-4748-98c4-45bf998c90ec admin admin] create_initial_revision uuid=ed53db1e-cb3b-4bde-98c7-2ff8ae36c6f1, type=security_group_rules, rev=-1 {{(pid=87616) create_initial_revision /opt/stack/neutron/neutron/db/ovn_revision_numbers_db.py:98}}
Aug 13 03:25:36.392618 np0000007142 devstack@neutron-api.service[87616]: DEBUG neutron_lib.callbacks.manager [None req-51f7abdb-7a51-4748-98c4-45bf998c90ec admin admin] Publish callbacks ['neutron.plugins.ml2.drivers.ovn.mech_driver.mech_driver.OVNMechanismDriver._create_security_group-386364', 'neutron.plugins.ml2.ovo_rpc._ObjectChangeHandler.handle_event-1080400'] for security_group (f76fed0e-884d-46fd-ac3e-b67b257372a9), after_create {{(pid=87616) _notify_loop /opt/stack/data/venv/lib/python3.12/site-packages/neutron_lib/callbacks/manager.py:184}}
Aug 13 03:25:36.393518 np0000007142 devstack@neutron-api.service[87616]: DEBUG ovsdbapp.backend.ovs_idl.transaction [-] Running txn n=1 command(idx=0): PgAddCommand(_result=None, name=pg_f76fed0e_884d_46fd_ac3e_b67b257372a9, may_exist=False, columns={'acls': [], 'external_ids': {'neutron:security_group_id': 'f76fed0e-884d-46fd-ac3e-b67b257372a9'}}) {{(pid=87616) do_commit /opt/stack/data/venv/lib/python3.12/site-packages/ovsdbapp/backend/ovs_idl/transaction.py:89}}
Aug 13 03:25:36.394735 np0000007142 devstack@neutron-api.service[87616]: DEBUG ovsdbapp.backend.ovs_idl.transaction [-] Running txn n=1 command(idx=1): PgAclAddCommand(_result=None, entity=pg_f76fed0e_884d_46fd_ac3e_b67b257372a9, direction=to-lport, priority=1002, match=outport == @pg_f76fed0e_884d_46fd_ac3e_b67b257372a9 && ip6 && ip6.src == $pg_f76fed0e_884d_46fd_ac3e_b67b257372a9_ip6, action=allow-related, log=False, may_exist=True, severity=[], name=[], meter=[], external_ids={'neutron:security_group_rule_id': '23a93bec-14ab-4836-8113-0b9e56f53998'}) {{(pid=87616) do_commit /opt/stack/data/venv/lib/python3.12/site-packages/ovsdbapp/backend/ovs_idl/transaction.py:89}}
Aug 13 03:25:36.395130 np0000007142 devstack@neutron-api.service[87616]: DEBUG ovsdbapp.backend.ovs_idl.transaction [-] Running txn n=1 command(idx=2): PgAclAddCommand(_result=None, entity=pg_f76fed0e_884d_46fd_ac3e_b67b257372a9, direction=from-lport, priority=1002, match=inport == @pg_f76fed0e_884d_46fd_ac3e_b67b257372a9 && ip4, action=allow-related, log=False, may_exist=True, severity=[], name=[], meter=[], external_ids={'neutron:security_group_rule_id': '5d699936-ab48-4ef7-87ea-ade57e6eb446'}) {{(pid=87616) do_commit /opt/stack/data/venv/lib/python3.12/site-packages/ovsdbapp/backend/ovs_idl/transaction.py:89}}
Aug 13 03:25:36.395403 np0000007142 devstack@neutron-api.service[87616]: DEBUG ovsdbapp.backend.ovs_idl.transaction [-] Running txn n=1 command(idx=3): PgAclAddCommand(_result=None, entity=pg_f76fed0e_884d_46fd_ac3e_b67b257372a9, direction=to-lport, priority=1002, match=outport == @pg_f76fed0e_884d_46fd_ac3e_b67b257372a9 && ip4 && ip4.src == $pg_f76fed0e_884d_46fd_ac3e_b67b257372a9_ip4, action=allow-related, log=False, may_exist=True, severity=[], name=[], meter=[], external_ids={'neutron:security_group_rule_id': '6f3eeb9d-537f-4f0e-964e-834f66337c77'}) {{(pid=87616) do_commit /opt/stack/data/venv/lib/python3.12/site-packages/ovsdbapp/backend/ovs_idl/transaction.py:89}}
Aug 13 03:25:36.395611 np0000007142 devstack@neutron-api.service[87616]: DEBUG ovsdbapp.backend.ovs_idl.transaction [-] Running txn n=1 command(idx=4): PgAclAddCommand(_result=None, entity=pg_f76fed0e_884d_46fd_ac3e_b67b257372a9, direction=from-lport, priority=1002, match=inport == @pg_f76fed0e_884d_46fd_ac3e_b67b257372a9 && ip6, action=allow-related, log=False, may_exist=True, severity=[], name=[], meter=[], external_ids={'neutron:security_group_rule_id': 'ed53db1e-cb3b-4bde-98c7-2ff8ae36c6f1'}) {{(pid=87616) do_commit /opt/stack/data/venv/lib/python3.12/site-packages/ovsdbapp/backend/ovs_idl/transaction.py:89}}
Aug 13 03:25:36.400450 np0000007142 devstack@neutron-api.service[87616]: DEBUG neutron.plugins.ml2.drivers.ovn.mech_driver.ovsdb.ovsdb_monitor [-] Hash Ring: Node bfb2952491d55c48946c28736fba49f8 (host: np0000007142) handling event "create" for row 870c7482-817f-47c7-b744-6003e653fda3 (table: ACL) {{(pid=87616) notify /opt/stack/neutron/neutron/plugins/ml2/drivers/ovn/mech_driver/ovsdb/ovsdb_monitor.py:1099}}
Aug 13 03:25:36.400897 np0000007142 devstack@neutron-api.service[87616]: DEBUG neutron.plugins.ml2.drivers.ovn.mech_driver.ovsdb.ovsdb_monitor [-] Hash Ring: Node bfb2952491d55c48946c28736fba49f8 (host: np0000007142) handling event "create" for row d91f9c30-0f1f-43a7-bd32-6bdae374082b (table: ACL) {{(pid=87616) notify /opt/stack/neutron/neutron/plugins/ml2/drivers/ovn/mech_driver/ovsdb/ovsdb_monitor.py:1099}}
Aug 13 03:25:36.402580 np0000007142 devstack@neutron-api.service[87616]: DEBUG neutron.plugins.ml2.drivers.ovn.mech_driver.ovsdb.ovsdb_monitor [-] Hash Ring: Node bfb2952491d55c48946c28736fba49f8 (host: np0000007142) handling event "create" for row f2bebf28-4532-4d9f-a8ff-1aae9530214c (table: ACL) {{(pid=87616) notify /opt/stack/neutron/neutron/plugins/ml2/drivers/ovn/mech_driver/ovsdb/ovsdb_monitor.py:1099}}
Aug 13 03:25:36.402580 np0000007142 devstack@neutron-api.service[87616]: DEBUG neutron.plugins.ml2.drivers.ovn.mech_driver.ovsdb.ovsdb_monitor [-] Hash Ring: Node bfb2952491d55c48946c28736fba49f8 (host: np0000007142) handling event "create" for row f5619a67-6597-48d0-93b5-7bdc824add1d (table: ACL) {{(pid=87616) notify /opt/stack/neutron/neutron/plugins/ml2/drivers/ovn/mech_driver/ovsdb/ovsdb_monitor.py:1099}}
Aug 13 03:25:36.402580 np0000007142 devstack@neutron-api.service[87616]: DEBUG neutron.plugins.ml2.drivers.ovn.mech_driver.ovsdb.ovsdb_monitor [-] Hash Ring: Node bfb2952491d55c48946c28736fba49f8 (host: np0000007142) handling event "create" for row 7a3f8e20-6594-42d6-94d1-17ee168f0800 (table: Port_Group) {{(pid=87616) notify /opt/stack/neutron/neutron/plugins/ml2/drivers/ovn/mech_driver/ovsdb/ovsdb_monitor.py:1099}}
Aug 13 03:25:36.402727 np0000007142 devstack@neutron-api.service[87617]: DEBUG neutron.plugins.ml2.drivers.ovn.mech_driver.ovsdb.ovsdb_monitor [-] Hash Ring: Node 28e3f023950f5b41ab1ab47a408640c2 (host: np0000007142) handling event "create" for row 870c7482-817f-47c7-b744-6003e653fda3 (table: ACL) {{(pid=87617) notify /opt/stack/neutron/neutron/plugins/ml2/drivers/ovn/mech_driver/ovsdb/ovsdb_monitor.py:1099}}
Aug 13 03:25:36.404215 np0000007142 devstack@neutron-api.service[87618]: DEBUG neutron.plugins.ml2.drivers.ovn.mech_driver.ovsdb.ovsdb_monitor [-] Hash Ring: Node 9148e952e65f5a9fa7e82d2d96fefcb2 (host: np0000007142) handling event "create" for row d91f9c30-0f1f-43a7-bd32-6bdae374082b (table: ACL) {{(pid=87618) notify /opt/stack/neutron/neutron/plugins/ml2/drivers/ovn/mech_driver/ovsdb/ovsdb_monitor.py:1099}}
Aug 13 03:25:36.404370 np0000007142 devstack@neutron-api.service[87618]: DEBUG neutron.plugins.ml2.drivers.ovn.mech_driver.ovsdb.ovsdb_monitor [-] Hash Ring: Node 9148e952e65f5a9fa7e82d2d96fefcb2 (host: np0000007142) handling event "create" for row f2bebf28-4532-4d9f-a8ff-1aae9530214c (table: ACL) {{(pid=87618) notify /opt/stack/neutron/neutron/plugins/ml2/drivers/ovn/mech_driver/ovsdb/ovsdb_monitor.py:1099}}
Aug 13 03:25:36.404494 np0000007142 devstack@neutron-api.service[87618]: DEBUG neutron.plugins.ml2.drivers.ovn.mech_driver.ovsdb.ovsdb_monitor [-] Hash Ring: Node 9148e952e65f5a9fa7e82d2d96fefcb2 (host: np0000007142) handling event "create" for row f5619a67-6597-48d0-93b5-7bdc824add1d (table: ACL) {{(pid=87618) notify /opt/stack/neutron/neutron/plugins/ml2/drivers/ovn/mech_driver/ovsdb/ovsdb_monitor.py:1099}}
Aug 13 03:25:36.432496 np0000007142 devstack@neutron-api.service[87616]: INFO neutron.db.ovn_revision_numbers_db [None req-51f7abdb-7a51-4748-98c4-45bf998c90ec admin admin] Successfully bumped revision number for resource f76fed0e-884d-46fd-ac3e-b67b257372a9 (type: security_groups) to 1
Aug 13 03:25:36.446839 np0000007142 devstack@neutron-api.service[87616]: INFO neutron.db.ovn_revision_numbers_db [None req-51f7abdb-7a51-4748-98c4-45bf998c90ec admin admin] Successfully bumped revision number for resource 23a93bec-14ab-4836-8113-0b9e56f53998 (type: security_group_rules) to 0
Aug 13 03:25:36.457101 np0000007142 devstack@neutron-api.service[87616]: INFO neutron.db.ovn_revision_numbers_db [None req-51f7abdb-7a51-4748-98c4-45bf998c90ec admin admin] Successfully bumped revision number for resource 5d699936-ab48-4ef7-87ea-ade57e6eb446 (type: security_group_rules) to 0
Aug 13 03:25:36.469880 np0000007142 devstack@neutron-api.service[87616]: INFO neutron.db.ovn_revision_numbers_db [None req-51f7abdb-7a51-4748-98c4-45bf998c90ec admin admin] Successfully bumped revision number for resource 6f3eeb9d-537f-4f0e-964e-834f66337c77 (type: security_group_rules) to 0
Aug 13 03:25:36.480564 np0000007142 devstack@neutron-api.service[87616]: INFO neutron.db.ovn_revision_numbers_db [None req-51f7abdb-7a51-4748-98c4-45bf998c90ec admin admin] Successfully bumped revision number for resource ed53db1e-cb3b-4bde-98c7-2ff8ae36c6f1 (type: security_group_rules) to 0
Aug 13 03:25:36.504933 np0000007142 devstack@neutron-api.service[87616]: DEBUG neutron.api.rpc.handlers.resources_rpc [None req-51f7abdb-7a51-4748-98c4-45bf998c90ec admin admin] Pushing event updated for resources: {'SecurityGroup': ['ID=f76fed0e-884d-46fd-ac3e-b67b257372a9,revision_number=1']} {{(pid=87616) push /opt/stack/neutron/neutron/api/rpc/handlers/resources_rpc.py:237}}
Aug 13 03:25:36.512183 np0000007142 devstack@neutron-api.service[87616]: DEBUG ovsdbapp.backend.ovs_idl.transaction [-] Running txn n=1 command(idx=0): CheckLivenessCommand(_result=None) {{(pid=87616) do_commit /opt/stack/data/venv/lib/python3.12/site-packages/ovsdbapp/backend/ovs_idl/transaction.py:89}}
Aug 13 03:25:36.514535 np0000007142 devstack@neutron-api.service[87616]: DEBUG neutron.plugins.ml2.drivers.ovn.mech_driver.ovsdb.ovsdb_monitor [-] Hash Ring: Node bfb2952491d55c48946c28736fba49f8 (host: np0000007142) handling event "update" for row a829466d-bbc7-48d4-bc4c-e0b9b0ce8881 (table: NB_Global) {{(pid=87616) notify /opt/stack/neutron/neutron/plugins/ml2/drivers/ovn/mech_driver/ovsdb/ovsdb_monitor.py:1099}}
Aug 13 03:25:36.520111 np0000007142 devstack@neutron-api.service[87616]: DEBUG neutron.api.rpc.callbacks.version_manager [None req-51f7abdb-7a51-4748-98c4-45bf998c90ec admin admin] Tracked resource versions report:
Aug 13 03:25:36.520111 np0000007142 devstack@neutron-api.service[87616]: pushed versions:
Aug 13 03:25:36.520111 np0000007142 devstack@neutron-api.service[87616]: { 'AddressGroup': {'1.2'},
Aug 13 03:25:36.520111 np0000007142 devstack@neutron-api.service[87616]: 'Agent': {'1.1'},
Aug 13 03:25:36.520111 np0000007142 devstack@neutron-api.service[87616]: 'ConntrackHelper': {'1.0'},
Aug 13 03:25:36.520111 np0000007142 devstack@neutron-api.service[87616]: 'LocalIPAssociation': {'1.0'},
Aug 13 03:25:36.520111 np0000007142 devstack@neutron-api.service[87616]: 'Log': {'1.0'},
Aug 13 03:25:36.520111 np0000007142 devstack@neutron-api.service[87616]: 'NDPProxy': {'1.0'},
Aug 13 03:25:36.520111 np0000007142 devstack@neutron-api.service[87616]: 'Network': {'1.3'},
Aug 13 03:25:36.520111 np0000007142 devstack@neutron-api.service[87616]: 'Port': {'1.11'},
Aug 13 03:25:36.520111 np0000007142 devstack@neutron-api.service[87616]: 'PortForwarding': {'1.3'},
Aug 13 03:25:36.520111 np0000007142 devstack@neutron-api.service[87616]: 'QosPolicy': {'1.10'},
Aug 13 03:25:36.520111 np0000007142 devstack@neutron-api.service[87616]: 'SecurityGroup': {'1.6'},
Aug 13 03:25:36.520111 np0000007142 devstack@neutron-api.service[87616]: 'SecurityGroupRule': {'1.3'},
Aug 13 03:25:36.520111 np0000007142 devstack@neutron-api.service[87616]: 'SubPort': {'1.0'},
Aug 13 03:25:36.520111 np0000007142 devstack@neutron-api.service[87616]: 'Subnet': {'1.2'},
Aug 13 03:25:36.520111 np0000007142 devstack@neutron-api.service[87616]: 'Trunk': {'1.1'}}
Aug 13 03:25:36.520111 np0000007142 devstack@neutron-api.service[87616]: consumer versions:
Aug 13 03:25:36.520111 np0000007142 devstack@neutron-api.service[87616]: {}
Aug 13 03:25:36.520111 np0000007142 devstack@neutron-api.service[87616]: {{(pid=87616) report /opt/stack/neutron/neutron/api/rpc/callbacks/version_manager.py:183}}
Aug 13 03:25:36.520821 np0000007142 devstack@neutron-api.service[87618]: DEBUG ovsdbapp.backend.ovs_idl.event [-] Matched UPDATE: ChassisAgentWriteEvent(events=('create', 'update'), table='Chassis_Private', conditions=None, old_conditions=None), priority=20 to row=Chassis_Private(uuid=81a57325-7151-47c8-9a23-186c28f28872, chassis=32b49b6c-09df-49ff-9c6c-2877f76cbb24, external_ids={'neutron:ovn-bridge': 'br-int', 'neutron:ovn-neutron-agent-id': 'c56f94ca-cdc0-55f0-9cd0-0f3f3c6b5b89', 'neutron:ovn-neutron-agent-sb-cfg': '0'}, name='a43a2ffa-20c2-441d-8abb-7fe6b0cd3343', nb_cfg=1, nb_cfg_timestamp=1786591536515) old=Chassis_Private(uuid=81a57325-7151-47c8-9a23-186c28f28872, nb_cfg=0, nb_cfg_timestamp=0) {{(pid=87618) matches /opt/stack/data/venv/lib/python3.12/site-packages/ovsdbapp/backend/ovs_idl/event.py:55}}
Aug 13 03:25:36.521246 np0000007142 devstack@neutron-api.service[87617]: DEBUG ovsdbapp.backend.ovs_idl.event [-] Matched UPDATE: ChassisAgentWriteEvent(events=('create', 'update'), table='Chassis_Private', conditions=None, old_conditions=None), priority=20 to row=Chassis_Private(uuid=81a57325-7151-47c8-9a23-186c28f28872, chassis=32b49b6c-09df-49ff-9c6c-2877f76cbb24, external_ids={'neutron:ovn-bridge': 'br-int', 'neutron:ovn-neutron-agent-id': 'c56f94ca-cdc0-55f0-9cd0-0f3f3c6b5b89', 'neutron:ovn-neutron-agent-sb-cfg': '0'}, name='a43a2ffa-20c2-441d-8abb-7fe6b0cd3343', nb_cfg=1, nb_cfg_timestamp=1786591536515) old=Chassis_Private(uuid=81a57325-7151-47c8-9a23-186c28f28872, nb_cfg=0, nb_cfg_timestamp=0) {{(pid=87617) matches /opt/stack/data/venv/lib/python3.12/site-packages/ovsdbapp/backend/ovs_idl/event.py:55}}
Aug 13 03:25:36.525511 np0000007142 devstack@neutron-api.service[87617]: DEBUG ovsdbapp.backend.ovs_idl.event [-] Matched UPDATE: ChassisOVNAgentWriteEvent(events=('create', 'update'), table='Chassis_Private', conditions=None, old_conditions=None), priority=20 to row=Chassis_Private(uuid=81a57325-7151-47c8-9a23-186c28f28872, chassis=32b49b6c-09df-49ff-9c6c-2877f76cbb24, external_ids={'neutron:ovn-bridge': 'br-int', 'neutron:ovn-neutron-agent-id': 'c56f94ca-cdc0-55f0-9cd0-0f3f3c6b5b89', 'neutron:ovn-neutron-agent-sb-cfg': '1'}, name='a43a2ffa-20c2-441d-8abb-7fe6b0cd3343', nb_cfg=1, nb_cfg_timestamp=1786591536515) old=Chassis_Private(uuid=81a57325-7151-47c8-9a23-186c28f28872, external_ids={'neutron:ovn-bridge': 'br-int', 'neutron:ovn-neutron-agent-id': 'c56f94ca-cdc0-55f0-9cd0-0f3f3c6b5b89', 'neutron:ovn-neutron-agent-sb-cfg': '0'}) {{(pid=87617) matches /opt/stack/data/venv/lib/python3.12/site-packages/ovsdbapp/backend/ovs_idl/event.py:55}}
Aug 13 03:25:36.526507 np0000007142 devstack@neutron-api.service[87616]: DEBUG neutron.plugins.ml2.drivers.ovn.mech_driver.ovsdb.ovsdb_monitor [-] Hash Ring: Node bfb2952491d55c48946c28736fba49f8 (host: np0000007142) handling event "update" for row a829466d-bbc7-48d4-bc4c-e0b9b0ce8881 (table: NB_Global) {{(pid=87616) notify /opt/stack/neutron/neutron/plugins/ml2/drivers/ovn/mech_driver/ovsdb/ovsdb_monitor.py:1099}}
Aug 13 03:25:36.526616 np0000007142 devstack@neutron-api.service[87618]: DEBUG ovsdbapp.backend.ovs_idl.event [-] Matched UPDATE: ChassisOVNAgentWriteEvent(events=('create', 'update'), table='Chassis_Private', conditions=None, old_conditions=None), priority=20 to row=Chassis_Private(uuid=81a57325-7151-47c8-9a23-186c28f28872, chassis=32b49b6c-09df-49ff-9c6c-2877f76cbb24, external_ids={'neutron:ovn-bridge': 'br-int', 'neutron:ovn-neutron-agent-id': 'c56f94ca-cdc0-55f0-9cd0-0f3f3c6b5b89', 'neutron:ovn-neutron-agent-sb-cfg': '1'}, name='a43a2ffa-20c2-441d-8abb-7fe6b0cd3343', nb_cfg=1, nb_cfg_timestamp=1786591536515) old=Chassis_Private(uuid=81a57325-7151-47c8-9a23-186c28f28872, external_ids={'neutron:ovn-bridge': 'br-int', 'neutron:ovn-neutron-agent-id': 'c56f94ca-cdc0-55f0-9cd0-0f3f3c6b5b89', 'neutron:ovn-neutron-agent-sb-cfg': '0'}) {{(pid=87618) matches /opt/stack/data/venv/lib/python3.12/site-packages/ovsdbapp/backend/ovs_idl/event.py:55}}
Aug 13 03:25:36.527937 np0000007142 devstack@neutron-api.service[87616]: DEBUG neutron.plugins.ml2.drivers.ovn.mech_driver.ovsdb.ovsdb_monitor [-] Hash Ring: Node bfb2952491d55c48946c28736fba49f8 (host: np0000007142) handling event "update" for row a829466d-bbc7-48d4-bc4c-e0b9b0ce8881 (table: NB_Global) {{(pid=87616) notify /opt/stack/neutron/neutron/plugins/ml2/drivers/ovn/mech_driver/ovsdb/ovsdb_monitor.py:1099}}
Aug 13 03:25:36.528932 np0000007142 devstack@neutron-api.service[87616]: DEBUG ovsdbapp.backend.ovs_idl.event [-] Matched UPDATE: ChassisAgentWriteEvent(events=('create', 'update'), table='Chassis_Private', conditions=None, old_conditions=None), priority=20 to row=Chassis_Private(uuid=81a57325-7151-47c8-9a23-186c28f28872, chassis=32b49b6c-09df-49ff-9c6c-2877f76cbb24, external_ids={'neutron:ovn-bridge': 'br-int', 'neutron:ovn-neutron-agent-id': 'c56f94ca-cdc0-55f0-9cd0-0f3f3c6b5b89', 'neutron:ovn-neutron-agent-sb-cfg': '0'}, name='a43a2ffa-20c2-441d-8abb-7fe6b0cd3343', nb_cfg=1, nb_cfg_timestamp=1786591536515) old=Chassis_Private(uuid=81a57325-7151-47c8-9a23-186c28f28872, nb_cfg=0, nb_cfg_timestamp=0) {{(pid=87616) matches /opt/stack/data/venv/lib/python3.12/site-packages/ovsdbapp/backend/ovs_idl/event.py:55}}
Aug 13 03:25:36.531077 np0000007142 devstack@neutron-api.service[87616]: DEBUG neutron.plugins.ml2.drivers.ovn.mech_driver.ovsdb.ovsdb_monitor [-] Hash Ring: Node bfb2952491d55c48946c28736fba49f8 (host: np0000007142) handling event "update" for row a829466d-bbc7-48d4-bc4c-e0b9b0ce8881 (table: NB_Global) {{(pid=87616) notify /opt/stack/neutron/neutron/plugins/ml2/drivers/ovn/mech_driver/ovsdb/ovsdb_monitor.py:1099}}
Aug 13 03:25:36.535535 np0000007142 devstack@neutron-api.service[87616]: DEBUG neutron.common.ovn.hash_ring_manager [-] Allow caching, nodes 3>=3 {{(pid=87616) _wait_startup_before_caching /opt/stack/neutron/neutron/common/ovn/hash_ring_manager.py:71}}
Aug 13 03:25:36.535673 np0000007142 devstack@neutron-api.service[87616]: DEBUG neutron.plugins.ml2.drivers.ovn.mech_driver.ovsdb.ovsdb_monitor [-] Hash Ring: Node bfb2952491d55c48946c28736fba49f8 (host: np0000007142) handling event "update" for row 81a57325-7151-47c8-9a23-186c28f28872 (table: Chassis_Private) {{(pid=87616) notify /opt/stack/neutron/neutron/plugins/ml2/drivers/ovn/mech_driver/ovsdb/ovsdb_monitor.py:1099}}
Aug 13 03:25:36.537332 np0000007142 devstack@neutron-api.service[87616]: DEBUG ovsdbapp.backend.ovs_idl.event [-] Matched UPDATE: ChassisOVNAgentWriteEvent(events=('create', 'update'), table='Chassis_Private', conditions=None, old_conditions=None), priority=20 to row=Chassis_Private(uuid=81a57325-7151-47c8-9a23-186c28f28872, chassis=32b49b6c-09df-49ff-9c6c-2877f76cbb24, external_ids={'neutron:ovn-bridge': 'br-int', 'neutron:ovn-neutron-agent-id': 'c56f94ca-cdc0-55f0-9cd0-0f3f3c6b5b89', 'neutron:ovn-neutron-agent-sb-cfg': '1'}, name='a43a2ffa-20c2-441d-8abb-7fe6b0cd3343', nb_cfg=1, nb_cfg_timestamp=1786591536515) old=Chassis_Private(uuid=81a57325-7151-47c8-9a23-186c28f28872, external_ids={'neutron:ovn-bridge': 'br-int', 'neutron:ovn-neutron-agent-id': 'c56f94ca-cdc0-55f0-9cd0-0f3f3c6b5b89', 'neutron:ovn-neutron-agent-sb-cfg': '0'}) {{(pid=87616) matches /opt/stack/data/venv/lib/python3.12/site-packages/ovsdbapp/backend/ovs_idl/event.py:55}}
Aug 13 03:25:36.537604 np0000007142 devstack@neutron-api.service[87616]: DEBUG neutron.plugins.ml2.drivers.ovn.mech_driver.ovsdb.ovsdb_monitor [-] Hash Ring: Node bfb2952491d55c48946c28736fba49f8 (host: np0000007142) handling event "update" for row 81a57325-7151-47c8-9a23-186c28f28872 (table: Chassis_Private) {{(pid=87616) notify /opt/stack/neutron/neutron/plugins/ml2/drivers/ovn/mech_driver/ovsdb/ovsdb_monitor.py:1099}}
Aug 13 03:25:36.577894 np0000007142 devstack@neutron-api.service[87616]: DEBUG neutron.plugins.ml2.drivers.helpers [None req-51f7abdb-7a51-4748-98c4-45bf998c90ec admin admin] geneve segment allocate from pool success with {'geneve_vni': 5030} {{(pid=87616) allocate_partially_specified_segment /opt/stack/neutron/neutron/plugins/ml2/drivers/helpers.py:142}}
Aug 13 03:25:36.590140 np0000007142 devstack@neutron-api.service[87616]: DEBUG neutron_lib.callbacks.manager [None req-51f7abdb-7a51-4748-98c4-45bf998c90ec admin admin] Publish callbacks ['neutron.services.segments.db._add_segment_host_mapping_for_segment-7931247591374', 'neutron.plugins.ml2.plugin.Ml2Plugin._handle_segment_change-70432'] for segment (0d52d76a-ccba-41fa-a903-41f3933659e4), precommit_create {{(pid=87616) _notify_loop /opt/stack/data/venv/lib/python3.12/site-packages/neutron_lib/callbacks/manager.py:184}}
Aug 13 03:25:36.590746 np0000007142 devstack@neutron-api.service[87616]: INFO neutron.db.segments_db [None req-51f7abdb-7a51-4748-98c4-45bf998c90ec admin admin] Added segment 0d52d76a-ccba-41fa-a903-41f3933659e4 of type geneve for network c128ab5f-249a-4e6e-a52d-8dbc23d18732
Aug 13 03:25:36.636743 np0000007142 devstack@neutron-api.service[87616]: DEBUG neutron_lib.callbacks.manager [None req-51f7abdb-7a51-4748-98c4-45bf998c90ec admin admin] Publish callbacks ['neutron.services.auto_allocate.db._ensure_external_network_default_value_callback-7931245939956'] for network (c128ab5f-249a-4e6e-a52d-8dbc23d18732), precommit_create {{(pid=87616) _notify_loop /opt/stack/data/venv/lib/python3.12/site-packages/neutron_lib/callbacks/manager.py:184}}
Aug 13 03:25:36.658363 np0000007142 devstack@neutron-api.service[87616]: DEBUG neutron.plugins.ml2.drivers.ovn.mech_driver.mech_driver [None req-51f7abdb-7a51-4748-98c4-45bf998c90ec admin admin] Validating network segment with type geneve, segmentation ID 5030, physical network None {{(pid=87616) _validate_network_segments /opt/stack/neutron/neutron/plugins/ml2/drivers/ovn/mech_driver/mech_driver.py:624}}
Aug 13 03:25:36.658524 np0000007142 devstack@neutron-api.service[87616]: DEBUG neutron.db.ovn_revision_numbers_db [None req-51f7abdb-7a51-4748-98c4-45bf998c90ec admin admin] create_initial_revision uuid=c128ab5f-249a-4e6e-a52d-8dbc23d18732, type=networks, rev=-1 {{(pid=87616) create_initial_revision /opt/stack/neutron/neutron/db/ovn_revision_numbers_db.py:98}}
Aug 13 03:25:36.678645 np0000007142 devstack@neutron-api.service[87616]: DEBUG neutron_lib.callbacks.manager [None req-51f7abdb-7a51-4748-98c4-45bf998c90ec admin admin] Publish callbacks ['neutron.plugins.ml2.ovo_rpc._ObjectChangeHandler.handle_event-1080415'] for network (c128ab5f-249a-4e6e-a52d-8dbc23d18732), after_create {{(pid=87616) _notify_loop /opt/stack/data/venv/lib/python3.12/site-packages/neutron_lib/callbacks/manager.py:184}}
Aug 13 03:25:36.745173 np0000007142 devstack@neutron-api.service[87616]: DEBUG neutron.api.rpc.handlers.resources_rpc [None req-51f7abdb-7a51-4748-98c4-45bf998c90ec admin admin] Pushing event updated for resources: {'Network': ['ID=c128ab5f-249a-4e6e-a52d-8dbc23d18732,revision_number=1']} {{(pid=87616) push /opt/stack/neutron/neutron/api/rpc/handlers/resources_rpc.py:237}}
Aug 13 03:25:36.754609 np0000007142 devstack@neutron-api.service[87616]: DEBUG ovsdbapp.backend.ovs_idl.transaction [-] Running txn n=1 command(idx=0): AddNetworkCommand(_result=None, network_uuid=c128ab5f-249a-4e6e-a52d-8dbc23d18732, may_exist=True, columns={'external_ids': {'neutron:network_name': 'private', 'neutron:mtu': '1372', 'neutron:revision_number': '1', 'neutron:availability_zone_hints': '', 'neutron:provnet-network-type': 'geneve'}, 'other_config': {'mcast_snoop': 'false', 'mcast_flood_unregistered': 'false', 'vlan-passthru': 'false'}}) {{(pid=87616) do_commit /opt/stack/data/venv/lib/python3.12/site-packages/ovsdbapp/backend/ovs_idl/transaction.py:89}}
Aug 13 03:25:36.754784 np0000007142 devstack@neutron-api.service[87616]: DEBUG neutron.common.ovn.utils [-] OVS persist_uuid supported=True {{(pid=87616) ovs_persist_uuid_supported /opt/stack/neutron/neutron/common/ovn/utils.py:1565}}
Aug 13 03:25:36.756683 np0000007142 devstack@neutron-api.service[87616]: DEBUG neutron.plugins.ml2.drivers.ovn.mech_driver.ovsdb.ovsdb_monitor [-] Hash Ring: Node bfb2952491d55c48946c28736fba49f8 (host: np0000007142) handling event "create" for row c128ab5f-249a-4e6e-a52d-8dbc23d18732 (table: Logical_Switch) {{(pid=87616) notify /opt/stack/neutron/neutron/plugins/ml2/drivers/ovn/mech_driver/ovsdb/ovsdb_monitor.py:1099}}
Aug 13 03:25:36.774427 np0000007142 devstack@neutron-api.service[87616]: DEBUG neutron.plugins.ml2.drivers.ovn.mech_driver.ovsdb.ovsdb_monitor [-] Hash Ring: Node bfb2952491d55c48946c28736fba49f8 (host: np0000007142) handling event "create" for row 44758886-a24c-4ba7-a42c-6cbbfa75a98e (table: Datapath_Binding) {{(pid=87616) notify /opt/stack/neutron/neutron/plugins/ml2/drivers/ovn/mech_driver/ovsdb/ovsdb_monitor.py:1099}}
Aug 13 03:25:36.790358 np0000007142 devstack@neutron-api.service[87616]: INFO neutron.db.ovn_revision_numbers_db [None req-51f7abdb-7a51-4748-98c4-45bf998c90ec admin admin] Successfully bumped revision number for resource c128ab5f-249a-4e6e-a52d-8dbc23d18732 (type: networks) to 1
Aug 13 03:25:36.849227 np0000007142 devstack@neutron-api.service[87616]: DEBUG neutron_lib.callbacks.manager [None req-51f7abdb-7a51-4748-98c4-45bf998c90ec admin admin] Publish callbacks ['neutron.plugins.ml2.plugin.SecurityGroupDbMixin._ensure_default_security_group_handler-1926086'] for port (None), before_create {{(pid=87616) _notify_loop /opt/stack/data/venv/lib/python3.12/site-packages/neutron_lib/callbacks/manager.py:184}}
Aug 13 03:25:36.959122 np0000007142 devstack@neutron-api.service[87616]: DEBUG neutron_lib.callbacks.manager [None req-51f7abdb-7a51-4748-98c4-45bf998c90ec admin admin] Publish callbacks ['neutron.plugins.ml2.drivers.ovn.mech_driver.mech_driver.OVNMechanismDriver._validate_allowed_address_pairs-386478'] for allowed_address_pair (3ddf3196-180a-4d4a-b0ff-5e38a5a6e04a), before_create {{(pid=87616) _notify_loop /opt/stack/data/venv/lib/python3.12/site-packages/neutron_lib/callbacks/manager.py:184}}
Aug 13 03:25:36.959747 np0000007142 devstack@neutron-api.service[87616]: DEBUG neutron_lib.callbacks.manager [None req-51f7abdb-7a51-4748-98c4-45bf998c90ec admin admin] Publish callbacks [] for port (3ddf3196-180a-4d4a-b0ff-5e38a5a6e04a), precommit_create {{(pid=87616) _notify_loop /opt/stack/data/venv/lib/python3.12/site-packages/neutron_lib/callbacks/manager.py:184}}
