Aug 17 10:36:17.934008 np0000007490 devstack@g-api.service[99790]: DEBUG glance_store.backend [-] Attempting to import store file {{(pid=99790) _load_store /opt/stack/data/venv/lib/python3.12/site-packages/glance_store/backend.py:215}}
Aug 17 10:36:17.934792 np0000007490 devstack@g-api.service[99790]: DEBUG glance_store.capabilities [-] Store glance_store._drivers.filesystem.Store doesn't support updating dynamic storage capabilities. Please overwrite 'update_capabilities' method of the store to implement updating logics if needed. {{(pid=99790) update_capabilities /opt/stack/data/venv/lib/python3.12/site-packages/glance_store/capabilities.py:91}}
Aug 17 10:36:17.934861 np0000007490 devstack@g-api.service[99790]: DEBUG glance_store.backend [-] Registering store file with schemes ('file', 'filesystem') {{(pid=99790) create_stores /opt/stack/data/venv/lib/python3.12/site-packages/glance_store/backend.py:261}}
Aug 17 10:36:17.934942 np0000007490 devstack@g-api.service[99790]: DEBUG glance_store.driver [-] Late loading location class glance_store._drivers.filesystem.StoreLocation {{(pid=99790) get_store_location_class /opt/stack/data/venv/lib/python3.12/site-packages/glance_store/driver.py:134}}
Aug 17 10:36:17.935034 np0000007490 devstack@g-api.service[99790]: DEBUG glance_store.location [-] Registering scheme file with {'store': , 'location_class': , 'store_entry': 'file'} {{(pid=99790) register_scheme_map /opt/stack/data/venv/lib/python3.12/site-packages/glance_store/location.py:146}}
Aug 17 10:36:17.935117 np0000007490 devstack@g-api.service[99790]: DEBUG glance_store.location [-] Registering scheme filesystem with {'store': , 'location_class': , 'store_entry': 'file'} {{(pid=99790) register_scheme_map /opt/stack/data/venv/lib/python3.12/site-packages/glance_store/location.py:146}}
Aug 17 10:36:17.935213 np0000007490 devstack@g-api.service[99790]: DEBUG glance_store.backend [-] Attempting to import store http {{(pid=99790) _load_store /opt/stack/data/venv/lib/python3.12/site-packages/glance_store/backend.py:215}}
Aug 17 10:36:17.935525 np0000007490 devstack@g-api.service[99790]: DEBUG glance_store.capabilities [-] Store glance_store._drivers.http.Store doesn't support updating dynamic storage capabilities. Please overwrite 'update_capabilities' method of the store to implement updating logics if needed. {{(pid=99790) update_capabilities /opt/stack/data/venv/lib/python3.12/site-packages/glance_store/capabilities.py:91}}
Aug 17 10:36:17.935589 np0000007490 devstack@g-api.service[99790]: DEBUG glance_store.backend [-] Registering store http with schemes ('http', 'https') {{(pid=99790) create_stores /opt/stack/data/venv/lib/python3.12/site-packages/glance_store/backend.py:261}}
Aug 17 10:36:17.935691 np0000007490 devstack@g-api.service[99790]: DEBUG glance_store.driver [-] Late loading location class glance_store._drivers.http.StoreLocation {{(pid=99790) get_store_location_class /opt/stack/data/venv/lib/python3.12/site-packages/glance_store/driver.py:134}}
Aug 17 10:36:17.935813 np0000007490 devstack@g-api.service[99790]: DEBUG glance_store.location [-] Registering scheme http with {'store': , 'location_class': , 'store_entry': 'http'} {{(pid=99790) register_scheme_map /opt/stack/data/venv/lib/python3.12/site-packages/glance_store/location.py:146}}
Aug 17 10:36:17.935872 np0000007490 devstack@g-api.service[99790]: DEBUG glance_store.location [-] Registering scheme https with {'store': , 'location_class': , 'store_entry': 'http'} {{(pid=99790) register_scheme_map /opt/stack/data/venv/lib/python3.12/site-packages/glance_store/location.py:146}}
Aug 17 10:36:17.936024 np0000007490 devstack@g-api.service[99790]: DEBUG glance_store.backend [-] Attempting to import store swift {{(pid=99790) _load_store /opt/stack/data/venv/lib/python3.12/site-packages/glance_store/backend.py:215}}
Aug 17 10:36:17.937818 np0000007490 devstack@g-api.service[99790]: DEBUG glance_store.capabilities [-] Store glance_store._drivers.swift.store.SingleTenantStore doesn't support updating dynamic storage capabilities. Please overwrite 'update_capabilities' method of the store to implement updating logics if needed. {{(pid=99790) update_capabilities /opt/stack/data/venv/lib/python3.12/site-packages/glance_store/capabilities.py:91}}
Aug 17 10:36:17.937901 np0000007490 devstack@g-api.service[99790]: DEBUG glance_store.driver [-] Late loading location class glance_store._drivers.swift.store.StoreLocation {{(pid=99790) get_store_location_class /opt/stack/data/venv/lib/python3.12/site-packages/glance_store/driver.py:134}}
Aug 17 10:36:17.938018 np0000007490 devstack@g-api.service[99790]: DEBUG glance_store.location [-] Registering scheme swift+https with {'store': , 'location_class': , 'store_entry': 'swift'} {{(pid=99790) register_scheme_map /opt/stack/data/venv/lib/python3.12/site-packages/glance_store/location.py:146}}
Aug 17 10:36:17.938104 np0000007490 devstack@g-api.service[99790]: DEBUG glance_store.location [-] Registering scheme swift+https with {'store': , 'location_class': , 'store_entry': 'swift'} {{(pid=99790) register_scheme_map /opt/stack/data/venv/lib/python3.12/site-packages/glance_store/location.py:146}}
Aug 17 10:36:17.938170 np0000007490 devstack@g-api.service[99790]: DEBUG glance_store.location [-] Registering scheme swift with {'store': , 'location_class': , 'store_entry': 'swift'} {{(pid=99790) register_scheme_map /opt/stack/data/venv/lib/python3.12/site-packages/glance_store/location.py:146}}
Aug 17 10:36:17.938291 np0000007490 devstack@g-api.service[99790]: DEBUG glance_store.location [-] Registering scheme swift+https with {'store': , 'location_class': , 'store_entry': 'swift'} {{(pid=99790) register_scheme_map /opt/stack/data/venv/lib/python3.12/site-packages/glance_store/location.py:146}}
Aug 17 10:36:17.938353 np0000007490 devstack@g-api.service[99790]: DEBUG glance_store.location [-] Registering scheme swift with {'store': , 'location_class': , 'store_entry': 'swift'} {{(pid=99790) register_scheme_map /opt/stack/data/venv/lib/python3.12/site-packages/glance_store/location.py:146}}
Aug 17 10:36:17.938454 np0000007490 devstack@g-api.service[99790]: DEBUG glance_store.location [-] Registering scheme swift+http with {'store': , 'location_class': , 'store_entry': 'swift'} {{(pid=99790) register_scheme_map /opt/stack/data/venv/lib/python3.12/site-packages/glance_store/location.py:146}}
Aug 17 10:36:17.938548 np0000007490 devstack@g-api.service[99790]: DEBUG glance_store.location [-] Registering scheme swift+https with {'store': , 'location_class': , 'store_entry': 'swift'} {{(pid=99790) register_scheme_map /opt/stack/data/venv/lib/python3.12/site-packages/glance_store/location.py:146}}
Aug 17 10:36:17.938629 np0000007490 devstack@g-api.service[99790]: DEBUG glance_store.location [-] Registering scheme swift with {'store': , 'location_class': , 'store_entry': 'swift'} {{(pid=99790) register_scheme_map /opt/stack/data/venv/lib/python3.12/site-packages/glance_store/location.py:146}}
Aug 17 10:36:17.938709 np0000007490 devstack@g-api.service[99790]: DEBUG glance_store.location [-] Registering scheme swift+http with {'store': , 'location_class': , 'store_entry': 'swift'} {{(pid=99790) register_scheme_map /opt/stack/data/venv/lib/python3.12/site-packages/glance_store/location.py:146}}
Aug 17 10:36:17.938804 np0000007490 devstack@g-api.service[99790]: DEBUG glance_store.location [-] Registering scheme swift+config with {'store': , 'location_class': , 'store_entry': 'swift'} {{(pid=99790) register_scheme_map /opt/stack/data/venv/lib/python3.12/site-packages/glance_store/location.py:146}}
Aug 17 10:36:17.939218 np0000007490 devstack@g-api.service[99790]: DEBUG glance.sqlite_migration [-] SQLite caching database not located, skipping migration {{(pid=99790) get_db_path /opt/stack/glance/glance/sqlite_migration.py:68}}
Aug 17 10:36:17.939562 np0000007490 devstack@g-api.service[99790]: WARNING glance.common.wsgi_app [-] Import methods are enabled but staging directory /tmp/staging/ does not exist; Imports will fail!
Aug 17 10:36:18.057279 np0000007490 devstack@g-api.service[99792]: DEBUG glance.common.config [None req-56f2ccda-927f-42ab-9775-6799956fcedf None None] Loading glance-api-keystone+cachemanagement from /etc/glance/glance-api-paste.ini {{(pid=99792) load_paste_app /opt/stack/glance/glance/common/config.py:772}}
Aug 17 10:36:18.075752 np0000007490 devstack@g-api.service[99791]: DEBUG glance.common.config [None req-1fb63f95-2c9d-4a03-8c15-daa2b059b504 None None] Loading glance-api-keystone+cachemanagement from /etc/glance/glance-api-paste.ini {{(pid=99791) load_paste_app /opt/stack/glance/glance/common/config.py:772}}
Aug 17 10:36:18.121413 np0000007490 devstack@g-api.service[99790]: DEBUG glance.common.config [None req-aca210ce-6c0f-435d-9e6b-0298ba8a8250 None None] Loading glance-api-keystone+cachemanagement from /etc/glance/glance-api-paste.ini {{(pid=99790) load_paste_app /opt/stack/glance/glance/common/config.py:772}}
Aug 17 10:36:18.748063 np0000007490 devstack@g-api.service[99791]: INFO glance.image_cache [None req-1fb63f95-2c9d-4a03-8c15-daa2b059b504 None None] Image cache loaded driver 'centralized_db'.
Aug 17 10:36:18.771856 np0000007490 devstack@g-api.service[99790]: INFO glance.image_cache [None req-aca210ce-6c0f-435d-9e6b-0298ba8a8250 None None] Image cache loaded driver 'centralized_db'.
Aug 17 10:36:18.776941 np0000007490 devstack@g-api.service[99792]: INFO glance.image_cache [None req-56f2ccda-927f-42ab-9775-6799956fcedf None None] Image cache loaded driver 'centralized_db'.
Aug 17 10:36:18.797587 np0000007490 devstack@g-api.service[99791]: INFO dbcounter [None req-1fb63f95-2c9d-4a03-8c15-daa2b059b504 None None] Registered counter for database glance
Aug 17 10:36:18.820065 np0000007490 devstack@g-api.service[99790]: INFO dbcounter [None req-aca210ce-6c0f-435d-9e6b-0298ba8a8250 None None] Registered counter for database glance
Aug 17 10:36:18.825793 np0000007490 devstack@g-api.service[99792]: INFO dbcounter [None req-56f2ccda-927f-42ab-9775-6799956fcedf None None] Registered counter for database glance
Aug 17 10:36:18.838377 np0000007490 devstack@g-api.service[99791]: DEBUG oslo_db.sqlalchemy.engines [None req-1fb63f95-2c9d-4a03-8c15-daa2b059b504 None None] MySQL server mode set to STRICT_TRANS_TABLES,STRICT_ALL_TABLES,NO_ZERO_IN_DATE,NO_ZERO_DATE,ERROR_FOR_DIVISION_BY_ZERO,TRADITIONAL,NO_ENGINE_SUBSTITUTION {{(pid=99791) _check_effective_sql_mode /opt/stack/data/venv/lib/python3.12/site-packages/oslo_db/sqlalchemy/engines.py:325}}
Aug 17 10:36:18.862791 np0000007490 devstack@g-api.service[99790]: DEBUG oslo_db.sqlalchemy.engines [None req-aca210ce-6c0f-435d-9e6b-0298ba8a8250 None None] MySQL server mode set to STRICT_TRANS_TABLES,STRICT_ALL_TABLES,NO_ZERO_IN_DATE,NO_ZERO_DATE,ERROR_FOR_DIVISION_BY_ZERO,TRADITIONAL,NO_ENGINE_SUBSTITUTION {{(pid=99790) _check_effective_sql_mode /opt/stack/data/venv/lib/python3.12/site-packages/oslo_db/sqlalchemy/engines.py:325}}
Aug 17 10:36:18.867816 np0000007490 devstack@g-api.service[99792]: DEBUG oslo_db.sqlalchemy.engines [None req-56f2ccda-927f-42ab-9775-6799956fcedf None None] MySQL server mode set to STRICT_TRANS_TABLES,STRICT_ALL_TABLES,NO_ZERO_IN_DATE,NO_ZERO_DATE,ERROR_FOR_DIVISION_BY_ZERO,TRADITIONAL,NO_ENGINE_SUBSTITUTION {{(pid=99792) _check_effective_sql_mode /opt/stack/data/venv/lib/python3.12/site-packages/oslo_db/sqlalchemy/engines.py:325}}
Aug 17 10:36:18.966145 np0000007490 devstack@g-api.service[99791]: DEBUG dbcounter [-] [99791] Writer thread running {{(pid=99791) stat_writer /opt/stack/data/venv/lib/python3.12/site-packages/dbcounter.py:102}}
Aug 17 10:36:18.979459 np0000007490 devstack@g-api.service[99791]: INFO glance.image_cache [None req-1fb63f95-2c9d-4a03-8c15-daa2b059b504 None None] Image cache loaded driver 'centralized_db'.
Aug 17 10:36:18.984687 np0000007490 devstack@g-api.service[99792]: DEBUG dbcounter [-] [99792] Writer thread running {{(pid=99792) stat_writer /opt/stack/data/venv/lib/python3.12/site-packages/dbcounter.py:102}}
Aug 17 10:36:18.987279 np0000007490 devstack@g-api.service[99791]: DEBUG glance.image_cache.drivers.centralized_db [None req-1fb63f95-2c9d-4a03-8c15-daa2b059b504 None None] Node reference is already recorded, ignoring it {{(pid=99791) configure /opt/stack/glance/glance/image_cache/drivers/centralized_db.py:71}}
Aug 17 10:36:18.987792 np0000007490 devstack@g-api.service[99792]: DEBUG glance.image_cache.drivers.centralized_db [None req-56f2ccda-927f-42ab-9775-6799956fcedf None None] Node reference is already recorded, ignoring it {{(pid=99792) configure /opt/stack/glance/glance/image_cache/drivers/centralized_db.py:71}}
Aug 17 10:36:18.988274 np0000007490 devstack@g-api.service[99790]: DEBUG dbcounter [-] [99790] Writer thread running {{(pid=99790) stat_writer /opt/stack/data/venv/lib/python3.12/site-packages/dbcounter.py:102}}
Aug 17 10:36:18.991149 np0000007490 devstack@g-api.service[99790]: DEBUG glance.image_cache.drivers.centralized_db [None req-aca210ce-6c0f-435d-9e6b-0298ba8a8250 None None] Node reference is already recorded, ignoring it {{(pid=99790) configure /opt/stack/glance/glance/image_cache/drivers/centralized_db.py:71}}
Aug 17 10:36:18.992732 np0000007490 devstack@g-api.service[99791]: DEBUG glance.api.v2.cached_images [None req-1fb63f95-2c9d-4a03-8c15-daa2b059b504 None None] Started cache worker thread {{(pid=99791) __init__ /opt/stack/glance/glance/api/v2/cached_images.py:71}}
Aug 17 10:36:18.993462 np0000007490 devstack@g-api.service[99792]: INFO glance.image_cache [None req-56f2ccda-927f-42ab-9775-6799956fcedf None None] Image cache loaded driver 'centralized_db'.
Aug 17 10:36:18.993742 np0000007490 devstack@g-api.service[99791]: INFO glance.image_cache [None req-1fb63f95-2c9d-4a03-8c15-daa2b059b504 None None] Image cache loaded driver 'centralized_db'.
Aug 17 10:36:18.999144 np0000007490 devstack@g-api.service[99790]: INFO glance.image_cache [None req-aca210ce-6c0f-435d-9e6b-0298ba8a8250 None None] Image cache loaded driver 'centralized_db'.
Aug 17 10:36:19.001295 np0000007490 devstack@g-api.service[99792]: DEBUG glance.image_cache.drivers.centralized_db [None req-56f2ccda-927f-42ab-9775-6799956fcedf None None] Node reference is already recorded, ignoring it {{(pid=99792) configure /opt/stack/glance/glance/image_cache/drivers/centralized_db.py:71}}
Aug 17 10:36:19.002275 np0000007490 devstack@g-api.service[99791]: DEBUG glance.image_cache.drivers.centralized_db [None req-1fb63f95-2c9d-4a03-8c15-daa2b059b504 None None] Node reference is already recorded, ignoring it {{(pid=99791) configure /opt/stack/glance/glance/image_cache/drivers/centralized_db.py:71}}
Aug 17 10:36:19.007545 np0000007490 devstack@g-api.service[99790]: DEBUG glance.image_cache.drivers.centralized_db [None req-aca210ce-6c0f-435d-9e6b-0298ba8a8250 None None] Node reference is already recorded, ignoring it {{(pid=99790) configure /opt/stack/glance/glance/image_cache/drivers/centralized_db.py:71}}
Aug 17 10:36:19.007667 np0000007490 devstack@g-api.service[99791]: INFO glance.api.middleware.cache_manage [None req-1fb63f95-2c9d-4a03-8c15-daa2b059b504 None None] Initialized image cache management middleware
Aug 17 10:36:19.007834 np0000007490 devstack@g-api.service[99791]: INFO glance.image_cache [None req-1fb63f95-2c9d-4a03-8c15-daa2b059b504 None None] Image cache loaded driver 'centralized_db'.
Aug 17 10:36:19.009422 np0000007490 devstack@g-api.service[99792]: DEBUG glance.api.v2.cached_images [None req-56f2ccda-927f-42ab-9775-6799956fcedf None None] Started cache worker thread {{(pid=99792) __init__ /opt/stack/glance/glance/api/v2/cached_images.py:71}}
Aug 17 10:36:19.010389 np0000007490 devstack@g-api.service[99792]: INFO glance.image_cache [None req-56f2ccda-927f-42ab-9775-6799956fcedf None None] Image cache loaded driver 'centralized_db'.
Aug 17 10:36:19.013555 np0000007490 devstack@g-api.service[99790]: DEBUG glance.api.v2.cached_images [None req-aca210ce-6c0f-435d-9e6b-0298ba8a8250 None None] Started cache worker thread {{(pid=99790) __init__ /opt/stack/glance/glance/api/v2/cached_images.py:71}}
Aug 17 10:36:19.014140 np0000007490 devstack@g-api.service[99790]: INFO glance.image_cache [None req-aca210ce-6c0f-435d-9e6b-0298ba8a8250 None None] Image cache loaded driver 'centralized_db'.
Aug 17 10:36:19.015795 np0000007490 devstack@g-api.service[99791]: DEBUG glance.image_cache.drivers.centralized_db [None req-1fb63f95-2c9d-4a03-8c15-daa2b059b504 None None] Node reference is already recorded, ignoring it {{(pid=99791) configure /opt/stack/glance/glance/image_cache/drivers/centralized_db.py:71}}
Aug 17 10:36:19.019211 np0000007490 devstack@g-api.service[99791]: INFO glance.api.middleware.cache [None req-1fb63f95-2c9d-4a03-8c15-daa2b059b504 None None] Initialized image cache middleware
Aug 17 10:36:19.020130 np0000007490 devstack@g-api.service[99790]: DEBUG glance.image_cache.drivers.centralized_db [None req-aca210ce-6c0f-435d-9e6b-0298ba8a8250 None None] Node reference is already recorded, ignoring it {{(pid=99790) configure /opt/stack/glance/glance/image_cache/drivers/centralized_db.py:71}}
Aug 17 10:36:19.020224 np0000007490 devstack@g-api.service[99792]: DEBUG glance.image_cache.drivers.centralized_db [None req-56f2ccda-927f-42ab-9775-6799956fcedf None None] Node reference is already recorded, ignoring it {{(pid=99792) configure /opt/stack/glance/glance/image_cache/drivers/centralized_db.py:71}}
Aug 17 10:36:19.028770 np0000007490 devstack@g-api.service[99790]: INFO glance.api.middleware.cache_manage [None req-aca210ce-6c0f-435d-9e6b-0298ba8a8250 None None] Initialized image cache management middleware
Aug 17 10:36:19.028995 np0000007490 devstack@g-api.service[99790]: INFO glance.image_cache [None req-aca210ce-6c0f-435d-9e6b-0298ba8a8250 None None] Image cache loaded driver 'centralized_db'.
Aug 17 10:36:19.030051 np0000007490 devstack@g-api.service[99792]: INFO glance.api.middleware.cache_manage [None req-56f2ccda-927f-42ab-9775-6799956fcedf None None] Initialized image cache management middleware
Aug 17 10:36:19.030311 np0000007490 devstack@g-api.service[99792]: INFO glance.image_cache [None req-56f2ccda-927f-42ab-9775-6799956fcedf None None] Image cache loaded driver 'centralized_db'.
Aug 17 10:36:19.030388 np0000007490 devstack@g-api.service[99791]: DEBUG glance.common.config [None req-1fb63f95-2c9d-4a03-8c15-daa2b059b504 None None] ******************************************************************************** {{(pid=99791) log_opt_values /opt/stack/data/venv/lib/python3.12/site-packages/oslo_config/cfg.py:3533}}
Aug 17 10:36:19.030532 np0000007490 devstack@g-api.service[99791]: DEBUG glance.common.config [None req-1fb63f95-2c9d-4a03-8c15-daa2b059b504 None None] Configuration options gathered from: {{(pid=99791) log_opt_values /opt/stack/data/venv/lib/python3.12/site-packages/oslo_config/cfg.py:3534}}
Aug 17 10:36:19.030901 np0000007490 devstack@g-api.service[99791]: DEBUG glance.common.config [None req-1fb63f95-2c9d-4a03-8c15-daa2b059b504 None None] command line args: [] {{(pid=99791) log_opt_values /opt/stack/data/venv/lib/python3.12/site-packages/oslo_config/cfg.py:3535}}
Aug 17 10:36:19.031069 np0000007490 devstack@g-api.service[99791]: DEBUG glance.common.config [None req-1fb63f95-2c9d-4a03-8c15-daa2b059b504 None None] config files: ['/etc/glance/glance-image-import.conf', '/etc/glance/glance-api.conf'] {{(pid=99791) log_opt_values /opt/stack/data/venv/lib/python3.12/site-packages/oslo_config/cfg.py:3536}}
Aug 17 10:36:19.031163 np0000007490 devstack@g-api.service[99791]: DEBUG glance.common.config [None req-1fb63f95-2c9d-4a03-8c15-daa2b059b504 None None] ================================================================================ {{(pid=99791) log_opt_values /opt/stack/data/venv/lib/python3.12/site-packages/oslo_config/cfg.py:3541}}
Aug 17 10:36:19.031351 np0000007490 devstack@g-api.service[99791]: DEBUG glance.common.config [None req-1fb63f95-2c9d-4a03-8c15-daa2b059b504 None None] allow_anonymous_access = False {{(pid=99791) log_opt_values /opt/stack/data/venv/lib/python3.12/site-packages/oslo_config/cfg.py:3549}}
Aug 17 10:36:19.031475 np0000007490 devstack@g-api.service[99791]: DEBUG glance.common.config [None req-1fb63f95-2c9d-4a03-8c15-daa2b059b504 None None] api_limit_max = 1000 {{(pid=99791) log_opt_values /opt/stack/data/venv/lib/python3.12/site-packages/oslo_config/cfg.py:3549}}
Aug 17 10:36:19.031618 np0000007490 devstack@g-api.service[99791]: DEBUG glance.common.config [None req-1fb63f95-2c9d-4a03-8c15-daa2b059b504 None None] config_dir = [] {{(pid=99791) log_opt_values /opt/stack/data/venv/lib/python3.12/site-packages/oslo_config/cfg.py:3549}}
Aug 17 10:36:19.031713 np0000007490 devstack@g-api.service[99791]: DEBUG glance.common.config [None req-1fb63f95-2c9d-4a03-8c15-daa2b059b504 None None] config_file = ['/etc/glance/glance-image-import.conf', '/etc/glance/glance-api.conf'] {{(pid=99791) log_opt_values /opt/stack/data/venv/lib/python3.12/site-packages/oslo_config/cfg.py:3549}}
Aug 17 10:36:19.031811 np0000007490 devstack@g-api.service[99791]: DEBUG glance.common.config [None req-1fb63f95-2c9d-4a03-8c15-daa2b059b504 None None] config_source = [] {{(pid=99791) log_opt_values /opt/stack/data/venv/lib/python3.12/site-packages/oslo_config/cfg.py:3549}}
Aug 17 10:36:19.031908 np0000007490 devstack@g-api.service[99791]: DEBUG glance.common.config [None req-1fb63f95-2c9d-4a03-8c15-daa2b059b504 None None] control_exchange = glance {{(pid=99791) log_opt_values /opt/stack/data/venv/lib/python3.12/site-packages/oslo_config/cfg.py:3549}}
Aug 17 10:36:19.031974 np0000007490 devstack@g-api.service[99791]: DEBUG glance.common.config [None req-1fb63f95-2c9d-4a03-8c15-daa2b059b504 None None] debug = True {{(pid=99791) log_opt_values /opt/stack/data/venv/lib/python3.12/site-packages/oslo_config/cfg.py:3549}}
Aug 17 10:36:19.032133 np0000007490 devstack@g-api.service[99791]: DEBUG glance.common.config [None req-1fb63f95-2c9d-4a03-8c15-daa2b059b504 None None] default_log_levels = ['amqp=WARN', 'boto=WARN', 'sqlalchemy=WARN', 'suds=INFO', 'oslo.messaging=INFO', 'oslo_messaging=INFO', 'iso8601=WARN', 'requests.packages.urllib3.connectionpool=WARN', 'urllib3.connectionpool=WARN', 'websocket=WARN', 'requests.packages.urllib3.util.retry=WARN', 'urllib3.util.retry=WARN', 'keystonemiddleware=WARN', 'routes.middleware=WARN', 'stevedore=WARN', 'taskflow=WARN', 'keystoneauth=WARN', 'oslo.cache=INFO', 'oslo_policy=INFO', 'dogpile.core.dogpile=INFO'] {{(pid=99791) log_opt_values /opt/stack/data/venv/lib/python3.12/site-packages/oslo_config/cfg.py:3549}}
Aug 17 10:36:19.032222 np0000007490 devstack@g-api.service[99791]: DEBUG glance.common.config [None req-1fb63f95-2c9d-4a03-8c15-daa2b059b504 None None] default_publisher_id = image.localhost {{(pid=99791) log_opt_values /opt/stack/data/venv/lib/python3.12/site-packages/oslo_config/cfg.py:3549}}
Aug 17 10:36:19.032340 np0000007490 devstack@g-api.service[99791]: DEBUG glance.common.config [None req-1fb63f95-2c9d-4a03-8c15-daa2b059b504 None None] delayed_delete = False {{(pid=99791) log_opt_values /opt/stack/data/venv/lib/python3.12/site-packages/oslo_config/cfg.py:3549}}
Aug 17 10:36:19.032433 np0000007490 devstack@g-api.service[99791]: DEBUG glance.common.config [None req-1fb63f95-2c9d-4a03-8c15-daa2b059b504 None None] digest_algorithm = sha256 {{(pid=99791) log_opt_values /opt/stack/data/venv/lib/python3.12/site-packages/oslo_config/cfg.py:3549}}
Aug 17 10:36:19.032521 np0000007490 devstack@g-api.service[99791]: DEBUG glance.common.config [None req-1fb63f95-2c9d-4a03-8c15-daa2b059b504 None None] disabled_notifications = [] {{(pid=99791) log_opt_values /opt/stack/data/venv/lib/python3.12/site-packages/oslo_config/cfg.py:3549}}
Aug 17 10:36:19.032604 np0000007490 devstack@g-api.service[99791]: DEBUG glance.common.config [None req-1fb63f95-2c9d-4a03-8c15-daa2b059b504 None None] do_secure_hash = True {{(pid=99791) log_opt_values /opt/stack/data/venv/lib/python3.12/site-packages/oslo_config/cfg.py:3549}}
Aug 17 10:36:19.032695 np0000007490 devstack@g-api.service[99791]: DEBUG glance.common.config [None req-1fb63f95-2c9d-4a03-8c15-daa2b059b504 None None] enabled_backends = None {{(pid=99791) log_opt_values /opt/stack/data/venv/lib/python3.12/site-packages/oslo_config/cfg.py:3549}}
Aug 17 10:36:19.032817 np0000007490 devstack@g-api.service[99791]: DEBUG glance.common.config [None req-1fb63f95-2c9d-4a03-8c15-daa2b059b504 None None] enabled_import_methods = ['glance-direct', 'web-download', 'copy-image'] {{(pid=99791) log_opt_values /opt/stack/data/venv/lib/python3.12/site-packages/oslo_config/cfg.py:3549}}
Aug 17 10:36:19.032905 np0000007490 devstack@g-api.service[99791]: DEBUG glance.common.config [None req-1fb63f95-2c9d-4a03-8c15-daa2b059b504 None None] fatal_deprecations = False {{(pid=99791) log_opt_values /opt/stack/data/venv/lib/python3.12/site-packages/oslo_config/cfg.py:3549}}
Aug 17 10:36:19.032993 np0000007490 devstack@g-api.service[99791]: DEBUG glance.common.config [None req-1fb63f95-2c9d-4a03-8c15-daa2b059b504 None None] hashing_algorithm = sha512 {{(pid=99791) log_opt_values /opt/stack/data/venv/lib/python3.12/site-packages/oslo_config/cfg.py:3549}}
Aug 17 10:36:19.033077 np0000007490 devstack@g-api.service[99791]: DEBUG glance.common.config [None req-1fb63f95-2c9d-4a03-8c15-daa2b059b504 None None] http_retries = 3 {{(pid=99791) log_opt_values /opt/stack/data/venv/lib/python3.12/site-packages/oslo_config/cfg.py:3549}}
Aug 17 10:36:19.033167 np0000007490 devstack@g-api.service[99791]: DEBUG glance.common.config [None req-1fb63f95-2c9d-4a03-8c15-daa2b059b504 None None] image_cache_dir = /opt/stack/data/glance/cache/ {{(pid=99791) log_opt_values /opt/stack/data/venv/lib/python3.12/site-packages/oslo_config/cfg.py:3549}}
Aug 17 10:36:19.033287 np0000007490 devstack@g-api.service[99791]: DEBUG glance.common.config [None req-1fb63f95-2c9d-4a03-8c15-daa2b059b504 None None] image_cache_driver = centralized_db {{(pid=99791) log_opt_values /opt/stack/data/venv/lib/python3.12/site-packages/oslo_config/cfg.py:3549}}
Aug 17 10:36:19.033377 np0000007490 devstack@g-api.service[99791]: DEBUG glance.common.config [None req-1fb63f95-2c9d-4a03-8c15-daa2b059b504 None None] image_cache_max_size = 10737418240 {{(pid=99791) log_opt_values /opt/stack/data/venv/lib/python3.12/site-packages/oslo_config/cfg.py:3549}}
Aug 17 10:36:19.033469 np0000007490 devstack@g-api.service[99791]: DEBUG glance.common.config [None req-1fb63f95-2c9d-4a03-8c15-daa2b059b504 None None] image_cache_sqlite_db = cache.db {{(pid=99791) log_opt_values /opt/stack/data/venv/lib/python3.12/site-packages/oslo_config/cfg.py:3549}}
Aug 17 10:36:19.033554 np0000007490 devstack@g-api.service[99791]: DEBUG glance.common.config [None req-1fb63f95-2c9d-4a03-8c15-daa2b059b504 None None] image_cache_stall_time = 86400 {{(pid=99791) log_opt_values /opt/stack/data/venv/lib/python3.12/site-packages/oslo_config/cfg.py:3549}}
Aug 17 10:36:19.033640 np0000007490 devstack@g-api.service[99791]: DEBUG glance.common.config [None req-1fb63f95-2c9d-4a03-8c15-daa2b059b504 None None] image_location_quota = 10 {{(pid=99791) log_opt_values /opt/stack/data/venv/lib/python3.12/site-packages/oslo_config/cfg.py:3549}}
Aug 17 10:36:19.033739 np0000007490 devstack@g-api.service[99791]: DEBUG glance.common.config [None req-1fb63f95-2c9d-4a03-8c15-daa2b059b504 None None] image_member_quota = 128 {{(pid=99791) log_opt_values /opt/stack/data/venv/lib/python3.12/site-packages/oslo_config/cfg.py:3549}}
Aug 17 10:36:19.033830 np0000007490 devstack@g-api.service[99791]: DEBUG glance.common.config [None req-1fb63f95-2c9d-4a03-8c15-daa2b059b504 None None] image_property_quota = 128 {{(pid=99791) log_opt_values /opt/stack/data/venv/lib/python3.12/site-packages/oslo_config/cfg.py:3549}}
Aug 17 10:36:19.033914 np0000007490 devstack@g-api.service[99791]: DEBUG glance.common.config [None req-1fb63f95-2c9d-4a03-8c15-daa2b059b504 None None] image_size_cap = 1099511627776 {{(pid=99791) log_opt_values /opt/stack/data/venv/lib/python3.12/site-packages/oslo_config/cfg.py:3549}}
Aug 17 10:36:19.033997 np0000007490 devstack@g-api.service[99791]: DEBUG glance.common.config [None req-1fb63f95-2c9d-4a03-8c15-daa2b059b504 None None] image_tag_quota = 128 {{(pid=99791) log_opt_values /opt/stack/data/venv/lib/python3.12/site-packages/oslo_config/cfg.py:3549}}
Aug 17 10:36:19.034083 np0000007490 devstack@g-api.service[99791]: DEBUG glance.common.config [None req-1fb63f95-2c9d-4a03-8c15-daa2b059b504 None None] instance_format = [instance: %(uuid)s] {{(pid=99791) log_opt_values /opt/stack/data/venv/lib/python3.12/site-packages/oslo_config/cfg.py:3549}}
Aug 17 10:36:19.034171 np0000007490 devstack@g-api.service[99791]: DEBUG glance.common.config [None req-1fb63f95-2c9d-4a03-8c15-daa2b059b504 None None] instance_uuid_format = [instance: %(uuid)s] {{(pid=99791) log_opt_values /opt/stack/data/venv/lib/python3.12/site-packages/oslo_config/cfg.py:3549}}
Aug 17 10:36:19.034295 np0000007490 devstack@g-api.service[99791]: DEBUG glance.common.config [None req-1fb63f95-2c9d-4a03-8c15-daa2b059b504 None None] limit_param_default = 25 {{(pid=99791) log_opt_values /opt/stack/data/venv/lib/python3.12/site-packages/oslo_config/cfg.py:3549}}
Aug 17 10:36:19.034393 np0000007490 devstack@g-api.service[99791]: DEBUG glance.common.config [None req-1fb63f95-2c9d-4a03-8c15-daa2b059b504 None None] log_color = False {{(pid=99791) log_opt_values /opt/stack/data/venv/lib/python3.12/site-packages/oslo_config/cfg.py:3549}}
Aug 17 10:36:19.034485 np0000007490 devstack@g-api.service[99791]: DEBUG glance.common.config [None req-1fb63f95-2c9d-4a03-8c15-daa2b059b504 None None] log_config_append = None {{(pid=99791) log_opt_values /opt/stack/data/venv/lib/python3.12/site-packages/oslo_config/cfg.py:3549}}
Aug 17 10:36:19.034576 np0000007490 devstack@g-api.service[99791]: DEBUG glance.common.config [None req-1fb63f95-2c9d-4a03-8c15-daa2b059b504 None None] log_date_format = %Y-%m-%d %H:%M:%S {{(pid=99791) log_opt_values /opt/stack/data/venv/lib/python3.12/site-packages/oslo_config/cfg.py:3549}}
Aug 17 10:36:19.034661 np0000007490 devstack@g-api.service[99791]: DEBUG glance.common.config [None req-1fb63f95-2c9d-4a03-8c15-daa2b059b504 None None] log_dir = None {{(pid=99791) log_opt_values /opt/stack/data/venv/lib/python3.12/site-packages/oslo_config/cfg.py:3549}}
Aug 17 10:36:19.034757 np0000007490 devstack@g-api.service[99791]: DEBUG glance.common.config [None req-1fb63f95-2c9d-4a03-8c15-daa2b059b504 None None] log_file = None {{(pid=99791) log_opt_values /opt/stack/data/venv/lib/python3.12/site-packages/oslo_config/cfg.py:3549}}
Aug 17 10:36:19.034849 np0000007490 devstack@g-api.service[99791]: DEBUG glance.common.config [None req-1fb63f95-2c9d-4a03-8c15-daa2b059b504 None None] log_rotate_interval = 1 {{(pid=99791) log_opt_values /opt/stack/data/venv/lib/python3.12/site-packages/oslo_config/cfg.py:3549}}
Aug 17 10:36:19.034941 np0000007490 devstack@g-api.service[99791]: DEBUG glance.common.config [None req-1fb63f95-2c9d-4a03-8c15-daa2b059b504 None None] log_rotate_interval_type = days {{(pid=99791) log_opt_values /opt/stack/data/venv/lib/python3.12/site-packages/oslo_config/cfg.py:3549}}
Aug 17 10:36:19.035029 np0000007490 devstack@g-api.service[99791]: DEBUG glance.common.config [None req-1fb63f95-2c9d-4a03-8c15-daa2b059b504 None None] log_rotation_type = none {{(pid=99791) log_opt_values /opt/stack/data/venv/lib/python3.12/site-packages/oslo_config/cfg.py:3549}}
Aug 17 10:36:19.035092 np0000007490 devstack@g-api.service[99791]: DEBUG glance.common.config [None req-1fb63f95-2c9d-4a03-8c15-daa2b059b504 None None] logging_context_format_string = %(color)s%(levelname)s %(name)s [%(global_request_id)s %(request_id)s %(project_name)s %(user_name)s%(color)s] %(instance)s%(color)s%(message)s {{(pid=99791) log_opt_values /opt/stack/data/venv/lib/python3.12/site-packages/oslo_config/cfg.py:3549}}
Aug 17 10:36:19.035154 np0000007490 devstack@g-api.service[99791]: DEBUG glance.common.config [None req-1fb63f95-2c9d-4a03-8c15-daa2b059b504 None None] logging_debug_format_suffix = {{(pid=%(process)d) %(funcName)s %(pathname)s:%(lineno)d}} {{(pid=99791) log_opt_values /opt/stack/data/venv/lib/python3.12/site-packages/oslo_config/cfg.py:3549}}
Aug 17 10:36:19.035293 np0000007490 devstack@g-api.service[99791]: DEBUG glance.common.config [None req-1fb63f95-2c9d-4a03-8c15-daa2b059b504 None None] logging_default_format_string = %(color)s%(levelname)s %(name)s [-%(color)s] %(instance)s%(color)s%(message)s {{(pid=99791) log_opt_values /opt/stack/data/venv/lib/python3.12/site-packages/oslo_config/cfg.py:3549}}
Aug 17 10:36:19.035430 np0000007490 devstack@g-api.service[99791]: DEBUG glance.common.config [None req-1fb63f95-2c9d-4a03-8c15-daa2b059b504 None None] logging_exception_prefix = ERROR %(name)s %(instance)s {{(pid=99791) log_opt_values /opt/stack/data/venv/lib/python3.12/site-packages/oslo_config/cfg.py:3549}}
Aug 17 10:36:19.035531 np0000007490 devstack@g-api.service[99791]: DEBUG glance.common.config [None req-1fb63f95-2c9d-4a03-8c15-daa2b059b504 None None] logging_user_identity_format = %(user)s %(project)s %(domain)s %(system_scope)s %(user_domain)s %(project_domain)s {{(pid=99791) log_opt_values /opt/stack/data/venv/lib/python3.12/site-packages/oslo_config/cfg.py:3549}}
Aug 17 10:36:19.035678 np0000007490 devstack@g-api.service[99791]: DEBUG glance.common.config [None req-1fb63f95-2c9d-4a03-8c15-daa2b059b504 None None] max_logfile_count = 30 {{(pid=99791) log_opt_values /opt/stack/data/venv/lib/python3.12/site-packages/oslo_config/cfg.py:3549}}
Aug 17 10:36:19.035789 np0000007490 devstack@g-api.service[99791]: DEBUG glance.common.config [None req-1fb63f95-2c9d-4a03-8c15-daa2b059b504 None None] max_logfile_size_mb = 200 {{(pid=99791) log_opt_values /opt/stack/data/venv/lib/python3.12/site-packages/oslo_config/cfg.py:3549}}
Aug 17 10:36:19.035881 np0000007490 devstack@g-api.service[99791]: DEBUG glance.common.config [None req-1fb63f95-2c9d-4a03-8c15-daa2b059b504 None None] max_request_id_length = 64 {{(pid=99791) log_opt_values /opt/stack/data/venv/lib/python3.12/site-packages/oslo_config/cfg.py:3549}}
Aug 17 10:36:19.036019 np0000007490 devstack@g-api.service[99791]: DEBUG glance.common.config [None req-1fb63f95-2c9d-4a03-8c15-daa2b059b504 None None] metadata_encryption_key = **** {{(pid=99791) log_opt_values /opt/stack/data/venv/lib/python3.12/site-packages/oslo_config/cfg.py:3549}}
Aug 17 10:36:19.036119 np0000007490 devstack@g-api.service[99791]: DEBUG glance.common.config [None req-1fb63f95-2c9d-4a03-8c15-daa2b059b504 None None] node_staging_uri = file:///tmp/staging/ {{(pid=99791) log_opt_values /opt/stack/data/venv/lib/python3.12/site-packages/oslo_config/cfg.py:3549}}
Aug 17 10:36:19.036199 np0000007490 devstack@g-api.service[99791]: DEBUG glance.common.config [None req-1fb63f95-2c9d-4a03-8c15-daa2b059b504 None None] property_protection_file = None {{(pid=99791) log_opt_values /opt/stack/data/venv/lib/python3.12/site-packages/oslo_config/cfg.py:3549}}
Aug 17 10:36:19.036327 np0000007490 devstack@g-api.service[99791]: DEBUG glance.common.config [None req-1fb63f95-2c9d-4a03-8c15-daa2b059b504 None None] property_protection_rule_format = roles {{(pid=99791) log_opt_values /opt/stack/data/venv/lib/python3.12/site-packages/oslo_config/cfg.py:3549}}
Aug 17 10:36:19.036423 np0000007490 devstack@g-api.service[99791]: DEBUG glance.common.config [None req-1fb63f95-2c9d-4a03-8c15-daa2b059b504 None None] public_endpoint = https://10.4.3.15/image {{(pid=99791) log_opt_values /opt/stack/data/venv/lib/python3.12/site-packages/oslo_config/cfg.py:3549}}
Aug 17 10:36:19.036624 np0000007490 devstack@g-api.service[99791]: DEBUG glance.common.config [None req-1fb63f95-2c9d-4a03-8c15-daa2b059b504 None None] publish_errors = False {{(pid=99791) log_opt_values /opt/stack/data/venv/lib/python3.12/site-packages/oslo_config/cfg.py:3549}}
Aug 17 10:36:19.036624 np0000007490 devstack@g-api.service[99791]: DEBUG glance.common.config [None req-1fb63f95-2c9d-4a03-8c15-daa2b059b504 None None] pydev_worker_debug_host = None {{(pid=99791) log_opt_values /opt/stack/data/venv/lib/python3.12/site-packages/oslo_config/cfg.py:3549}}
Aug 17 10:36:19.036705 np0000007490 devstack@g-api.service[99791]: DEBUG glance.common.config [None req-1fb63f95-2c9d-4a03-8c15-daa2b059b504 None None] pydev_worker_debug_port = 5678 {{(pid=99791) log_opt_values /opt/stack/data/venv/lib/python3.12/site-packages/oslo_config/cfg.py:3549}}
Aug 17 10:36:19.036741 np0000007490 devstack@g-api.service[99791]: DEBUG glance.common.config [None req-1fb63f95-2c9d-4a03-8c15-daa2b059b504 None None] rate_limit_burst = 0 {{(pid=99791) log_opt_values /opt/stack/data/venv/lib/python3.12/site-packages/oslo_config/cfg.py:3549}}
Aug 17 10:36:19.036847 np0000007490 devstack@g-api.service[99791]: DEBUG glance.common.config [None req-1fb63f95-2c9d-4a03-8c15-daa2b059b504 None None] rate_limit_except_level = CRITICAL {{(pid=99791) log_opt_values /opt/stack/data/venv/lib/python3.12/site-packages/oslo_config/cfg.py:3549}}
Aug 17 10:36:19.036976 np0000007490 devstack@g-api.service[99791]: DEBUG glance.common.config [None req-1fb63f95-2c9d-4a03-8c15-daa2b059b504 None None] rate_limit_interval = 0 {{(pid=99791) log_opt_values /opt/stack/data/venv/lib/python3.12/site-packages/oslo_config/cfg.py:3549}}
Aug 17 10:36:19.037082 np0000007490 devstack@g-api.service[99791]: DEBUG glance.common.config [None req-1fb63f95-2c9d-4a03-8c15-daa2b059b504 None None] scrub_pool_size = 1 {{(pid=99791) log_opt_values /opt/stack/data/venv/lib/python3.12/site-packages/oslo_config/cfg.py:3549}}
Aug 17 10:36:19.037177 np0000007490 devstack@g-api.service[99791]: DEBUG glance.common.config [None req-1fb63f95-2c9d-4a03-8c15-daa2b059b504 None None] scrub_time = 0 {{(pid=99791) log_opt_values /opt/stack/data/venv/lib/python3.12/site-packages/oslo_config/cfg.py:3549}}
Aug 17 10:36:19.037351 np0000007490 devstack@g-api.service[99791]: DEBUG glance.common.config [None req-1fb63f95-2c9d-4a03-8c15-daa2b059b504 None None] shell_completion = None {{(pid=99791) log_opt_values /opt/stack/data/venv/lib/python3.12/site-packages/oslo_config/cfg.py:3549}}
Aug 17 10:36:19.037453 np0000007490 devstack@g-api.service[99791]: DEBUG glance.common.config [None req-1fb63f95-2c9d-4a03-8c15-daa2b059b504 None None] show_image_direct_url = False {{(pid=99791) log_opt_values /opt/stack/data/venv/lib/python3.12/site-packages/oslo_config/cfg.py:3549}}
Aug 17 10:36:19.037661 np0000007490 devstack@g-api.service[99791]: WARNING oslo_config.cfg [None req-1fb63f95-2c9d-4a03-8c15-daa2b059b504 None None] Deprecated: Option "show_multiple_locations" from group "DEFAULT" is deprecated for removal (Use of this option, deprecated since Newton, is a security risk and will be removed once we figure out a way to satisfy those use cases that currently require it. An earlier announcement that the same functionality can be achieved with greater granularity by using policies is incorrect. You cannot work around this option via policy configuration at the present time, though that is the direction we believe the fix will take. Please keep an eye on the Glance release notes to stay up to date on progress in addressing this issue.). Its value may be silently ignored in the future.
Aug 17 10:36:19.037744 np0000007490 devstack@g-api.service[99790]: DEBUG glance.image_cache.drivers.centralized_db [None req-aca210ce-6c0f-435d-9e6b-0298ba8a8250 None None] Node reference is already recorded, ignoring it {{(pid=99790) configure /opt/stack/glance/glance/image_cache/drivers/centralized_db.py:71}}
Aug 17 10:36:19.037787 np0000007490 devstack@g-api.service[99791]: DEBUG glance.common.config [None req-1fb63f95-2c9d-4a03-8c15-daa2b059b504 None None] show_multiple_locations = False {{(pid=99791) log_opt_values /opt/stack/data/venv/lib/python3.12/site-packages/oslo_config/cfg.py:3549}}
Aug 17 10:36:19.037870 np0000007490 devstack@g-api.service[99791]: DEBUG glance.common.config [None req-1fb63f95-2c9d-4a03-8c15-daa2b059b504 None None] syslog_log_facility = LOG_USER {{(pid=99791) log_opt_values /opt/stack/data/venv/lib/python3.12/site-packages/oslo_config/cfg.py:3549}}
Aug 17 10:36:19.037965 np0000007490 devstack@g-api.service[99791]: DEBUG glance.common.config [None req-1fb63f95-2c9d-4a03-8c15-daa2b059b504 None None] transport_url = **** {{(pid=99791) log_opt_values /opt/stack/data/venv/lib/python3.12/site-packages/oslo_config/cfg.py:3549}}
Aug 17 10:36:19.038052 np0000007490 devstack@g-api.service[99791]: DEBUG glance.common.config [None req-1fb63f95-2c9d-4a03-8c15-daa2b059b504 None None] use_journal = False {{(pid=99791) log_opt_values /opt/stack/data/venv/lib/python3.12/site-packages/oslo_config/cfg.py:3549}}
Aug 17 10:36:19.038135 np0000007490 devstack@g-api.service[99791]: DEBUG glance.common.config [None req-1fb63f95-2c9d-4a03-8c15-daa2b059b504 None None] use_json = False {{(pid=99791) log_opt_values /opt/stack/data/venv/lib/python3.12/site-packages/oslo_config/cfg.py:3549}}
Aug 17 10:36:19.038224 np0000007490 devstack@g-api.service[99791]: DEBUG glance.common.config [None req-1fb63f95-2c9d-4a03-8c15-daa2b059b504 None None] use_keystone_limits = True {{(pid=99791) log_opt_values /opt/stack/data/venv/lib/python3.12/site-packages/oslo_config/cfg.py:3549}}
Aug 17 10:36:19.038615 np0000007490 devstack@g-api.service[99791]: DEBUG glance.common.config [None req-1fb63f95-2c9d-4a03-8c15-daa2b059b504 None None] use_stderr = False {{(pid=99791) log_opt_values /opt/stack/data/venv/lib/python3.12/site-packages/oslo_config/cfg.py:3549}}
Aug 17 10:36:19.038615 np0000007490 devstack@g-api.service[99791]: DEBUG glance.common.config [None req-1fb63f95-2c9d-4a03-8c15-daa2b059b504 None None] use_syslog = False {{(pid=99791) log_opt_values /opt/stack/data/venv/lib/python3.12/site-packages/oslo_config/cfg.py:3549}}
Aug 17 10:36:19.038615 np0000007490 devstack@g-api.service[99791]: DEBUG glance.common.config [None req-1fb63f95-2c9d-4a03-8c15-daa2b059b504 None None] user_storage_quota = 0 {{(pid=99791) log_opt_values /opt/stack/data/venv/lib/python3.12/site-packages/oslo_config/cfg.py:3549}}
Aug 17 10:36:19.038615 np0000007490 devstack@g-api.service[99791]: DEBUG glance.common.config [None req-1fb63f95-2c9d-4a03-8c15-daa2b059b504 None None] worker_self_reference_url = http://127.0.0.1:60999 {{(pid=99791) log_opt_values /opt/stack/data/venv/lib/python3.12/site-packages/oslo_config/cfg.py:3549}}
Aug 17 10:36:19.038759 np0000007490 devstack@g-api.service[99791]: DEBUG glance.common.config [None req-1fb63f95-2c9d-4a03-8c15-daa2b059b504 None None] oslo_concurrency.disable_process_locking = False {{(pid=99791) log_opt_values /opt/stack/data/venv/lib/python3.12/site-packages/oslo_config/cfg.py:3560}}
Aug 17 10:36:19.038808 np0000007490 devstack@g-api.service[99791]: DEBUG glance.common.config [None req-1fb63f95-2c9d-4a03-8c15-daa2b059b504 None None] oslo_concurrency.lock_path = /opt/stack/data/glance/locks {{(pid=99791) log_opt_values /opt/stack/data/venv/lib/python3.12/site-packages/oslo_config/cfg.py:3560}}
Aug 17 10:36:19.038931 np0000007490 devstack@g-api.service[99791]: DEBUG glance.common.config [None req-1fb63f95-2c9d-4a03-8c15-daa2b059b504 None None] oslo_middleware.enable_proxy_headers_parsing = False {{(pid=99791) log_opt_values /opt/stack/data/venv/lib/python3.12/site-packages/oslo_config/cfg.py:3560}}
Aug 17 10:36:19.039010 np0000007490 devstack@g-api.service[99791]: DEBUG glance.common.config [None req-1fb63f95-2c9d-4a03-8c15-daa2b059b504 None None] oslo_middleware.http_basic_auth_user_file = /etc/htpasswd {{(pid=99791) log_opt_values /opt/stack/data/venv/lib/python3.12/site-packages/oslo_config/cfg.py:3560}}
Aug 17 10:36:19.039106 np0000007490 devstack@g-api.service[99791]: DEBUG glance.common.config [None req-1fb63f95-2c9d-4a03-8c15-daa2b059b504 None None] paste_deploy.config_file = None {{(pid=99791) log_opt_values /opt/stack/data/venv/lib/python3.12/site-packages/oslo_config/cfg.py:3560}}
Aug 17 10:36:19.039193 np0000007490 devstack@g-api.service[99791]: DEBUG glance.common.config [None req-1fb63f95-2c9d-4a03-8c15-daa2b059b504 None None] paste_deploy.flavor = keystone+cachemanagement {{(pid=99791) log_opt_values /opt/stack/data/venv/lib/python3.12/site-packages/oslo_config/cfg.py:3560}}
Aug 17 10:36:19.039387 np0000007490 devstack@g-api.service[99791]: DEBUG glance.common.config [None req-1fb63f95-2c9d-4a03-8c15-daa2b059b504 None None] image_format.container_formats = ['ami', 'ari', 'aki', 'bare', 'ovf', 'ova', 'docker', 'compressed'] {{(pid=99791) log_opt_values /opt/stack/data/venv/lib/python3.12/site-packages/oslo_config/cfg.py:3560}}
Aug 17 10:36:19.039562 np0000007490 devstack@g-api.service[99791]: DEBUG glance.common.config [None req-1fb63f95-2c9d-4a03-8c15-daa2b059b504 None None] image_format.disk_formats = ['ami', 'ari', 'aki', 'vhd', 'vhdx', 'vmdk', 'raw', 'qcow2', 'vdi', 'iso', 'ploop'] {{(pid=99791) log_opt_values /opt/stack/data/venv/lib/python3.12/site-packages/oslo_config/cfg.py:3560}}
Aug 17 10:36:19.039708 np0000007490 devstack@g-api.service[99791]: DEBUG glance.common.config [None req-1fb63f95-2c9d-4a03-8c15-daa2b059b504 None None] image_format.gpt_safety_checks_nonfatal = [] {{(pid=99791) log_opt_values /opt/stack/data/venv/lib/python3.12/site-packages/oslo_config/cfg.py:3560}}
Aug 17 10:36:19.039862 np0000007490 devstack@g-api.service[99791]: DEBUG glance.common.config [None req-1fb63f95-2c9d-4a03-8c15-daa2b059b504 None None] image_format.require_image_format_match = True {{(pid=99791) log_opt_values /opt/stack/data/venv/lib/python3.12/site-packages/oslo_config/cfg.py:3560}}
Aug 17 10:36:19.039997 np0000007490 devstack@g-api.service[99792]: DEBUG glance.image_cache.drivers.centralized_db [None req-56f2ccda-927f-42ab-9775-6799956fcedf None None] Node reference is already recorded, ignoring it {{(pid=99792) configure /opt/stack/glance/glance/image_cache/drivers/centralized_db.py:71}}
Aug 17 10:36:19.040062 np0000007490 devstack@g-api.service[99791]: DEBUG glance.common.config [None req-1fb63f95-2c9d-4a03-8c15-daa2b059b504 None None] image_format.vmdk_allowed_types = ['streamOptimized', 'monolithicSparse'] {{(pid=99791) log_opt_values /opt/stack/data/venv/lib/python3.12/site-packages/oslo_config/cfg.py:3560}}
Aug 17 10:36:19.040167 np0000007490 devstack@g-api.service[99791]: DEBUG glance.common.config [None req-1fb63f95-2c9d-4a03-8c15-daa2b059b504 None None] task.task_executor = taskflow {{(pid=99791) log_opt_values /opt/stack/data/venv/lib/python3.12/site-packages/oslo_config/cfg.py:3560}}
Aug 17 10:36:19.040338 np0000007490 devstack@g-api.service[99791]: DEBUG glance.common.config [None req-1fb63f95-2c9d-4a03-8c15-daa2b059b504 None None] task.task_time_to_live = 48 {{(pid=99791) log_opt_values /opt/stack/data/venv/lib/python3.12/site-packages/oslo_config/cfg.py:3560}}
Aug 17 10:36:19.040472 np0000007490 devstack@g-api.service[99791]: DEBUG glance.common.config [None req-1fb63f95-2c9d-4a03-8c15-daa2b059b504 None None] task.work_dir = None {{(pid=99791) log_opt_values /opt/stack/data/venv/lib/python3.12/site-packages/oslo_config/cfg.py:3560}}
Aug 17 10:36:19.040619 np0000007490 devstack@g-api.service[99791]: DEBUG glance.common.config [None req-1fb63f95-2c9d-4a03-8c15-daa2b059b504 None None] wsgi.python_interpreter = /opt/stack/data/venv/bin/python3 {{(pid=99791) log_opt_values /opt/stack/data/venv/lib/python3.12/site-packages/oslo_config/cfg.py:3560}}
Aug 17 10:36:19.040753 np0000007490 devstack@g-api.service[99791]: DEBUG glance.common.config [None req-1fb63f95-2c9d-4a03-8c15-daa2b059b504 None None] wsgi.task_pool_threads = 16 {{(pid=99791) log_opt_values /opt/stack/data/venv/lib/python3.12/site-packages/oslo_config/cfg.py:3560}}
Aug 17 10:36:19.040897 np0000007490 devstack@g-api.service[99791]: DEBUG glance.common.config [None req-1fb63f95-2c9d-4a03-8c15-daa2b059b504 None None] import_filtering_opts.allowed_hosts = [] {{(pid=99791) log_opt_values /opt/stack/data/venv/lib/python3.12/site-packages/oslo_config/cfg.py:3560}}
Aug 17 10:36:19.041037 np0000007490 devstack@g-api.service[99791]: DEBUG glance.common.config [None req-1fb63f95-2c9d-4a03-8c15-daa2b059b504 None None] import_filtering_opts.allowed_ports = [80, 443] {{(pid=99791) log_opt_values /opt/stack/data/venv/lib/python3.12/site-packages/oslo_config/cfg.py:3560}}
Aug 17 10:36:19.041204 np0000007490 devstack@g-api.service[99791]: DEBUG glance.common.config [None req-1fb63f95-2c9d-4a03-8c15-daa2b059b504 None None] import_filtering_opts.allowed_schemes = ['http', 'https'] {{(pid=99791) log_opt_values /opt/stack/data/venv/lib/python3.12/site-packages/oslo_config/cfg.py:3560}}
Aug 17 10:36:19.041323 np0000007490 devstack@g-api.service[99790]: INFO glance.api.middleware.cache [None req-aca210ce-6c0f-435d-9e6b-0298ba8a8250 None None] Initialized image cache middleware
Aug 17 10:36:19.041391 np0000007490 devstack@g-api.service[99791]: DEBUG glance.common.config [None req-1fb63f95-2c9d-4a03-8c15-daa2b059b504 None None] import_filtering_opts.disallowed_hosts = [] {{(pid=99791) log_opt_values /opt/stack/data/venv/lib/python3.12/site-packages/oslo_config/cfg.py:3560}}
Aug 17 10:36:19.041528 np0000007490 devstack@g-api.service[99791]: DEBUG glance.common.config [None req-1fb63f95-2c9d-4a03-8c15-daa2b059b504 None None] import_filtering_opts.disallowed_ports = [] {{(pid=99791) log_opt_values /opt/stack/data/venv/lib/python3.12/site-packages/oslo_config/cfg.py:3560}}
Aug 17 10:36:19.041663 np0000007490 devstack@g-api.service[99791]: DEBUG glance.common.config [None req-1fb63f95-2c9d-4a03-8c15-daa2b059b504 None None] import_filtering_opts.disallowed_schemes = [] {{(pid=99791) log_opt_values /opt/stack/data/venv/lib/python3.12/site-packages/oslo_config/cfg.py:3560}}
Aug 17 10:36:19.041808 np0000007490 devstack@g-api.service[99791]: DEBUG glance.common.config [None req-1fb63f95-2c9d-4a03-8c15-daa2b059b504 None None] oslo_messaging_metrics.metrics_buffer_size = 1000 {{(pid=99791) log_opt_values /opt/stack/data/venv/lib/python3.12/site-packages/oslo_config/cfg.py:3560}}
