Aug 17 10:35:55.850794 np0000007490 nova-scheduler[93561]: DEBUG cotyledon.oslo_config_glue [-] oslo_messaging_rabbit.rabbit_quorum_delivery_limit = 0 {{(pid=93561) log_opt_values /opt/stack/data/venv/lib/python3.12/site-packages/oslo_config/cfg.py:3560}}
Aug 17 10:35:55.850794 np0000007490 nova-scheduler[93561]: DEBUG cotyledon.oslo_config_glue [-] oslo_messaging_rabbit.rabbit_quorum_max_memory_bytes = 0 {{(pid=93561) log_opt_values /opt/stack/data/venv/lib/python3.12/site-packages/oslo_config/cfg.py:3560}}
Aug 17 10:35:55.850794 np0000007490 nova-scheduler[93561]: DEBUG cotyledon.oslo_config_glue [-] oslo_messaging_rabbit.rabbit_quorum_max_memory_length = 0 {{(pid=93561) log_opt_values /opt/stack/data/venv/lib/python3.12/site-packages/oslo_config/cfg.py:3560}}
Aug 17 10:35:55.850794 np0000007490 nova-scheduler[93561]: DEBUG cotyledon.oslo_config_glue [-] oslo_messaging_rabbit.rabbit_quorum_queue = False {{(pid=93561) log_opt_values /opt/stack/data/venv/lib/python3.12/site-packages/oslo_config/cfg.py:3560}}
Aug 17 10:35:55.850794 np0000007490 nova-scheduler[93561]: DEBUG cotyledon.oslo_config_glue [-] oslo_messaging_rabbit.rabbit_retry_backoff = 2 {{(pid=93561) log_opt_values /opt/stack/data/venv/lib/python3.12/site-packages/oslo_config/cfg.py:3560}}
Aug 17 10:35:55.850794 np0000007490 nova-scheduler[93561]: DEBUG cotyledon.oslo_config_glue [-] oslo_messaging_rabbit.rabbit_retry_interval = 1 {{(pid=93561) log_opt_values /opt/stack/data/venv/lib/python3.12/site-packages/oslo_config/cfg.py:3560}}
Aug 17 10:35:55.850794 np0000007490 nova-scheduler[93561]: DEBUG cotyledon.oslo_config_glue [-] oslo_messaging_rabbit.rabbit_stream_fanout = False {{(pid=93561) log_opt_values /opt/stack/data/venv/lib/python3.12/site-packages/oslo_config/cfg.py:3560}}
Aug 17 10:35:55.850949 np0000007490 nova-scheduler[93561]: DEBUG cotyledon.oslo_config_glue [-] oslo_messaging_rabbit.rabbit_transient_queues_ttl = 1800 {{(pid=93561) log_opt_values /opt/stack/data/venv/lib/python3.12/site-packages/oslo_config/cfg.py:3560}}
Aug 17 10:35:55.850949 np0000007490 nova-scheduler[93561]: DEBUG cotyledon.oslo_config_glue [-] oslo_messaging_rabbit.rabbit_transient_quorum_queue = False {{(pid=93561) log_opt_values /opt/stack/data/venv/lib/python3.12/site-packages/oslo_config/cfg.py:3560}}
Aug 17 10:35:55.850949 np0000007490 nova-scheduler[93561]: DEBUG cotyledon.oslo_config_glue [-] oslo_messaging_rabbit.rpc_conn_pool_size = 30 {{(pid=93561) log_opt_values /opt/stack/data/venv/lib/python3.12/site-packages/oslo_config/cfg.py:3560}}
Aug 17 10:35:55.850949 np0000007490 nova-scheduler[93561]: DEBUG cotyledon.oslo_config_glue [-] oslo_messaging_rabbit.ssl = False {{(pid=93561) log_opt_values /opt/stack/data/venv/lib/python3.12/site-packages/oslo_config/cfg.py:3560}}
Aug 17 10:35:55.850949 np0000007490 nova-scheduler[93561]: DEBUG cotyledon.oslo_config_glue [-] oslo_messaging_rabbit.ssl_ca_file = {{(pid=93561) log_opt_values /opt/stack/data/venv/lib/python3.12/site-packages/oslo_config/cfg.py:3560}}
Aug 17 10:35:55.850949 np0000007490 nova-scheduler[93561]: DEBUG cotyledon.oslo_config_glue [-] oslo_messaging_rabbit.ssl_cert_file = {{(pid=93561) log_opt_values /opt/stack/data/venv/lib/python3.12/site-packages/oslo_config/cfg.py:3560}}
Aug 17 10:35:55.850949 np0000007490 nova-scheduler[93561]: DEBUG cotyledon.oslo_config_glue [-] oslo_messaging_rabbit.ssl_enforce_fips_mode = False {{(pid=93561) log_opt_values /opt/stack/data/venv/lib/python3.12/site-packages/oslo_config/cfg.py:3560}}
Aug 17 10:35:55.850949 np0000007490 nova-scheduler[93561]: DEBUG cotyledon.oslo_config_glue [-] oslo_messaging_rabbit.ssl_enforce_hostname_verification = True {{(pid=93561) log_opt_values /opt/stack/data/venv/lib/python3.12/site-packages/oslo_config/cfg.py:3560}}
Aug 17 10:35:55.850949 np0000007490 nova-scheduler[93561]: DEBUG cotyledon.oslo_config_glue [-] oslo_messaging_rabbit.ssl_key_file = {{(pid=93561) log_opt_values /opt/stack/data/venv/lib/python3.12/site-packages/oslo_config/cfg.py:3560}}
Aug 17 10:35:55.851111 np0000007490 nova-scheduler[93561]: DEBUG cotyledon.oslo_config_glue [-] oslo_messaging_rabbit.ssl_version = {{(pid=93561) log_opt_values /opt/stack/data/venv/lib/python3.12/site-packages/oslo_config/cfg.py:3560}}
Aug 17 10:35:55.851111 np0000007490 nova-scheduler[93561]: DEBUG cotyledon.oslo_config_glue [-] oslo_messaging_rabbit.use_queue_manager = False {{(pid=93561) log_opt_values /opt/stack/data/venv/lib/python3.12/site-packages/oslo_config/cfg.py:3560}}
Aug 17 10:35:55.851111 np0000007490 nova-scheduler[93561]: DEBUG cotyledon.oslo_config_glue [-] oslo_messaging_notifications.driver = ['messagingv2'] {{(pid=93561) log_opt_values /opt/stack/data/venv/lib/python3.12/site-packages/oslo_config/cfg.py:3560}}
Aug 17 10:35:55.851111 np0000007490 nova-scheduler[93561]: DEBUG cotyledon.oslo_config_glue [-] oslo_messaging_notifications.retry = -1 {{(pid=93561) log_opt_values /opt/stack/data/venv/lib/python3.12/site-packages/oslo_config/cfg.py:3560}}
Aug 17 10:35:55.851111 np0000007490 nova-scheduler[93561]: DEBUG cotyledon.oslo_config_glue [-] oslo_messaging_notifications.topics = ['notifications'] {{(pid=93561) log_opt_values /opt/stack/data/venv/lib/python3.12/site-packages/oslo_config/cfg.py:3560}}
Aug 17 10:35:55.851111 np0000007490 nova-scheduler[93561]: DEBUG cotyledon.oslo_config_glue [-] oslo_messaging_notifications.transport_url = **** {{(pid=93561) log_opt_values /opt/stack/data/venv/lib/python3.12/site-packages/oslo_config/cfg.py:3560}}
Aug 17 10:35:55.851111 np0000007490 nova-scheduler[93561]: DEBUG cotyledon.oslo_config_glue [-] oslo_limit.auth_section = None {{(pid=93561) log_opt_values /opt/stack/data/venv/lib/python3.12/site-packages/oslo_config/cfg.py:3560}}
Aug 17 10:35:55.851111 np0000007490 nova-scheduler[93561]: DEBUG cotyledon.oslo_config_glue [-] oslo_limit.auth_type = None {{(pid=93561) log_opt_values /opt/stack/data/venv/lib/python3.12/site-packages/oslo_config/cfg.py:3560}}
Aug 17 10:35:55.851111 np0000007490 nova-scheduler[93561]: DEBUG cotyledon.oslo_config_glue [-] oslo_limit.cafile = None {{(pid=93561) log_opt_values /opt/stack/data/venv/lib/python3.12/site-packages/oslo_config/cfg.py:3560}}
Aug 17 10:35:55.851291 np0000007490 nova-scheduler[93561]: DEBUG cotyledon.oslo_config_glue [-] oslo_limit.certfile = None {{(pid=93561) log_opt_values /opt/stack/data/venv/lib/python3.12/site-packages/oslo_config/cfg.py:3560}}
Aug 17 10:35:55.851291 np0000007490 nova-scheduler[93561]: DEBUG cotyledon.oslo_config_glue [-] oslo_limit.collect_timing = False {{(pid=93561) log_opt_values /opt/stack/data/venv/lib/python3.12/site-packages/oslo_config/cfg.py:3560}}
Aug 17 10:35:55.851291 np0000007490 nova-scheduler[93561]: DEBUG cotyledon.oslo_config_glue [-] oslo_limit.connect_retries = None {{(pid=93561) log_opt_values /opt/stack/data/venv/lib/python3.12/site-packages/oslo_config/cfg.py:3560}}
Aug 17 10:35:55.851291 np0000007490 nova-scheduler[93561]: DEBUG cotyledon.oslo_config_glue [-] oslo_limit.connect_retry_delay = None {{(pid=93561) log_opt_values /opt/stack/data/venv/lib/python3.12/site-packages/oslo_config/cfg.py:3560}}
Aug 17 10:35:55.851291 np0000007490 nova-scheduler[93561]: DEBUG cotyledon.oslo_config_glue [-] oslo_limit.endpoint_id = None {{(pid=93561) log_opt_values /opt/stack/data/venv/lib/python3.12/site-packages/oslo_config/cfg.py:3560}}
Aug 17 10:35:55.851291 np0000007490 nova-scheduler[93561]: DEBUG cotyledon.oslo_config_glue [-] oslo_limit.endpoint_interface = public {{(pid=93561) log_opt_values /opt/stack/data/venv/lib/python3.12/site-packages/oslo_config/cfg.py:3560}}
Aug 17 10:35:55.851291 np0000007490 nova-scheduler[93561]: DEBUG cotyledon.oslo_config_glue [-] oslo_limit.endpoint_override = None {{(pid=93561) log_opt_values /opt/stack/data/venv/lib/python3.12/site-packages/oslo_config/cfg.py:3560}}
Aug 17 10:35:55.851291 np0000007490 nova-scheduler[93561]: DEBUG cotyledon.oslo_config_glue [-] oslo_limit.endpoint_region_name = None {{(pid=93561) log_opt_values /opt/stack/data/venv/lib/python3.12/site-packages/oslo_config/cfg.py:3560}}
Aug 17 10:35:55.851291 np0000007490 nova-scheduler[93561]: DEBUG cotyledon.oslo_config_glue [-] oslo_limit.endpoint_service_name = None {{(pid=93561) log_opt_values /opt/stack/data/venv/lib/python3.12/site-packages/oslo_config/cfg.py:3560}}
Aug 17 10:35:55.851472 np0000007490 nova-scheduler[93561]: DEBUG cotyledon.oslo_config_glue [-] oslo_limit.endpoint_service_type = None {{(pid=93561) log_opt_values /opt/stack/data/venv/lib/python3.12/site-packages/oslo_config/cfg.py:3560}}
Aug 17 10:35:55.851472 np0000007490 nova-scheduler[93561]: DEBUG cotyledon.oslo_config_glue [-] oslo_limit.insecure = False {{(pid=93561) log_opt_values /opt/stack/data/venv/lib/python3.12/site-packages/oslo_config/cfg.py:3560}}
Aug 17 10:35:55.851472 np0000007490 nova-scheduler[93561]: DEBUG cotyledon.oslo_config_glue [-] oslo_limit.keyfile = None {{(pid=93561) log_opt_values /opt/stack/data/venv/lib/python3.12/site-packages/oslo_config/cfg.py:3560}}
Aug 17 10:35:55.851472 np0000007490 nova-scheduler[93561]: DEBUG cotyledon.oslo_config_glue [-] oslo_limit.max_version = None {{(pid=93561) log_opt_values /opt/stack/data/venv/lib/python3.12/site-packages/oslo_config/cfg.py:3560}}
Aug 17 10:35:55.851472 np0000007490 nova-scheduler[93561]: DEBUG cotyledon.oslo_config_glue [-] oslo_limit.min_version = None {{(pid=93561) log_opt_values /opt/stack/data/venv/lib/python3.12/site-packages/oslo_config/cfg.py:3560}}
Aug 17 10:35:55.851472 np0000007490 nova-scheduler[93561]: DEBUG cotyledon.oslo_config_glue [-] oslo_limit.region_name = None {{(pid=93561) log_opt_values /opt/stack/data/venv/lib/python3.12/site-packages/oslo_config/cfg.py:3560}}
Aug 17 10:35:55.851472 np0000007490 nova-scheduler[93561]: DEBUG cotyledon.oslo_config_glue [-] oslo_limit.retriable_status_codes = None {{(pid=93561) log_opt_values /opt/stack/data/venv/lib/python3.12/site-packages/oslo_config/cfg.py:3560}}
Aug 17 10:35:55.851472 np0000007490 nova-scheduler[93561]: DEBUG cotyledon.oslo_config_glue [-] oslo_limit.service_name = None {{(pid=93561) log_opt_values /opt/stack/data/venv/lib/python3.12/site-packages/oslo_config/cfg.py:3560}}
Aug 17 10:35:55.851472 np0000007490 nova-scheduler[93561]: DEBUG cotyledon.oslo_config_glue [-] oslo_limit.service_type = None {{(pid=93561) log_opt_values /opt/stack/data/venv/lib/python3.12/site-packages/oslo_config/cfg.py:3560}}
Aug 17 10:35:55.851672 np0000007490 nova-scheduler[93561]: DEBUG cotyledon.oslo_config_glue [-] oslo_limit.split_loggers = False {{(pid=93561) log_opt_values /opt/stack/data/venv/lib/python3.12/site-packages/oslo_config/cfg.py:3560}}
Aug 17 10:35:55.851672 np0000007490 nova-scheduler[93561]: DEBUG cotyledon.oslo_config_glue [-] oslo_limit.status_code_retries = None {{(pid=93561) log_opt_values /opt/stack/data/venv/lib/python3.12/site-packages/oslo_config/cfg.py:3560}}
Aug 17 10:35:55.851672 np0000007490 nova-scheduler[93561]: DEBUG cotyledon.oslo_config_glue [-] oslo_limit.status_code_retry_delay = None {{(pid=93561) log_opt_values /opt/stack/data/venv/lib/python3.12/site-packages/oslo_config/cfg.py:3560}}
Aug 17 10:35:55.851672 np0000007490 nova-scheduler[93561]: DEBUG cotyledon.oslo_config_glue [-] oslo_limit.timeout = None {{(pid=93561) log_opt_values /opt/stack/data/venv/lib/python3.12/site-packages/oslo_config/cfg.py:3560}}
Aug 17 10:35:55.851672 np0000007490 nova-scheduler[93561]: DEBUG cotyledon.oslo_config_glue [-] oslo_limit.valid_interfaces = None {{(pid=93561) log_opt_values /opt/stack/data/venv/lib/python3.12/site-packages/oslo_config/cfg.py:3560}}
Aug 17 10:35:55.851672 np0000007490 nova-scheduler[93561]: DEBUG cotyledon.oslo_config_glue [-] oslo_limit.version = None {{(pid=93561) log_opt_values /opt/stack/data/venv/lib/python3.12/site-packages/oslo_config/cfg.py:3560}}
Aug 17 10:35:55.851672 np0000007490 nova-scheduler[93561]: DEBUG cotyledon.oslo_config_glue [-] oslo_reports.file_event_handler = None {{(pid=93561) log_opt_values /opt/stack/data/venv/lib/python3.12/site-packages/oslo_config/cfg.py:3560}}
Aug 17 10:35:55.851672 np0000007490 nova-scheduler[93561]: DEBUG cotyledon.oslo_config_glue [-] oslo_reports.file_event_handler_interval = 1 {{(pid=93561) log_opt_values /opt/stack/data/venv/lib/python3.12/site-packages/oslo_config/cfg.py:3560}}
Aug 17 10:35:55.851672 np0000007490 nova-scheduler[93561]: DEBUG cotyledon.oslo_config_glue [-] oslo_reports.log_dir = None {{(pid=93561) log_opt_values /opt/stack/data/venv/lib/python3.12/site-packages/oslo_config/cfg.py:3560}}
Aug 17 10:35:55.851844 np0000007490 nova-scheduler[93561]: DEBUG cotyledon.oslo_config_glue [-] ******************************************************************************** {{(pid=93561) log_opt_values /opt/stack/data/venv/lib/python3.12/site-packages/oslo_config/cfg.py:3567}}
Aug 17 10:35:55.851844 np0000007490 nova-scheduler[93561]: DEBUG cotyledon._service_worker [-] Run service ServiceWrapper(2) [93561] {{(pid=93561) wait_forever /opt/stack/data/venv/lib/python3.12/site-packages/cotyledon/_service_worker.py:218}}
Aug 17 10:35:55.851887 np0000007490 nova-scheduler[93547]: INFO dbcounter [None req-f79dc900-d1c8-49b2-82ca-dd650aad6020 None None] Registered counter for database nova_cell0
Aug 17 10:35:55.851911 np0000007490 nova-scheduler[93561]: INFO nova.service [-] Starting scheduler node (version 33.1.0)
Aug 17 10:35:55.851911 np0000007490 nova-scheduler[93561]: INFO dbcounter [None req-0fd4f2f1-6514-4fcc-8b8b-557b3f5f0294 None None] Registered counter for database nova_cell0
Aug 17 10:35:55.854117 np0000007490 nova-scheduler[93530]: DEBUG oslo_db.sqlalchemy.engines [None req-ba2b8dab-8a0b-4190-a688-487bf6fe5e14 None None] MySQL server mode set to STRICT_TRANS_TABLES,STRICT_ALL_TABLES,NO_ZERO_IN_DATE,NO_ZERO_DATE,ERROR_FOR_DIVISION_BY_ZERO,TRADITIONAL,NO_ENGINE_SUBSTITUTION {{(pid=93530) _check_effective_sql_mode /opt/stack/data/venv/lib/python3.12/site-packages/oslo_db/sqlalchemy/engines.py:325}}
Aug 17 10:35:55.863385 np0000007490 nova-scheduler[93530]: DEBUG dbcounter [-] [93530] Writer thread running {{(pid=93530) stat_writer /opt/stack/data/venv/lib/python3.12/site-packages/dbcounter.py:102}}
Aug 17 10:35:55.864090 np0000007490 nova-scheduler[93561]: DEBUG oslo_db.sqlalchemy.engines [None req-0fd4f2f1-6514-4fcc-8b8b-557b3f5f0294 None None] MySQL server mode set to STRICT_TRANS_TABLES,STRICT_ALL_TABLES,NO_ZERO_IN_DATE,NO_ZERO_DATE,ERROR_FOR_DIVISION_BY_ZERO,TRADITIONAL,NO_ENGINE_SUBSTITUTION {{(pid=93561) _check_effective_sql_mode /opt/stack/data/venv/lib/python3.12/site-packages/oslo_db/sqlalchemy/engines.py:325}}
Aug 17 10:35:55.869907 np0000007490 nova-scheduler[93547]: DEBUG oslo_db.sqlalchemy.engines [None req-f79dc900-d1c8-49b2-82ca-dd650aad6020 None None] MySQL server mode set to STRICT_TRANS_TABLES,STRICT_ALL_TABLES,NO_ZERO_IN_DATE,NO_ZERO_DATE,ERROR_FOR_DIVISION_BY_ZERO,TRADITIONAL,NO_ENGINE_SUBSTITUTION {{(pid=93547) _check_effective_sql_mode /opt/stack/data/venv/lib/python3.12/site-packages/oslo_db/sqlalchemy/engines.py:325}}
Aug 17 10:35:55.873351 np0000007490 nova-scheduler[93561]: DEBUG dbcounter [-] [93561] Writer thread running {{(pid=93561) stat_writer /opt/stack/data/venv/lib/python3.12/site-packages/dbcounter.py:102}}
Aug 17 10:35:55.876601 np0000007490 nova-scheduler[93530]: DEBUG nova.service [None req-ba2b8dab-8a0b-4190-a688-487bf6fe5e14 None None] Creating RPC server for service: nova-scheduler on topic: scheduler {{(pid=93530) start /opt/stack/nova/nova/service.py:262}}
Aug 17 10:35:55.880093 np0000007490 nova-scheduler[93547]: DEBUG dbcounter [-] [93547] Writer thread running {{(pid=93547) stat_writer /opt/stack/data/venv/lib/python3.12/site-packages/dbcounter.py:102}}
Aug 17 10:35:55.882982 np0000007490 nova-scheduler[93547]: DEBUG nova.service [None req-f79dc900-d1c8-49b2-82ca-dd650aad6020 None None] Creating RPC server for service: nova-scheduler on topic: scheduler {{(pid=93547) start /opt/stack/nova/nova/service.py:262}}
Aug 17 10:35:55.890146 np0000007490 nova-scheduler[93561]: DEBUG nova.service [None req-0fd4f2f1-6514-4fcc-8b8b-557b3f5f0294 None None] Creating RPC server for service: nova-scheduler on topic: scheduler {{(pid=93561) start /opt/stack/nova/nova/service.py:262}}
Aug 17 10:35:55.901233 np0000007490 nova-scheduler[93547]: DEBUG nova.service [None req-f79dc900-d1c8-49b2-82ca-dd650aad6020 None None] Join ServiceGroup membership for this service scheduler {{(pid=93547) start /opt/stack/nova/nova/service.py:288}}
Aug 17 10:35:55.901489 np0000007490 nova-scheduler[93547]: DEBUG nova.servicegroup.drivers.db [None req-f79dc900-d1c8-49b2-82ca-dd650aad6020 None None] DB_Driver: join new ServiceGroup member np0000007490 to the scheduler group, service = {{(pid=93547) join /opt/stack/nova/nova/servicegroup/drivers/db.py:44}}
Aug 17 10:35:55.906482 np0000007490 nova-scheduler[93561]: DEBUG nova.service [None req-0fd4f2f1-6514-4fcc-8b8b-557b3f5f0294 None None] Join ServiceGroup membership for this service scheduler {{(pid=93561) start /opt/stack/nova/nova/service.py:288}}
Aug 17 10:35:55.906704 np0000007490 nova-scheduler[93561]: DEBUG nova.servicegroup.drivers.db [None req-0fd4f2f1-6514-4fcc-8b8b-557b3f5f0294 None None] DB_Driver: join new ServiceGroup member np0000007490 to the scheduler group, service = {{(pid=93561) join /opt/stack/nova/nova/servicegroup/drivers/db.py:44}}
Aug 17 10:35:55.907351 np0000007490 nova-scheduler[93530]: DEBUG nova.service [None req-ba2b8dab-8a0b-4190-a688-487bf6fe5e14 None None] Join ServiceGroup membership for this service scheduler {{(pid=93530) start /opt/stack/nova/nova/service.py:288}}
Aug 17 10:35:55.907769 np0000007490 nova-scheduler[93530]: DEBUG nova.servicegroup.drivers.db [None req-ba2b8dab-8a0b-4190-a688-487bf6fe5e14 None None] DB_Driver: join new ServiceGroup member np0000007490 to the scheduler group, service = {{(pid=93530) join /opt/stack/nova/nova/servicegroup/drivers/db.py:44}}
Aug 17 10:36:00.916530 np0000007490 nova-scheduler[93547]: DEBUG oslo.service.backend._threading.loopingcall [-] Fixed interval looping call 'nova.servicegroup.drivers.db.DbDriver._report_state' sleeping for 119.99 seconds {{(pid=93547) _run_loop /opt/stack/data/venv/lib/python3.12/site-packages/oslo_service/backend/_threading/loopingcall.py:125}}
Aug 17 10:36:00.917468 np0000007490 nova-scheduler[93561]: DEBUG oslo.service.backend._threading.loopingcall [-] Fixed interval looping call 'nova.servicegroup.drivers.db.DbDriver._report_state' sleeping for 119.99 seconds {{(pid=93561) _run_loop /opt/stack/data/venv/lib/python3.12/site-packages/oslo_service/backend/_threading/loopingcall.py:125}}
Aug 17 10:36:00.918022 np0000007490 nova-scheduler[93530]: DEBUG oslo.service.backend._threading.loopingcall [-] Fixed interval looping call 'nova.servicegroup.drivers.db.DbDriver._report_state' sleeping for 119.99 seconds {{(pid=93530) _run_loop /opt/stack/data/venv/lib/python3.12/site-packages/oslo_service/backend/_threading/loopingcall.py:125}}
Aug 17 10:36:04.506151 np0000007490 nova-scheduler[92271]: DEBUG dbcounter [-] [92271] Writing DB stats nova_api:SELECT=3 {{(pid=92271) stat_writer /opt/stack/data/venv/lib/python3.12/site-packages/dbcounter.py:115}}
Aug 17 10:36:04.623209 np0000007490 nova-scheduler[92271]: DEBUG dbcounter [-] [92271] Writing DB stats nova_cell1:SELECT=1 {{(pid=92271) stat_writer /opt/stack/data/venv/lib/python3.12/site-packages/dbcounter.py:115}}
Aug 17 10:36:04.630764 np0000007490 nova-scheduler[92271]: DEBUG dbcounter [-] [92271] Writing DB stats nova_cell0:SELECT=1 {{(pid=92271) stat_writer /opt/stack/data/venv/lib/python3.12/site-packages/dbcounter.py:115}}
Aug 17 10:36:10.913588 np0000007490 nova-scheduler[93547]: DEBUG dbcounter [-] [93547] Writing DB stats nova_cell0:SELECT=3,nova_cell0:UPDATE=1 {{(pid=93547) stat_writer /opt/stack/data/venv/lib/python3.12/site-packages/dbcounter.py:115}}
Aug 17 10:36:10.914126 np0000007490 nova-scheduler[93561]: DEBUG dbcounter [-] [93561] Writing DB stats nova_cell0:SELECT=4,nova_cell0:INSERT=1,nova_cell0:UPDATE=1 {{(pid=93561) stat_writer /opt/stack/data/venv/lib/python3.12/site-packages/dbcounter.py:115}}
Aug 17 10:36:10.917019 np0000007490 nova-scheduler[93530]: DEBUG dbcounter [-] [93530] Writing DB stats nova_cell0:SELECT=4,nova_cell0:INSERT=1,nova_cell0:UPDATE=1 {{(pid=93530) stat_writer /opt/stack/data/venv/lib/python3.12/site-packages/dbcounter.py:115}}
Aug 17 10:36:23.909842 np0000007490 nova-scheduler[93530]: DEBUG oslo.service.backend._threading.loopingcall [None req-f261615e-8dee-4eb2-8452-d2eb96a7de47 None None] Dynamic interval looping call 'nova.service.Service.periodic_tasks' sleeping for 60.00 seconds {{(pid=93530) _run_loop /opt/stack/data/venv/lib/python3.12/site-packages/oslo_service/backend/_threading/loopingcall.py:125}}
Aug 17 10:36:28.909172 np0000007490 nova-scheduler[93561]: DEBUG oslo.service.backend._threading.loopingcall [None req-77c5acdb-f048-4701-b7f2-e97853d7a255 None None] Dynamic interval looping call 'nova.service.Service.periodic_tasks' sleeping for 60.00 seconds {{(pid=93561) _run_loop /opt/stack/data/venv/lib/python3.12/site-packages/oslo_service/backend/_threading/loopingcall.py:125}}
Aug 17 10:36:36.903676 np0000007490 nova-scheduler[93547]: DEBUG oslo.service.backend._threading.loopingcall [None req-ccc510c3-9b96-4d8e-9fbd-5b605ce3463f None None] Dynamic interval looping call 'nova.service.Service.periodic_tasks' sleeping for 60.00 seconds {{(pid=93547) _run_loop /opt/stack/data/venv/lib/python3.12/site-packages/oslo_service/backend/_threading/loopingcall.py:125}}
Aug 17 10:37:23.910454 np0000007490 nova-scheduler[93530]: DEBUG oslo.service.backend._threading.loopingcall [None req-f261615e-8dee-4eb2-8452-d2eb96a7de47 None None] Dynamic interval looping call 'nova.service.Service.periodic_tasks' sleeping for 60.00 seconds {{(pid=93530) _run_loop /opt/stack/data/venv/lib/python3.12/site-packages/oslo_service/backend/_threading/loopingcall.py:125}}
Aug 17 10:37:28.909635 np0000007490 nova-scheduler[93561]: DEBUG oslo.service.backend._threading.loopingcall [None req-77c5acdb-f048-4701-b7f2-e97853d7a255 None None] Dynamic interval looping call 'nova.service.Service.periodic_tasks' sleeping for 60.00 seconds {{(pid=93561) _run_loop /opt/stack/data/venv/lib/python3.12/site-packages/oslo_service/backend/_threading/loopingcall.py:125}}
Aug 17 10:37:36.904144 np0000007490 nova-scheduler[93547]: DEBUG oslo.service.backend._threading.loopingcall [None req-ccc510c3-9b96-4d8e-9fbd-5b605ce3463f None None] Dynamic interval looping call 'nova.service.Service.periodic_tasks' sleeping for 60.00 seconds {{(pid=93547) _run_loop /opt/stack/data/venv/lib/python3.12/site-packages/oslo_service/backend/_threading/loopingcall.py:125}}
Aug 17 10:38:00.915685 np0000007490 nova-scheduler[93561]: DEBUG oslo.service.backend._threading.loopingcall [-] Fixed interval looping call 'nova.servicegroup.drivers.db.DbDriver._report_state' sleeping for 119.99 seconds {{(pid=93561) _run_loop /opt/stack/data/venv/lib/python3.12/site-packages/oslo_service/backend/_threading/loopingcall.py:125}}
Aug 17 10:38:00.916260 np0000007490 nova-scheduler[93547]: DEBUG oslo.service.backend._threading.loopingcall [-] Fixed interval looping call 'nova.servicegroup.drivers.db.DbDriver._report_state' sleeping for 119.99 seconds {{(pid=93547) _run_loop /opt/stack/data/venv/lib/python3.12/site-packages/oslo_service/backend/_threading/loopingcall.py:125}}
Aug 17 10:38:00.916612 np0000007490 nova-scheduler[93530]: DEBUG oslo.service.backend._threading.loopingcall [-] Fixed interval looping call 'nova.servicegroup.drivers.db.DbDriver._report_state' sleeping for 119.99 seconds {{(pid=93530) _run_loop /opt/stack/data/venv/lib/python3.12/site-packages/oslo_service/backend/_threading/loopingcall.py:125}}
Aug 17 10:38:10.912651 np0000007490 nova-scheduler[93561]: DEBUG dbcounter [-] [93561] Writing DB stats nova_cell0:SELECT=1,nova_cell0:UPDATE=1 {{(pid=93561) stat_writer /opt/stack/data/venv/lib/python3.12/site-packages/dbcounter.py:115}}
Aug 17 10:38:10.914204 np0000007490 nova-scheduler[93547]: DEBUG dbcounter [-] [93547] Writing DB stats nova_cell0:SELECT=1,nova_cell0:UPDATE=1 {{(pid=93547) stat_writer /opt/stack/data/venv/lib/python3.12/site-packages/dbcounter.py:115}}
Aug 17 10:38:10.915321 np0000007490 nova-scheduler[93530]: DEBUG dbcounter [-] [93530] Writing DB stats nova_cell0:SELECT=1,nova_cell0:UPDATE=1 {{(pid=93530) stat_writer /opt/stack/data/venv/lib/python3.12/site-packages/dbcounter.py:115}}
Aug 17 10:38:18.388482 np0000007490 nova-scheduler[93547]: DEBUG nova.scheduler.manager [None req-775abba3-28d2-4434-8fd2-44cc4404797d tempest-ServerActionsTestOtherA-1936116704 tempest-ServerActionsTestOtherA-1936116704-project-member] Starting to schedule for instances: ['08613bbd-6519-45bb-bc72-a5f68edd5e06'] {{(pid=93547) select_destinations /opt/stack/nova/nova/scheduler/manager.py:197}}
Aug 17 10:38:18.389049 np0000007490 nova-scheduler[93547]: DEBUG nova.scheduler.request_filter [None req-775abba3-28d2-4434-8fd2-44cc4404797d tempest-ServerActionsTestOtherA-1936116704 tempest-ServerActionsTestOtherA-1936116704-project-member] compute_status_filter request filter added forbidden trait COMPUTE_STATUS_DISABLED {{(pid=93547) compute_status_filter /opt/stack/nova/nova/scheduler/request_filter.py:253}}
Aug 17 10:38:18.389251 np0000007490 nova-scheduler[93547]: DEBUG nova.scheduler.request_filter [None req-775abba3-28d2-4434-8fd2-44cc4404797d tempest-ServerActionsTestOtherA-1936116704 tempest-ServerActionsTestOtherA-1936116704-project-member] Request filter 'compute_status_filter' took 0.0 seconds {{(pid=93547) wrapper /opt/stack/nova/nova/scheduler/request_filter.py:46}}
Aug 17 10:38:18.389533 np0000007490 nova-scheduler[93547]: DEBUG nova.scheduler.request_filter [None req-775abba3-28d2-4434-8fd2-44cc4404797d tempest-ServerActionsTestOtherA-1936116704 tempest-ServerActionsTestOtherA-1936116704-project-member] Request filter 'accelerators_filter' took 0.0 seconds {{(pid=93547) wrapper /opt/stack/nova/nova/scheduler/request_filter.py:46}}
Aug 17 10:38:18.389777 np0000007490 nova-scheduler[93547]: DEBUG nova.scheduler.request_filter [None req-775abba3-28d2-4434-8fd2-44cc4404797d tempest-ServerActionsTestOtherA-1936116704 tempest-ServerActionsTestOtherA-1936116704-project-member] Request filter 'packed_virtqueue_filter' took 0.0 seconds {{(pid=93547) wrapper /opt/stack/nova/nova/scheduler/request_filter.py:46}}
Aug 17 10:38:18.390436 np0000007490 nova-scheduler[93547]: DEBUG nova.scheduler.request_filter [None req-775abba3-28d2-4434-8fd2-44cc4404797d tempest-ServerActionsTestOtherA-1936116704 tempest-ServerActionsTestOtherA-1936116704-project-member] Request filter 'remote_managed_ports_filter' took 0.0 seconds {{(pid=93547) wrapper /opt/stack/nova/nova/scheduler/request_filter.py:46}}
Aug 17 10:38:18.390904 np0000007490 nova-scheduler[93547]: DEBUG nova.scheduler.request_filter [None req-775abba3-28d2-4434-8fd2-44cc4404797d tempest-ServerActionsTestOtherA-1936116704 tempest-ServerActionsTestOtherA-1936116704-project-member] ephemeral_encryption_filter skipped {{(pid=93547) ephemeral_encryption_filter /opt/stack/nova/nova/scheduler/request_filter.py:426}}
Aug 17 10:38:18.391078 np0000007490 nova-scheduler[93547]: DEBUG nova.scheduler.request_filter [None req-775abba3-28d2-4434-8fd2-44cc4404797d tempest-ServerActionsTestOtherA-1936116704 tempest-ServerActionsTestOtherA-1936116704-project-member] virtio_sound_filter skipped {{(pid=93547) virtio_sound_filter /opt/stack/nova/nova/scheduler/request_filter.py:460}}
Aug 17 10:38:18.391296 np0000007490 nova-scheduler[93547]: DEBUG nova.scheduler.request_filter [None req-775abba3-28d2-4434-8fd2-44cc4404797d tempest-ServerActionsTestOtherA-1936116704 tempest-ServerActionsTestOtherA-1936116704-project-member] tpm_secret_security_filter skipped {{(pid=93547) tpm_secret_security_filter /opt/stack/nova/nova/scheduler/request_filter.py:477}}
Aug 17 10:38:19.035981 np0000007490 nova-scheduler[93547]: INFO nova.utils [None req-775abba3-28d2-4434-8fd2-44cc4404797d tempest-ServerActionsTestOtherA-1936116704 tempest-ServerActionsTestOtherA-1936116704-project-member] The cell worker thread pool ForkProcess-2.cell_worker is initialized
Aug 17 10:38:19.036443 np0000007490 nova-scheduler[93547]: DEBUG oslo_concurrency.lockutils [None req-775abba3-28d2-4434-8fd2-44cc4404797d tempest-ServerActionsTestOtherA-1936116704 tempest-ServerActionsTestOtherA-1936116704-project-member] Acquiring lock "1b5ec65a-3193-46ee-b4e9-f000b8142e75" by "nova.context.set_target_cell..get_or_set_cached_cell_and_set_connections" {{(pid=93547) inner /opt/stack/data/venv/lib/python3.12/site-packages/oslo_concurrency/lockutils.py:512}}
Aug 17 10:38:19.036683 np0000007490 nova-scheduler[93547]: DEBUG oslo_concurrency.lockutils [None req-775abba3-28d2-4434-8fd2-44cc4404797d tempest-ServerActionsTestOtherA-1936116704 tempest-ServerActionsTestOtherA-1936116704-project-member] Lock "1b5ec65a-3193-46ee-b4e9-f000b8142e75" acquired by "nova.context.set_target_cell..get_or_set_cached_cell_and_set_connections" :: waited 0.000s {{(pid=93547) inner /opt/stack/data/venv/lib/python3.12/site-packages/oslo_concurrency/lockutils.py:525}}
Aug 17 10:38:19.038471 np0000007490 nova-scheduler[93547]: DEBUG oslo_concurrency.lockutils [None req-775abba3-28d2-4434-8fd2-44cc4404797d tempest-ServerActionsTestOtherA-1936116704 tempest-ServerActionsTestOtherA-1936116704-project-member] Lock "1b5ec65a-3193-46ee-b4e9-f000b8142e75" "released" by "nova.context.set_target_cell..get_or_set_cached_cell_and_set_connections" :: held 0.002s {{(pid=93547) inner /opt/stack/data/venv/lib/python3.12/site-packages/oslo_concurrency/lockutils.py:544}}
Aug 17 10:38:19.041044 np0000007490 nova-scheduler[93547]: INFO dbcounter [None req-775abba3-28d2-4434-8fd2-44cc4404797d tempest-ServerActionsTestOtherA-1936116704 tempest-ServerActionsTestOtherA-1936116704-project-member] Registered counter for database nova_cell1
Aug 17 10:38:19.076222 np0000007490 nova-scheduler[93547]: DEBUG oslo_db.sqlalchemy.engines [None req-775abba3-28d2-4434-8fd2-44cc4404797d tempest-ServerActionsTestOtherA-1936116704 tempest-ServerActionsTestOtherA-1936116704-project-member] MySQL server mode set to STRICT_TRANS_TABLES,STRICT_ALL_TABLES,NO_ZERO_IN_DATE,NO_ZERO_DATE,ERROR_FOR_DIVISION_BY_ZERO,TRADITIONAL,NO_ENGINE_SUBSTITUTION {{(pid=93547) _check_effective_sql_mode /opt/stack/data/venv/lib/python3.12/site-packages/oslo_db/sqlalchemy/engines.py:325}}
Aug 17 10:38:19.084568 np0000007490 nova-scheduler[93547]: DEBUG dbcounter [-] [93547] Writer thread running {{(pid=93547) stat_writer /opt/stack/data/venv/lib/python3.12/site-packages/dbcounter.py:102}}
Aug 17 10:38:19.099991 np0000007490 nova-scheduler[93547]: DEBUG oslo_db.sqlalchemy.engines [None req-775abba3-28d2-4434-8fd2-44cc4404797d tempest-ServerActionsTestOtherA-1936116704 tempest-ServerActionsTestOtherA-1936116704-project-member] Parent process 92271 forked (93547) with an open database connection, which is being discarded and recreated. {{(pid=93547) checkout /opt/stack/data/venv/lib/python3.12/site-packages/oslo_db/sqlalchemy/engines.py:402}}
Aug 17 10:38:19.145194 np0000007490 nova-scheduler[93547]: DEBUG dbcounter [-] [93547] Writer thread running {{(pid=93547) stat_writer /opt/stack/data/venv/lib/python3.12/site-packages/dbcounter.py:102}}
Aug 17 10:38:19.150556 np0000007490 nova-scheduler[93547]: DEBUG oslo_concurrency.lockutils [None req-775abba3-28d2-4434-8fd2-44cc4404797d tempest-ServerActionsTestOtherA-1936116704 tempest-ServerActionsTestOtherA-1936116704-project-member] Acquiring lock "1b5ec65a-3193-46ee-b4e9-f000b8142e75" by "nova.context.set_target_cell..get_or_set_cached_cell_and_set_connections" {{(pid=93547) inner /opt/stack/data/venv/lib/python3.12/site-packages/oslo_concurrency/lockutils.py:512}}
Aug 17 10:38:19.150740 np0000007490 nova-scheduler[93547]: DEBUG oslo_concurrency.lockutils [None req-775abba3-28d2-4434-8fd2-44cc4404797d tempest-ServerActionsTestOtherA-1936116704 tempest-ServerActionsTestOtherA-1936116704-project-member] Lock "1b5ec65a-3193-46ee-b4e9-f000b8142e75" acquired by "nova.context.set_target_cell..get_or_set_cached_cell_and_set_connections" :: waited 0.000s {{(pid=93547) inner /opt/stack/data/venv/lib/python3.12/site-packages/oslo_concurrency/lockutils.py:525}}
Aug 17 10:38:19.150925 np0000007490 nova-scheduler[93547]: DEBUG oslo_concurrency.lockutils [None req-775abba3-28d2-4434-8fd2-44cc4404797d tempest-ServerActionsTestOtherA-1936116704 tempest-ServerActionsTestOtherA-1936116704-project-member] Lock "1b5ec65a-3193-46ee-b4e9-f000b8142e75" "released" by "nova.context.set_target_cell..get_or_set_cached_cell_and_set_connections" :: held 0.000s {{(pid=93547) inner /opt/stack/data/venv/lib/python3.12/site-packages/oslo_concurrency/lockutils.py:544}}
Aug 17 10:38:19.157907 np0000007490 nova-scheduler[93547]: DEBUG oslo_concurrency.lockutils [None req-775abba3-28d2-4434-8fd2-44cc4404797d tempest-ServerActionsTestOtherA-1936116704 tempest-ServerActionsTestOtherA-1936116704-project-member] Acquiring lock "np0000007490-np0000007490" by "nova.scheduler.host_manager.HostState.update.._locked_update" {{(pid=93547) inner /opt/stack/data/venv/lib/python3.12/site-packages/oslo_concurrency/lockutils.py:512}}
Aug 17 10:38:19.158157 np0000007490 nova-scheduler[93547]: DEBUG oslo_concurrency.lockutils [None req-775abba3-28d2-4434-8fd2-44cc4404797d tempest-ServerActionsTestOtherA-1936116704 tempest-ServerActionsTestOtherA-1936116704-project-member] Lock "np0000007490-np0000007490" acquired by "nova.scheduler.host_manager.HostState.update.._locked_update" :: waited 0.000s {{(pid=93547) inner /opt/stack/data/venv/lib/python3.12/site-packages/oslo_concurrency/lockutils.py:525}}
Aug 17 10:38:19.159077 np0000007490 nova-scheduler[93547]: DEBUG nova.scheduler.host_manager [None req-775abba3-28d2-4434-8fd2-44cc4404797d tempest-ServerActionsTestOtherA-1936116704 tempest-ServerActionsTestOtherA-1936116704-project-member] Update host state from compute node: ComputeNode(cpu_allocation_ratio=4.0,cpu_info='{"arch": "x86_64", "model": "EPYC-Milan", "vendor": "AMD", "topology": {"cells": 1, "sockets": 16, "cores": 1, "threads": 1}, "maxphysaddr": {"mode": "emulate", "bits": 40}, "features": ["vmcb-clean", "tsc", "sha-ni", "clflush", "mtrr", "rdseed", "apic", "topoext", "amd-stibp", "rdpid", "arch-capabilities", "vme", "lbrv", "fxsr_opt", "v-vmsave-vmload", "cx16", "hypervisor", "sep", "vpclmulqdq", "ibpb", "popcnt", "tsc_adjust", "smap", "mmxext", "sse2", "xsaves", "xsaveerptr", "svm", "smep", "perfctr_core", "fxsr", "xgetbv1", "xsaveopt", "rdrand", "movbe", "pae", "pfthreshold", "clflushopt", "pge", "stibp-always-on", "sse4.2", "rdctl-no", "lm", "msr", "cmov", "clwb", "pclmuldq", "pcid", "clzero", "stibp", "mds-no", "npt", "fsgsbase", "f16c", "lfence-always-serializing", "xsave", "nx", "fpu", "pat", "fsrm", "spec-ctrl", "pni", "pschange-mc-no", "skip-l1dfl-vmentry", "tsc-scale", "sse", "adx", "virt-ssbd", "null-sel-clr-base", "cr8legacy", "ibrs", "pause-filter", "flushbyasid", "cmp_legacy", "sse4a", "nrip-save", "x2apic", "misalignsse", "no-nested-data-bp", "3dnowprefetch", "cx8", "vgif", "pse", "ssbd", "avx2", "lahf_lm", "pku", "wbnoinvd", "ssse3", "amd-psfd", "pse36", "rdtscp", "tsc-deadline", "arat", "osvw", "syscall", "invpcid", "mce", "amd-ssbd", "aes", "vaes", "umip", "erms", "mca", "svme-addr-chk", "sse4.1", "bmi1", "de", "xsavec", "bmi2", "abm", "fma", "mmx", "avx", "gds-no", "pdpe1gb"]}',created_at=2026-08-17T10:36:17Z,current_workload=0,deleted=False,deleted_at=None,disk_allocation_ratio=1.0,disk_available_least=73,free_disk_gb=95,free_ram_mb=62765,host='np0000007490',host_ip=10.4.3.15,hypervisor_hostname='np0000007490',hypervisor_type='QEMU',hypervisor_version=8002002,id=1,local_gb=95,local_gb_used=0,mapped=1,memory_mb=63277,memory_mb_used=512,metrics='[]',numa_topology='{"nova_object.name": "NUMATopology", "nova_object.namespace": "nova", "nova_object.version": "1.2", "nova_object.data": {"cells": [{"nova_object.name": "NUMACell", "nova_object.namespace": "nova", "nova_object.version": "1.5", "nova_object.data": {"id": 0, "cpuset": [0, 1, 2, 3, 4, 5, 6, 7, 8, 9, 10, 11, 12, 13, 14, 15], "pcpuset": [0, 1, 2, 3, 4, 5, 6, 7, 8, 9, 10, 11, 12, 13, 14, 15], "memory": 63277, "cpu_usage": 0, "memory_usage": 0, "pinned_cpus": [], "siblings": [[6], [12], [2], [15], [5], [11], [8], [14], [4], [1], [7], [10], [0], [13], [3], [9]], "mempages": [{"nova_object.name": "NUMAPagesTopology", "nova_object.namespace": "nova", "nova_object.version": "1.1", "nova_object.data": {"size_kb": 4, "total": 16177928, "used": 0, "reserved": 0}, "nova_object.changes": ["size_kb", "reserved", "total", "used"]}, {"nova_object.name": "NUMAPagesTopology", "nova_object.namespace": "nova", "nova_object.version": "1.1", "nova_object.data": {"size_kb": 2048, "total": 41, "used": 0, "reserved": 0}, "nova_object.changes": ["size_kb", "reserved", "total", "used"]}, {"nova_object.name": "NUMAPagesTopology", "nova_object.namespace": "nova", "nova_object.version": "1.1", "nova_object.data": {"size_kb": 1048576, "total": 0, "used": 0, "reserved": 0}, "nova_object.changes": ["size_kb", "reserved", "total", "used"]}], "network_metadata": {"nova_object.name": "NetworkMetadata", "nova_object.namespace": "nova", "nova_object.version": "1.0", "nova_object.data": {"physnets": [], "tunneled": false}, "nova_object.changes": ["physnets", "tunneled"]}, "socket": null}, "nova_object.changes": ["pinned_cpus", "siblings", "memory_usage", "socket", "mempages", "cpu_usage", "pcpuset", "cpuset", "network_metadata", "memory", "id"]}]}, "nova_object.changes": ["cells"]}',pci_device_pools=PciDevicePoolList,ram_allocation_ratio=1.0,running_vms=0,service_id=2,stats={failed_builds='0',uptime=' 10:38:04 up 13 min, 2 users, load average: 1.80, 1.46, 0.80
Aug 17 10:38:19.159077 np0000007490 nova-scheduler[93547]: '},supported_hv_specs=[HVSpec,HVSpec,HVSpec,HVSpec,HVSpec,HVSpec,HVSpec,HVSpec,HVSpec,HVSpec,HVSpec,HVSpec,HVSpec,HVSpec,HVSpec,HVSpec,HVSpec,HVSpec,HVSpec,HVSpec,HVSpec,HVSpec,HVSpec,HVSpec,HVSpec],updated_at=2026-08-17T10:38:05Z,uuid=5d3d43ea-5aef-4fa0-ab97-c5047dbac94c,vcpus=16,vcpus_used=0) {{(pid=93547) _locked_update /opt/stack/nova/nova/scheduler/host_manager.py:168}}
Aug 17 10:38:19.160108 np0000007490 nova-scheduler[93547]: DEBUG nova.scheduler.host_manager [None req-775abba3-28d2-4434-8fd2-44cc4404797d tempest-ServerActionsTestOtherA-1936116704 tempest-ServerActionsTestOtherA-1936116704-project-member] Update host state with aggregates: [] {{(pid=93547) _locked_update /opt/stack/nova/nova/scheduler/host_manager.py:171}}
Aug 17 10:38:19.160251 np0000007490 nova-scheduler[93547]: DEBUG nova.scheduler.host_manager [None req-775abba3-28d2-4434-8fd2-44cc4404797d tempest-ServerActionsTestOtherA-1936116704 tempest-ServerActionsTestOtherA-1936116704-project-member] Update host state with service dict: {'id': 2, 'uuid': 'f74453f3-a14c-45c4-9100-70881779a302', 'host': 'np0000007490', 'binary': 'nova-compute', 'topic': 'compute', 'report_count': 1, 'disabled': False, 'disabled_reason': None, 'last_seen_up': datetime.datetime(2026, 8, 17, 10, 36, 23, tzinfo=datetime.timezone.utc), 'forced_down': False, 'version': 72, 'created_at': datetime.datetime(2026, 8, 17, 10, 36, 17, tzinfo=datetime.timezone.utc), 'updated_at': datetime.datetime(2026, 8, 17, 10, 36, 23, tzinfo=datetime.timezone.utc), 'deleted_at': None, 'deleted': False} {{(pid=93547) _locked_update /opt/stack/nova/nova/scheduler/host_manager.py:174}}
Aug 17 10:38:19.160418 np0000007490 nova-scheduler[93547]: DEBUG nova.scheduler.host_manager [None req-775abba3-28d2-4434-8fd2-44cc4404797d tempest-ServerActionsTestOtherA-1936116704 tempest-ServerActionsTestOtherA-1936116704-project-member] Update host state with instances: [] {{(pid=93547) _locked_update /opt/stack/nova/nova/scheduler/host_manager.py:177}}
Aug 17 10:38:19.160588 np0000007490 nova-scheduler[93547]: DEBUG oslo_concurrency.lockutils [None req-775abba3-28d2-4434-8fd2-44cc4404797d tempest-ServerActionsTestOtherA-1936116704 tempest-ServerActionsTestOtherA-1936116704-project-member] Lock "np0000007490-np0000007490" "released" by "nova.scheduler.host_manager.HostState.update.._locked_update" :: held 0.002s {{(pid=93547) inner /opt/stack/data/venv/lib/python3.12/site-packages/oslo_concurrency/lockutils.py:544}}
Aug 17 10:38:19.161192 np0000007490 nova-scheduler[93547]: DEBUG nova.filters [None req-775abba3-28d2-4434-8fd2-44cc4404797d tempest-ServerActionsTestOtherA-1936116704 tempest-ServerActionsTestOtherA-1936116704-project-member] Starting with 1 host(s) {{(pid=93547) get_filtered_objects /opt/stack/nova/nova/filters.py:70}}
Aug 17 10:38:19.161504 np0000007490 nova-scheduler[93547]: DEBUG nova.filters [None req-775abba3-28d2-4434-8fd2-44cc4404797d tempest-ServerActionsTestOtherA-1936116704 tempest-ServerActionsTestOtherA-1936116704-project-member] Filter ComputeFilter returned 1 host(s) {{(pid=93547) get_filtered_objects /opt/stack/nova/nova/filters.py:102}}
Aug 17 10:38:19.161713 np0000007490 nova-scheduler[93547]: DEBUG nova.filters [None req-775abba3-28d2-4434-8fd2-44cc4404797d tempest-ServerActionsTestOtherA-1936116704 tempest-ServerActionsTestOtherA-1936116704-project-member] Filter ComputeCapabilitiesFilter returned 1 host(s) {{(pid=93547) get_filtered_objects /opt/stack/nova/nova/filters.py:102}}
Aug 17 10:38:19.161991 np0000007490 nova-scheduler[93547]: DEBUG nova.filters [None req-775abba3-28d2-4434-8fd2-44cc4404797d tempest-ServerActionsTestOtherA-1936116704 tempest-ServerActionsTestOtherA-1936116704-project-member] Filter ImagePropertiesFilter returned 1 host(s) {{(pid=93547) get_filtered_objects /opt/stack/nova/nova/filters.py:102}}
Aug 17 10:38:19.162190 np0000007490 nova-scheduler[93547]: DEBUG nova.filters [None req-775abba3-28d2-4434-8fd2-44cc4404797d tempest-ServerActionsTestOtherA-1936116704 tempest-ServerActionsTestOtherA-1936116704-project-member] Filter ServerGroupAntiAffinityFilter returned 1 host(s) {{(pid=93547) get_filtered_objects /opt/stack/nova/nova/filters.py:102}}
Aug 17 10:38:19.162381 np0000007490 nova-scheduler[93547]: DEBUG nova.filters [None req-775abba3-28d2-4434-8fd2-44cc4404797d tempest-ServerActionsTestOtherA-1936116704 tempest-ServerActionsTestOtherA-1936116704-project-member] Filter ServerGroupAffinityFilter returned 1 host(s) {{(pid=93547) get_filtered_objects /opt/stack/nova/nova/filters.py:102}}
Aug 17 10:38:19.162569 np0000007490 nova-scheduler[93547]: DEBUG nova.filters [None req-775abba3-28d2-4434-8fd2-44cc4404797d tempest-ServerActionsTestOtherA-1936116704 tempest-ServerActionsTestOtherA-1936116704-project-member] Filter SameHostFilter returned 1 host(s) {{(pid=93547) get_filtered_objects /opt/stack/nova/nova/filters.py:102}}
Aug 17 10:38:19.162753 np0000007490 nova-scheduler[93547]: DEBUG nova.filters [None req-775abba3-28d2-4434-8fd2-44cc4404797d tempest-ServerActionsTestOtherA-1936116704 tempest-ServerActionsTestOtherA-1936116704-project-member] Filter DifferentHostFilter returned 1 host(s) {{(pid=93547) get_filtered_objects /opt/stack/nova/nova/filters.py:102}}
Aug 17 10:38:19.162856 np0000007490 nova-scheduler[93547]: DEBUG nova.scheduler.manager [None req-775abba3-28d2-4434-8fd2-44cc4404797d tempest-ServerActionsTestOtherA-1936116704 tempest-ServerActionsTestOtherA-1936116704-project-member] Filtered [(np0000007490, np0000007490) ram: 62765MB disk: 74752MB io_ops: 0 instances: 0, allocation_candidates: 1] {{(pid=93547) _get_sorted_hosts /opt/stack/nova/nova/scheduler/manager.py:730}}
Aug 17 10:38:19.163022 np0000007490 nova-scheduler[93547]: DEBUG nova.scheduler.manager [None req-775abba3-28d2-4434-8fd2-44cc4404797d tempest-ServerActionsTestOtherA-1936116704 tempest-ServerActionsTestOtherA-1936116704-project-member] Weighed [WeighedHost [host: (np0000007490, np0000007490) ram: 62765MB disk: 74752MB io_ops: 0 instances: 0, allocation_candidates: 1, weight: 0.0]] {{(pid=93547) _get_sorted_hosts /opt/stack/nova/nova/scheduler/manager.py:752}}
Aug 17 10:38:19.163190 np0000007490 nova-scheduler[93547]: DEBUG nova.scheduler.utils [None req-775abba3-28d2-4434-8fd2-44cc4404797d tempest-ServerActionsTestOtherA-1936116704 tempest-ServerActionsTestOtherA-1936116704-project-member] Attempting to claim resources in the placement API for instance 08613bbd-6519-45bb-bc72-a5f68edd5e06 {{(pid=93547) claim_resources /opt/stack/nova/nova/scheduler/utils.py:1345}}
Aug 17 10:38:19.343920 np0000007490 nova-scheduler[93547]: DEBUG nova.scheduler.manager [None req-775abba3-28d2-4434-8fd2-44cc4404797d tempest-ServerActionsTestOtherA-1936116704 tempest-ServerActionsTestOtherA-1936116704-project-member] [instance: 08613bbd-6519-45bb-bc72-a5f68edd5e06] Selected host: (np0000007490, np0000007490) ram: 62765MB disk: 74752MB io_ops: 0 instances: 0, allocation_candidates: 1 {{(pid=93547) _consume_selected_host /opt/stack/nova/nova/scheduler/manager.py:612}}
Aug 17 10:38:19.344319 np0000007490 nova-scheduler[93547]: DEBUG oslo_concurrency.lockutils [None req-775abba3-28d2-4434-8fd2-44cc4404797d tempest-ServerActionsTestOtherA-1936116704 tempest-ServerActionsTestOtherA-1936116704-project-member] Acquiring lock "np0000007490-np0000007490" by "nova.scheduler.host_manager.HostState.consume_from_request.._locked" {{(pid=93547) inner /opt/stack/data/venv/lib/python3.12/site-packages/oslo_concurrency/lockutils.py:512}}
Aug 17 10:38:19.346674 np0000007490 nova-scheduler[93547]: DEBUG oslo_concurrency.lockutils [None req-775abba3-28d2-4434-8fd2-44cc4404797d tempest-ServerActionsTestOtherA-1936116704 tempest-ServerActionsTestOtherA-1936116704-project-member] Lock "np0000007490-np0000007490" acquired by "nova.scheduler.host_manager.HostState.consume_from_request.._locked" :: waited 0.002s {{(pid=93547) inner /opt/stack/data/venv/lib/python3.12/site-packages/oslo_concurrency/lockutils.py:525}}
Aug 17 10:38:19.348067 np0000007490 nova-scheduler[93547]: DEBUG oslo_concurrency.lockutils [None req-775abba3-28d2-4434-8fd2-44cc4404797d tempest-ServerActionsTestOtherA-1936116704 tempest-ServerActionsTestOtherA-1936116704-project-member] Lock "np0000007490-np0000007490" "released" by "nova.scheduler.host_manager.HostState.consume_from_request.._locked" :: held 0.001s {{(pid=93547) inner /opt/stack/data/venv/lib/python3.12/site-packages/oslo_concurrency/lockutils.py:544}}
Aug 17 10:38:20.057176 np0000007490 nova-scheduler[93561]: DEBUG nova.scheduler.manager [None req-37c02e93-6fa5-445d-b160-d88517b7862e tempest-ServerActionsTestOtherB-1715825507 tempest-ServerActionsTestOtherB-1715825507-project-member] Starting to schedule for instances: ['1db69c77-1f17-404f-9996-3acbf7177634'] {{(pid=93561) select_destinations /opt/stack/nova/nova/scheduler/manager.py:197}}
Aug 17 10:38:20.057754 np0000007490 nova-scheduler[93561]: DEBUG nova.scheduler.request_filter [None req-37c02e93-6fa5-445d-b160-d88517b7862e tempest-ServerActionsTestOtherB-1715825507 tempest-ServerActionsTestOtherB-1715825507-project-member] compute_status_filter request filter added forbidden trait COMPUTE_STATUS_DISABLED {{(pid=93561) compute_status_filter /opt/stack/nova/nova/scheduler/request_filter.py:253}}
Aug 17 10:38:20.058174 np0000007490 nova-scheduler[93561]: DEBUG nova.scheduler.request_filter [None req-37c02e93-6fa5-445d-b160-d88517b7862e tempest-ServerActionsTestOtherB-1715825507 tempest-ServerActionsTestOtherB-1715825507-project-member] Request filter 'compute_status_filter' took 0.0 seconds {{(pid=93561) wrapper /opt/stack/nova/nova/scheduler/request_filter.py:46}}
Aug 17 10:38:20.058174 np0000007490 nova-scheduler[93561]: DEBUG nova.scheduler.request_filter [None req-37c02e93-6fa5-445d-b160-d88517b7862e tempest-ServerActionsTestOtherB-1715825507 tempest-ServerActionsTestOtherB-1715825507-project-member] Request filter 'accelerators_filter' took 0.0 seconds {{(pid=93561) wrapper /opt/stack/nova/nova/scheduler/request_filter.py:46}}
Aug 17 10:38:20.058359 np0000007490 nova-scheduler[93561]: DEBUG nova.scheduler.request_filter [None req-37c02e93-6fa5-445d-b160-d88517b7862e tempest-ServerActionsTestOtherB-1715825507 tempest-ServerActionsTestOtherB-1715825507-project-member] Request filter 'packed_virtqueue_filter' took 0.0 seconds {{(pid=93561) wrapper /opt/stack/nova/nova/scheduler/request_filter.py:46}}
Aug 17 10:38:20.058635 np0000007490 nova-scheduler[93561]: DEBUG nova.scheduler.request_filter [None req-37c02e93-6fa5-445d-b160-d88517b7862e tempest-ServerActionsTestOtherB-1715825507 tempest-ServerActionsTestOtherB-1715825507-project-member] Request filter 'remote_managed_ports_filter' took 0.0 seconds {{(pid=93561) wrapper /opt/stack/nova/nova/scheduler/request_filter.py:46}}
Aug 17 10:38:20.058828 np0000007490 nova-scheduler[93561]: DEBUG nova.scheduler.request_filter [None req-37c02e93-6fa5-445d-b160-d88517b7862e tempest-ServerActionsTestOtherB-1715825507 tempest-ServerActionsTestOtherB-1715825507-project-member] ephemeral_encryption_filter skipped {{(pid=93561) ephemeral_encryption_filter /opt/stack/nova/nova/scheduler/request_filter.py:426}}
Aug 17 10:38:20.058961 np0000007490 nova-scheduler[93561]: DEBUG nova.scheduler.request_filter [None req-37c02e93-6fa5-445d-b160-d88517b7862e tempest-ServerActionsTestOtherB-1715825507 tempest-ServerActionsTestOtherB-1715825507-project-member] virtio_sound_filter skipped {{(pid=93561) virtio_sound_filter /opt/stack/nova/nova/scheduler/request_filter.py:460}}
Aug 17 10:38:20.059077 np0000007490 nova-scheduler[93561]: DEBUG nova.scheduler.request_filter [None req-37c02e93-6fa5-445d-b160-d88517b7862e tempest-ServerActionsTestOtherB-1715825507 tempest-ServerActionsTestOtherB-1715825507-project-member] tpm_secret_security_filter skipped {{(pid=93561) tpm_secret_security_filter /opt/stack/nova/nova/scheduler/request_filter.py:477}}
