Aug 17 10:36:00.997414 np0000007490 nova-conductor[95882]: DEBUG cotyledon.oslo_config_glue [-] oslo_messaging_rabbit.rabbit_quorum_delivery_limit = 0 {{(pid=95882) log_opt_values /opt/stack/data/venv/lib/python3.12/site-packages/oslo_config/cfg.py:3560}}
Aug 17 10:36:00.997414 np0000007490 nova-conductor[95882]: DEBUG cotyledon.oslo_config_glue [-] oslo_messaging_rabbit.rabbit_quorum_max_memory_bytes = 0 {{(pid=95882) log_opt_values /opt/stack/data/venv/lib/python3.12/site-packages/oslo_config/cfg.py:3560}}
Aug 17 10:36:00.997414 np0000007490 nova-conductor[95882]: DEBUG cotyledon.oslo_config_glue [-] oslo_messaging_rabbit.rabbit_quorum_max_memory_length = 0 {{(pid=95882) log_opt_values /opt/stack/data/venv/lib/python3.12/site-packages/oslo_config/cfg.py:3560}}
Aug 17 10:36:00.997414 np0000007490 nova-conductor[95882]: DEBUG cotyledon.oslo_config_glue [-] oslo_messaging_rabbit.rabbit_quorum_queue = False {{(pid=95882) log_opt_values /opt/stack/data/venv/lib/python3.12/site-packages/oslo_config/cfg.py:3560}}
Aug 17 10:36:00.997414 np0000007490 nova-conductor[95882]: DEBUG cotyledon.oslo_config_glue [-] oslo_messaging_rabbit.rabbit_retry_backoff = 2 {{(pid=95882) log_opt_values /opt/stack/data/venv/lib/python3.12/site-packages/oslo_config/cfg.py:3560}}
Aug 17 10:36:00.997414 np0000007490 nova-conductor[95882]: DEBUG cotyledon.oslo_config_glue [-] oslo_messaging_rabbit.rabbit_retry_interval = 1 {{(pid=95882) log_opt_values /opt/stack/data/venv/lib/python3.12/site-packages/oslo_config/cfg.py:3560}}
Aug 17 10:36:00.997680 np0000007490 nova-conductor[95882]: DEBUG cotyledon.oslo_config_glue [-] oslo_messaging_rabbit.rabbit_stream_fanout = False {{(pid=95882) log_opt_values /opt/stack/data/venv/lib/python3.12/site-packages/oslo_config/cfg.py:3560}}
Aug 17 10:36:00.997680 np0000007490 nova-conductor[95882]: DEBUG cotyledon.oslo_config_glue [-] oslo_messaging_rabbit.rabbit_transient_queues_ttl = 1800 {{(pid=95882) log_opt_values /opt/stack/data/venv/lib/python3.12/site-packages/oslo_config/cfg.py:3560}}
Aug 17 10:36:00.997680 np0000007490 nova-conductor[95882]: DEBUG cotyledon.oslo_config_glue [-] oslo_messaging_rabbit.rabbit_transient_quorum_queue = False {{(pid=95882) log_opt_values /opt/stack/data/venv/lib/python3.12/site-packages/oslo_config/cfg.py:3560}}
Aug 17 10:36:00.997680 np0000007490 nova-conductor[95882]: DEBUG cotyledon.oslo_config_glue [-] oslo_messaging_rabbit.rpc_conn_pool_size = 30 {{(pid=95882) log_opt_values /opt/stack/data/venv/lib/python3.12/site-packages/oslo_config/cfg.py:3560}}
Aug 17 10:36:00.997789 np0000007490 nova-conductor[95892]: INFO dbcounter [None req-c858b195-768e-44b2-a1b2-136416f86fb6 None None] Registered counter for database nova_cell0
Aug 17 10:36:00.997825 np0000007490 nova-conductor[95882]: DEBUG cotyledon.oslo_config_glue [-] oslo_messaging_rabbit.ssl = False {{(pid=95882) log_opt_values /opt/stack/data/venv/lib/python3.12/site-packages/oslo_config/cfg.py:3560}}
Aug 17 10:36:00.997825 np0000007490 nova-conductor[95882]: DEBUG cotyledon.oslo_config_glue [-] oslo_messaging_rabbit.ssl_ca_file = {{(pid=95882) log_opt_values /opt/stack/data/venv/lib/python3.12/site-packages/oslo_config/cfg.py:3560}}
Aug 17 10:36:00.997825 np0000007490 nova-conductor[95882]: DEBUG cotyledon.oslo_config_glue [-] oslo_messaging_rabbit.ssl_cert_file = {{(pid=95882) log_opt_values /opt/stack/data/venv/lib/python3.12/site-packages/oslo_config/cfg.py:3560}}
Aug 17 10:36:00.997825 np0000007490 nova-conductor[95882]: DEBUG cotyledon.oslo_config_glue [-] oslo_messaging_rabbit.ssl_enforce_fips_mode = False {{(pid=95882) log_opt_values /opt/stack/data/venv/lib/python3.12/site-packages/oslo_config/cfg.py:3560}}
Aug 17 10:36:00.997825 np0000007490 nova-conductor[95882]: DEBUG cotyledon.oslo_config_glue [-] oslo_messaging_rabbit.ssl_enforce_hostname_verification = True {{(pid=95882) log_opt_values /opt/stack/data/venv/lib/python3.12/site-packages/oslo_config/cfg.py:3560}}
Aug 17 10:36:00.997825 np0000007490 nova-conductor[95882]: DEBUG cotyledon.oslo_config_glue [-] oslo_messaging_rabbit.ssl_key_file = {{(pid=95882) log_opt_values /opt/stack/data/venv/lib/python3.12/site-packages/oslo_config/cfg.py:3560}}
Aug 17 10:36:00.997825 np0000007490 nova-conductor[95882]: DEBUG cotyledon.oslo_config_glue [-] oslo_messaging_rabbit.ssl_version = {{(pid=95882) log_opt_values /opt/stack/data/venv/lib/python3.12/site-packages/oslo_config/cfg.py:3560}}
Aug 17 10:36:00.997825 np0000007490 nova-conductor[95882]: DEBUG cotyledon.oslo_config_glue [-] oslo_messaging_rabbit.use_queue_manager = False {{(pid=95882) log_opt_values /opt/stack/data/venv/lib/python3.12/site-packages/oslo_config/cfg.py:3560}}
Aug 17 10:36:00.997825 np0000007490 nova-conductor[95882]: DEBUG cotyledon.oslo_config_glue [-] oslo_messaging_notifications.driver = ['messagingv2'] {{(pid=95882) log_opt_values /opt/stack/data/venv/lib/python3.12/site-packages/oslo_config/cfg.py:3560}}
Aug 17 10:36:00.998077 np0000007490 nova-conductor[95882]: DEBUG cotyledon.oslo_config_glue [-] oslo_messaging_notifications.retry = -1 {{(pid=95882) log_opt_values /opt/stack/data/venv/lib/python3.12/site-packages/oslo_config/cfg.py:3560}}
Aug 17 10:36:00.998077 np0000007490 nova-conductor[95882]: DEBUG cotyledon.oslo_config_glue [-] oslo_messaging_notifications.topics = ['notifications'] {{(pid=95882) log_opt_values /opt/stack/data/venv/lib/python3.12/site-packages/oslo_config/cfg.py:3560}}
Aug 17 10:36:00.998077 np0000007490 nova-conductor[95882]: DEBUG cotyledon.oslo_config_glue [-] oslo_messaging_notifications.transport_url = **** {{(pid=95882) log_opt_values /opt/stack/data/venv/lib/python3.12/site-packages/oslo_config/cfg.py:3560}}
Aug 17 10:36:00.998077 np0000007490 nova-conductor[95882]: DEBUG cotyledon.oslo_config_glue [-] oslo_limit.auth_section = None {{(pid=95882) log_opt_values /opt/stack/data/venv/lib/python3.12/site-packages/oslo_config/cfg.py:3560}}
Aug 17 10:36:00.998077 np0000007490 nova-conductor[95882]: DEBUG cotyledon.oslo_config_glue [-] oslo_limit.auth_type = None {{(pid=95882) log_opt_values /opt/stack/data/venv/lib/python3.12/site-packages/oslo_config/cfg.py:3560}}
Aug 17 10:36:00.998077 np0000007490 nova-conductor[95882]: DEBUG cotyledon.oslo_config_glue [-] oslo_limit.cafile = None {{(pid=95882) log_opt_values /opt/stack/data/venv/lib/python3.12/site-packages/oslo_config/cfg.py:3560}}
Aug 17 10:36:00.998077 np0000007490 nova-conductor[95882]: DEBUG cotyledon.oslo_config_glue [-] oslo_limit.certfile = None {{(pid=95882) log_opt_values /opt/stack/data/venv/lib/python3.12/site-packages/oslo_config/cfg.py:3560}}
Aug 17 10:36:00.998077 np0000007490 nova-conductor[95882]: DEBUG cotyledon.oslo_config_glue [-] oslo_limit.collect_timing = False {{(pid=95882) log_opt_values /opt/stack/data/venv/lib/python3.12/site-packages/oslo_config/cfg.py:3560}}
Aug 17 10:36:00.998077 np0000007490 nova-conductor[95882]: DEBUG cotyledon.oslo_config_glue [-] oslo_limit.connect_retries = None {{(pid=95882) log_opt_values /opt/stack/data/venv/lib/python3.12/site-packages/oslo_config/cfg.py:3560}}
Aug 17 10:36:00.998378 np0000007490 nova-conductor[95882]: DEBUG cotyledon.oslo_config_glue [-] oslo_limit.connect_retry_delay = None {{(pid=95882) log_opt_values /opt/stack/data/venv/lib/python3.12/site-packages/oslo_config/cfg.py:3560}}
Aug 17 10:36:00.998378 np0000007490 nova-conductor[95882]: DEBUG cotyledon.oslo_config_glue [-] oslo_limit.endpoint_id = None {{(pid=95882) log_opt_values /opt/stack/data/venv/lib/python3.12/site-packages/oslo_config/cfg.py:3560}}
Aug 17 10:36:00.998378 np0000007490 nova-conductor[95882]: DEBUG cotyledon.oslo_config_glue [-] oslo_limit.endpoint_interface = public {{(pid=95882) log_opt_values /opt/stack/data/venv/lib/python3.12/site-packages/oslo_config/cfg.py:3560}}
Aug 17 10:36:00.998378 np0000007490 nova-conductor[95882]: DEBUG cotyledon.oslo_config_glue [-] oslo_limit.endpoint_override = None {{(pid=95882) log_opt_values /opt/stack/data/venv/lib/python3.12/site-packages/oslo_config/cfg.py:3560}}
Aug 17 10:36:00.998378 np0000007490 nova-conductor[95882]: DEBUG cotyledon.oslo_config_glue [-] oslo_limit.endpoint_region_name = None {{(pid=95882) log_opt_values /opt/stack/data/venv/lib/python3.12/site-packages/oslo_config/cfg.py:3560}}
Aug 17 10:36:00.998378 np0000007490 nova-conductor[95882]: DEBUG cotyledon.oslo_config_glue [-] oslo_limit.endpoint_service_name = None {{(pid=95882) log_opt_values /opt/stack/data/venv/lib/python3.12/site-packages/oslo_config/cfg.py:3560}}
Aug 17 10:36:00.998378 np0000007490 nova-conductor[95882]: DEBUG cotyledon.oslo_config_glue [-] oslo_limit.endpoint_service_type = None {{(pid=95882) log_opt_values /opt/stack/data/venv/lib/python3.12/site-packages/oslo_config/cfg.py:3560}}
Aug 17 10:36:00.998378 np0000007490 nova-conductor[95882]: DEBUG cotyledon.oslo_config_glue [-] oslo_limit.insecure = False {{(pid=95882) log_opt_values /opt/stack/data/venv/lib/python3.12/site-packages/oslo_config/cfg.py:3560}}
Aug 17 10:36:00.998378 np0000007490 nova-conductor[95882]: DEBUG cotyledon.oslo_config_glue [-] oslo_limit.keyfile = None {{(pid=95882) log_opt_values /opt/stack/data/venv/lib/python3.12/site-packages/oslo_config/cfg.py:3560}}
Aug 17 10:36:00.998552 np0000007490 nova-conductor[95882]: DEBUG cotyledon.oslo_config_glue [-] oslo_limit.max_version = None {{(pid=95882) log_opt_values /opt/stack/data/venv/lib/python3.12/site-packages/oslo_config/cfg.py:3560}}
Aug 17 10:36:00.998552 np0000007490 nova-conductor[95882]: DEBUG cotyledon.oslo_config_glue [-] oslo_limit.min_version = None {{(pid=95882) log_opt_values /opt/stack/data/venv/lib/python3.12/site-packages/oslo_config/cfg.py:3560}}
Aug 17 10:36:00.998552 np0000007490 nova-conductor[95882]: DEBUG cotyledon.oslo_config_glue [-] oslo_limit.region_name = None {{(pid=95882) log_opt_values /opt/stack/data/venv/lib/python3.12/site-packages/oslo_config/cfg.py:3560}}
Aug 17 10:36:00.998552 np0000007490 nova-conductor[95882]: DEBUG cotyledon.oslo_config_glue [-] oslo_limit.retriable_status_codes = None {{(pid=95882) log_opt_values /opt/stack/data/venv/lib/python3.12/site-packages/oslo_config/cfg.py:3560}}
Aug 17 10:36:00.998552 np0000007490 nova-conductor[95882]: DEBUG cotyledon.oslo_config_glue [-] oslo_limit.service_name = None {{(pid=95882) log_opt_values /opt/stack/data/venv/lib/python3.12/site-packages/oslo_config/cfg.py:3560}}
Aug 17 10:36:00.998552 np0000007490 nova-conductor[95882]: DEBUG cotyledon.oslo_config_glue [-] oslo_limit.service_type = None {{(pid=95882) log_opt_values /opt/stack/data/venv/lib/python3.12/site-packages/oslo_config/cfg.py:3560}}
Aug 17 10:36:00.998552 np0000007490 nova-conductor[95882]: DEBUG cotyledon.oslo_config_glue [-] oslo_limit.split_loggers = False {{(pid=95882) log_opt_values /opt/stack/data/venv/lib/python3.12/site-packages/oslo_config/cfg.py:3560}}
Aug 17 10:36:00.998552 np0000007490 nova-conductor[95882]: DEBUG cotyledon.oslo_config_glue [-] oslo_limit.status_code_retries = None {{(pid=95882) log_opt_values /opt/stack/data/venv/lib/python3.12/site-packages/oslo_config/cfg.py:3560}}
Aug 17 10:36:00.998552 np0000007490 nova-conductor[95882]: DEBUG cotyledon.oslo_config_glue [-] oslo_limit.status_code_retry_delay = None {{(pid=95882) log_opt_values /opt/stack/data/venv/lib/python3.12/site-packages/oslo_config/cfg.py:3560}}
Aug 17 10:36:00.998729 np0000007490 nova-conductor[95882]: DEBUG cotyledon.oslo_config_glue [-] oslo_limit.timeout = None {{(pid=95882) log_opt_values /opt/stack/data/venv/lib/python3.12/site-packages/oslo_config/cfg.py:3560}}
Aug 17 10:36:00.998729 np0000007490 nova-conductor[95882]: DEBUG cotyledon.oslo_config_glue [-] oslo_limit.valid_interfaces = None {{(pid=95882) log_opt_values /opt/stack/data/venv/lib/python3.12/site-packages/oslo_config/cfg.py:3560}}
Aug 17 10:36:00.998729 np0000007490 nova-conductor[95882]: DEBUG cotyledon.oslo_config_glue [-] oslo_limit.version = None {{(pid=95882) log_opt_values /opt/stack/data/venv/lib/python3.12/site-packages/oslo_config/cfg.py:3560}}
Aug 17 10:36:00.998729 np0000007490 nova-conductor[95882]: DEBUG cotyledon.oslo_config_glue [-] oslo_reports.file_event_handler = None {{(pid=95882) log_opt_values /opt/stack/data/venv/lib/python3.12/site-packages/oslo_config/cfg.py:3560}}
Aug 17 10:36:00.998729 np0000007490 nova-conductor[95882]: DEBUG cotyledon.oslo_config_glue [-] oslo_reports.file_event_handler_interval = 1 {{(pid=95882) log_opt_values /opt/stack/data/venv/lib/python3.12/site-packages/oslo_config/cfg.py:3560}}
Aug 17 10:36:00.998729 np0000007490 nova-conductor[95882]: DEBUG cotyledon.oslo_config_glue [-] oslo_reports.log_dir = None {{(pid=95882) log_opt_values /opt/stack/data/venv/lib/python3.12/site-packages/oslo_config/cfg.py:3560}}
Aug 17 10:36:00.998729 np0000007490 nova-conductor[95882]: DEBUG cotyledon.oslo_config_glue [-] ******************************************************************************** {{(pid=95882) log_opt_values /opt/stack/data/venv/lib/python3.12/site-packages/oslo_config/cfg.py:3567}}
Aug 17 10:36:00.998729 np0000007490 nova-conductor[95882]: DEBUG cotyledon._service_worker [-] Run service ServiceWrapper(1) [95882] {{(pid=95882) wait_forever /opt/stack/data/venv/lib/python3.12/site-packages/cotyledon/_service_worker.py:218}}
Aug 17 10:36:00.998729 np0000007490 nova-conductor[95882]: INFO nova.service [-] Starting conductor node (version 33.1.0)
Aug 17 10:36:00.998729 np0000007490 nova-conductor[95882]: INFO dbcounter [None req-133d33ee-7f7e-4237-b79a-045a38354349 None None] Registered counter for database nova_cell0
Aug 17 10:36:01.006914 np0000007490 nova-conductor[95867]: DEBUG oslo_db.sqlalchemy.engines [None req-e5e2c2be-b08d-41d0-ae61-39dc9eab7116 None None] MySQL server mode set to STRICT_TRANS_TABLES,STRICT_ALL_TABLES,NO_ZERO_IN_DATE,NO_ZERO_DATE,ERROR_FOR_DIVISION_BY_ZERO,TRADITIONAL,NO_ENGINE_SUBSTITUTION {{(pid=95867) _check_effective_sql_mode /opt/stack/data/venv/lib/python3.12/site-packages/oslo_db/sqlalchemy/engines.py:325}}
Aug 17 10:36:01.017965 np0000007490 nova-conductor[95867]: DEBUG dbcounter [-] [95867] Writer thread running {{(pid=95867) stat_writer /opt/stack/data/venv/lib/python3.12/site-packages/dbcounter.py:102}}
Aug 17 10:36:01.020368 np0000007490 nova-conductor[95892]: DEBUG oslo_db.sqlalchemy.engines [None req-c858b195-768e-44b2-a1b2-136416f86fb6 None None] MySQL server mode set to STRICT_TRANS_TABLES,STRICT_ALL_TABLES,NO_ZERO_IN_DATE,NO_ZERO_DATE,ERROR_FOR_DIVISION_BY_ZERO,TRADITIONAL,NO_ENGINE_SUBSTITUTION {{(pid=95892) _check_effective_sql_mode /opt/stack/data/venv/lib/python3.12/site-packages/oslo_db/sqlalchemy/engines.py:325}}
Aug 17 10:36:01.032601 np0000007490 nova-conductor[95867]: DEBUG nova.service [None req-e5e2c2be-b08d-41d0-ae61-39dc9eab7116 None None] Creating RPC server for service: nova-conductor on topic: conductor {{(pid=95867) start /opt/stack/nova/nova/service.py:262}}
Aug 17 10:36:01.032693 np0000007490 nova-conductor[95892]: DEBUG dbcounter [-] [95892] Writer thread running {{(pid=95892) stat_writer /opt/stack/data/venv/lib/python3.12/site-packages/dbcounter.py:102}}
Aug 17 10:36:01.036175 np0000007490 nova-conductor[95892]: DEBUG nova.service [None req-c858b195-768e-44b2-a1b2-136416f86fb6 None None] Creating RPC server for service: nova-conductor on topic: conductor {{(pid=95892) start /opt/stack/nova/nova/service.py:262}}
Aug 17 10:36:01.046696 np0000007490 nova-conductor[95882]: DEBUG oslo_db.sqlalchemy.engines [None req-133d33ee-7f7e-4237-b79a-045a38354349 None None] MySQL server mode set to STRICT_TRANS_TABLES,STRICT_ALL_TABLES,NO_ZERO_IN_DATE,NO_ZERO_DATE,ERROR_FOR_DIVISION_BY_ZERO,TRADITIONAL,NO_ENGINE_SUBSTITUTION {{(pid=95882) _check_effective_sql_mode /opt/stack/data/venv/lib/python3.12/site-packages/oslo_db/sqlalchemy/engines.py:325}}
Aug 17 10:36:01.058718 np0000007490 nova-conductor[95882]: DEBUG dbcounter [-] [95882] Writer thread running {{(pid=95882) stat_writer /opt/stack/data/venv/lib/python3.12/site-packages/dbcounter.py:102}}
Aug 17 10:36:01.062172 np0000007490 nova-conductor[95882]: DEBUG nova.service [None req-133d33ee-7f7e-4237-b79a-045a38354349 None None] Creating RPC server for service: nova-conductor on topic: conductor {{(pid=95882) start /opt/stack/nova/nova/service.py:262}}
Aug 17 10:36:01.066622 np0000007490 nova-conductor[95867]: DEBUG nova.service [None req-e5e2c2be-b08d-41d0-ae61-39dc9eab7116 None None] Join ServiceGroup membership for this service conductor {{(pid=95867) start /opt/stack/nova/nova/service.py:288}}
Aug 17 10:36:01.066836 np0000007490 nova-conductor[95867]: DEBUG nova.servicegroup.drivers.db [None req-e5e2c2be-b08d-41d0-ae61-39dc9eab7116 None None] DB_Driver: join new ServiceGroup member np0000007490 to the conductor group, service = {{(pid=95867) join /opt/stack/nova/nova/servicegroup/drivers/db.py:44}}
Aug 17 10:36:01.067121 np0000007490 nova-conductor[95892]: DEBUG nova.service [None req-c858b195-768e-44b2-a1b2-136416f86fb6 None None] Join ServiceGroup membership for this service conductor {{(pid=95892) start /opt/stack/nova/nova/service.py:288}}
Aug 17 10:36:01.067393 np0000007490 nova-conductor[95892]: DEBUG nova.servicegroup.drivers.db [None req-c858b195-768e-44b2-a1b2-136416f86fb6 None None] DB_Driver: join new ServiceGroup member np0000007490 to the conductor group, service = {{(pid=95892) join /opt/stack/nova/nova/servicegroup/drivers/db.py:44}}
Aug 17 10:36:01.081638 np0000007490 nova-conductor[95882]: DEBUG nova.service [None req-133d33ee-7f7e-4237-b79a-045a38354349 None None] Join ServiceGroup membership for this service conductor {{(pid=95882) start /opt/stack/nova/nova/service.py:288}}
Aug 17 10:36:01.081949 np0000007490 nova-conductor[95882]: DEBUG nova.servicegroup.drivers.db [None req-133d33ee-7f7e-4237-b79a-045a38354349 None None] DB_Driver: join new ServiceGroup member np0000007490 to the conductor group, service = {{(pid=95882) join /opt/stack/nova/nova/servicegroup/drivers/db.py:44}}
Aug 17 10:36:02.070472 np0000007490 nova-conductor[95892]: DEBUG oslo.service.backend._threading.loopingcall [None req-e643a94f-7b94-47d8-81a5-ca68a2011ae0 None None] Dynamic interval looping call 'nova.service.Service.periodic_tasks' sleeping for 60.00 seconds {{(pid=95892) _run_loop /opt/stack/data/venv/lib/python3.12/site-packages/oslo_service/backend/_threading/loopingcall.py:125}}
Aug 17 10:36:06.070118 np0000007490 nova-conductor[95867]: DEBUG oslo.service.backend._threading.loopingcall [None req-cee3e0e8-5cfe-4ca2-9d5c-874d4e26e7e8 None None] Dynamic interval looping call 'nova.service.Service.periodic_tasks' sleeping for 60.00 seconds {{(pid=95867) _run_loop /opt/stack/data/venv/lib/python3.12/site-packages/oslo_service/backend/_threading/loopingcall.py:125}}
Aug 17 10:36:06.082016 np0000007490 nova-conductor[95892]: DEBUG oslo.service.backend._threading.loopingcall [-] Fixed interval looping call 'nova.servicegroup.drivers.db.DbDriver._report_state' sleeping for 119.99 seconds {{(pid=95892) _run_loop /opt/stack/data/venv/lib/python3.12/site-packages/oslo_service/backend/_threading/loopingcall.py:125}}
Aug 17 10:36:06.082475 np0000007490 nova-conductor[95867]: DEBUG oslo.service.backend._threading.loopingcall [-] Fixed interval looping call 'nova.servicegroup.drivers.db.DbDriver._report_state' sleeping for 119.99 seconds {{(pid=95867) _run_loop /opt/stack/data/venv/lib/python3.12/site-packages/oslo_service/backend/_threading/loopingcall.py:125}}
Aug 17 10:36:06.093693 np0000007490 nova-conductor[95882]: DEBUG oslo.service.backend._threading.loopingcall [-] Fixed interval looping call 'nova.servicegroup.drivers.db.DbDriver._report_state' sleeping for 119.99 seconds {{(pid=95882) _run_loop /opt/stack/data/venv/lib/python3.12/site-packages/oslo_service/backend/_threading/loopingcall.py:125}}
Aug 17 10:36:08.083937 np0000007490 nova-conductor[95882]: DEBUG oslo.service.backend._threading.loopingcall [None req-cc25f1a6-45cf-452e-ad4a-257fa6a40c26 None None] Dynamic interval looping call 'nova.service.Service.periodic_tasks' sleeping for 60.00 seconds {{(pid=95882) _run_loop /opt/stack/data/venv/lib/python3.12/site-packages/oslo_service/backend/_threading/loopingcall.py:125}}
Aug 17 10:36:09.637531 np0000007490 nova-conductor[94414]: DEBUG dbcounter [-] [94414] Writing DB stats nova_api:SELECT=1 {{(pid=94414) stat_writer /opt/stack/data/venv/lib/python3.12/site-packages/dbcounter.py:115}}
Aug 17 10:36:09.782613 np0000007490 nova-conductor[94414]: DEBUG dbcounter [-] [94414] Writing DB stats nova_cell1:SELECT=1 {{(pid=94414) stat_writer /opt/stack/data/venv/lib/python3.12/site-packages/dbcounter.py:115}}
Aug 17 10:36:09.789272 np0000007490 nova-conductor[94414]: DEBUG dbcounter [-] [94414] Writing DB stats nova_cell0:SELECT=1 {{(pid=94414) stat_writer /opt/stack/data/venv/lib/python3.12/site-packages/dbcounter.py:115}}
Aug 17 10:36:16.078098 np0000007490 nova-conductor[95892]: DEBUG dbcounter [-] [95892] Writing DB stats nova_cell0:SELECT=3,nova_cell0:UPDATE=1 {{(pid=95892) stat_writer /opt/stack/data/venv/lib/python3.12/site-packages/dbcounter.py:115}}
Aug 17 10:36:16.078659 np0000007490 nova-conductor[95867]: DEBUG dbcounter [-] [95867] Writing DB stats nova_cell0:SELECT=4,nova_cell0:INSERT=1,nova_cell0:UPDATE=1 {{(pid=95867) stat_writer /opt/stack/data/venv/lib/python3.12/site-packages/dbcounter.py:115}}
Aug 17 10:36:16.092567 np0000007490 nova-conductor[95882]: DEBUG dbcounter [-] [95882] Writing DB stats nova_cell0:SELECT=3 {{(pid=95882) stat_writer /opt/stack/data/venv/lib/python3.12/site-packages/dbcounter.py:115}}
Aug 17 10:37:02.070930 np0000007490 nova-conductor[95892]: DEBUG oslo.service.backend._threading.loopingcall [None req-e643a94f-7b94-47d8-81a5-ca68a2011ae0 None None] Dynamic interval looping call 'nova.service.Service.periodic_tasks' sleeping for 60.00 seconds {{(pid=95892) _run_loop /opt/stack/data/venv/lib/python3.12/site-packages/oslo_service/backend/_threading/loopingcall.py:125}}
Aug 17 10:37:06.070632 np0000007490 nova-conductor[95867]: DEBUG oslo.service.backend._threading.loopingcall [None req-cee3e0e8-5cfe-4ca2-9d5c-874d4e26e7e8 None None] Dynamic interval looping call 'nova.service.Service.periodic_tasks' sleeping for 60.00 seconds {{(pid=95867) _run_loop /opt/stack/data/venv/lib/python3.12/site-packages/oslo_service/backend/_threading/loopingcall.py:125}}
Aug 17 10:37:08.084731 np0000007490 nova-conductor[95882]: DEBUG oslo.service.backend._threading.loopingcall [None req-cc25f1a6-45cf-452e-ad4a-257fa6a40c26 None None] Dynamic interval looping call 'nova.service.Service.periodic_tasks' sleeping for 60.00 seconds {{(pid=95882) _run_loop /opt/stack/data/venv/lib/python3.12/site-packages/oslo_service/backend/_threading/loopingcall.py:125}}
Aug 17 10:38:02.071350 np0000007490 nova-conductor[95892]: DEBUG oslo.service.backend._threading.loopingcall [None req-e643a94f-7b94-47d8-81a5-ca68a2011ae0 None None] Dynamic interval looping call 'nova.service.Service.periodic_tasks' sleeping for 60.00 seconds {{(pid=95892) _run_loop /opt/stack/data/venv/lib/python3.12/site-packages/oslo_service/backend/_threading/loopingcall.py:125}}
Aug 17 10:38:06.071311 np0000007490 nova-conductor[95867]: DEBUG oslo.service.backend._threading.loopingcall [None req-cee3e0e8-5cfe-4ca2-9d5c-874d4e26e7e8 None None] Dynamic interval looping call 'nova.service.Service.periodic_tasks' sleeping for 60.00 seconds {{(pid=95867) _run_loop /opt/stack/data/venv/lib/python3.12/site-packages/oslo_service/backend/_threading/loopingcall.py:125}}
Aug 17 10:38:06.079438 np0000007490 nova-conductor[95892]: DEBUG oslo.service.backend._threading.loopingcall [-] Fixed interval looping call 'nova.servicegroup.drivers.db.DbDriver._report_state' sleeping for 119.99 seconds {{(pid=95892) _run_loop /opt/stack/data/venv/lib/python3.12/site-packages/oslo_service/backend/_threading/loopingcall.py:125}}
Aug 17 10:38:06.080346 np0000007490 nova-conductor[95867]: DEBUG oslo.service.backend._threading.loopingcall [-] Fixed interval looping call 'nova.servicegroup.drivers.db.DbDriver._report_state' sleeping for 119.99 seconds {{(pid=95867) _run_loop /opt/stack/data/venv/lib/python3.12/site-packages/oslo_service/backend/_threading/loopingcall.py:125}}
Aug 17 10:38:06.087911 np0000007490 nova-conductor[95882]: DEBUG oslo.service.backend._threading.loopingcall [-] Fixed interval looping call 'nova.servicegroup.drivers.db.DbDriver._report_state' sleeping for 120.00 seconds {{(pid=95882) _run_loop /opt/stack/data/venv/lib/python3.12/site-packages/oslo_service/backend/_threading/loopingcall.py:125}}
Aug 17 10:38:08.085201 np0000007490 nova-conductor[95882]: DEBUG oslo.service.backend._threading.loopingcall [None req-cc25f1a6-45cf-452e-ad4a-257fa6a40c26 None None] Dynamic interval looping call 'nova.service.Service.periodic_tasks' sleeping for 60.00 seconds {{(pid=95882) _run_loop /opt/stack/data/venv/lib/python3.12/site-packages/oslo_service/backend/_threading/loopingcall.py:125}}
Aug 17 10:38:16.076051 np0000007490 nova-conductor[95892]: DEBUG dbcounter [-] [95892] Writing DB stats nova_cell0:SELECT=1,nova_cell0:UPDATE=1 {{(pid=95892) stat_writer /opt/stack/data/venv/lib/python3.12/site-packages/dbcounter.py:115}}
Aug 17 10:38:16.077576 np0000007490 nova-conductor[95867]: DEBUG dbcounter [-] [95867] Writing DB stats nova_cell0:SELECT=1,nova_cell0:UPDATE=1 {{(pid=95867) stat_writer /opt/stack/data/venv/lib/python3.12/site-packages/dbcounter.py:115}}
Aug 17 10:38:16.086611 np0000007490 nova-conductor[95882]: DEBUG dbcounter [-] [95882] Writing DB stats nova_cell0:SELECT=1 {{(pid=95882) stat_writer /opt/stack/data/venv/lib/python3.12/site-packages/dbcounter.py:115}}
Aug 17 10:38:18.309963 np0000007490 nova-conductor[95867]: DEBUG oslo_db.sqlalchemy.engines [None req-775abba3-28d2-4434-8fd2-44cc4404797d tempest-ServerActionsTestOtherA-1936116704 tempest-ServerActionsTestOtherA-1936116704-project-member] Parent process 94414 forked (95867) with an open database connection, which is being discarded and recreated. {{(pid=95867) checkout /opt/stack/data/venv/lib/python3.12/site-packages/oslo_db/sqlalchemy/engines.py:402}}
Aug 17 10:38:18.357929 np0000007490 nova-conductor[95867]: DEBUG dbcounter [-] [95867] Writer thread running {{(pid=95867) stat_writer /opt/stack/data/venv/lib/python3.12/site-packages/dbcounter.py:102}}
Aug 17 10:38:19.359460 np0000007490 nova-conductor[95867]: DEBUG nova.conductor.manager [None req-775abba3-28d2-4434-8fd2-44cc4404797d tempest-ServerActionsTestOtherA-1936116704 tempest-ServerActionsTestOtherA-1936116704-project-member] Took 1.00 seconds to select destinations for 1 instance(s). {{(pid=95867) _schedule_instances /opt/stack/nova/nova/conductor/manager.py:956}}
Aug 17 10:38:19.396695 np0000007490 nova-conductor[95867]: DEBUG oslo_concurrency.lockutils [None req-775abba3-28d2-4434-8fd2-44cc4404797d tempest-ServerActionsTestOtherA-1936116704 tempest-ServerActionsTestOtherA-1936116704-project-member] Acquiring lock "1b5ec65a-3193-46ee-b4e9-f000b8142e75" by "nova.context.set_target_cell..get_or_set_cached_cell_and_set_connections" {{(pid=95867) inner /opt/stack/data/venv/lib/python3.12/site-packages/oslo_concurrency/lockutils.py:512}}
Aug 17 10:38:19.397018 np0000007490 nova-conductor[95867]: DEBUG oslo_concurrency.lockutils [None req-775abba3-28d2-4434-8fd2-44cc4404797d tempest-ServerActionsTestOtherA-1936116704 tempest-ServerActionsTestOtherA-1936116704-project-member] Lock "1b5ec65a-3193-46ee-b4e9-f000b8142e75" acquired by "nova.context.set_target_cell..get_or_set_cached_cell_and_set_connections" :: waited 0.000s {{(pid=95867) inner /opt/stack/data/venv/lib/python3.12/site-packages/oslo_concurrency/lockutils.py:525}}
Aug 17 10:38:19.398393 np0000007490 nova-conductor[95867]: DEBUG oslo_concurrency.lockutils [None req-775abba3-28d2-4434-8fd2-44cc4404797d tempest-ServerActionsTestOtherA-1936116704 tempest-ServerActionsTestOtherA-1936116704-project-member] Lock "1b5ec65a-3193-46ee-b4e9-f000b8142e75" "released" by "nova.context.set_target_cell..get_or_set_cached_cell_and_set_connections" :: held 0.001s {{(pid=95867) inner /opt/stack/data/venv/lib/python3.12/site-packages/oslo_concurrency/lockutils.py:544}}
Aug 17 10:38:19.400149 np0000007490 nova-conductor[95867]: INFO dbcounter [None req-775abba3-28d2-4434-8fd2-44cc4404797d tempest-ServerActionsTestOtherA-1936116704 tempest-ServerActionsTestOtherA-1936116704-project-member] Registered counter for database nova_cell1
Aug 17 10:38:19.440646 np0000007490 nova-conductor[95867]: DEBUG oslo_db.sqlalchemy.engines [None req-775abba3-28d2-4434-8fd2-44cc4404797d tempest-ServerActionsTestOtherA-1936116704 tempest-ServerActionsTestOtherA-1936116704-project-member] MySQL server mode set to STRICT_TRANS_TABLES,STRICT_ALL_TABLES,NO_ZERO_IN_DATE,NO_ZERO_DATE,ERROR_FOR_DIVISION_BY_ZERO,TRADITIONAL,NO_ENGINE_SUBSTITUTION {{(pid=95867) _check_effective_sql_mode /opt/stack/data/venv/lib/python3.12/site-packages/oslo_db/sqlalchemy/engines.py:325}}
Aug 17 10:38:19.448352 np0000007490 nova-conductor[95867]: DEBUG dbcounter [-] [95867] Writer thread running {{(pid=95867) stat_writer /opt/stack/data/venv/lib/python3.12/site-packages/dbcounter.py:102}}
Aug 17 10:38:19.523001 np0000007490 nova-conductor[95867]: INFO nova.utils [None req-775abba3-28d2-4434-8fd2-44cc4404797d tempest-ServerActionsTestOtherA-1936116704 tempest-ServerActionsTestOtherA-1936116704-project-member] The cell worker thread pool ForkProcess-1.cell_worker is initialized
Aug 17 10:38:19.523001 np0000007490 nova-conductor[95867]: DEBUG oslo_concurrency.lockutils [None req-775abba3-28d2-4434-8fd2-44cc4404797d tempest-ServerActionsTestOtherA-1936116704 tempest-ServerActionsTestOtherA-1936116704-project-member] Acquiring lock "00000000-0000-0000-0000-000000000000" by "nova.context.set_target_cell..get_or_set_cached_cell_and_set_connections" {{(pid=95867) inner /opt/stack/data/venv/lib/python3.12/site-packages/oslo_concurrency/lockutils.py:512}}
Aug 17 10:38:19.523001 np0000007490 nova-conductor[95867]: DEBUG oslo_concurrency.lockutils [None req-775abba3-28d2-4434-8fd2-44cc4404797d tempest-ServerActionsTestOtherA-1936116704 tempest-ServerActionsTestOtherA-1936116704-project-member] Lock "00000000-0000-0000-0000-000000000000" acquired by "nova.context.set_target_cell..get_or_set_cached_cell_and_set_connections" :: waited 0.000s {{(pid=95867) inner /opt/stack/data/venv/lib/python3.12/site-packages/oslo_concurrency/lockutils.py:525}}
Aug 17 10:38:19.523001 np0000007490 nova-conductor[95867]: DEBUG oslo_concurrency.lockutils [None req-775abba3-28d2-4434-8fd2-44cc4404797d tempest-ServerActionsTestOtherA-1936116704 tempest-ServerActionsTestOtherA-1936116704-project-member] Lock "00000000-0000-0000-0000-000000000000" "released" by "nova.context.set_target_cell..get_or_set_cached_cell_and_set_connections" :: held 0.000s {{(pid=95867) inner /opt/stack/data/venv/lib/python3.12/site-packages/oslo_concurrency/lockutils.py:544}}
Aug 17 10:38:19.523461 np0000007490 nova-conductor[95867]: DEBUG oslo_concurrency.lockutils [None req-775abba3-28d2-4434-8fd2-44cc4404797d tempest-ServerActionsTestOtherA-1936116704 tempest-ServerActionsTestOtherA-1936116704-project-member] Acquiring lock "1b5ec65a-3193-46ee-b4e9-f000b8142e75" by "nova.context.set_target_cell..get_or_set_cached_cell_and_set_connections" {{(pid=95867) inner /opt/stack/data/venv/lib/python3.12/site-packages/oslo_concurrency/lockutils.py:512}}
Aug 17 10:38:19.525139 np0000007490 nova-conductor[95867]: INFO dbcounter [None req-775abba3-28d2-4434-8fd2-44cc4404797d tempest-ServerActionsTestOtherA-1936116704 tempest-ServerActionsTestOtherA-1936116704-project-member] Registered counter for database nova_cell0
Aug 17 10:38:19.527302 np0000007490 nova-conductor[95867]: DEBUG oslo_concurrency.lockutils [None req-775abba3-28d2-4434-8fd2-44cc4404797d tempest-ServerActionsTestOtherA-1936116704 tempest-ServerActionsTestOtherA-1936116704-project-member] Lock "1b5ec65a-3193-46ee-b4e9-f000b8142e75" acquired by "nova.context.set_target_cell..get_or_set_cached_cell_and_set_connections" :: waited 0.001s {{(pid=95867) inner /opt/stack/data/venv/lib/python3.12/site-packages/oslo_concurrency/lockutils.py:525}}
Aug 17 10:38:19.527302 np0000007490 nova-conductor[95867]: DEBUG oslo_concurrency.lockutils [None req-775abba3-28d2-4434-8fd2-44cc4404797d tempest-ServerActionsTestOtherA-1936116704 tempest-ServerActionsTestOtherA-1936116704-project-member] Lock "1b5ec65a-3193-46ee-b4e9-f000b8142e75" "released" by "nova.context.set_target_cell..get_or_set_cached_cell_and_set_connections" :: held 0.002s {{(pid=95867) inner /opt/stack/data/venv/lib/python3.12/site-packages/oslo_concurrency/lockutils.py:544}}
Aug 17 10:38:19.569567 np0000007490 nova-conductor[95867]: DEBUG oslo_db.sqlalchemy.engines [None req-775abba3-28d2-4434-8fd2-44cc4404797d tempest-ServerActionsTestOtherA-1936116704 tempest-ServerActionsTestOtherA-1936116704-project-member] MySQL server mode set to STRICT_TRANS_TABLES,STRICT_ALL_TABLES,NO_ZERO_IN_DATE,NO_ZERO_DATE,ERROR_FOR_DIVISION_BY_ZERO,TRADITIONAL,NO_ENGINE_SUBSTITUTION {{(pid=95867) _check_effective_sql_mode /opt/stack/data/venv/lib/python3.12/site-packages/oslo_db/sqlalchemy/engines.py:325}}
Aug 17 10:38:19.574580 np0000007490 nova-conductor[95867]: DEBUG dbcounter [-] [95867] Writer thread running {{(pid=95867) stat_writer /opt/stack/data/venv/lib/python3.12/site-packages/dbcounter.py:102}}
Aug 17 10:38:19.585877 np0000007490 nova-conductor[95867]: DEBUG nova.quota [None req-775abba3-28d2-4434-8fd2-44cc4404797d tempest-ServerActionsTestOtherA-1936116704 tempest-ServerActionsTestOtherA-1936116704-project-member] Getting quotas for project bc097dd237834c608afa711ec149d6d3. Resources: {'instances', 'ram', 'cores'} {{(pid=95867) _get_quotas /opt/stack/nova/nova/quota.py:389}}
Aug 17 10:38:19.588862 np0000007490 nova-conductor[95867]: DEBUG nova.quota [None req-775abba3-28d2-4434-8fd2-44cc4404797d tempest-ServerActionsTestOtherA-1936116704 tempest-ServerActionsTestOtherA-1936116704-project-member] Getting quotas for user 6c973f7abd57470fb4e008a38f3ad607 and project bc097dd237834c608afa711ec149d6d3. Resources: {'instances', 'ram', 'cores'} {{(pid=95867) _get_quotas /opt/stack/nova/nova/quota.py:379}}
Aug 17 10:38:19.594287 np0000007490 nova-conductor[95867]: DEBUG nova.conductor.manager [None req-775abba3-28d2-4434-8fd2-44cc4404797d tempest-ServerActionsTestOtherA-1936116704 tempest-ServerActionsTestOtherA-1936116704-project-member] [instance: 08613bbd-6519-45bb-bc72-a5f68edd5e06] Selected host: np0000007490; Selected node: np0000007490; Alternates: [] {{(pid=95867) schedule_and_build_instances /opt/stack/nova/nova/conductor/manager.py:1772}}
Aug 17 10:38:19.594923 np0000007490 nova-conductor[95867]: DEBUG oslo_concurrency.lockutils [None req-775abba3-28d2-4434-8fd2-44cc4404797d tempest-ServerActionsTestOtherA-1936116704 tempest-ServerActionsTestOtherA-1936116704-project-member] Acquiring lock "1b5ec65a-3193-46ee-b4e9-f000b8142e75" by "nova.context.set_target_cell..get_or_set_cached_cell_and_set_connections" {{(pid=95867) inner /opt/stack/data/venv/lib/python3.12/site-packages/oslo_concurrency/lockutils.py:512}}
Aug 17 10:38:19.595233 np0000007490 nova-conductor[95867]: DEBUG oslo_concurrency.lockutils [None req-775abba3-28d2-4434-8fd2-44cc4404797d tempest-ServerActionsTestOtherA-1936116704 tempest-ServerActionsTestOtherA-1936116704-project-member] Lock "1b5ec65a-3193-46ee-b4e9-f000b8142e75" acquired by "nova.context.set_target_cell..get_or_set_cached_cell_and_set_connections" :: waited 0.000s {{(pid=95867) inner /opt/stack/data/venv/lib/python3.12/site-packages/oslo_concurrency/lockutils.py:525}}
Aug 17 10:38:19.595525 np0000007490 nova-conductor[95867]: DEBUG oslo_concurrency.lockutils [None req-775abba3-28d2-4434-8fd2-44cc4404797d tempest-ServerActionsTestOtherA-1936116704 tempest-ServerActionsTestOtherA-1936116704-project-member] Lock "1b5ec65a-3193-46ee-b4e9-f000b8142e75" "released" by "nova.context.set_target_cell..get_or_set_cached_cell_and_set_connections" :: held 0.000s {{(pid=95867) inner /opt/stack/data/venv/lib/python3.12/site-packages/oslo_concurrency/lockutils.py:544}}
Aug 17 10:38:19.606130 np0000007490 nova-conductor[95867]: DEBUG nova.conductor.manager [None req-775abba3-28d2-4434-8fd2-44cc4404797d tempest-ServerActionsTestOtherA-1936116704 tempest-ServerActionsTestOtherA-1936116704-project-member] [instance: 08613bbd-6519-45bb-bc72-a5f68edd5e06] block_device_mapping [BlockDeviceMapping(attachment_id=,boot_index=0,connection_info=None,created_at=,delete_on_termination=True,deleted=,deleted_at=,destination_type='local',device_name=None,device_type='disk',disk_bus=None,encrypted=False,encryption_format=None,encryption_options=None,encryption_secret_uuid=None,guest_format=None,id=,image_id='ea819b3f-f183-4028-9f1f-8a8a2b216cef',instance=,instance_uuid=,no_device=False,snapshot_id=None,source_type='image',tag=None,updated_at=,uuid=,volume_id=None,volume_size=None,volume_type=None)] {{(pid=95867) _create_block_device_mapping /opt/stack/nova/nova/conductor/manager.py:1517}}
Aug 17 10:38:19.608022 np0000007490 nova-conductor[95867]: DEBUG oslo_concurrency.lockutils [None req-775abba3-28d2-4434-8fd2-44cc4404797d tempest-ServerActionsTestOtherA-1936116704 tempest-ServerActionsTestOtherA-1936116704-project-member] Acquiring lock "1b5ec65a-3193-46ee-b4e9-f000b8142e75" by "nova.context.set_target_cell..get_or_set_cached_cell_and_set_connections" {{(pid=95867) inner /opt/stack/data/venv/lib/python3.12/site-packages/oslo_concurrency/lockutils.py:512}}
Aug 17 10:38:19.608325 np0000007490 nova-conductor[95867]: DEBUG oslo_concurrency.lockutils [None req-775abba3-28d2-4434-8fd2-44cc4404797d tempest-ServerActionsTestOtherA-1936116704 tempest-ServerActionsTestOtherA-1936116704-project-member] Lock "1b5ec65a-3193-46ee-b4e9-f000b8142e75" acquired by "nova.context.set_target_cell..get_or_set_cached_cell_and_set_connections" :: waited 0.000s {{(pid=95867) inner /opt/stack/data/venv/lib/python3.12/site-packages/oslo_concurrency/lockutils.py:525}}
Aug 17 10:38:19.608559 np0000007490 nova-conductor[95867]: DEBUG oslo_concurrency.lockutils [None req-775abba3-28d2-4434-8fd2-44cc4404797d tempest-ServerActionsTestOtherA-1936116704 tempest-ServerActionsTestOtherA-1936116704-project-member] Lock "1b5ec65a-3193-46ee-b4e9-f000b8142e75" "released" by "nova.context.set_target_cell..get_or_set_cached_cell_and_set_connections" :: held 0.000s {{(pid=95867) inner /opt/stack/data/venv/lib/python3.12/site-packages/oslo_concurrency/lockutils.py:544}}
Aug 17 10:38:19.636661 np0000007490 nova-conductor[95867]: DEBUG oslo_concurrency.lockutils [None req-775abba3-28d2-4434-8fd2-44cc4404797d tempest-ServerActionsTestOtherA-1936116704 tempest-ServerActionsTestOtherA-1936116704-project-member] Acquiring lock "1b5ec65a-3193-46ee-b4e9-f000b8142e75" by "nova.context.set_target_cell..get_or_set_cached_cell_and_set_connections" {{(pid=95867) inner /opt/stack/data/venv/lib/python3.12/site-packages/oslo_concurrency/lockutils.py:512}}
Aug 17 10:38:19.636991 np0000007490 nova-conductor[95867]: DEBUG oslo_concurrency.lockutils [None req-775abba3-28d2-4434-8fd2-44cc4404797d tempest-ServerActionsTestOtherA-1936116704 tempest-ServerActionsTestOtherA-1936116704-project-member] Lock "1b5ec65a-3193-46ee-b4e9-f000b8142e75" acquired by "nova.context.set_target_cell..get_or_set_cached_cell_and_set_connections" :: waited 0.001s {{(pid=95867) inner /opt/stack/data/venv/lib/python3.12/site-packages/oslo_concurrency/lockutils.py:525}}
Aug 17 10:38:19.637284 np0000007490 nova-conductor[95867]: DEBUG oslo_concurrency.lockutils [None req-775abba3-28d2-4434-8fd2-44cc4404797d tempest-ServerActionsTestOtherA-1936116704 tempest-ServerActionsTestOtherA-1936116704-project-member] Lock "1b5ec65a-3193-46ee-b4e9-f000b8142e75" "released" by "nova.context.set_target_cell..get_or_set_cached_cell_and_set_connections" :: held 0.000s {{(pid=95867) inner /opt/stack/data/venv/lib/python3.12/site-packages/oslo_concurrency/lockutils.py:544}}
Aug 17 10:38:19.637607 np0000007490 nova-conductor[95867]: DEBUG oslo_concurrency.lockutils [None req-775abba3-28d2-4434-8fd2-44cc4404797d tempest-ServerActionsTestOtherA-1936116704 tempest-ServerActionsTestOtherA-1936116704-project-member] Acquiring lock "compute-rpcapi-router" {{(pid=95867) lock /opt/stack/data/venv/lib/python3.12/site-packages/oslo_concurrency/lockutils.py:396}}
Aug 17 10:38:19.637929 np0000007490 nova-conductor[95867]: DEBUG oslo_concurrency.lockutils [None req-775abba3-28d2-4434-8fd2-44cc4404797d tempest-ServerActionsTestOtherA-1936116704 tempest-ServerActionsTestOtherA-1936116704-project-member] Acquired lock "compute-rpcapi-router" {{(pid=95867) lock /opt/stack/data/venv/lib/python3.12/site-packages/oslo_concurrency/lockutils.py:399}}
Aug 17 10:38:19.638494 np0000007490 nova-conductor[95867]: DEBUG oslo_concurrency.lockutils [None req-a6108b66-503d-4da2-9839-089e3a7291d7 None None] Acquiring lock "00000000-0000-0000-0000-000000000000" by "nova.context.set_target_cell..get_or_set_cached_cell_and_set_connections" {{(pid=95867) inner /opt/stack/data/venv/lib/python3.12/site-packages/oslo_concurrency/lockutils.py:512}}
Aug 17 10:38:19.638798 np0000007490 nova-conductor[95867]: DEBUG oslo_concurrency.lockutils [None req-a6108b66-503d-4da2-9839-089e3a7291d7 None None] Lock "00000000-0000-0000-0000-000000000000" acquired by "nova.context.set_target_cell..get_or_set_cached_cell_and_set_connections" :: waited 0.000s {{(pid=95867) inner /opt/stack/data/venv/lib/python3.12/site-packages/oslo_concurrency/lockutils.py:525}}
Aug 17 10:38:19.639020 np0000007490 nova-conductor[95867]: DEBUG oslo_concurrency.lockutils [None req-a6108b66-503d-4da2-9839-089e3a7291d7 None None] Lock "00000000-0000-0000-0000-000000000000" "released" by "nova.context.set_target_cell..get_or_set_cached_cell_and_set_connections" :: held 0.000s {{(pid=95867) inner /opt/stack/data/venv/lib/python3.12/site-packages/oslo_concurrency/lockutils.py:544}}
Aug 17 10:38:19.639850 np0000007490 nova-conductor[95867]: DEBUG oslo_concurrency.lockutils [None req-a6108b66-503d-4da2-9839-089e3a7291d7 None None] Acquiring lock "1b5ec65a-3193-46ee-b4e9-f000b8142e75" by "nova.context.set_target_cell..get_or_set_cached_cell_and_set_connections" {{(pid=95867) inner /opt/stack/data/venv/lib/python3.12/site-packages/oslo_concurrency/lockutils.py:512}}
Aug 17 10:38:19.640985 np0000007490 nova-conductor[95867]: DEBUG oslo_concurrency.lockutils [None req-a6108b66-503d-4da2-9839-089e3a7291d7 None None] Lock "1b5ec65a-3193-46ee-b4e9-f000b8142e75" acquired by "nova.context.set_target_cell..get_or_set_cached_cell_and_set_connections" :: waited 0.001s {{(pid=95867) inner /opt/stack/data/venv/lib/python3.12/site-packages/oslo_concurrency/lockutils.py:525}}
Aug 17 10:38:19.643395 np0000007490 nova-conductor[95867]: DEBUG oslo_concurrency.lockutils [None req-a6108b66-503d-4da2-9839-089e3a7291d7 None None] Lock "1b5ec65a-3193-46ee-b4e9-f000b8142e75" "released" by "nova.context.set_target_cell..get_or_set_cached_cell_and_set_connections" :: held 0.002s {{(pid=95867) inner /opt/stack/data/venv/lib/python3.12/site-packages/oslo_concurrency/lockutils.py:544}}
Aug 17 10:38:19.651169 np0000007490 nova-conductor[95867]: INFO nova.compute.rpcapi [None req-a6108b66-503d-4da2-9839-089e3a7291d7 None None] Automatically selected compute RPC version 6.5 from minimum service version 72
Aug 17 10:38:19.651169 np0000007490 nova-conductor[95867]: DEBUG oslo_concurrency.lockutils [None req-a6108b66-503d-4da2-9839-089e3a7291d7 None None] Releasing lock "compute-rpcapi-router" {{(pid=95867) lock /opt/stack/data/venv/lib/python3.12/site-packages/oslo_concurrency/lockutils.py:419}}
Aug 17 10:38:20.025021 np0000007490 nova-conductor[95892]: DEBUG dbcounter [-] [95892] Writer thread running {{(pid=95892) stat_writer /opt/stack/data/venv/lib/python3.12/site-packages/dbcounter.py:102}}
Aug 17 10:38:20.448809 np0000007490 nova-conductor[95892]: DEBUG nova.conductor.manager [None req-37c02e93-6fa5-445d-b160-d88517b7862e tempest-ServerActionsTestOtherB-1715825507 tempest-ServerActionsTestOtherB-1715825507-project-member] Took 0.42 seconds to select destinations for 1 instance(s). {{(pid=95892) _schedule_instances /opt/stack/nova/nova/conductor/manager.py:956}}
Aug 17 10:38:20.484750 np0000007490 nova-conductor[95892]: DEBUG oslo_concurrency.lockutils [None req-37c02e93-6fa5-445d-b160-d88517b7862e tempest-ServerActionsTestOtherB-1715825507 tempest-ServerActionsTestOtherB-1715825507-project-member] Acquiring lock "1b5ec65a-3193-46ee-b4e9-f000b8142e75" by "nova.context.set_target_cell..get_or_set_cached_cell_and_set_connections" {{(pid=95892) inner /opt/stack/data/venv/lib/python3.12/site-packages/oslo_concurrency/lockutils.py:512}}
Aug 17 10:38:20.485504 np0000007490 nova-conductor[95892]: DEBUG oslo_concurrency.lockutils [None req-37c02e93-6fa5-445d-b160-d88517b7862e tempest-ServerActionsTestOtherB-1715825507 tempest-ServerActionsTestOtherB-1715825507-project-member] Lock "1b5ec65a-3193-46ee-b4e9-f000b8142e75" acquired by "nova.context.set_target_cell..get_or_set_cached_cell_and_set_connections" :: waited 0.000s {{(pid=95892) inner /opt/stack/data/venv/lib/python3.12/site-packages/oslo_concurrency/lockutils.py:525}}
Aug 17 10:38:20.487204 np0000007490 nova-conductor[95892]: DEBUG oslo_concurrency.lockutils [None req-37c02e93-6fa5-445d-b160-d88517b7862e tempest-ServerActionsTestOtherB-1715825507 tempest-ServerActionsTestOtherB-1715825507-project-member] Lock "1b5ec65a-3193-46ee-b4e9-f000b8142e75" "released" by "nova.context.set_target_cell..get_or_set_cached_cell_and_set_connections" :: held 0.002s {{(pid=95892) inner /opt/stack/data/venv/lib/python3.12/site-packages/oslo_concurrency/lockutils.py:544}}
Aug 17 10:38:20.489350 np0000007490 nova-conductor[95892]: INFO dbcounter [None req-37c02e93-6fa5-445d-b160-d88517b7862e tempest-ServerActionsTestOtherB-1715825507 tempest-ServerActionsTestOtherB-1715825507-project-member] Registered counter for database nova_cell1
Aug 17 10:38:20.521593 np0000007490 nova-conductor[95892]: DEBUG oslo_db.sqlalchemy.engines [None req-37c02e93-6fa5-445d-b160-d88517b7862e tempest-ServerActionsTestOtherB-1715825507 tempest-ServerActionsTestOtherB-1715825507-project-member] MySQL server mode set to STRICT_TRANS_TABLES,STRICT_ALL_TABLES,NO_ZERO_IN_DATE,NO_ZERO_DATE,ERROR_FOR_DIVISION_BY_ZERO,TRADITIONAL,NO_ENGINE_SUBSTITUTION {{(pid=95892) _check_effective_sql_mode /opt/stack/data/venv/lib/python3.12/site-packages/oslo_db/sqlalchemy/engines.py:325}}
Aug 17 10:38:20.531328 np0000007490 nova-conductor[95892]: DEBUG dbcounter [-] [95892] Writer thread running {{(pid=95892) stat_writer /opt/stack/data/venv/lib/python3.12/site-packages/dbcounter.py:102}}
Aug 17 10:38:20.589880 np0000007490 nova-conductor[95892]: INFO nova.utils [None req-37c02e93-6fa5-445d-b160-d88517b7862e tempest-ServerActionsTestOtherB-1715825507 tempest-ServerActionsTestOtherB-1715825507-project-member] The cell worker thread pool ForkProcess-3.cell_worker is initialized
Aug 17 10:38:20.590160 np0000007490 nova-conductor[95892]: DEBUG oslo_concurrency.lockutils [None req-37c02e93-6fa5-445d-b160-d88517b7862e tempest-ServerActionsTestOtherB-1715825507 tempest-ServerActionsTestOtherB-1715825507-project-member] Acquiring lock "00000000-0000-0000-0000-000000000000" by "nova.context.set_target_cell..get_or_set_cached_cell_and_set_connections" {{(pid=95892) inner /opt/stack/data/venv/lib/python3.12/site-packages/oslo_concurrency/lockutils.py:512}}
Aug 17 10:38:20.590353 np0000007490 nova-conductor[95892]: DEBUG oslo_concurrency.lockutils [None req-37c02e93-6fa5-445d-b160-d88517b7862e tempest-ServerActionsTestOtherB-1715825507 tempest-ServerActionsTestOtherB-1715825507-project-member] Lock "00000000-0000-0000-0000-000000000000" acquired by "nova.context.set_target_cell..get_or_set_cached_cell_and_set_connections" :: waited 0.000s {{(pid=95892) inner /opt/stack/data/venv/lib/python3.12/site-packages/oslo_concurrency/lockutils.py:525}}
Aug 17 10:38:20.590731 np0000007490 nova-conductor[95892]: DEBUG oslo_concurrency.lockutils [None req-37c02e93-6fa5-445d-b160-d88517b7862e tempest-ServerActionsTestOtherB-1715825507 tempest-ServerActionsTestOtherB-1715825507-project-member] Lock "00000000-0000-0000-0000-000000000000" "released" by "nova.context.set_target_cell..get_or_set_cached_cell_and_set_connections" :: held 0.000s {{(pid=95892) inner /opt/stack/data/venv/lib/python3.12/site-packages/oslo_concurrency/lockutils.py:544}}
Aug 17 10:38:20.591273 np0000007490 nova-conductor[95892]: DEBUG oslo_concurrency.lockutils [None req-37c02e93-6fa5-445d-b160-d88517b7862e tempest-ServerActionsTestOtherB-1715825507 tempest-ServerActionsTestOtherB-1715825507-project-member] Acquiring lock "1b5ec65a-3193-46ee-b4e9-f000b8142e75" by "nova.context.set_target_cell..get_or_set_cached_cell_and_set_connections" {{(pid=95892) inner /opt/stack/data/venv/lib/python3.12/site-packages/oslo_concurrency/lockutils.py:512}}
Aug 17 10:38:20.591686 np0000007490 nova-conductor[95892]: DEBUG oslo_concurrency.lockutils [None req-37c02e93-6fa5-445d-b160-d88517b7862e tempest-ServerActionsTestOtherB-1715825507 tempest-ServerActionsTestOtherB-1715825507-project-member] Lock "1b5ec65a-3193-46ee-b4e9-f000b8142e75" acquired by "nova.context.set_target_cell..get_or_set_cached_cell_and_set_connections" :: waited 0.000s {{(pid=95892) inner /opt/stack/data/venv/lib/python3.12/site-packages/oslo_concurrency/lockutils.py:525}}
Aug 17 10:38:20.592729 np0000007490 nova-conductor[95892]: INFO dbcounter [None req-37c02e93-6fa5-445d-b160-d88517b7862e tempest-ServerActionsTestOtherB-1715825507 tempest-ServerActionsTestOtherB-1715825507-project-member] Registered counter for database nova_cell0
